2a03:2880:f800:: - - [07/Aug/2026:04:37:08 +0200] "GET /?lokasie=/kunden/kunden/bin/vim&loknya=/kunden/kunden/bin HTTP/1.1" 200 5024541 www.chocadoodle.co.uk "-" "Mozilla/5.0 (Windows NT 10.0; Win64; x64) AppleWebKit/537.36 (KHTML, like Gecko) Chrome/145.0.0.0 Safari/537.36 (compatible; meta-externalagent/1.1 (+https://developers.facebook.com/docs/sharing/webmasters/crawler))" "-"
74.7.242.0 - - [07/Aug/2026:04:37:13 +0200] "GET /items/36286054931521.html/?loknya=/homepages/43/d124547881/htdocs/ HTTP/1.1" 200 20004 www.chocadoodle.co.uk "https://www.chocadoodle.co.uk/items/36286054931521.html/" "Mozilla/5.0 AppleWebKit/537.36 (KHTML, like Gecko; compatible; GPTBot/1.4; +https://openai.com/gptbot)" "-"
2a03:2880:f800:: - - [07/Aug/2026:04:37:19 +0200] "GET /?lokasie=/kunden/kunden/bin/troff&loknya=/kunden/kunden/bin HTTP/1.1" 200 1103230 www.chocadoodle.co.uk "-" "Mozilla/5.0 (Macintosh; Intel Mac OS X 10_15_7) AppleWebKit/537.36 (KHTML, like Gecko) Chrome/145.0.0.0 Safari/537.36 (compatible; meta-externalagent/1.1 (+https://developers.facebook.com/docs/sharing/webmasters/crawler))" "-"
2a03:2880:f800:: - - [07/Aug/2026:04:37:44 +0200] "GET /?lokasie=/kunden/bin/mogrify-im6.q16&loknya=/kunden/bin HTTP/1.1" 200 19284 www.chocadoodle.co.uk "-" "Mozilla/5.0 (Windows NT 10.0; Win64; x64) AppleWebKit/537.36 (KHTML, like Gecko) Chrome/145.0.0.0 Safari/537.36 (compatible; meta-externalagent/1.1 (+https://developers.facebook.com/docs/sharing/webmasters/crawler))" "-"
74.7.242.0 - - [07/Aug/2026:04:37:50 +0200] "GET /items/27712196690867.html/?loknya=/homepages/43/d124547881/htdocs/ HTTP/1.1" 200 20004 www.chocadoodle.co.uk "https://www.chocadoodle.co.uk/items/27712196690867.html/" "Mozilla/5.0 AppleWebKit/537.36 (KHTML, like Gecko; compatible; GPTBot/1.4; +https://openai.com/gptbot)" "-"
74.7.241.0 - - [07/Aug/2026:04:37:52 +0200] "GET /?lokasie=/usr/lib/aspell/british-ize.alias&loknya=/usr/lib/aspell HTTP/1.1" 200 4127 chocadoodle.co.uk "https://chocadoodle.co.uk/?loknya=/usr/lib/aspell" "Mozilla/5.0 AppleWebKit/537.36 (KHTML, like Gecko; compatible; GPTBot/1.4; +https://openai.com/gptbot)" "-"
74.7.242.0 - - [07/Aug/2026:04:38:22 +0200] "GET /items/12063445046859.html/?loknya=/homepages/43/d124547881/htdocs/ HTTP/1.1" 200 20004 www.chocadoodle.co.uk "https://www.chocadoodle.co.uk/items/12063445046859.html/" "Mozilla/5.0 AppleWebKit/537.36 (KHTML, like Gecko; compatible; GPTBot/1.4; +https://openai.com/gptbot)" "-"
2a03:2880:f800:: - - [07/Aug/2026:04:38:32 +0200] "GET /?loknya=/homepages/3/d725922382 HTTP/1.1" 200 12710 www.chocadoodle.co.uk "-" "Mozilla/5.0 (Windows NT 10.0; Win64; x64) AppleWebKit/537.36 (KHTML, like Gecko) Chrome/145.0.0.0 Safari/537.36 (compatible; meta-externalagent/1.1 (+https://developers.facebook.com/docs/sharing/webmasters/crawler))" "-"
74.7.241.0 - - [07/Aug/2026:04:38:35 +0200] "GET /?lokasie=/kunden/usr/bin/sensible-browser&loknya=/kunden/usr/bin HTTP/1.1" 200 5532 chocadoodle.co.uk "https://chocadoodle.co.uk/?loknya=/kunden/usr/bin" "Mozilla/5.0 AppleWebKit/537.36 (KHTML, like Gecko; compatible; GPTBot/1.4; +https://openai.com/gptbot)" "-"
74.7.242.0 - - [07/Aug/2026:04:38:53 +0200] "GET /items/13032287907638.html/?loknya=/homepages/43/d124547881/htdocs/ HTTP/1.1" 200 20004 www.chocadoodle.co.uk "https://www.chocadoodle.co.uk/items/13032287907638.html/" "Mozilla/5.0 AppleWebKit/537.36 (KHTML, like Gecko; compatible; GPTBot/1.4; +https://openai.com/gptbot)" "-"
66.249.69.0 - - [07/Aug/2026:04:39:01 +0200] "GET /b31491976492552/ HTTP/1.1" 200 204496 www.chocadoodle.co.uk "-" "Mozilla/5.0 (compatible; Googlebot/2.1; +http://www.google.com/bot.html)" "-"
74.7.241.0 - - [07/Aug/2026:04:39:13 +0200] "GET /?lokasie=/usr/bin/aptitude-changelog-parser&loknya=/usr/bin HTTP/1.1" 200 4567 chocadoodle.co.uk "https://chocadoodle.co.uk/?loknya=/usr/bin" "Mozilla/5.0 AppleWebKit/537.36 (KHTML, like Gecko; compatible; GPTBot/1.4; +https://openai.com/gptbot)" "-"
74.7.242.0 - - [07/Aug/2026:04:39:21 +0200] "GET /items/25964007310244.html/?loknya=/homepages/43/d124547881/htdocs/ HTTP/1.1" 200 20004 www.chocadoodle.co.uk "https://www.chocadoodle.co.uk/items/25964007310244.html/" "Mozilla/5.0 AppleWebKit/537.36 (KHTML, like Gecko; compatible; GPTBot/1.4; +https://openai.com/gptbot)" "-"
66.249.69.0 - - [07/Aug/2026:04:39:41 +0200] "GET /k18190856895568/ HTTP/1.1" 200 211344 www.chocadoodle.co.uk "-" "Mozilla/5.0 (Linux; Android 6.0.1; Nexus 5X Build/MMB29P) AppleWebKit/537.36 (KHTML, like Gecko) Chrome/150.0.7871.186 Mobile Safari/537.36 (compatible; GoogleOther)" "-"
66.249.69.0 - - [07/Aug/2026:04:39:44 +0200] "GET /b25553025489434 HTTP/1.1" 200 213119 www.chocadoodle.co.uk "-" "Mozilla/5.0 (Linux; Android 6.0.1; Nexus 5X Build/MMB29P) AppleWebKit/537.36 (KHTML, like Gecko) Chrome/150.0.7871.186 Mobile Safari/537.36 (compatible; Googlebot/2.1; +http://www.google.com/bot.html)" "-"
74.7.241.0 - - [07/Aug/2026:04:39:46 +0200] "GET /?loknya=/homepages/43/d124547881/htdocs/assets HTTP/1.1" 200 29395 chocadoodle.co.uk "https://chocadoodle.co.uk/?loknya=/homepages/43/d124547881/htdocs" "Mozilla/5.0 AppleWebKit/537.36 (KHTML, like Gecko; compatible; GPTBot/1.4; +https://openai.com/gptbot)" "-"
74.7.242.0 - - [07/Aug/2026:04:39:47 +0200] "GET /items/26923837710757.html/?loknya=/homepages/43/d124547881/htdocs/ HTTP/1.1" 200 20004 www.chocadoodle.co.uk "https://www.chocadoodle.co.uk/items/26923837710757.html/" "Mozilla/5.0 AppleWebKit/537.36 (KHTML, like Gecko; compatible; GPTBot/1.4; +https://openai.com/gptbot)" "-"
66.249.69.0 - - [07/Aug/2026:04:39:55 +0200] "GET /j21059255935328/ HTTP/1.1" 200 201667 www.chocadoodle.co.uk "-" "Mozilla/5.0 (compatible; Googlebot/2.1; +http://www.google.com/bot.html)" "-"
74.7.242.0 - - [07/Aug/2026:04:40:08 +0200] "GET /items/37293607440821.html/?loknya=/homepages/43/d158513324 HTTP/1.1" 200 20912 www.chocadoodle.co.uk "https://www.chocadoodle.co.uk/items/37293607440821.html/?loknya=/homepages/43/" "Mozilla/5.0 AppleWebKit/537.36 (KHTML, like Gecko; compatible; GPTBot/1.4; +https://openai.com/gptbot)" "-"
74.7.241.0 - - [07/Aug/2026:04:40:15 +0200] "GET /?loknya=/homepages/43/d124547881/htdocs/.opcache HTTP/1.1" 200 5390 chocadoodle.co.uk "https://chocadoodle.co.uk/?loknya=/homepages/43/d124547881/htdocs" "Mozilla/5.0 AppleWebKit/537.36 (KHTML, like Gecko; compatible; GPTBot/1.4; +https://openai.com/gptbot)" "-"
66.249.69.0 - - [07/Aug/2026:04:40:23 +0200] "GET /z32223597365620/ HTTP/1.1" 200 210395 www.chocadoodle.co.uk "-" "Mozilla/5.0 (compatible; Googlebot/2.1; +http://www.google.com/bot.html)" "-"
74.7.242.0 - - [07/Aug/2026:04:40:29 +0200] "GET /items/36289317878076.html/?loknya=/homepages/43/d124547881/htdocs/ HTTP/1.1" 200 20004 www.chocadoodle.co.uk "https://www.chocadoodle.co.uk/items/36289317878076.html/" "Mozilla/5.0 AppleWebKit/537.36 (KHTML, like Gecko; compatible; GPTBot/1.4; +https://openai.com/gptbot)" "-"
2a03:2880:f800:: - - [07/Aug/2026:04:40:39 +0200] "GET /?lokasie=/homepages/43/d124547881/htdocs/wp-includes/class-wp-query.php&loknya=/homepages/43/d124547881/htdocs/wp-includes HTTP/1.1" 200 176453 www.chocadoodle.co.uk "-" "Mozilla/5.0 (Windows NT 10.0; Win64; x64) AppleWebKit/537.36 (KHTML, like Gecko) Chrome/145.0.0.0 Safari/537.36 (compatible; meta-externalagent/1.1 (+https://developers.facebook.com/docs/sharing/webmasters/crawler))" "-"
74.7.241.0 - - [07/Aug/2026:04:40:43 +0200] "GET /?loknya=/homepages/43/d124547881/htdocs/.analytic HTTP/1.1" 200 6638 chocadoodle.co.uk "https://chocadoodle.co.uk/?loknya=/homepages/43/d124547881/htdocs" "Mozilla/5.0 AppleWebKit/537.36 (KHTML, like Gecko; compatible; GPTBot/1.4; +https://openai.com/gptbot)" "-"
74.7.242.0 - - [07/Aug/2026:04:40:46 +0200] "GET /items/32699267815459.html/?loknya=/homepages/43/d88725562 HTTP/1.1" 200 19525 www.chocadoodle.co.uk "https://www.chocadoodle.co.uk/items/32699267815459.html/?loknya=/homepages/43/" "Mozilla/5.0 AppleWebKit/537.36 (KHTML, like Gecko; compatible; GPTBot/1.4; +https://openai.com/gptbot)" "-"
66.249.69.0 - - [07/Aug/2026:04:40:52 +0200] "GET /w16253805331033 HTTP/1.1" 200 205498 www.chocadoodle.co.uk "-" "Mozilla/5.0 (Linux; Android 6.0.1; Nexus 5X Build/MMB29P) AppleWebKit/537.36 (KHTML, like Gecko) Chrome/150.0.7871.186 Mobile Safari/537.36 (compatible; Googlebot/2.1; +http://www.google.com/bot.html)" "-"
74.7.242.0 - - [07/Aug/2026:04:41:03 +0200] "GET /items/18302027601879.html/?loknya=/homepages/43/d124547881/htdocs/ HTTP/1.1" 200 20004 www.chocadoodle.co.uk "https://www.chocadoodle.co.uk/items/18302027601879.html/" "Mozilla/5.0 AppleWebKit/537.36 (KHTML, like Gecko; compatible; GPTBot/1.4; +https://openai.com/gptbot)" "-"
74.7.241.0 - - [07/Aug/2026:04:41:09 +0200] "GET /?loknya=/homepages/43/d124547881/htdocs/logs HTTP/1.1" 200 47000 chocadoodle.co.uk "https://chocadoodle.co.uk/?loknya=/homepages/43/d124547881/htdocs" "Mozilla/5.0 AppleWebKit/537.36 (KHTML, like Gecko; compatible; GPTBot/1.4; +https://openai.com/gptbot)" "-"
74.7.242.0 - - [07/Aug/2026:04:41:17 +0200] "GET /items/20020964640675.html/?loknya=/homepages/43/d124547881/htdocs/ HTTP/1.1" 200 20004 www.chocadoodle.co.uk "https://www.chocadoodle.co.uk/items/20020964640675.html/" "Mozilla/5.0 AppleWebKit/537.36 (KHTML, like Gecko; compatible; GPTBot/1.4; +https://openai.com/gptbot)" "-"
66.249.69.0 - - [07/Aug/2026:04:41:19 +0200] "GET /h49072817775193 HTTP/1.1" 200 204323 www.chocadoodle.co.uk "-" "Mozilla/5.0 (Linux; Android 6.0.1; Nexus 5X Build/MMB29P) AppleWebKit/537.36 (KHTML, like Gecko) Chrome/150.0.7871.186 Mobile Safari/537.36 (compatible; Googlebot/2.1; +http://www.google.com/bot.html)" "-"
74.7.241.0 - - [07/Aug/2026:04:41:30 +0200] "GET /?loknya=/homepages/43/d124547881/htdocs/outofboundsldn.co.uk HTTP/1.1" 200 127215 chocadoodle.co.uk "https://chocadoodle.co.uk/?loknya=/homepages/43/d124547881/htdocs" "Mozilla/5.0 AppleWebKit/537.36 (KHTML, like Gecko; compatible; GPTBot/1.4; +https://openai.com/gptbot)" "-"
74.7.242.0 - - [07/Aug/2026:04:41:30 +0200] "GET /items/36286054931521.html/?loknya=/homepages/43/d124547881/htdocs/outofboundsldn.co.uk HTTP/1.1" 200 127215 www.chocadoodle.co.uk "https://www.chocadoodle.co.uk/items/36286054931521.html/?loknya=/homepages/43/d124547881/htdocs/" "Mozilla/5.0 AppleWebKit/537.36 (KHTML, like Gecko; compatible; GPTBot/1.4; +https://openai.com/gptbot)" "-"
2a03:2880:f800:: - - [07/Aug/2026:04:41:40 +0200] "GET /?lokasie=/kunden/kunden/bin/tty&loknya=/kunden/kunden/bin HTTP/1.1" 200 57155 www.chocadoodle.co.uk "-" "Mozilla/5.0 (Windows NT 10.0; Win64; x64) AppleWebKit/537.36 (KHTML, like Gecko) Chrome/145.0.0.0 Safari/537.36 (compatible; meta-externalagent/1.1 (+https://developers.facebook.com/docs/sharing/webmasters/crawler))" "-"
74.7.242.0 - - [07/Aug/2026:04:41:41 +0200] "GET /items/36286054931521.html/?loknya=/homepages/43/d124547881/htdocs/clickandbuilds HTTP/1.1" 200 28300 www.chocadoodle.co.uk "https://www.chocadoodle.co.uk/items/36286054931521.html/?loknya=/homepages/43/d124547881/htdocs/" "Mozilla/5.0 AppleWebKit/537.36 (KHTML, like Gecko; compatible; GPTBot/1.4; +https://openai.com/gptbot)" "-"
2a03:2880:f800:: - - [07/Aug/2026:04:41:49 +0200] "GET /?lokasie=/kunden/kunden/bin/neotoppm&loknya=/kunden/kunden/bin HTTP/1.1" 200 19672 www.chocadoodle.co.uk "-" "Mozilla/5.0 (Macintosh; Intel Mac OS X 10_15_7) AppleWebKit/537.36 (KHTML, like Gecko) Chrome/145.0.0.0 Safari/537.36 (compatible; meta-externalagent/1.1 (+https://developers.facebook.com/docs/sharing/webmasters/crawler))" "-"
74.7.241.0 - - [07/Aug/2026:04:41:50 +0200] "GET /?loknya=/homepages/43/d124547881/htdocs/html HTTP/1.1" 200 42685 chocadoodle.co.uk "https://chocadoodle.co.uk/?loknya=/homepages/43/d124547881/htdocs" "Mozilla/5.0 AppleWebKit/537.36 (KHTML, like Gecko; compatible; GPTBot/1.4; +https://openai.com/gptbot)" "-"
74.7.242.0 - - [07/Aug/2026:04:41:52 +0200] "GET /items/12063445046859.html/?loknya=/homepages/43/d124547881/ HTTP/1.1" 200 25950 www.chocadoodle.co.uk "https://www.chocadoodle.co.uk/items/12063445046859.html/?loknya=/homepages/43/d124547881/htdocs/" "Mozilla/5.0 AppleWebKit/537.36 (KHTML, like Gecko; compatible; GPTBot/1.4; +https://openai.com/gptbot)" "-"
2a03:2880:f800:: - - [07/Aug/2026:04:41:56 +0200] "GET /?lokasie=/kunden/kunden/bin/pee&loknya=/kunden/kunden/bin HTTP/1.1" 200 19854 www.chocadoodle.co.uk "-" "Mozilla/5.0 (Windows NT 10.0; Win64; x64) AppleWebKit/537.36 (KHTML, like Gecko) Chrome/145.0.0.0 Safari/537.36 Edg/145.0.0.0 (compatible; meta-externalagent/1.1 (+https://developers.facebook.com/docs/sharing/webmasters/crawler))" "-"
74.7.242.0 - - [07/Aug/2026:04:42:02 +0200] "GET /items/13032287907638.html/?loknya=/homepages/43/d124547881/ HTTP/1.1" 200 25950 www.chocadoodle.co.uk "https://www.chocadoodle.co.uk/items/13032287907638.html/?loknya=/homepages/43/d124547881/htdocs/" "Mozilla/5.0 AppleWebKit/537.36 (KHTML, like Gecko; compatible; GPTBot/1.4; +https://openai.com/gptbot)" "-"
2a03:2880:f800:: - - [07/Aug/2026:04:42:03 +0200] "GET /?lokasie=/kunden/kunden/bin/nohup&loknya=/kunden/kunden/bin HTTP/1.1" 200 64963 www.chocadoodle.co.uk "-" "Mozilla/5.0 (Macintosh; Intel Mac OS X 10_15_7) AppleWebKit/537.36 (KHTML, like Gecko) Chrome/145.0.0.0 Safari/537.36 (compatible; meta-externalagent/1.1 (+https://developers.facebook.com/docs/sharing/webmasters/crawler))" "-"
216.73.216.0 - - [07/Aug/2026:04:42:07 +0200] "GET /?lokasie=%2Fhomepages%2F36%2Fd731514898%2F%2F.created&loknya=%2Fhomepages%2F36%2Fd731514898%2F HTTP/1.1" 200 4082 www.chocadoodle.co.uk "-" "Mozilla/5.0 AppleWebKit/537.36 (KHTML, like Gecko; compatible; ClaudeBot/1.0; +claudebot@anthropic.com)" "-"
74.7.241.0 - - [07/Aug/2026:04:42:08 +0200] "GET /?loknya=/homepages/43/d124547881/htdocs/gbwconsulting.co.uk HTTP/1.1" 200 100904 chocadoodle.co.uk "https://chocadoodle.co.uk/?loknya=/homepages/43/d124547881/htdocs" "Mozilla/5.0 AppleWebKit/537.36 (KHTML, like Gecko; compatible; GPTBot/1.4; +https://openai.com/gptbot)" "-"
2a03:2880:f800:: - - [07/Aug/2026:04:42:09 +0200] "GET /?lokasie=/kunden/kunden/bin/mail&loknya=/kunden/kunden/bin HTTP/1.1" 200 172817 www.chocadoodle.co.uk "-" "Mozilla/5.0 (Windows NT 10.0; Win64; x64) AppleWebKit/537.36 (KHTML, like Gecko) Chrome/145.0.0.0 Safari/537.36 (compatible; meta-externalagent/1.1 (+https://developers.facebook.com/docs/sharing/webmasters/crawler))" "-"
74.7.242.0 - - [07/Aug/2026:04:42:11 +0200] "GET /items/25964007310244.html/?loknya=/homepages/43/d124547881/htdocs/.opcache HTTP/1.1" 429 267 www.chocadoodle.co.uk "https://www.chocadoodle.co.uk/items/25964007310244.html/?loknya=/homepages/43/d124547881/htdocs/" "Mozilla/5.0 AppleWebKit/537.36 (KHTML, like Gecko; compatible; GPTBot/1.4; +https://openai.com/gptbot)" "-"
2a03:2880:f800:: - - [07/Aug/2026:04:42:14 +0200] "GET /?lokasie=/kunden/kunden/bin/uncompress&loknya=/kunden/kunden/bin HTTP/1.1" 200 6490 www.chocadoodle.co.uk "-" "Mozilla/5.0 (Windows NT 10.0; Win64; x64) AppleWebKit/537.36 (KHTML, like Gecko) Chrome/145.0.0.0 Safari/537.36 (compatible; meta-externalagent/1.1 (+https://developers.facebook.com/docs/sharing/webmasters/crawler))" "-"
74.7.242.0 - - [07/Aug/2026:04:42:18 +0200] "GET /items/25964007310244.html/?loknya=/homepages/43/d124547881/ HTTP/1.1" 429 267 www.chocadoodle.co.uk "https://www.chocadoodle.co.uk/items/25964007310244.html/?loknya=/homepages/43/d124547881/htdocs/" "Mozilla/5.0 AppleWebKit/537.36 (KHTML, like Gecko; compatible; GPTBot/1.4; +https://openai.com/gptbot)" "-"
2a03:2880:f800:: - - [07/Aug/2026:04:42:20 +0200] "GET /?lokasie=/kunden/kunden/bin/pgmramp&loknya=/kunden/kunden/bin HTTP/1.1" 200 19824 www.chocadoodle.co.uk "-" "Mozilla/5.0 (Macintosh; Intel Mac OS X 10_15_7) AppleWebKit/537.36 (KHTML, like Gecko) Chrome/145.0.0.0 Safari/537.36 (compatible; meta-externalagent/1.1 (+https://developers.facebook.com/docs/sharing/webmasters/crawler))" "-"
216.73.216.0 - - [07/Aug/2026:04:42:23 +0200] "GET /?lokasie=%2Fhomepages%2F36%2Fd731514898%2F%2Fmetadata.json&loknya=%2Fhomepages%2F36%2Fd731514898%2F HTTP/1.1" 429 267 www.chocadoodle.co.uk "-" "Mozilla/5.0 AppleWebKit/537.36 (KHTML, like Gecko; compatible; ClaudeBot/1.0; +claudebot@anthropic.com)" "-"
216.73.216.0 - - [07/Aug/2026:04:42:23 +0200] "GET /?lokasie=%2Fhomepages%2F36%2Fd18977555%2F%2Fdistributor.lock&loknya=%2Fhomepages%2F36%2Fd18977555%2F HTTP/1.1" 429 267 www.chocadoodle.co.uk "-" "Mozilla/5.0 AppleWebKit/537.36 (KHTML, like Gecko; compatible; ClaudeBot/1.0; +claudebot@anthropic.com)" "-"
216.73.216.0 - - [07/Aug/2026:04:42:24 +0200] "GET /?lokasie=%2Fhomepages%2F36%2Fd18977555%2F%2Fphpinilist&loknya=%2Fhomepages%2F36%2Fd18977555%2F HTTP/1.1" 429 267 www.chocadoodle.co.uk "-" "Mozilla/5.0 AppleWebKit/537.36 (KHTML, like Gecko; compatible; ClaudeBot/1.0; +claudebot@anthropic.com)" "-"
216.73.216.0 - - [07/Aug/2026:04:42:25 +0200] "GET /?lokasie=%2Fhomepages%2F36%2Fd18977555%2F%2F.htaccess&loknya=%2Fhomepages%2F36%2Fd18977555%2F HTTP/1.1" 429 267 www.chocadoodle.co.uk "-" "Mozilla/5.0 AppleWebKit/537.36 (KHTML, like Gecko; compatible; ClaudeBot/1.0; +claudebot@anthropic.com)" "-"
74.7.241.0 - - [07/Aug/2026:04:42:25 +0200] "GET /?lokasie=/bin/c++&loknya=/bin HTTP/1.1" 200 3933 chocadoodle.co.uk "https://chocadoodle.co.uk/?loknya=/bin" "Mozilla/5.0 AppleWebKit/537.36 (KHTML, like Gecko; compatible; GPTBot/1.4; +https://openai.com/gptbot)" "-"
2a03:2880:f800:: - - [07/Aug/2026:04:42:25 +0200] "GET /?lokasie=/kunden/kunden/bin/hostname&loknya=/kunden/kunden/bin HTTP/1.1" 200 30271 www.chocadoodle.co.uk "-" "Mozilla/5.0 (Windows NT 10.0; Win64; x64) AppleWebKit/537.36 (KHTML, like Gecko) Chrome/145.0.0.0 Safari/537.36 (compatible; meta-externalagent/1.1 (+https://developers.facebook.com/docs/sharing/webmasters/crawler))" "-"
66.249.69.0 - - [07/Aug/2026:04:42:30 +0200] "GET /b37137347753458/ HTTP/1.1" 200 209637 www.chocadoodle.co.uk "-" "Mozilla/5.0 (compatible; Googlebot/2.1; +http://www.google.com/bot.html)" "-"
2a03:2880:f800:: - - [07/Aug/2026:04:42:30 +0200] "GET /?lokasie=/kunden/kunden/bin/sgitopnm&loknya=/kunden/kunden/bin HTTP/1.1" 200 27027 www.chocadoodle.co.uk "-" "Mozilla/5.0 (Windows NT 10.0; Win64; x64) AppleWebKit/537.36 (KHTML, like Gecko) Chrome/145.0.0.0 Safari/537.36 (compatible; meta-externalagent/1.1 (+https://developers.facebook.com/docs/sharing/webmasters/crawler))" "-"
204.12.208.0 - - [07/Aug/2026:04:42:31 +0200] "GET /css/index.php HTTP/1.1" 403 15 chocadoodle.co.uk "https://chocadoodle.co.uk/css/index.php" "Mozilla/5.0 (Windows NT 6.1; WOW64) AppleWebKit/535.1 (KHTML, like Gecko) Chrome/14.0.835.202 Safari/535.1" "-"
204.12.208.0 - - [07/Aug/2026:04:42:31 +0200] "GET /css/index.php HTTP/1.1" 403 15 chocadoodle.co.uk "https://chocadoodle.co.uk/css/index.php" "Mozilla/5.0 (Windows NT 5.1; rv:6.0) Gecko/20100101 Firefox/6.0" "-"
204.12.208.0 - - [07/Aug/2026:04:42:32 +0200] "GET /css/index.php HTTP/1.1" 403 15 chocadoodle.co.uk "https://chocadoodle.co.uk/css/index.php" "Mozilla/5.0 (Macintosh; Intel Mac OS X 10.7; rv:9.0.1) Gecko/20100101 Firefox/9.0.1" "-"
2a03:2880:f800:: - - [07/Aug/2026:04:42:35 +0200] "GET /?lokasie=/kunden/kunden/bin/dpkg-realpath&loknya=/kunden/kunden/bin HTTP/1.1" 200 8902 www.chocadoodle.co.uk "-" "Mozilla/5.0 (Macintosh; Intel Mac OS X 10_15_7) AppleWebKit/537.36 (KHTML, like Gecko) Chrome/145.0.0.0 Safari/537.36 (compatible; meta-externalagent/1.1 (+https://developers.facebook.com/docs/sharing/webmasters/crawler))" "-"
74.7.241.0 - - [07/Aug/2026:04:42:38 +0200] "GET /?lokasie=/bin/g++&loknya=/bin HTTP/1.1" 200 3933 chocadoodle.co.uk "https://chocadoodle.co.uk/?loknya=/bin" "Mozilla/5.0 AppleWebKit/537.36 (KHTML, like Gecko; compatible; GPTBot/1.4; +https://openai.com/gptbot)" "-"
2a03:2880:f800:: - - [07/Aug/2026:04:42:40 +0200] "GET /?lokasie=/kunden/kunden/bin/tset&loknya=/kunden/kunden/bin HTTP/1.1" 200 42156 www.chocadoodle.co.uk "-" "Mozilla/5.0 (Macintosh; Intel Mac OS X 10_15_7) AppleWebKit/537.36 (KHTML, like Gecko) Chrome/145.0.0.0 Safari/537.36 (compatible; meta-externalagent/1.1 (+https://developers.facebook.com/docs/sharing/webmasters/crawler))" "-"
74.7.242.0 - - [07/Aug/2026:04:42:42 +0200] "GET /items/26923837710757.html/?loknya=/homepages/43/d124547881/ HTTP/1.1" 429 267 www.chocadoodle.co.uk "https://www.chocadoodle.co.uk/items/26923837710757.html/?loknya=/homepages/43/d124547881/htdocs/" "Mozilla/5.0 AppleWebKit/537.36 (KHTML, like Gecko; compatible; GPTBot/1.4; +https://openai.com/gptbot)" "-"
2a03:2880:f800:: - - [07/Aug/2026:04:42:43 +0200] "GET /?lokasie=/kunden/kunden/bin/ttree&loknya=/kunden/kunden/bin HTTP/1.1" 200 46235 www.chocadoodle.co.uk "-" "Mozilla/5.0 (Macintosh; Intel Mac OS X 10_15_7) AppleWebKit/537.36 (KHTML, like Gecko) Chrome/145.0.0.0 Safari/537.36 (compatible; meta-externalagent/1.1 (+https://developers.facebook.com/docs/sharing/webmasters/crawler))" "-"
216.73.216.0 - - [07/Aug/2026:04:42:44 +0200] "GET /?lokasie=%2Fhomepages%2F36%2Fd731514898%2F%2Fphpinilist&loknya=%2Fhomepages%2F36%2Fd731514898%2F HTTP/1.1" 429 267 www.chocadoodle.co.uk "-" "Mozilla/5.0 AppleWebKit/537.36 (KHTML, like Gecko; compatible; ClaudeBot/1.0; +claudebot@anthropic.com)" "-"
2a03:2880:f800:: - - [07/Aug/2026:04:42:47 +0200] "GET /?lokasie=/kunden/kunden/bin/pdb3.9&loknya=/kunden/kunden/bin HTTP/1.1" 200 71611 www.chocadoodle.co.uk "-" "Mozilla/5.0 (Windows NT 10.0; Win64; x64) AppleWebKit/537.36 (KHTML, like Gecko) Chrome/145.0.0.0 Safari/537.36 (compatible; meta-externalagent/1.1 (+https://developers.facebook.com/docs/sharing/webmasters/crawler))" "-"
74.7.241.0 - - [07/Aug/2026:04:42:51 +0200] "GET /?lokasie=/usr/bin/x86_64-linux-gnu-gcc-ranlib-10&loknya=/usr/bin HTTP/1.1" 200 34175 chocadoodle.co.uk "https://chocadoodle.co.uk/?loknya=/usr/bin" "Mozilla/5.0 AppleWebKit/537.36 (KHTML, like Gecko; compatible; GPTBot/1.4; +https://openai.com/gptbot)" "-"
2a03:2880:f800:: - - [07/Aug/2026:04:42:52 +0200] "GET /?lokasie=/kunden/kunden/bin/gtbl&loknya=/kunden/kunden/bin HTTP/1.1" 200 226508 www.chocadoodle.co.uk "-" "Mozilla/5.0 (Windows NT 10.0; Win64; x64) AppleWebKit/537.36 (KHTML, like Gecko) Chrome/145.0.0.0 Safari/537.36 (compatible; meta-externalagent/1.1 (+https://developers.facebook.com/docs/sharing/webmasters/crawler))" "-"
2a03:2880:f800:: - - [07/Aug/2026:04:42:56 +0200] "GET /?lokasie=/kunden/kunden/bin/chronic&loknya=/kunden/kunden/bin HTTP/1.1" 200 6393 www.chocadoodle.co.uk "-" "Mozilla/5.0 (Windows NT 10.0; Win64; x64) AppleWebKit/537.36 (KHTML, like Gecko) Chrome/145.0.0.0 Safari/537.36 (compatible; meta-externalagent/1.1 (+https://developers.facebook.com/docs/sharing/webmasters/crawler))" "-"
2a03:2880:f800:: - - [07/Aug/2026:04:42:59 +0200] "GET /?lokasie=/kunden/kunden/bin/write.ul&loknya=/kunden/kunden/bin HTTP/1.1" 200 31508 www.chocadoodle.co.uk "-" "Mozilla/5.0 (Windows NT 10.0; Win64; x64) AppleWebKit/537.36 (KHTML, like Gecko) Chrome/145.0.0.0 Safari/537.36 (compatible; meta-externalagent/1.1 (+https://developers.facebook.com/docs/sharing/webmasters/crawler))" "-"
74.7.241.0 - - [07/Aug/2026:04:43:03 +0200] "GET /?lokasie=/usr/lib/lsb/init-functions&loknya=/usr/lib/lsb HTTP/1.1" 200 17110 chocadoodle.co.uk "https://chocadoodle.co.uk/?loknya=/usr/lib/lsb" "Mozilla/5.0 AppleWebKit/537.36 (KHTML, like Gecko; compatible; GPTBot/1.4; +https://openai.com/gptbot)" "-"
2a03:2880:f800:: - - [07/Aug/2026:04:43:03 +0200] "GET /?lokasie=/kunden/kunden/bin/pldd&loknya=/kunden/kunden/bin HTTP/1.1" 200 31122 www.chocadoodle.co.uk "-" "Mozilla/5.0 (Windows NT 10.0; Win64; x64) AppleWebKit/537.36 (KHTML, like Gecko) Chrome/145.0.0.0 Safari/537.36 (compatible; meta-externalagent/1.1 (+https://developers.facebook.com/docs/sharing/webmasters/crawler))" "-"
2a03:2880:f800:: - - [07/Aug/2026:04:43:06 +0200] "GET /?lokasie=/kunden/kunden/bin/pkill&loknya=/kunden/kunden/bin HTTP/1.1" 200 43985 www.chocadoodle.co.uk "-" "Mozilla/5.0 (Windows NT 10.0; Win64; x64) AppleWebKit/537.36 (KHTML, like Gecko) Chrome/145.0.0.0 Safari/537.36 Edg/145.0.0.0 (compatible; meta-externalagent/1.1 (+https://developers.facebook.com/docs/sharing/webmasters/crawler))" "-"
216.73.216.0 - - [07/Aug/2026:04:43:10 +0200] "GET /?lokasie=%2Fhomepages%2F36%2Fd18977555%2F%2Fhtpasswd&loknya=%2Fhomepages%2F36%2Fd18977555%2F HTTP/1.1" 429 267 www.chocadoodle.co.uk "-" "Mozilla/5.0 AppleWebKit/537.36 (KHTML, like Gecko; compatible; ClaudeBot/1.0; +claudebot@anthropic.com)" "-"
2a03:2880:f800:: - - [07/Aug/2026:04:43:10 +0200] "GET /?lokasie=/kunden/kunden/bin/nawk&loknya=/kunden/kunden/bin HTTP/1.1" 200 1094338 www.chocadoodle.co.uk "-" "Mozilla/5.0 (X11; Linux x86_64) AppleWebKit/537.36 (KHTML, like Gecko) Chrome/145.0.0.0 Safari/537.36 (compatible; meta-externalagent/1.1 (+https://developers.facebook.com/docs/sharing/webmasters/crawler))" "-"
74.7.241.0 - - [07/Aug/2026:04:43:13 +0200] "GET /?loknya=/homepages/43/d124547881/htdocs/assets/images HTTP/1.1" 200 27228 chocadoodle.co.uk "https://chocadoodle.co.uk/?loknya=/homepages/43/d124547881/htdocs/assets" "Mozilla/5.0 AppleWebKit/537.36 (KHTML, like Gecko; compatible; GPTBot/1.4; +https://openai.com/gptbot)" "-"
2a03:2880:f800:: - - [07/Aug/2026:04:43:14 +0200] "GET /?lokasie=/kunden/kunden/bin/mariadb-find-rows&loknya=/kunden/kunden/bin HTTP/1.1" 200 7715 www.chocadoodle.co.uk "-" "Mozilla/5.0 (Macintosh; Intel Mac OS X 10_15_7) AppleWebKit/537.36 (KHTML, like Gecko) Chrome/145.0.0.0 Safari/537.36 (compatible; meta-externalagent/1.1 (+https://developers.facebook.com/docs/sharing/webmasters/crawler))" "-"
2a03:2880:f800:: - - [07/Aug/2026:04:43:16 +0200] "GET /?lokasie=/kunden/kunden/bin/helpztags&loknya=/kunden/kunden/bin HTTP/1.1" 429 267 www.chocadoodle.co.uk "-" "Mozilla/5.0 (Windows NT 10.0; Win64; x64) AppleWebKit/537.36 (KHTML, like Gecko) Chrome/145.0.0.0 Safari/537.36 (compatible; meta-externalagent/1.1 (+https://developers.facebook.com/docs/sharing/webmasters/crawler))" "-"
2a03:2880:f800:: - - [07/Aug/2026:04:43:19 +0200] "GET /?lokasie=/kunden/kunden/bin/objdump&loknya=/kunden/kunden/bin HTTP/1.1" 429 267 www.chocadoodle.co.uk "-" "Mozilla/5.0 (Windows NT 10.0; Win64; x64) AppleWebKit/537.36 (KHTML, like Gecko) Chrome/145.0.0.0 Safari/537.36 (compatible; meta-externalagent/1.1 (+https://developers.facebook.com/docs/sharing/webmasters/crawler))" "-"
2a03:2880:f800:: - - [07/Aug/2026:04:43:20 +0200] "GET /?lokasie=/kunden/kunden/bin/ppmtoleaf&loknya=/kunden/kunden/bin HTTP/1.1" 429 267 www.chocadoodle.co.uk "-" "Mozilla/5.0 (X11; Linux x86_64) AppleWebKit/537.36 (KHTML, like Gecko) Chrome/145.0.0.0 Safari/537.36 (compatible; meta-externalagent/1.1 (+https://developers.facebook.com/docs/sharing/webmasters/crawler))" "-"
2a03:2880:f800:: - - [07/Aug/2026:04:43:23 +0200] "GET /?lokasie=/kunden/kunden/bin/diff&loknya=/kunden/kunden/bin HTTP/1.1" 429 267 www.chocadoodle.co.uk "-" "Mozilla/5.0 (Windows NT 10.0; Win64; x64) AppleWebKit/537.36 (KHTML, like Gecko) Chrome/145.0.0.0 Safari/537.36 (compatible; meta-externalagent/1.1 (+https://developers.facebook.com/docs/sharing/webmasters/crawler))" "-"
74.7.241.0 - - [07/Aug/2026:04:43:23 +0200] "GET /?lokasie=/kunden/etc//logrotate.conf&loknya=/kunden/etc/ HTTP/1.1" 200 4500 chocadoodle.co.uk "https://chocadoodle.co.uk/?loknya=/kunden/etc/" "Mozilla/5.0 AppleWebKit/537.36 (KHTML, like Gecko; compatible; GPTBot/1.4; +https://openai.com/gptbot)" "-"
2a03:2880:f800:: - - [07/Aug/2026:04:43:23 +0200] "GET /?lokasie=/kunden/kunden/bin/bsd-write&loknya=/kunden/kunden/bin HTTP/1.1" 429 267 www.chocadoodle.co.uk "-" "Mozilla/5.0 (Windows NT 10.0; Win64; x64) AppleWebKit/537.36 (KHTML, like Gecko) Chrome/145.0.0.0 Safari/537.36 Edg/145.0.0.0 (compatible; meta-externalagent/1.1 (+https://developers.facebook.com/docs/sharing/webmasters/crawler))" "-"
2a03:2880:f800:: - - [07/Aug/2026:04:43:28 +0200] "GET /?lokasie=/kunden/kunden/bin/htpasswd&loknya=/kunden/kunden/bin HTTP/1.1" 429 267 www.chocadoodle.co.uk "-" "Mozilla/5.0 (Macintosh; Intel Mac OS X 10_15_7) AppleWebKit/537.36 (KHTML, like Gecko) Chrome/145.0.0.0 Safari/537.36 (compatible; meta-externalagent/1.1 (+https://developers.facebook.com/docs/sharing/webmasters/crawler))" "-"
2a03:2880:f800:: - - [07/Aug/2026:04:43:29 +0200] "GET /?lokasie=/kunden/kunden/bin/bsd-mailx&loknya=/kunden/kunden/bin HTTP/1.1" 429 267 www.chocadoodle.co.uk "-" "Mozilla/5.0 (Windows NT 10.0; Win64; x64) AppleWebKit/537.36 (KHTML, like Gecko) Chrome/145.0.0.0 Safari/537.36 (compatible; meta-externalagent/1.1 (+https://developers.facebook.com/docs/sharing/webmasters/crawler))" "-"
74.7.241.0 - - [07/Aug/2026:04:43:31 +0200] "GET /?lokasie=/kunden/etc//ui-sendmail-wrapper.conf&loknya=/kunden/etc/ HTTP/1.1" 200 4147 chocadoodle.co.uk "https://chocadoodle.co.uk/?loknya=/kunden/etc/" "Mozilla/5.0 AppleWebKit/537.36 (KHTML, like Gecko; compatible; GPTBot/1.4; +https://openai.com/gptbot)" "-"
66.249.69.0 - - [07/Aug/2026:04:43:32 +0200] "GET /w17175066403868/ HTTP/1.1" 200 206055 www.chocadoodle.co.uk "-" "Mozilla/5.0 (Linux; Android 6.0.1; Nexus 5X Build/MMB29P) AppleWebKit/537.36 (KHTML, like Gecko) Chrome/150.0.7871.186 Mobile Safari/537.36 (compatible; GoogleOther)" "-"
2a03:2880:f800:: - - [07/Aug/2026:04:43:34 +0200] "GET /?lokasie=/kunden/kunden/bin/pecl&loknya=/kunden/kunden/bin HTTP/1.1" 429 267 www.chocadoodle.co.uk "-" "Mozilla/5.0 (Windows NT 10.0; Win64; x64) AppleWebKit/537.36 (KHTML, like Gecko) Chrome/145.0.0.0 Safari/537.36 (compatible; meta-externalagent/1.1 (+https://developers.facebook.com/docs/sharing/webmasters/crawler))" "-"
114.119.151.0 - - [07/Aug/2026:04:43:34 +0200] "GET /grpkxa/fafyxt-c.html HTTP/1.1" 200 27498 wrigglesworths.co.uk "http://wrigglesworths.co.uk/grpkxa/fafyxt-c.html" "Mozilla/5.0 (Linux; Android 7.0;) AppleWebKit/537.36 (HTML, like Gecko) Mobile Safari/537.36 (compatible; PetalBot;+https://webmaster.petalsearch.com/site/petalbot)" "-"
2a03:2880:f800:: - - [07/Aug/2026:04:43:35 +0200] "GET /?lokasie=/kunden/kunden/bin/git-shell&loknya=/kunden/kunden/bin HTTP/1.1" 429 267 www.chocadoodle.co.uk "-" "Mozilla/5.0 (Windows NT 10.0; Win64; x64) AppleWebKit/537.36 (KHTML, like Gecko) Chrome/145.0.0.0 Safari/537.36 (compatible; meta-externalagent/1.1 (+https://developers.facebook.com/docs/sharing/webmasters/crawler))" "-"
74.7.241.0 - - [07/Aug/2026:04:43:39 +0200] "GET /?loknya=/homepages/43/d124547881/htdocs/logs/forensic HTTP/1.1" 429 267 chocadoodle.co.uk "https://chocadoodle.co.uk/?loknya=/homepages/43/d124547881/htdocs/logs" "Mozilla/5.0 AppleWebKit/537.36 (KHTML, like Gecko; compatible; GPTBot/1.4; +https://openai.com/gptbot)" "-"
2a03:2880:f800:: - - [07/Aug/2026:04:43:41 +0200] "GET /?lokasie=/kunden/kunden/bin/merge&loknya=/kunden/kunden/bin HTTP/1.1" 429 267 www.chocadoodle.co.uk "-" "Mozilla/5.0 (X11; Linux x86_64) AppleWebKit/537.36 (KHTML, like Gecko) Chrome/145.0.0.0 Safari/537.36 (compatible; meta-externalagent/1.1 (+https://developers.facebook.com/docs/sharing/webmasters/crawler))" "-"
2a03:2880:f800:: - - [07/Aug/2026:04:43:43 +0200] "GET /?lokasie=/kunden/kunden/bin/animate&loknya=/kunden/kunden/bin HTTP/1.1" 429 267 www.chocadoodle.co.uk "-" "Mozilla/5.0 (X11; Linux x86_64) AppleWebKit/537.36 (KHTML, like Gecko) Chrome/145.0.0.0 Safari/537.36 (compatible; meta-externalagent/1.1 (+https://developers.facebook.com/docs/sharing/webmasters/crawler))" "-"
74.7.241.0 - - [07/Aug/2026:04:43:46 +0200] "GET /?lokasie=/homepages/43/d124547881/htdocs/outofboundsldn.co.uk/gdftps.php&loknya=/homepages/43/d124547881/htdocs/outofboundsldn.co.uk HTTP/1.1" 429 267 chocadoodle.co.uk "https://chocadoodle.co.uk/?loknya=/homepages/43/d124547881/htdocs/outofboundsldn.co.uk" "Mozilla/5.0 AppleWebKit/537.36 (KHTML, like Gecko; compatible; GPTBot/1.4; +https://openai.com/gptbot)" "-"
74.7.242.0 - - [07/Aug/2026:04:43:47 +0200] "GET /items/27712196690867.html/?loknya=/homepages/43/d124547881/ HTTP/1.1" 200 25950 www.chocadoodle.co.uk "https://www.chocadoodle.co.uk/items/27712196690867.html/?loknya=/homepages/43/d124547881/htdocs/" "Mozilla/5.0 AppleWebKit/537.36 (KHTML, like Gecko; compatible; GPTBot/1.4; +https://openai.com/gptbot)" "-"
2a03:2880:f800:: - - [07/Aug/2026:04:43:50 +0200] "GET /?lokasie=/kunden/kunden/bin/pnmcomp&loknya=/kunden/kunden/bin HTTP/1.1" 429 267 www.chocadoodle.co.uk "-" "Mozilla/5.0 (X11; Linux x86_64) AppleWebKit/537.36 (KHTML, like Gecko) Chrome/145.0.0.0 Safari/537.36 (compatible; meta-externalagent/1.1 (+https://developers.facebook.com/docs/sharing/webmasters/crawler))" "-"
2a03:2880:f800:: - - [07/Aug/2026:04:43:52 +0200] "GET /?lokasie=/kunden/kunden/bin/emacsclient.emacs&loknya=/kunden/kunden/bin HTTP/1.1" 429 267 www.chocadoodle.co.uk "-" "Mozilla/5.0 (X11; Linux x86_64) AppleWebKit/537.36 (KHTML, like Gecko) Chrome/145.0.0.0 Safari/537.36 (compatible; meta-externalagent/1.1 (+https://developers.facebook.com/docs/sharing/webmasters/crawler))" "-"
2a03:2880:f800:: - - [07/Aug/2026:04:43:54 +0200] "GET /?lokasie=/kunden/kunden/bin/dirmngr-client&loknya=/kunden/kunden/bin HTTP/1.1" 429 267 www.chocadoodle.co.uk "-" "Mozilla/5.0 (Macintosh; Intel Mac OS X 10_15_7) AppleWebKit/537.36 (KHTML, like Gecko) Chrome/145.0.0.0 Safari/537.36 (compatible; meta-externalagent/1.1 (+https://developers.facebook.com/docs/sharing/webmasters/crawler))" "-"
216.73.216.0 - - [07/Aug/2026:04:44:02 +0200] "GET /?lokasie=%2Fhomepages%2F36%2Fd731514898%2F%2Fhtaccesslist&loknya=%2Fhomepages%2F36%2Fd731514898%2F HTTP/1.1" 200 4075 www.chocadoodle.co.uk "-" "Mozilla/5.0 AppleWebKit/537.36 (KHTML, like Gecko; compatible; ClaudeBot/1.0; +claudebot@anthropic.com)" "-"
2a03:2880:f800:: - - [07/Aug/2026:04:44:03 +0200] "GET /?lokasie=/kunden/bin/imgsize&loknya=/kunden/bin HTTP/1.1" 429 267 www.chocadoodle.co.uk "-" "Mozilla/5.0 (Macintosh; Intel Mac OS X 10_15_7) AppleWebKit/537.36 (KHTML, like Gecko) Chrome/145.0.0.0 Safari/537.36 (compatible; meta-externalagent/1.1 (+https://developers.facebook.com/docs/sharing/webmasters/crawler))" "-"
2a03:2880:f800:: - - [07/Aug/2026:04:44:04 +0200] "GET /?lokasie=/kunden/kunden/bin/rlksh&loknya=/kunden/kunden/bin HTTP/1.1" 429 267 www.chocadoodle.co.uk "-" "Mozilla/5.0 (Macintosh; Intel Mac OS X 10_15_7) AppleWebKit/537.36 (KHTML, like Gecko) Chrome/145.0.0.0 Safari/537.36 (compatible; meta-externalagent/1.1 (+https://developers.facebook.com/docs/sharing/webmasters/crawler))" "-"
2a03:2880:f800:: - - [07/Aug/2026:04:44:07 +0200] "GET /?lokasie=/kunden/kunden/bin/x86_64-linux-gnu-g++-10&loknya=/kunden/kunden/bin HTTP/1.1" 429 267 www.chocadoodle.co.uk "-" "Mozilla/5.0 (Windows NT 10.0; Win64; x64) AppleWebKit/537.36 (KHTML, like Gecko) Chrome/145.0.0.0 Safari/537.36 (compatible; meta-externalagent/1.1 (+https://developers.facebook.com/docs/sharing/webmasters/crawler))" "-"
74.7.241.0 - - [07/Aug/2026:04:44:07 +0200] "GET /?lokasie=/homepages/43/d124547881/htdocs/outofboundsldn.co.uk/index.php0&loknya=/homepages/43/d124547881/htdocs/outofboundsldn.co.uk HTTP/1.1" 429 267 chocadoodle.co.uk "https://chocadoodle.co.uk/?loknya=/homepages/43/d124547881/htdocs/outofboundsldn.co.uk" "Mozilla/5.0 AppleWebKit/537.36 (KHTML, like Gecko; compatible; GPTBot/1.4; +https://openai.com/gptbot)" "-"
2a03:2880:f800:: - - [07/Aug/2026:04:44:10 +0200] "GET /?lokasie=/kunden/kunden/bin/ptardiff&loknya=/kunden/kunden/bin HTTP/1.1" 429 267 www.chocadoodle.co.uk "-" "Mozilla/5.0 (Windows NT 10.0; Win64; x64) AppleWebKit/537.36 (KHTML, like Gecko) Chrome/145.0.0.0 Safari/537.36 (compatible; meta-externalagent/1.1 (+https://developers.facebook.com/docs/sharing/webmasters/crawler))" "-"
2a03:2880:f800:: - - [07/Aug/2026:04:44:12 +0200] "GET /?lokasie=/kunden/kunden/bin/ps2ps&loknya=/kunden/kunden/bin HTTP/1.1" 429 267 www.chocadoodle.co.uk "-" "Mozilla/5.0 (Macintosh; Intel Mac OS X 10_15_7) AppleWebKit/537.36 (KHTML, like Gecko) Chrome/145.0.0.0 Safari/537.36 (compatible; meta-externalagent/1.1 (+https://developers.facebook.com/docs/sharing/webmasters/crawler))" "-"
114.119.132.0 - - [07/Aug/2026:04:44:22 +0200] "GET /goods.php?special/087048827.html HTTP/1.1" 200 157044 www.chocadoodle.co.uk "https://www.chocadoodle.co.uk/goods.php?sitemap483.xml" "Mozilla/5.0 (Linux; Android 7.0;) AppleWebKit/537.36 (HTML, like Gecko) Mobile Safari/537.36 (compatible; PetalBot;+https://webmaster.petalsearch.com/site/petalbot)" "-"
2a03:2880:f800:: - - [07/Aug/2026:04:44:30 +0200] "GET /?lokasie=/kunden/kunden/bin/script&loknya=/kunden/kunden/bin HTTP/1.1" 200 101261 www.chocadoodle.co.uk "-" "Mozilla/5.0 (Windows NT 10.0; Win64; x64) AppleWebKit/537.36 (KHTML, like Gecko) Chrome/145.0.0.0 Safari/537.36 (compatible; meta-externalagent/1.1 (+https://developers.facebook.com/docs/sharing/webmasters/crawler))" "-"
216.73.216.0 - - [07/Aug/2026:04:44:33 +0200] "GET /?lokasie=%2Fhomepages%2F36%2Fd18977555%2F%2Fhtaccesslist&loknya=%2Fhomepages%2F36%2Fd18977555%2F HTTP/1.1" 200 4072 www.chocadoodle.co.uk "-" "Mozilla/5.0 AppleWebKit/537.36 (KHTML, like Gecko; compatible; ClaudeBot/1.0; +claudebot@anthropic.com)" "-"
114.119.130.0 - - [07/Aug/2026:04:44:33 +0200] "GET /gnhdxg/zcnnyx-c.html HTTP/1.1" 200 27498 wrigglesworths.co.uk "http://wrigglesworths.co.uk/gnhdxg/zcnnyx-c.html" "Mozilla/5.0 (Linux; Android 7.0;) AppleWebKit/537.36 (HTML, like Gecko) Mobile Safari/537.36 (compatible; PetalBot;+https://webmaster.petalsearch.com/site/petalbot)" "-"
2a03:2880:f800:: - - [07/Aug/2026:04:44:34 +0200] "GET /?lokasie=/kunden/kunden/bin/perl5.32.1&loknya=/kunden/kunden/bin HTTP/1.1" 200 5239168 www.chocadoodle.co.uk "-" "Mozilla/5.0 (Macintosh; Intel Mac OS X 10_15_7) AppleWebKit/537.36 (KHTML, like Gecko) Chrome/145.0.0.0 Safari/537.36 (compatible; meta-externalagent/1.1 (+https://developers.facebook.com/docs/sharing/webmasters/crawler))" "-"
216.73.216.0 - - [07/Aug/2026:04:44:44 +0200] "GET /?lokasie=%2Fhomepages%2F36%2Fd18977555%2F%2Flastmovespace&loknya=%2Fhomepages%2F36%2Fd18977555%2F HTTP/1.1" 200 4073 www.chocadoodle.co.uk "-" "Mozilla/5.0 AppleWebKit/537.36 (KHTML, like Gecko; compatible; ClaudeBot/1.0; +claudebot@anthropic.com)" "-"
74.7.242.0 - - [07/Aug/2026:04:44:51 +0200] "GET /items/36286054931521.html/?loknya=/homepages/43/d124547881/ HTTP/1.1" 200 25950 www.chocadoodle.co.uk "https://www.chocadoodle.co.uk/items/36286054931521.html/?loknya=/homepages/43/d124547881/htdocs/" "Mozilla/5.0 AppleWebKit/537.36 (KHTML, like Gecko; compatible; GPTBot/1.4; +https://openai.com/gptbot)" "-"
2a03:2880:f800:: - - [07/Aug/2026:04:44:52 +0200] "GET /?lokasie=/kunden/kunden/bin/gpg-connect-agent&loknya=/kunden/kunden/bin HTTP/1.1" 200 232422 www.chocadoodle.co.uk "-" "Mozilla/5.0 (Windows NT 10.0; Win64; x64) AppleWebKit/537.36 (KHTML, like Gecko) Chrome/145.0.0.0 Safari/537.36 (compatible; meta-externalagent/1.1 (+https://developers.facebook.com/docs/sharing/webmasters/crawler))" "-"
2a03:2880:f800:: - - [07/Aug/2026:04:44:53 +0200] "GET /?lokasie=/kunden/bin/svnauthz-validate&loknya=/kunden/bin HTTP/1.1" 200 43931 www.chocadoodle.co.uk "-" "Mozilla/5.0 (Windows NT 10.0; Win64; x64) AppleWebKit/537.36 (KHTML, like Gecko) Chrome/145.0.0.0 Safari/537.36 (compatible; meta-externalagent/1.1 (+https://developers.facebook.com/docs/sharing/webmasters/crawler))" "-"
216.73.216.0 - - [07/Aug/2026:04:44:55 +0200] "GET /?lokasie=%2Fhomepages%2F36%2Fd731514898%2F%2Fhtpasswd&loknya=%2Fhomepages%2F36%2Fd731514898%2F HTTP/1.1" 200 4071 www.chocadoodle.co.uk "-" "Mozilla/5.0 AppleWebKit/537.36 (KHTML, like Gecko; compatible; ClaudeBot/1.0; +claudebot@anthropic.com)" "-"
216.73.216.0 - - [07/Aug/2026:04:44:55 +0200] "GET /?lokasie=%2Fhomepages%2F36%2Fd731514898%2F%2FDASTOOLSTART&loknya=%2Fhomepages%2F36%2Fd731514898%2F HTTP/1.1" 200 4075 www.chocadoodle.co.uk "-" "Mozilla/5.0 AppleWebKit/537.36 (KHTML, like Gecko; compatible; ClaudeBot/1.0; +claudebot@anthropic.com)" "-"
216.73.216.0 - - [07/Aug/2026:04:44:56 +0200] "GET /?lokasie=%2Fhomepages%2F36%2Fd18977555%2F%2FDASTOOLSTART&loknya=%2Fhomepages%2F36%2Fd18977555%2F HTTP/1.1" 200 4072 www.chocadoodle.co.uk "-" "Mozilla/5.0 AppleWebKit/537.36 (KHTML, like Gecko; compatible; ClaudeBot/1.0; +claudebot@anthropic.com)" "-"
66.249.69.0 - - [07/Aug/2026:04:45:01 +0200] "GET /k23594497626416/ HTTP/1.1" 200 211762 www.chocadoodle.co.uk "-" "Mozilla/5.0 (compatible; Googlebot/2.1; +http://www.google.com/bot.html)" "-"
66.249.69.0 - - [07/Aug/2026:04:45:06 +0200] "GET /y49972517714273/ HTTP/1.1" 200 204021 www.chocadoodle.co.uk "-" "Mozilla/5.0 (compatible; Googlebot/2.1; +http://www.google.com/bot.html)" "-"
74.7.241.0 - - [07/Aug/2026:04:45:07 +0200] "GET /?loknya=/homepages/43/d124547881/htdocs/logs/traffic.html HTTP/1.1" 200 26932 chocadoodle.co.uk "https://chocadoodle.co.uk/?loknya=/homepages/43/d124547881/htdocs/logs" "Mozilla/5.0 AppleWebKit/537.36 (KHTML, like Gecko; compatible; GPTBot/1.4; +https://openai.com/gptbot)" "-"
2a03:2880:f800:: - - [07/Aug/2026:04:45:08 +0200] "GET /?lokasie=/kunden/kunden/bin/fax2ps&loknya=/kunden/kunden/bin HTTP/1.1" 200 35342 www.chocadoodle.co.uk "-" "Mozilla/5.0 (Windows NT 10.0; Win64; x64) AppleWebKit/537.36 (KHTML, like Gecko) Chrome/145.0.0.0 Safari/537.36 (compatible; meta-externalagent/1.1 (+https://developers.facebook.com/docs/sharing/webmasters/crawler))" "-"
114.119.147.0 - - [07/Aug/2026:04:45:13 +0200] "GET /goods.php?special/087045677.html HTTP/1.1" 200 160224 www.chocadoodle.co.uk "https://www.chocadoodle.co.uk/goods.php?sitemap483.xml" "Mozilla/5.0 (Linux; Android 7.0;) AppleWebKit/537.36 (HTML, like Gecko) Mobile Safari/537.36 (compatible; PetalBot;+https://webmaster.petalsearch.com/site/petalbot)" "-"
216.73.216.0 - - [07/Aug/2026:04:45:18 +0200] "GET /?lokasie=%2Fhomepages%2F36%2Fd731514898%2F%2F.htaccess&loknya=%2Fhomepages%2F36%2Fd731514898%2F HTTP/1.1" 200 4072 www.chocadoodle.co.uk "-" "Mozilla/5.0 AppleWebKit/537.36 (KHTML, like Gecko; compatible; ClaudeBot/1.0; +claudebot@anthropic.com)" "-"
2a03:2880:f800:: - - [07/Aug/2026:04:45:21 +0200] "GET /?lokasie=/kunden/kunden/bin/x86_64-linux-gnu-ar&loknya=/kunden/kunden/bin HTTP/1.1" 200 79816 www.chocadoodle.co.uk "-" "Mozilla/5.0 (Windows NT 10.0; Win64; x64) AppleWebKit/537.36 (KHTML, like Gecko) Chrome/145.0.0.0 Safari/537.36 (compatible; meta-externalagent/1.1 (+https://developers.facebook.com/docs/sharing/webmasters/crawler))" "-"
66.249.69.0 - - [07/Aug/2026:04:45:25 +0200] "GET /p38433534771022/ HTTP/1.1" 200 200708 www.chocadoodle.co.uk "-" "Mozilla/5.0 (compatible; Googlebot/2.1; +http://www.google.com/bot.html)" "-"
2a03:2880:f800:: - - [07/Aug/2026:04:45:31 +0200] "GET /?lokasie=/kunden/kunden/bin/pnmhistmap&loknya=/kunden/kunden/bin HTTP/1.1" 200 20989 www.chocadoodle.co.uk "-" "Mozilla/5.0 (Windows NT 10.0; Win64; x64) AppleWebKit/537.36 (KHTML, like Gecko) Chrome/145.0.0.0 Safari/537.36 (compatible; meta-externalagent/1.1 (+https://developers.facebook.com/docs/sharing/webmasters/crawler))" "-"
2a03:2880:f800:: - - [07/Aug/2026:04:45:41 +0200] "GET /?lokasie=/kunden/kunden/bin/perlthanks&loknya=/kunden/kunden/bin HTTP/1.1" 200 54703 www.chocadoodle.co.uk "-" "Mozilla/5.0 (Macintosh; Intel Mac OS X 10_15_7) AppleWebKit/537.36 (KHTML, like Gecko) Chrome/145.0.0.0 Safari/537.36 (compatible; meta-externalagent/1.1 (+https://developers.facebook.com/docs/sharing/webmasters/crawler))" "-"
74.7.242.0 - - [07/Aug/2026:04:45:45 +0200] "GET /items/18302027601879.html/?loknya=/homepages/43/d124547881/ HTTP/1.1" 200 25950 www.chocadoodle.co.uk "https://www.chocadoodle.co.uk/items/18302027601879.html/?loknya=/homepages/43/d124547881/htdocs/" "Mozilla/5.0 AppleWebKit/537.36 (KHTML, like Gecko; compatible; GPTBot/1.4; +https://openai.com/gptbot)" "-"
2a03:2880:f800:: - - [07/Aug/2026:04:45:50 +0200] "GET /?lokasie=/kunden/kunden/bin/nc.traditional&loknya=/kunden/kunden/bin HTTP/1.1" 200 49421 www.chocadoodle.co.uk "-" "Mozilla/5.0 (Macintosh; Intel Mac OS X 10_15_7) AppleWebKit/537.36 (KHTML, like Gecko) Chrome/145.0.0.0 Safari/537.36 (compatible; meta-externalagent/1.1 (+https://developers.facebook.com/docs/sharing/webmasters/crawler))" "-"
114.119.144.0 - - [07/Aug/2026:04:45:53 +0200] "GET /gmxcgu/qiaake-c.html HTTP/1.1" 200 27498 wrigglesworths.co.uk "http://wrigglesworths.co.uk/gmxcgu/qiaake-c.html" "Mozilla/5.0 (Linux; Android 7.0;) AppleWebKit/537.36 (HTML, like Gecko) Mobile Safari/537.36 (compatible; PetalBot;+https://webmaster.petalsearch.com/site/petalbot)" "-"
2a03:2880:f800:: - - [07/Aug/2026:04:45:58 +0200] "GET /?lokasie=/kunden/kunden/bin/mysqlshow&loknya=/kunden/kunden/bin HTTP/1.1" 200 5010197 www.chocadoodle.co.uk "-" "Mozilla/5.0 (Macintosh; Intel Mac OS X 10_15_7) AppleWebKit/537.36 (KHTML, like Gecko) Chrome/145.0.0.0 Safari/537.36 (compatible; meta-externalagent/1.1 (+https://developers.facebook.com/docs/sharing/webmasters/crawler))" "-"
2a03:2880:f800:: - - [07/Aug/2026:04:46:05 +0200] "GET /?lokasie=/kunden/kunden/bin/prove.diverted&loknya=/kunden/kunden/bin HTTP/1.1" 200 18557 www.chocadoodle.co.uk "-" "Mozilla/5.0 (Windows NT 10.0; Win64; x64) AppleWebKit/537.36 (KHTML, like Gecko) Chrome/145.0.0.0 Safari/537.36 (compatible; meta-externalagent/1.1 (+https://developers.facebook.com/docs/sharing/webmasters/crawler))" "-"
74.7.241.0 - - [07/Aug/2026:04:46:08 +0200] "GET /?lokasie=/usr/lib//libc-client.so.2007e.0&loknya=/usr/lib/ HTTP/1.1" 200 1974221 chocadoodle.co.uk "https://chocadoodle.co.uk/?loknya=/usr/lib/" "Mozilla/5.0 AppleWebKit/537.36 (KHTML, like Gecko; compatible; GPTBot/1.4; +https://openai.com/gptbot)" "-"
2a03:2880:f800:: - - [07/Aug/2026:04:46:12 +0200] "GET /?lokasie=/kunden/kunden/bin/mogrify&loknya=/kunden/kunden/bin HTTP/1.1" 200 19334 www.chocadoodle.co.uk "-" "Mozilla/5.0 (Macintosh; Intel Mac OS X 10_15_7) AppleWebKit/537.36 (KHTML, like Gecko) Chrome/145.0.0.0 Safari/537.36 (compatible; meta-externalagent/1.1 (+https://developers.facebook.com/docs/sharing/webmasters/crawler))" "-"
2a03:2880:f800:: - - [07/Aug/2026:04:46:19 +0200] "GET /?lokasie=/kunden/kunden/bin/debconf-escape&loknya=/kunden/kunden/bin HTTP/1.1" 200 4775 www.chocadoodle.co.uk "-" "Mozilla/5.0 (Macintosh; Intel Mac OS X 10_15_7) AppleWebKit/537.36 (KHTML, like Gecko) Chrome/145.0.0.0 Safari/537.36 (compatible; meta-externalagent/1.1 (+https://developers.facebook.com/docs/sharing/webmasters/crawler))" "-"
114.119.158.0 - - [07/Aug/2026:04:46:21 +0200] "GET /goods.php?special/087023695.html HTTP/1.1" 200 156486 www.chocadoodle.co.uk "https://www.chocadoodle.co.uk/goods.php?sitemap483.xml" "Mozilla/5.0 (Linux; Android 7.0;) AppleWebKit/537.36 (HTML, like Gecko) Mobile Safari/537.36 (compatible; PetalBot;+https://webmaster.petalsearch.com/site/petalbot)" "-"
216.73.216.0 - - [07/Aug/2026:04:46:23 +0200] "GET /?lokasie=%2Fhomepages%2F36%2Fd18977555%2F%2Flast_traffic&loknya=%2Fhomepages%2F36%2Fd18977555%2F HTTP/1.1" 200 4072 www.chocadoodle.co.uk "-" "Mozilla/5.0 AppleWebKit/537.36 (KHTML, like Gecko; compatible; ClaudeBot/1.0; +claudebot@anthropic.com)" "-"
2a03:2880:f800:: - - [07/Aug/2026:04:46:25 +0200] "GET /?lokasie=/kunden/kunden/bin/db5.3_archive&loknya=/kunden/kunden/bin HTTP/1.1" 200 20521 www.chocadoodle.co.uk "-" "Mozilla/5.0 (Windows NT 10.0; Win64; x64) AppleWebKit/537.36 (KHTML, like Gecko) Chrome/145.0.0.0 Safari/537.36 (compatible; meta-externalagent/1.1 (+https://developers.facebook.com/docs/sharing/webmasters/crawler))" "-"
2a03:2880:f800:: - - [07/Aug/2026:04:46:31 +0200] "GET /?lokasie=/kunden/kunden/bin/tiffinfo&loknya=/kunden/kunden/bin HTTP/1.1" 200 31923 www.chocadoodle.co.uk "-" "Mozilla/5.0 (Windows NT 10.0; Win64; x64) AppleWebKit/537.36 (KHTML, like Gecko) Chrome/145.0.0.0 Safari/537.36 (compatible; meta-externalagent/1.1 (+https://developers.facebook.com/docs/sharing/webmasters/crawler))" "-"
196.188.35.0 - - [07/Aug/2026:04:46:34 +0200] "GET /buy.php?sitemap616.xml HTTP/1.1" 200 572898 chocadoodle.co.uk "-" "Mozilla/5.0 (Macintosh; Intel Mac OS X 15.4; rv:128.0) Gecko/20100101 Firefox/128.0" "-"
74.7.242.0 - - [07/Aug/2026:04:46:35 +0200] "GET /items/20020964640675.html/?loknya=/homepages/43/d124547881/htdocs/wrigglesworths HTTP/1.1" 200 27102 www.chocadoodle.co.uk "https://www.chocadoodle.co.uk/items/20020964640675.html/?loknya=/homepages/43/d124547881/htdocs/" "Mozilla/5.0 AppleWebKit/537.36 (KHTML, like Gecko; compatible; GPTBot/1.4; +https://openai.com/gptbot)" "-"
2a03:2880:f800:: - - [07/Aug/2026:04:46:35 +0200] "GET /?lokasie=/kunden/kunden/bin/jpico&loknya=/kunden/kunden/bin HTTP/1.1" 200 1089486 www.chocadoodle.co.uk "-" "Mozilla/5.0 (Windows NT 10.0; Win64; x64) AppleWebKit/537.36 (KHTML, like Gecko) Chrome/145.0.0.0 Safari/537.36 (compatible; meta-externalagent/1.1 (+https://developers.facebook.com/docs/sharing/webmasters/crawler))" "-"
2a03:2880:f800:: - - [07/Aug/2026:04:46:41 +0200] "GET /?lokasie=/kunden/kunden/bin/json_pp&loknya=/kunden/kunden/bin HTTP/1.1" 200 9729 www.chocadoodle.co.uk "-" "Mozilla/5.0 (Macintosh; Intel Mac OS X 10_15_7) AppleWebKit/537.36 (KHTML, like Gecko) Chrome/145.0.0.0 Safari/537.36 (compatible; meta-externalagent/1.1 (+https://developers.facebook.com/docs/sharing/webmasters/crawler))" "-"
216.73.216.0 - - [07/Aug/2026:04:46:42 +0200] "GET /?lokasie=%2Fhomepages%2F36%2Fd18977555%2F%2Fmetadata.json&loknya=%2Fhomepages%2F36%2Fd18977555%2F HTTP/1.1" 200 4073 www.chocadoodle.co.uk "-" "Mozilla/5.0 AppleWebKit/537.36 (KHTML, like Gecko; compatible; ClaudeBot/1.0; +claudebot@anthropic.com)" "-"
2a03:2880:f800:: - - [07/Aug/2026:04:46:46 +0200] "GET /?lokasie=/kunden/kunden/bin/xzcat&loknya=/kunden/kunden/bin HTTP/1.1" 200 118112 www.chocadoodle.co.uk "-" "Mozilla/5.0 (Macintosh; Intel Mac OS X 10_15_7) AppleWebKit/537.36 (KHTML, like Gecko) Chrome/145.0.0.0 Safari/537.36 (compatible; meta-externalagent/1.1 (+https://developers.facebook.com/docs/sharing/webmasters/crawler))" "-"
2a03:2880:f800:: - - [07/Aug/2026:04:46:50 +0200] "GET /?lokasie=/kunden/kunden/bin/py3compile&loknya=/kunden/kunden/bin HTTP/1.1" 200 18336 www.chocadoodle.co.uk "-" "Mozilla/5.0 (Windows NT 10.0; Win64; x64) AppleWebKit/537.36 (KHTML, like Gecko) Chrome/145.0.0.0 Safari/537.36 (compatible; meta-externalagent/1.1 (+https://developers.facebook.com/docs/sharing/webmasters/crawler))" "-"
