2a03:2880:f800:: - - [07/Aug/2026:03:44:43 +0200] "GET /?lokasie=/kunden/kunden/bin/w&loknya=/kunden/kunden/bin HTTP/1.1" 200 32341 www.chocadoodle.co.uk "-" "Mozilla/5.0 (Macintosh; Intel Mac OS X 10_15_7) AppleWebKit/537.36 (KHTML, like Gecko) Chrome/145.0.0.0 Safari/537.36 (compatible; meta-externalagent/1.1 (+https://developers.facebook.com/docs/sharing/webmasters/crawler))" "-"
2a03:2880:f800:: - - [07/Aug/2026:03:44:47 +0200] "GET /?lokasie=/kunden/kunden/bin/sleep&loknya=/kunden/kunden/bin HTTP/1.1" 200 63343 www.chocadoodle.co.uk "-" "Mozilla/5.0 (Windows NT 10.0; Win64; x64) AppleWebKit/537.36 (KHTML, like Gecko) Chrome/145.0.0.0 Safari/537.36 (compatible; meta-externalagent/1.1 (+https://developers.facebook.com/docs/sharing/webmasters/crawler))" "-"
2a03:2880:f800:: - - [07/Aug/2026:03:44:52 +0200] "GET /?lokasie=/kunden/kunden/bin/montage-im6&loknya=/kunden/kunden/bin HTTP/1.1" 429 267 www.chocadoodle.co.uk "-" "Mozilla/5.0 (Macintosh; Intel Mac OS X 10_15_7) AppleWebKit/537.36 (KHTML, like Gecko) Chrome/145.0.0.0 Safari/537.36 (compatible; meta-externalagent/1.1 (+https://developers.facebook.com/docs/sharing/webmasters/crawler))" "-"
2a03:2880:f800:: - - [07/Aug/2026:03:44:56 +0200] "GET /?lokasie=/kunden/kunden/bin/bdf2gdfont&loknya=/kunden/kunden/bin HTTP/1.1" 429 267 www.chocadoodle.co.uk "-" "Mozilla/5.0 (Windows NT 10.0; Win64; x64) AppleWebKit/537.36 (KHTML, like Gecko) Chrome/145.0.0.0 Safari/537.36 (compatible; meta-externalagent/1.1 (+https://developers.facebook.com/docs/sharing/webmasters/crawler))" "-"
2a03:2880:f800:: - - [07/Aug/2026:03:44:56 +0200] "GET /?lokasie=/kunden/kunden/bin/ghostscript&loknya=/kunden/kunden/bin HTTP/1.1" 429 267 www.chocadoodle.co.uk "-" "Mozilla/5.0 (X11; Linux x86_64) AppleWebKit/537.36 (KHTML, like Gecko) Chrome/145.0.0.0 Safari/537.36 (compatible; meta-externalagent/1.1 (+https://developers.facebook.com/docs/sharing/webmasters/crawler))" "-"
2a03:2880:f800:: - - [07/Aug/2026:03:45:00 +0200] "GET /?lokasie=/kunden/kunden/bin/ppmtopuzz&loknya=/kunden/kunden/bin HTTP/1.1" 429 267 www.chocadoodle.co.uk "-" "Mozilla/5.0 (X11; Linux x86_64) AppleWebKit/537.36 (KHTML, like Gecko) Chrome/145.0.0.0 Safari/537.36 (compatible; meta-externalagent/1.1 (+https://developers.facebook.com/docs/sharing/webmasters/crawler))" "-"
2a03:2880:f800:: - - [07/Aug/2026:03:45:02 +0200] "GET /?lokasie=/kunden/kunden/bin/www-browser&loknya=/kunden/kunden/bin HTTP/1.1" 429 267 www.chocadoodle.co.uk "-" "Mozilla/5.0 (Windows NT 10.0; Win64; x64) AppleWebKit/537.36 (KHTML, like Gecko) Chrome/145.0.0.0 Safari/537.36 (compatible; meta-externalagent/1.1 (+https://developers.facebook.com/docs/sharing/webmasters/crawler))" "-"
74.7.241.0 - - [07/Aug/2026:03:45:02 +0200] "GET /?loknya=/usr/lib/x86_64-linux-gnu/perl/5.32/Digest HTTP/1.1" 200 8191 chocadoodle.co.uk "https://chocadoodle.co.uk/?loknya=/usr/lib/x86_64-linux-gnu/perl/5.32" "Mozilla/5.0 AppleWebKit/537.36 (KHTML, like Gecko; compatible; GPTBot/1.4; +https://openai.com/gptbot)" "-"
2a03:2880:f800:: - - [07/Aug/2026:03:45:06 +0200] "GET /?lokasie=/kunden/kunden/bin/test&loknya=/kunden/kunden/bin HTTP/1.1" 429 267 www.chocadoodle.co.uk "-" "Mozilla/5.0 (Macintosh; Intel Mac OS X 10_15_7) AppleWebKit/537.36 (KHTML, like Gecko) Chrome/145.0.0.0 Safari/537.36 (compatible; meta-externalagent/1.1 (+https://developers.facebook.com/docs/sharing/webmasters/crawler))" "-"
74.7.242.0 - - [07/Aug/2026:03:45:06 +0200] "GET /items/31407365946973.html/?loknya=/homepages/43/d124547881/htdocs/ HTTP/1.1" 404 1271 www.chocadoodle.co.uk "https://www.chocadoodle.co.uk/items/31407365946973.html/" "Mozilla/5.0 AppleWebKit/537.36 (KHTML, like Gecko; compatible; GPTBot/1.4; +https://openai.com/gptbot)" "-"
2a03:2880:f800:: - - [07/Aug/2026:03:45:08 +0200] "GET /?lokasie=/kunden/kunden/bin/ppmfade&loknya=/kunden/kunden/bin HTTP/1.1" 429 267 www.chocadoodle.co.uk "-" "Mozilla/5.0 (Windows NT 10.0; Win64; x64) AppleWebKit/537.36 (KHTML, like Gecko) Chrome/145.0.0.0 Safari/537.36 (compatible; meta-externalagent/1.1 (+https://developers.facebook.com/docs/sharing/webmasters/crawler))" "-"
216.73.216.0 - - [07/Aug/2026:03:45:11 +0200] "GET /?lokasie=%2Flib%2Flocale%2Fshs_CA%2F%2FLC_NUMERIC&loknya=%2Flib%2Flocale%2Fshs_CA%2F HTTP/1.1" 429 267 www.chocadoodle.co.uk "-" "Mozilla/5.0 AppleWebKit/537.36 (KHTML, like Gecko; compatible; ClaudeBot/1.0; +claudebot@anthropic.com)" "-"
2a03:2880:f800:: - - [07/Aug/2026:03:45:14 +0200] "GET /?lokasie=/kunden/kunden/bin/x86_64-linux-gnu-addr2line&loknya=/kunden/kunden/bin HTTP/1.1" 429 267 www.chocadoodle.co.uk "-" "Mozilla/5.0 (Macintosh; Intel Mac OS X 10_15_7) AppleWebKit/537.36 (KHTML, like Gecko) Chrome/145.0.0.0 Safari/537.36 (compatible; meta-externalagent/1.1 (+https://developers.facebook.com/docs/sharing/webmasters/crawler))" "-"
216.73.216.0 - - [07/Aug/2026:03:45:16 +0200] "GET /?lokasie=%2Flib%2Flocale%2Fiu_CA%2F%2FLC_NUMERIC&loknya=%2Flib%2Flocale%2Fiu_CA%2F HTTP/1.1" 429 267 www.chocadoodle.co.uk "-" "Mozilla/5.0 AppleWebKit/537.36 (KHTML, like Gecko; compatible; ClaudeBot/1.0; +claudebot@anthropic.com)" "-"
2a03:2880:f800:: - - [07/Aug/2026:03:45:16 +0200] "GET /?lokasie=/kunden/kunden/bin/expand&loknya=/kunden/kunden/bin HTTP/1.1" 429 267 www.chocadoodle.co.uk "-" "Mozilla/5.0 (Macintosh; Intel Mac OS X 10_15_7) AppleWebKit/537.36 (KHTML, like Gecko) Chrome/145.0.0.0 Safari/537.36 (compatible; meta-externalagent/1.1 (+https://developers.facebook.com/docs/sharing/webmasters/crawler))" "-"
2a03:2880:f800:: - - [07/Aug/2026:03:45:17 +0200] "GET /?lokasie=/kunden/kunden/bin/dpkg-buildpackage&loknya=/kunden/kunden/bin HTTP/1.1" 429 267 www.chocadoodle.co.uk "-" "Mozilla/5.0 (Windows NT 10.0; Win64; x64) AppleWebKit/537.36 (KHTML, like Gecko) Chrome/145.0.0.0 Safari/537.36 (compatible; meta-externalagent/1.1 (+https://developers.facebook.com/docs/sharing/webmasters/crawler))" "-"
66.249.69.0 - - [07/Aug/2026:03:45:21 +0200] "GET /o42516486662455/ HTTP/1.1" 404 1271 www.chocadoodle.co.uk "-" "Mozilla/5.0 (Linux; Android 6.0.1; Nexus 5X Build/MMB29P) AppleWebKit/537.36 (KHTML, like Gecko) Chrome/150.0.7871.186 Mobile Safari/537.36 (compatible; Googlebot/2.1; +http://www.google.com/bot.html)" "-"
2a03:2880:f800:: - - [07/Aug/2026:03:45:26 +0200] "GET /?lokasie=/kunden/kunden/bin/dpkg-buildflags&loknya=/kunden/kunden/bin HTTP/1.1" 429 267 www.chocadoodle.co.uk "-" "Mozilla/5.0 (Windows NT 10.0; Win64; x64) AppleWebKit/537.36 (KHTML, like Gecko) Chrome/145.0.0.0 Safari/537.36 (compatible; meta-externalagent/1.1 (+https://developers.facebook.com/docs/sharing/webmasters/crawler))" "-"
2a03:2880:f800:: - - [07/Aug/2026:03:45:29 +0200] "GET /?lokasie=/kunden/kunden/bin/gdtopng&loknya=/kunden/kunden/bin HTTP/1.1" 429 267 www.chocadoodle.co.uk "-" "Mozilla/5.0 (Macintosh; Intel Mac OS X 10_15_7) AppleWebKit/537.36 (KHTML, like Gecko) Chrome/145.0.0.0 Safari/537.36 (compatible; meta-externalagent/1.1 (+https://developers.facebook.com/docs/sharing/webmasters/crawler))" "-"
2a03:2880:f800:: - - [07/Aug/2026:03:45:30 +0200] "GET /?lokasie=/kunden/kunden/bin/gcc-ranlib-10&loknya=/kunden/kunden/bin HTTP/1.1" 429 267 www.chocadoodle.co.uk "-" "Mozilla/5.0 (Macintosh; Intel Mac OS X 10_15_7) AppleWebKit/537.36 (KHTML, like Gecko) Chrome/145.0.0.0 Safari/537.36 (compatible; meta-externalagent/1.1 (+https://developers.facebook.com/docs/sharing/webmasters/crawler))" "-"
114.119.132.0 - - [07/Aug/2026:03:45:30 +0200] "GET /goods.php?special/096003504.html HTTP/1.1" 200 162255 www.chocadoodle.co.uk "https://www.chocadoodle.co.uk/goods.php?sitemap483.xml" "Mozilla/5.0 (Linux; Android 7.0;) AppleWebKit/537.36 (HTML, like Gecko) Mobile Safari/537.36 (compatible; PetalBot;+https://webmaster.petalsearch.com/site/petalbot)" "-"
66.249.69.0 - - [07/Aug/2026:03:45:32 +0200] "GET /c37762137094446/ HTTP/1.1" 404 1271 www.chocadoodle.co.uk "-" "Mozilla/5.0 (Linux; Android 6.0.1; Nexus 5X Build/MMB29P) AppleWebKit/537.36 (KHTML, like Gecko) Chrome/150.0.7871.186 Mobile Safari/537.36 (compatible; GoogleOther)" "-"
74.7.241.0 - - [07/Aug/2026:03:45:35 +0200] "GET /?loknya=/usr/lib/x86_64-linux-gnu/perl/ HTTP/1.1" 200 9655 chocadoodle.co.uk "https://chocadoodle.co.uk/?loknya=/usr/lib/x86_64-linux-gnu/perl/5.32" "Mozilla/5.0 AppleWebKit/537.36 (KHTML, like Gecko; compatible; GPTBot/1.4; +https://openai.com/gptbot)" "-"
2a03:2880:f800:: - - [07/Aug/2026:03:45:43 +0200] "GET /?lokasie=/kunden/kunden/bin/expr&loknya=/kunden/kunden/bin HTTP/1.1" 429 267 www.chocadoodle.co.uk "-" "Mozilla/5.0 (X11; Linux x86_64) AppleWebKit/537.36 (KHTML, like Gecko) Chrome/145.0.0.0 Safari/537.36 (compatible; meta-externalagent/1.1 (+https://developers.facebook.com/docs/sharing/webmasters/crawler))" "-"
2a03:2880:f800:: - - [07/Aug/2026:03:45:44 +0200] "GET /?lokasie=/kunden/kunden/bin/arch&loknya=/kunden/kunden/bin HTTP/1.1" 429 267 www.chocadoodle.co.uk "-" "Mozilla/5.0 (Macintosh; Intel Mac OS X 10_15_7) AppleWebKit/537.36 (KHTML, like Gecko) Chrome/145.0.0.0 Safari/537.36 (compatible; meta-externalagent/1.1 (+https://developers.facebook.com/docs/sharing/webmasters/crawler))" "-"
216.73.216.0 - - [07/Aug/2026:03:45:51 +0200] "GET /?lokasie=%2Flib%2Flocale%2Fshs_CA%2F%2FLC_CTYPE&loknya=%2Flib%2Flocale%2Fshs_CA%2F HTTP/1.1" 429 267 www.chocadoodle.co.uk "-" "Mozilla/5.0 AppleWebKit/537.36 (KHTML, like Gecko; compatible; ClaudeBot/1.0; +claudebot@anthropic.com)" "-"
216.73.216.0 - - [07/Aug/2026:03:45:55 +0200] "GET /?lokasie=%2Flib%2Flocale%2Fiu_CA%2F%2FLC_CTYPE&loknya=%2Flib%2Flocale%2Fiu_CA%2F HTTP/1.1" 429 267 www.chocadoodle.co.uk "-" "Mozilla/5.0 AppleWebKit/537.36 (KHTML, like Gecko; compatible; ClaudeBot/1.0; +claudebot@anthropic.com)" "-"
114.119.132.0 - - [07/Aug/2026:03:45:55 +0200] "GET /ivfgxd/ykbhfn-c.html HTTP/1.1" 200 27498 wrigglesworths.co.uk "http://wrigglesworths.co.uk/ivfgxd/ykbhfn-c.html" "Mozilla/5.0 (Linux; Android 7.0;) AppleWebKit/537.36 (HTML, like Gecko) Mobile Safari/537.36 (compatible; PetalBot;+https://webmaster.petalsearch.com/site/petalbot)" "-"
2a03:2880:f800:: - - [07/Aug/2026:03:46:01 +0200] "GET /?lokasie=/kunden/kunden/bin/mariadb-access&loknya=/kunden/kunden/bin HTTP/1.1" 200 130493 www.chocadoodle.co.uk "-" "Mozilla/5.0 (Windows NT 10.0; Win64; x64) AppleWebKit/537.36 (KHTML, like Gecko) Chrome/145.0.0.0 Safari/537.36 (compatible; meta-externalagent/1.1 (+https://developers.facebook.com/docs/sharing/webmasters/crawler))" "-"
2a03:2880:f800:: - - [07/Aug/2026:03:46:04 +0200] "GET /?lokasie=/kunden/kunden/bin/nm&loknya=/kunden/kunden/bin HTTP/1.1" 200 64137 www.chocadoodle.co.uk "-" "Mozilla/5.0 (Windows NT 10.0; Win64; x64) AppleWebKit/537.36 (KHTML, like Gecko) Chrome/145.0.0.0 Safari/537.36 (compatible; meta-externalagent/1.1 (+https://developers.facebook.com/docs/sharing/webmasters/crawler))" "-"
74.7.241.0 - - [07/Aug/2026:03:46:05 +0200] "GET /?loknya=/usr/lib/x86_64-linux-gnu/perl/5.32.1/Unicode HTTP/1.1" 200 9392 chocadoodle.co.uk "https://chocadoodle.co.uk/?loknya=/usr/lib/x86_64-linux-gnu/perl/5.32.1" "Mozilla/5.0 AppleWebKit/537.36 (KHTML, like Gecko; compatible; GPTBot/1.4; +https://openai.com/gptbot)" "-"
74.7.242.0 - - [07/Aug/2026:03:46:11 +0200] "GET /items/26538575891770.html/?loknya=/homepages/43/d124547881/htdocs/ HTTP/1.1" 404 1271 www.chocadoodle.co.uk "https://www.chocadoodle.co.uk/items/26538575891770.html/" "Mozilla/5.0 AppleWebKit/537.36 (KHTML, like Gecko; compatible; GPTBot/1.4; +https://openai.com/gptbot)" "-"
2a03:2880:f800:: - - [07/Aug/2026:03:46:20 +0200] "GET /?lokasie=/kunden/kunden/bin/sg&loknya=/kunden/kunden/bin HTTP/1.1" 200 57053 www.chocadoodle.co.uk "-" "Mozilla/5.0 (Windows NT 10.0; Win64; x64) AppleWebKit/537.36 (KHTML, like Gecko) Chrome/145.0.0.0 Safari/537.36 (compatible; meta-externalagent/1.1 (+https://developers.facebook.com/docs/sharing/webmasters/crawler))" "-"
74.7.241.0 - - [07/Aug/2026:03:46:33 +0200] "GET /?loknya=/usr/lib/x86_64-linux-gnu/perl/5.32/Scalar HTTP/1.1" 200 6801 chocadoodle.co.uk "https://chocadoodle.co.uk/?loknya=/usr/lib/x86_64-linux-gnu/perl/5.32" "Mozilla/5.0 AppleWebKit/537.36 (KHTML, like Gecko; compatible; GPTBot/1.4; +https://openai.com/gptbot)" "-"
114.119.147.0 - - [07/Aug/2026:03:46:53 +0200] "GET /goods.php?special/095032693.html HTTP/1.1" 200 160663 www.chocadoodle.co.uk "https://www.chocadoodle.co.uk/goods.php?sitemap483.xml" "Mozilla/5.0 (Linux; Android 7.0;) AppleWebKit/537.36 (HTML, like Gecko) Mobile Safari/537.36 (compatible; PetalBot;+https://webmaster.petalsearch.com/site/petalbot)" "-"
74.7.241.0 - - [07/Aug/2026:03:46:57 +0200] "GET /?loknya=/usr/lib/x86_64-linux-gnu/perl/5.32/Filter HTTP/1.1" 200 6507 chocadoodle.co.uk "https://chocadoodle.co.uk/?loknya=/usr/lib/x86_64-linux-gnu/perl/5.32" "Mozilla/5.0 AppleWebKit/537.36 (KHTML, like Gecko; compatible; GPTBot/1.4; +https://openai.com/gptbot)" "-"
66.249.69.0 - - [07/Aug/2026:03:47:04 +0200] "GET /n39275285828256/ HTTP/1.1" 404 1271 www.chocadoodle.co.uk "-" "Mozilla/5.0 (compatible; Googlebot/2.1; +http://www.google.com/bot.html)" "-"
74.7.242.0 - - [07/Aug/2026:03:47:14 +0200] "GET /items/38638557820729.html/?loknya=/homepages/43/d124547881/htdocs/ HTTP/1.1" 404 1271 www.chocadoodle.co.uk "https://www.chocadoodle.co.uk/items/38638557820729.html/" "Mozilla/5.0 AppleWebKit/537.36 (KHTML, like Gecko; compatible; GPTBot/1.4; +https://openai.com/gptbot)" "-"
114.119.132.0 - - [07/Aug/2026:03:47:18 +0200] "GET /hyqfdc/fortrm-c.html HTTP/1.1" 200 27498 wrigglesworths.co.uk "http://wrigglesworths.co.uk/hyqfdc/fortrm-c.html" "Mozilla/5.0 (Linux; Android 7.0;) AppleWebKit/537.36 (HTML, like Gecko) Mobile Safari/537.36 (compatible; PetalBot;+https://webmaster.petalsearch.com/site/petalbot)" "-"
74.7.241.0 - - [07/Aug/2026:03:47:20 +0200] "GET /?loknya=/usr/lib/x86_64-linux-gnu/perl/5.32/auto/ODBM_File HTTP/1.1" 200 6956 chocadoodle.co.uk "https://chocadoodle.co.uk/?loknya=/usr/lib/x86_64-linux-gnu/perl/5.32/auto" "Mozilla/5.0 AppleWebKit/537.36 (KHTML, like Gecko; compatible; GPTBot/1.4; +https://openai.com/gptbot)" "-"
66.249.69.0 - - [07/Aug/2026:03:47:32 +0200] "GET /n47063814839758/ HTTP/1.1" 404 1271 www.chocadoodle.co.uk "-" "Mozilla/5.0 (compatible; Googlebot/2.1; +http://www.google.com/bot.html)" "-"
74.7.241.0 - - [07/Aug/2026:03:47:39 +0200] "GET /?loknya=/usr/lib/x86_64-linux-gnu/perl/5.32/auto/GDBM_File HTTP/1.1" 200 6956 chocadoodle.co.uk "https://chocadoodle.co.uk/?loknya=/usr/lib/x86_64-linux-gnu/perl/5.32/auto" "Mozilla/5.0 AppleWebKit/537.36 (KHTML, like Gecko; compatible; GPTBot/1.4; +https://openai.com/gptbot)" "-"
74.7.241.0 - - [07/Aug/2026:03:47:56 +0200] "GET /?loknya=/usr/lib/x86_64-linux-gnu/perl/5.32/auto/SDBM_File HTTP/1.1" 200 6956 chocadoodle.co.uk "https://chocadoodle.co.uk/?loknya=/usr/lib/x86_64-linux-gnu/perl/5.32/auto" "Mozilla/5.0 AppleWebKit/537.36 (KHTML, like Gecko; compatible; GPTBot/1.4; +https://openai.com/gptbot)" "-"
18.214.238.0 - - [07/Aug/2026:03:48:00 +0200] "GET /?loknya=/homepages/43/d124547881/htdocs/chocadoodle.co.uk/wp-includes/Requests/src/Response HTTP/1.1" 200 7567 chocadoodle.co.uk "-" "Mozilla/5.0 AppleWebKit/537.36 (KHTML, like Gecko; compatible; Amazonbot/0.1; +https://developer.amazon.com/support/amazonbot) Chrome/119.0.6045.214 Safari/537.36" "-"
74.7.241.0 - - [07/Aug/2026:03:48:13 +0200] "GET /?loknya=/usr/lib/x86_64-linux-gnu/perl/5.32/auto/NDBM_File HTTP/1.1" 200 6956 chocadoodle.co.uk "https://chocadoodle.co.uk/?loknya=/usr/lib/x86_64-linux-gnu/perl/5.32/auto" "Mozilla/5.0 AppleWebKit/537.36 (KHTML, like Gecko; compatible; GPTBot/1.4; +https://openai.com/gptbot)" "-"
114.119.132.0 - - [07/Aug/2026:03:48:17 +0200] "GET /goods.php?special/095017319.html HTTP/1.1" 200 157489 www.chocadoodle.co.uk "https://www.chocadoodle.co.uk/goods.php?sitemap483.xml" "Mozilla/5.0 (Linux; Android 7.0;) AppleWebKit/537.36 (HTML, like Gecko) Mobile Safari/537.36 (compatible; PetalBot;+https://webmaster.petalsearch.com/site/petalbot)" "-"
74.7.242.0 - - [07/Aug/2026:03:48:19 +0200] "GET /items/26902776109424.html/?loknya=/homepages/43/d124547881/htdocs/ HTTP/1.1" 404 1271 www.chocadoodle.co.uk "https://www.chocadoodle.co.uk/items/26902776109424.html/" "Mozilla/5.0 AppleWebKit/537.36 (KHTML, like Gecko; compatible; GPTBot/1.4; +https://openai.com/gptbot)" "-"
74.7.241.0 - - [07/Aug/2026:03:48:27 +0200] "GET /?loknya=/usr/lib/x86_64-linux-gnu/perl/5.32.1/Encode/KR HTTP/1.1" 200 6932 chocadoodle.co.uk "https://chocadoodle.co.uk/?loknya=/usr/lib/x86_64-linux-gnu/perl/5.32.1/Encode" "Mozilla/5.0 AppleWebKit/537.36 (KHTML, like Gecko; compatible; GPTBot/1.4; +https://openai.com/gptbot)" "-"
74.7.241.0 - - [07/Aug/2026:03:48:40 +0200] "GET /?loknya=/usr/lib/x86_64-linux-gnu/perl/5.32.1/Encode/MIME/ HTTP/1.1" 200 9509 chocadoodle.co.uk "https://chocadoodle.co.uk/?loknya=/usr/lib/x86_64-linux-gnu/perl/5.32.1/Encode/MIME/Header" "Mozilla/5.0 AppleWebKit/537.36 (KHTML, like Gecko; compatible; GPTBot/1.4; +https://openai.com/gptbot)" "-"
2a03:2880:f800:: - - [07/Aug/2026:03:48:41 +0200] "GET /?loknya=/homepages/43/d124547881/managed HTTP/1.1" 200 5264 www.chocadoodle.co.uk "-" "Mozilla/5.0 (X11; Linux x86_64) AppleWebKit/537.36 (KHTML, like Gecko) Chrome/145.0.0.0 Safari/537.36 (compatible; meta-externalagent/1.1 (+https://developers.facebook.com/docs/sharing/webmasters/crawler))" "-"
114.119.130.0 - - [07/Aug/2026:03:48:42 +0200] "GET /hyhafo/fqodyn-c.html HTTP/1.1" 200 27498 wrigglesworths.co.uk "http://wrigglesworths.co.uk/hyhafo/fqodyn-c.html" "Mozilla/5.0 (Linux; Android 7.0;) AppleWebKit/537.36 (HTML, like Gecko) Mobile Safari/537.36 (compatible; PetalBot;+https://webmaster.petalsearch.com/site/petalbot)" "-"
74.7.241.0 - - [07/Aug/2026:03:48:51 +0200] "GET /?loknya=/usr/lib/x86_64-linux-gnu/perl/5.32.1/Hash/Util HTTP/1.1" 200 6937 chocadoodle.co.uk "https://chocadoodle.co.uk/?loknya=/usr/lib/x86_64-linux-gnu/perl/5.32.1/Hash" "Mozilla/5.0 AppleWebKit/537.36 (KHTML, like Gecko; compatible; GPTBot/1.4; +https://openai.com/gptbot)" "-"
74.7.241.0 - - [07/Aug/2026:03:49:02 +0200] "GET /?loknya=/usr/lib/x86_64-linux-gnu/perl/5.32.1/Encode/CN HTTP/1.1" 200 6912 chocadoodle.co.uk "https://chocadoodle.co.uk/?loknya=/usr/lib/x86_64-linux-gnu/perl/5.32.1/Encode" "Mozilla/5.0 AppleWebKit/537.36 (KHTML, like Gecko; compatible; GPTBot/1.4; +https://openai.com/gptbot)" "-"
74.7.241.0 - - [07/Aug/2026:03:49:12 +0200] "GET /?loknya=/usr/lib/x86_64-linux-gnu/perl/5.32.1/Unicode/Collate HTTP/1.1" 200 6979 chocadoodle.co.uk "https://chocadoodle.co.uk/?loknya=/usr/lib/x86_64-linux-gnu/perl/5.32.1/Unicode" "Mozilla/5.0 AppleWebKit/537.36 (KHTML, like Gecko; compatible; GPTBot/1.4; +https://openai.com/gptbot)" "-"
74.7.241.0 - - [07/Aug/2026:03:49:20 +0200] "GET /?loknya=/usr/lib/x86_64-linux-gnu/perl/5.32.1/Encode/JP HTTP/1.1" 200 8331 chocadoodle.co.uk "https://chocadoodle.co.uk/?loknya=/usr/lib/x86_64-linux-gnu/perl/5.32.1/Encode" "Mozilla/5.0 AppleWebKit/537.36 (KHTML, like Gecko; compatible; GPTBot/1.4; +https://openai.com/gptbot)" "-"
74.7.242.0 - - [07/Aug/2026:03:49:24 +0200] "GET /items/30082746189283.html/?loknya=/homepages/43/d124547881/htdocs/ HTTP/1.1" 404 1271 www.chocadoodle.co.uk "https://www.chocadoodle.co.uk/items/30082746189283.html/" "Mozilla/5.0 AppleWebKit/537.36 (KHTML, like Gecko; compatible; GPTBot/1.4; +https://openai.com/gptbot)" "-"
74.7.241.0 - - [07/Aug/2026:03:49:28 +0200] "GET /?loknya=/usr/lib/x86_64-linux-gnu/perl/5.32/auto/Socket HTTP/1.1" 429 267 chocadoodle.co.uk "https://chocadoodle.co.uk/?loknya=/usr/lib/x86_64-linux-gnu/perl/5.32/auto" "Mozilla/5.0 AppleWebKit/537.36 (KHTML, like Gecko; compatible; GPTBot/1.4; +https://openai.com/gptbot)" "-"
216.73.216.0 - - [07/Aug/2026:03:49:28 +0200] "GET /?loknya=%2Fhomepages%2F36%2Fd731514898%2F HTTP/1.1" 200 16840 www.chocadoodle.co.uk "-" "Mozilla/5.0 AppleWebKit/537.36 (KHTML, like Gecko; compatible; ClaudeBot/1.0; +claudebot@anthropic.com)" "-"
216.73.216.0 - - [07/Aug/2026:03:49:29 +0200] "GET /?loknya=%2Fhomepages%2F36%2Fd18977555%2F HTTP/1.1" 200 19585 www.chocadoodle.co.uk "-" "Mozilla/5.0 AppleWebKit/537.36 (KHTML, like Gecko; compatible; ClaudeBot/1.0; +claudebot@anthropic.com)" "-"
74.7.241.0 - - [07/Aug/2026:03:49:35 +0200] "GET /?loknya=/usr/lib/x86_64-linux-gnu/perl/5.32/auto/Encode HTTP/1.1" 429 267 chocadoodle.co.uk "https://chocadoodle.co.uk/?loknya=/usr/lib/x86_64-linux-gnu/perl/5.32/auto" "Mozilla/5.0 AppleWebKit/537.36 (KHTML, like Gecko; compatible; GPTBot/1.4; +https://openai.com/gptbot)" "-"
114.119.132.0 - - [07/Aug/2026:03:49:40 +0200] "GET /goods.php?special/094045104.html HTTP/1.1" 200 159053 www.chocadoodle.co.uk "https://www.chocadoodle.co.uk/goods.php?sitemap483.xml" "Mozilla/5.0 (Linux; Android 7.0;) AppleWebKit/537.36 (HTML, like Gecko) Mobile Safari/537.36 (compatible; PetalBot;+https://webmaster.petalsearch.com/site/petalbot)" "-"
216.73.216.0 - - [07/Aug/2026:03:49:43 +0200] "GET /?lokasie=%2Flib%2Flocale%2Fnds_DE%2F%2FLC_ADDRESS&loknya=%2Flib%2Flocale%2Fnds_DE%2F HTTP/1.1" 200 4229 www.chocadoodle.co.uk "-" "Mozilla/5.0 AppleWebKit/537.36 (KHTML, like Gecko; compatible; ClaudeBot/1.0; +claudebot@anthropic.com)" "-"
74.7.241.0 - - [07/Aug/2026:03:49:55 +0200] "GET /?loknya=/usr/lib/x86_64-linux-gnu/perl/5.32.1/Math/BigInt HTTP/1.1" 429 267 chocadoodle.co.uk "https://chocadoodle.co.uk/?loknya=/usr/lib/x86_64-linux-gnu/perl/5.32.1/Math" "Mozilla/5.0 AppleWebKit/537.36 (KHTML, like Gecko; compatible; GPTBot/1.4; +https://openai.com/gptbot)" "-"
66.249.69.0 - - [07/Aug/2026:03:50:03 +0200] "GET /o14215676370879/ HTTP/1.1" 404 1271 www.chocadoodle.co.uk "-" "Mozilla/5.0 (Linux; Android 6.0.1; Nexus 5X Build/MMB29P) AppleWebKit/537.36 (KHTML, like Gecko) Chrome/150.0.7871.186 Mobile Safari/537.36 (compatible; Googlebot/2.1; +http://www.google.com/bot.html)" "-"
216.73.216.0 - - [07/Aug/2026:03:50:04 +0200] "GET /?lokasie=%2Flib%2Flocale%2Fnds_DE%2F%2FLC_IDENTIFICATION&loknya=%2Flib%2Flocale%2Fnds_DE%2F HTTP/1.1" 200 4470 www.chocadoodle.co.uk "-" "Mozilla/5.0 AppleWebKit/537.36 (KHTML, like Gecko; compatible; ClaudeBot/1.0; +claudebot@anthropic.com)" "-"
114.119.146.0 - - [07/Aug/2026:03:50:05 +0200] "GET /hxpiud/iafbfs-c.html HTTP/1.1" 200 27498 wrigglesworths.co.uk "http://wrigglesworths.co.uk/hxpiud/iafbfs-c.html" "Mozilla/5.0 (Linux; Android 7.0;) AppleWebKit/537.36 (HTML, like Gecko) Mobile Safari/537.36 (compatible; PetalBot;+https://webmaster.petalsearch.com/site/petalbot)" "-"
66.249.69.0 - - [07/Aug/2026:03:50:14 +0200] "GET /h11106107547813/ HTTP/1.1" 404 1271 www.chocadoodle.co.uk "-" "Mozilla/5.0 (Linux; Android 6.0.1; Nexus 5X Build/MMB29P) AppleWebKit/537.36 (KHTML, like Gecko) Chrome/150.0.7871.186 Mobile Safari/537.36 (compatible; GoogleOther)" "-"
216.73.216.0 - - [07/Aug/2026:03:50:21 +0200] "GET /?lokasie=%2Flib%2Flocale%2Fnds_DE%2F%2FLC_TIME&loknya=%2Flib%2Flocale%2Fnds_DE%2F HTTP/1.1" 200 7527 www.chocadoodle.co.uk "-" "Mozilla/5.0 AppleWebKit/537.36 (KHTML, like Gecko; compatible; ClaudeBot/1.0; +claudebot@anthropic.com)" "-"
74.7.242.0 - - [07/Aug/2026:03:50:26 +0200] "GET /items/19707276185730.html/?loknya=/homepages/43/d124547881/htdocs/ HTTP/1.1" 404 1271 www.chocadoodle.co.uk "https://www.chocadoodle.co.uk/items/19707276185730.html/" "Mozilla/5.0 AppleWebKit/537.36 (KHTML, like Gecko; compatible; GPTBot/1.4; +https://openai.com/gptbot)" "-"
2a03:2880:f800:: - - [07/Aug/2026:03:50:35 +0200] "GET /?lokasie=/homepages/43/d124547881/htdocs/gbwconsulting.co.uk/mpkzotvq.php&loknya=/homepages/43/d124547881/htdocs/gbwconsulting.co.uk HTTP/1.1" 200 5296 www.chocadoodle.co.uk "-" "Mozilla/5.0 (X11; Linux x86_64) AppleWebKit/537.36 (KHTML, like Gecko) Chrome/145.0.0.0 Safari/537.36 (compatible; meta-externalagent/1.1 (+https://developers.facebook.com/docs/sharing/webmasters/crawler))" "-"
216.73.216.0 - - [07/Aug/2026:03:50:36 +0200] "GET /?lokasie=%2Flib%2Flocale%2Fnds_DE%2F%2FLC_TELEPHONE&loknya=%2Flib%2Flocale%2Fnds_DE%2F HTTP/1.1" 200 4108 www.chocadoodle.co.uk "-" "Mozilla/5.0 AppleWebKit/537.36 (KHTML, like Gecko; compatible; ClaudeBot/1.0; +claudebot@anthropic.com)" "-"
216.73.216.0 - - [07/Aug/2026:03:50:37 +0200] "GET /?lokasie=%2Flib%2Flocale%2Fnds_DE%2F%2FLC_MEASUREMENT&loknya=%2Flib%2Flocale%2Fnds_DE%2F HTTP/1.1" 200 4073 www.chocadoodle.co.uk "-" "Mozilla/5.0 AppleWebKit/537.36 (KHTML, like Gecko; compatible; ClaudeBot/1.0; +claudebot@anthropic.com)" "-"
2a03:2880:f800:: - - [07/Aug/2026:03:50:40 +0200] "GET /?lokasie=/homepages/3/d730335306/.created&loknya=/homepages/3/d730335306 HTTP/1.1" 200 4081 www.chocadoodle.co.uk "-" "Mozilla/5.0 (Windows NT 10.0; Win64; x64) AppleWebKit/537.36 (KHTML, like Gecko) Chrome/145.0.0.0 Safari/537.36 (compatible; meta-externalagent/1.1 (+https://developers.facebook.com/docs/sharing/webmasters/crawler))" "-"
216.73.216.0 - - [07/Aug/2026:03:50:52 +0200] "GET /?lokasie=%2Flib%2Flocale%2Fnds_DE%2F%2FLC_MONETARY&loknya=%2Flib%2Flocale%2Fnds_DE%2F HTTP/1.1" 200 4439 www.chocadoodle.co.uk "-" "Mozilla/5.0 AppleWebKit/537.36 (KHTML, like Gecko; compatible; ClaudeBot/1.0; +claudebot@anthropic.com)" "-"
74.7.241.0 - - [07/Aug/2026:03:50:59 +0200] "GET /?loknya=/usr/lib/x86_64-linux-gnu/perl/5.32/auto/Unicode HTTP/1.1" 200 7768 chocadoodle.co.uk "https://chocadoodle.co.uk/?loknya=/usr/lib/x86_64-linux-gnu/perl/5.32/auto" "Mozilla/5.0 AppleWebKit/537.36 (KHTML, like Gecko; compatible; GPTBot/1.4; +https://openai.com/gptbot)" "-"
114.119.147.0 - - [07/Aug/2026:03:51:04 +0200] "GET /goods.php?special/094040898.html HTTP/1.1" 200 159614 www.chocadoodle.co.uk "https://www.chocadoodle.co.uk/goods.php?sitemap483.xml" "Mozilla/5.0 (Linux; Android 7.0;) AppleWebKit/537.36 (HTML, like Gecko) Mobile Safari/537.36 (compatible; PetalBot;+https://webmaster.petalsearch.com/site/petalbot)" "-"
216.73.216.0 - - [07/Aug/2026:03:51:16 +0200] "GET /?lokasie=%2Flib%2Flocale%2Fnds_DE%2F%2FLC_NAME&loknya=%2Flib%2Flocale%2Fnds_DE%2F HTTP/1.1" 200 4129 www.chocadoodle.co.uk "-" "Mozilla/5.0 AppleWebKit/537.36 (KHTML, like Gecko; compatible; ClaudeBot/1.0; +claudebot@anthropic.com)" "-"
74.7.242.0 - - [07/Aug/2026:03:51:28 +0200] "GET /items/33664925216806.html/?loknya=/homepages/43/d124547881/htdocs/ HTTP/1.1" 404 1271 www.chocadoodle.co.uk "https://www.chocadoodle.co.uk/items/33664925216806.html/" "Mozilla/5.0 AppleWebKit/537.36 (KHTML, like Gecko; compatible; GPTBot/1.4; +https://openai.com/gptbot)" "-"
114.119.149.0 - - [07/Aug/2026:03:51:29 +0200] "GET /hveonb/wghtea-c.html HTTP/1.1" 200 27498 wrigglesworths.co.uk "http://wrigglesworths.co.uk/hveonb/wghtea-c.html" "Mozilla/5.0 (Linux; Android 7.0;) AppleWebKit/537.36 (HTML, like Gecko) Mobile Safari/537.36 (compatible; PetalBot;+https://webmaster.petalsearch.com/site/petalbot)" "-"
216.73.216.0 - - [07/Aug/2026:03:51:53 +0200] "GET /?lokasie=%2Flib%2Flocale%2Fnds_DE%2F%2FLC_PAPER&loknya=%2Flib%2Flocale%2Fnds_DE%2F HTTP/1.1" 200 4080 www.chocadoodle.co.uk "-" "Mozilla/5.0 AppleWebKit/537.36 (KHTML, like Gecko; compatible; ClaudeBot/1.0; +claudebot@anthropic.com)" "-"
216.73.216.0 - - [07/Aug/2026:03:51:58 +0200] "GET /?lokasie=%2Flib%2Flocale%2Fnds_DE%2F%2FLC_COLLATE&loknya=%2Flib%2Flocale%2Fnds_DE%2F HTTP/1.1" 200 3085446 www.chocadoodle.co.uk "-" "Mozilla/5.0 AppleWebKit/537.36 (KHTML, like Gecko; compatible; ClaudeBot/1.0; +claudebot@anthropic.com)" "-"
74.7.241.0 - - [07/Aug/2026:03:52:01 +0200] "GET /?loknya=/usr/lib/x86_64-linux-gnu/perl/5.32/auto/Hash/Util HTTP/1.1" 200 8153 chocadoodle.co.uk "https://chocadoodle.co.uk/?loknya=/usr/lib/x86_64-linux-gnu/perl/5.32/auto/Hash" "Mozilla/5.0 AppleWebKit/537.36 (KHTML, like Gecko; compatible; GPTBot/1.4; +https://openai.com/gptbot)" "-"
216.73.216.0 - - [07/Aug/2026:03:52:03 +0200] "GET /?lokasie=%2Flib%2Flocale%2Fnds_DE%2F%2FLC_NUMERIC&loknya=%2Flib%2Flocale%2Fnds_DE%2F HTTP/1.1" 200 4105 www.chocadoodle.co.uk "-" "Mozilla/5.0 AppleWebKit/537.36 (KHTML, like Gecko; compatible; ClaudeBot/1.0; +claudebot@anthropic.com)" "-"
2a03:2880:f800:: - - [07/Aug/2026:03:52:04 +0200] "GET /?lokasie=/kunden/kunden/bin/mariadb-admin&loknya=/kunden/kunden/bin HTTP/1.1" 200 5022613 www.chocadoodle.co.uk "-" "Mozilla/5.0 (Windows NT 10.0; Win64; x64) AppleWebKit/537.36 (KHTML, like Gecko) Chrome/145.0.0.0 Safari/537.36 (compatible; meta-externalagent/1.1 (+https://developers.facebook.com/docs/sharing/webmasters/crawler))" "-"
66.249.69.0 - - [07/Aug/2026:03:52:13 +0200] "GET /z11274404763144/ HTTP/1.1" 404 1271 www.chocadoodle.co.uk "-" "Mozilla/5.0 (Linux; Android 6.0.1; Nexus 5X Build/MMB29P) AppleWebKit/537.36 (KHTML, like Gecko) Chrome/150.0.7871.186 Mobile Safari/537.36 (compatible; Googlebot/2.1; +http://www.google.com/bot.html)" "-"
2a03:2880:f800:: - - [07/Aug/2026:03:52:14 +0200] "GET /?lokasie=/kunden/kunden/bin/zstd&loknya=/kunden/kunden/bin HTTP/1.1" 200 1510400 www.chocadoodle.co.uk "-" "Mozilla/5.0 (Windows NT 10.0; Win64; x64) AppleWebKit/537.36 (KHTML, like Gecko) Chrome/145.0.0.0 Safari/537.36 (compatible; meta-externalagent/1.1 (+https://developers.facebook.com/docs/sharing/webmasters/crawler))" "-"
2a03:2880:f800:: - - [07/Aug/2026:03:52:22 +0200] "GET /?lokasie=/kunden/kunden/bin/x86_64-linux-gnu-objdump&loknya=/kunden/kunden/bin HTTP/1.1" 200 720738 www.chocadoodle.co.uk "-" "Mozilla/5.0 (Windows NT 10.0; Win64; x64) AppleWebKit/537.36 (KHTML, like Gecko) Chrome/145.0.0.0 Safari/537.36 (compatible; meta-externalagent/1.1 (+https://developers.facebook.com/docs/sharing/webmasters/crawler))" "-"
152.136.23.0 - - [07/Aug/2026:03:52:25 +0200] "GET / HTTP/1.1" 200 27498 www.wrigglesworths.co.uk "-" "Mozilla/5.0 (iPhone; CPU iPhone OS 13_2_3 like Mac OS X) AppleWebKit/605.1.15 (KHTML, like Gecko) Version/13.0.3 Mobile/15E148 Safari/604.1" "-"
114.119.166.0 - - [07/Aug/2026:03:52:27 +0200] "GET /goods.php?special/094023836.html HTTP/1.1" 200 158222 www.chocadoodle.co.uk "https://www.chocadoodle.co.uk/goods.php?sitemap483.xml" "Mozilla/5.0 (Linux; Android 7.0;) AppleWebKit/537.36 (HTML, like Gecko) Mobile Safari/537.36 (compatible; PetalBot;+https://webmaster.petalsearch.com/site/petalbot)" "-"
2a03:2880:f800:: - - [07/Aug/2026:03:52:29 +0200] "GET /?lokasie=/kunden/kunden/bin/mtvtoppm&loknya=/kunden/kunden/bin HTTP/1.1" 200 19652 www.chocadoodle.co.uk "-" "Mozilla/5.0 (Macintosh; Intel Mac OS X 10_15_7) AppleWebKit/537.36 (KHTML, like Gecko) Chrome/145.0.0.0 Safari/537.36 (compatible; meta-externalagent/1.1 (+https://developers.facebook.com/docs/sharing/webmasters/crawler))" "-"
74.7.242.0 - - [07/Aug/2026:03:52:34 +0200] "GET /items/26556297641820.html/?loknya=/homepages/43/d124547881/htdocs/ HTTP/1.1" 404 1271 www.chocadoodle.co.uk "https://www.chocadoodle.co.uk/items/26556297641820.html/" "Mozilla/5.0 AppleWebKit/537.36 (KHTML, like Gecko; compatible; GPTBot/1.4; +https://openai.com/gptbot)" "-"
2a03:2880:f800:: - - [07/Aug/2026:03:52:36 +0200] "GET /?lokasie=/kunden/kunden/bin/gmake&loknya=/kunden/kunden/bin HTTP/1.1" 200 368578 www.chocadoodle.co.uk "-" "Mozilla/5.0 (Macintosh; Intel Mac OS X 10_15_7) AppleWebKit/537.36 (KHTML, like Gecko) Chrome/145.0.0.0 Safari/537.36 (compatible; meta-externalagent/1.1 (+https://developers.facebook.com/docs/sharing/webmasters/crawler))" "-"
2a03:2880:f800:: - - [07/Aug/2026:03:52:40 +0200] "GET /?loknya=/homepages/31/d729316844 HTTP/1.1" 200 19561 www.chocadoodle.co.uk "-" "Mozilla/5.0 (Windows NT 10.0; Win64; x64) AppleWebKit/537.36 (KHTML, like Gecko) Chrome/145.0.0.0 Safari/537.36 (compatible; meta-externalagent/1.1 (+https://developers.facebook.com/docs/sharing/webmasters/crawler))" "-"
2a03:2880:f800:: - - [07/Aug/2026:03:52:42 +0200] "GET /?lokasie=/kunden/kunden/bin/sum&loknya=/kunden/kunden/bin HTTP/1.1" 200 73157 www.chocadoodle.co.uk "-" "Mozilla/5.0 (Macintosh; Intel Mac OS X 10_15_7) AppleWebKit/537.36 (KHTML, like Gecko) Chrome/145.0.0.0 Safari/537.36 (compatible; meta-externalagent/1.1 (+https://developers.facebook.com/docs/sharing/webmasters/crawler))" "-"
216.73.216.0 - - [07/Aug/2026:03:52:44 +0200] "GET /?lokasie=%2Flib%2Flocale%2Fnds_DE%2F%2FLC_CTYPE&loknya=%2Flib%2Flocale%2Fnds_DE%2F HTTP/1.1" 200 446332 www.chocadoodle.co.uk "-" "Mozilla/5.0 AppleWebKit/537.36 (KHTML, like Gecko; compatible; ClaudeBot/1.0; +claudebot@anthropic.com)" "-"
2a03:2880:f800:: - - [07/Aug/2026:03:52:48 +0200] "GET /?lokasie=/kunden/kunden/bin/rdjpgcom&loknya=/kunden/kunden/bin HTTP/1.1" 200 20931 www.chocadoodle.co.uk "-" "Mozilla/5.0 (Macintosh; Intel Mac OS X 10_15_7) AppleWebKit/537.36 (KHTML, like Gecko) Chrome/145.0.0.0 Safari/537.36 (compatible; meta-externalagent/1.1 (+https://developers.facebook.com/docs/sharing/webmasters/crawler))" "-"
114.119.130.0 - - [07/Aug/2026:03:52:52 +0200] "GET /zyszkj/jxdgsu-c.html HTTP/1.1" 200 27498 wrigglesworths.co.uk "http://wrigglesworths.co.uk/zyszkj/jxdgsu-c.html" "Mozilla/5.0 (Linux; Android 7.0;) AppleWebKit/537.36 (HTML, like Gecko) Mobile Safari/537.36 (compatible; PetalBot;+https://webmaster.petalsearch.com/site/petalbot)" "-"
2a03:2880:f800:: - - [07/Aug/2026:03:52:54 +0200] "GET /?lokasie=/kunden/kunden/bin/ptar&loknya=/kunden/kunden/bin HTTP/1.1" 200 7972 www.chocadoodle.co.uk "-" "Mozilla/5.0 (Macintosh; Intel Mac OS X 10_15_7) AppleWebKit/537.36 (KHTML, like Gecko) Chrome/145.0.0.0 Safari/537.36 (compatible; meta-externalagent/1.1 (+https://developers.facebook.com/docs/sharing/webmasters/crawler))" "-"
74.7.241.0 - - [07/Aug/2026:03:52:58 +0200] "GET /?loknya=/etc/logcheck/ HTTP/1.1" 200 6132 chocadoodle.co.uk "https://chocadoodle.co.uk/?loknya=/etc/logcheck/ignore.d.server" "Mozilla/5.0 AppleWebKit/537.36 (KHTML, like Gecko; compatible; GPTBot/1.4; +https://openai.com/gptbot)" "-"
2a03:2880:f800:: - - [07/Aug/2026:03:53:00 +0200] "GET /?lokasie=/kunden/kunden/bin/ispell-wrapper&loknya=/kunden/kunden/bin HTTP/1.1" 200 11860 www.chocadoodle.co.uk "-" "Mozilla/5.0 (Windows NT 10.0; Win64; x64) AppleWebKit/537.36 (KHTML, like Gecko) Chrome/145.0.0.0 Safari/537.36 (compatible; meta-externalagent/1.1 (+https://developers.facebook.com/docs/sharing/webmasters/crawler))" "-"
2a03:2880:f800:: - - [07/Aug/2026:03:53:05 +0200] "GET /?lokasie=/kunden/kunden/bin/dig&loknya=/kunden/kunden/bin HTTP/1.1" 200 193180 www.chocadoodle.co.uk "-" "Mozilla/5.0 (Windows NT 10.0; Win64; x64) AppleWebKit/537.36 (KHTML, like Gecko) Chrome/145.0.0.0 Safari/537.36 Edg/145.0.0.0 (compatible; meta-externalagent/1.1 (+https://developers.facebook.com/docs/sharing/webmasters/crawler))" "-"
2a03:2880:f800:: - - [07/Aug/2026:03:53:09 +0200] "GET /?lokasie=/kunden/kunden/bin/x86_64-linux-gnu-ranlib&loknya=/kunden/kunden/bin HTTP/1.1" 200 79823 www.chocadoodle.co.uk "-" "Mozilla/5.0 (Macintosh; Intel Mac OS X 10_15_7) AppleWebKit/537.36 (KHTML, like Gecko) Chrome/145.0.0.0 Safari/537.36 (compatible; meta-externalagent/1.1 (+https://developers.facebook.com/docs/sharing/webmasters/crawler))" "-"
2a03:2880:f800:: - - [07/Aug/2026:03:53:14 +0200] "GET /?lokasie=/kunden/kunden/bin/snice&loknya=/kunden/kunden/bin HTTP/1.1" 200 43065 www.chocadoodle.co.uk "-" "Mozilla/5.0 (Macintosh; Intel Mac OS X 10_15_7) AppleWebKit/537.36 (KHTML, like Gecko) Chrome/145.0.0.0 Safari/537.36 (compatible; meta-externalagent/1.1 (+https://developers.facebook.com/docs/sharing/webmasters/crawler))" "-"
2a03:2880:f800:: - - [07/Aug/2026:03:53:18 +0200] "GET /?lokasie=/kunden/kunden/bin/ps&loknya=/kunden/kunden/bin HTTP/1.1" 200 189755 www.chocadoodle.co.uk "-" "Mozilla/5.0 (Macintosh; Intel Mac OS X 10_15_7) AppleWebKit/537.36 (KHTML, like Gecko) Chrome/145.0.0.0 Safari/537.36 (compatible; meta-externalagent/1.1 (+https://developers.facebook.com/docs/sharing/webmasters/crawler))" "-"
2a03:2880:f800:: - - [07/Aug/2026:03:53:22 +0200] "GET /?lokasie=/kunden/kunden/bin/pngchunkdesc&loknya=/kunden/kunden/bin HTTP/1.1" 200 19343 www.chocadoodle.co.uk "-" "Mozilla/5.0 (Macintosh; Intel Mac OS X 10_15_7) AppleWebKit/537.36 (KHTML, like Gecko) Chrome/145.0.0.0 Safari/537.36 (compatible; meta-externalagent/1.1 (+https://developers.facebook.com/docs/sharing/webmasters/crawler))" "-"
2a03:2880:f800:: - - [07/Aug/2026:03:53:26 +0200] "GET /?lokasie=/kunden/kunden/bin/autoconf&loknya=/kunden/kunden/bin HTTP/1.1" 200 21088 www.chocadoodle.co.uk "-" "Mozilla/5.0 (Windows NT 10.0; Win64; x64) AppleWebKit/537.36 (KHTML, like Gecko) Chrome/145.0.0.0 Safari/537.36 (compatible; meta-externalagent/1.1 (+https://developers.facebook.com/docs/sharing/webmasters/crawler))" "-"
2a03:2880:f800:: - - [07/Aug/2026:03:53:30 +0200] "GET /?lokasie=/kunden/kunden/bin/wbmptopbm&loknya=/kunden/kunden/bin HTTP/1.1" 200 19849 www.chocadoodle.co.uk "-" "Mozilla/5.0 (Windows NT 10.0; Win64; x64) AppleWebKit/537.36 (KHTML, like Gecko) Chrome/145.0.0.0 Safari/537.36 (compatible; meta-externalagent/1.1 (+https://developers.facebook.com/docs/sharing/webmasters/crawler))" "-"
66.249.69.0 - - [07/Aug/2026:03:53:30 +0200] "GET /v31153177159083/ HTTP/1.1" 404 1271 www.chocadoodle.co.uk "-" "Mozilla/5.0 (Linux; Android 6.0.1; Nexus 5X Build/MMB29P) AppleWebKit/537.36 (KHTML, like Gecko) Chrome/150.0.7871.186 Mobile Safari/537.36 (compatible; Googlebot/2.1; +http://www.google.com/bot.html)" "-"
2a03:2880:f800:: - - [07/Aug/2026:03:53:34 +0200] "GET /?lokasie=/kunden/kunden/bin/pbmupc&loknya=/kunden/kunden/bin HTTP/1.1" 200 30366 www.chocadoodle.co.uk "-" "Mozilla/5.0 (Windows NT 10.0; Win64; x64) AppleWebKit/537.36 (KHTML, like Gecko) Chrome/145.0.0.0 Safari/537.36 (compatible; meta-externalagent/1.1 (+https://developers.facebook.com/docs/sharing/webmasters/crawler))" "-"
2a03:2880:f800:: - - [07/Aug/2026:03:53:37 +0200] "GET /?lokasie=/kunden/kunden/bin/git-upload-pack&loknya=/kunden/kunden/bin HTTP/1.1" 200 5203672 www.chocadoodle.co.uk "-" "Mozilla/5.0 (Windows NT 10.0; Win64; x64) AppleWebKit/537.36 (KHTML, like Gecko) Chrome/145.0.0.0 Safari/537.36 (compatible; meta-externalagent/1.1 (+https://developers.facebook.com/docs/sharing/webmasters/crawler))" "-"
74.7.242.0 - - [07/Aug/2026:03:53:39 +0200] "GET /items/12838806900437.html/?loknya=/homepages/43/d124547881/htdocs/ HTTP/1.1" 404 1271 www.chocadoodle.co.uk "https://www.chocadoodle.co.uk/items/12838806900437.html/" "Mozilla/5.0 AppleWebKit/537.36 (KHTML, like Gecko; compatible; GPTBot/1.4; +https://openai.com/gptbot)" "-"
2a03:2880:f800:: - - [07/Aug/2026:03:53:41 +0200] "GET /?lokasie=/kunden/kunden/bin/x86_64-linux-gnu-gcc-ar&loknya=/kunden/kunden/bin HTTP/1.1" 200 34240 www.chocadoodle.co.uk "-" "Mozilla/5.0 (Macintosh; Intel Mac OS X 10_15_7) AppleWebKit/537.36 (KHTML, like Gecko) Chrome/145.0.0.0 Safari/537.36 (compatible; meta-externalagent/1.1 (+https://developers.facebook.com/docs/sharing/webmasters/crawler))" "-"
2a03:2880:f800:: - - [07/Aug/2026:03:53:44 +0200] "GET /?lokasie=/kunden/kunden/bin/newgrp&loknya=/kunden/kunden/bin HTTP/1.1" 429 267 www.chocadoodle.co.uk "-" "Mozilla/5.0 (Windows NT 10.0; Win64; x64) AppleWebKit/537.36 (KHTML, like Gecko) Chrome/145.0.0.0 Safari/537.36 (compatible; meta-externalagent/1.1 (+https://developers.facebook.com/docs/sharing/webmasters/crawler))" "-"
2a03:2880:f800:: - - [07/Aug/2026:03:53:47 +0200] "GET /?lokasie=/kunden/kunden/bin/xsubpp&loknya=/kunden/kunden/bin HTTP/1.1" 429 267 www.chocadoodle.co.uk "-" "Mozilla/5.0 (Windows NT 10.0; Win64; x64) AppleWebKit/537.36 (KHTML, like Gecko) Chrome/145.0.0.0 Safari/537.36 (compatible; meta-externalagent/1.1 (+https://developers.facebook.com/docs/sharing/webmasters/crawler))" "-"
2a03:2880:f800:: - - [07/Aug/2026:03:53:48 +0200] "GET /?lokasie=/kunden/kunden/bin/wrjpgcom&loknya=/kunden/kunden/bin HTTP/1.1" 429 267 www.chocadoodle.co.uk "-" "Mozilla/5.0 (Windows NT 10.0; Win64; x64) AppleWebKit/537.36 (KHTML, like Gecko) Chrome/145.0.0.0 Safari/537.36 (compatible; meta-externalagent/1.1 (+https://developers.facebook.com/docs/sharing/webmasters/crawler))" "-"
74.7.241.0 - - [07/Aug/2026:03:53:48 +0200] "GET /?loknya=/usr/lib/x86_64-linux-gnu/perl/5.32.1/Filter/Util HTTP/1.1" 200 6937 chocadoodle.co.uk "https://chocadoodle.co.uk/?loknya=/usr/lib/x86_64-linux-gnu/perl/5.32.1/Filter" "Mozilla/5.0 AppleWebKit/537.36 (KHTML, like Gecko; compatible; GPTBot/1.4; +https://openai.com/gptbot)" "-"
2a03:2880:f800:: - - [07/Aug/2026:03:53:51 +0200] "GET /?lokasie=/kunden/kunden/bin/rename&loknya=/kunden/kunden/bin HTTP/1.1" 429 267 www.chocadoodle.co.uk "-" "Mozilla/5.0 (Windows NT 10.0; Win64; x64) AppleWebKit/537.36 (KHTML, like Gecko) Chrome/145.0.0.0 Safari/537.36 (compatible; meta-externalagent/1.1 (+https://developers.facebook.com/docs/sharing/webmasters/crawler))" "-"
2a03:2880:f800:: - - [07/Aug/2026:03:53:52 +0200] "GET /?lokasie=/kunden/kunden/bin/realpath&loknya=/kunden/kunden/bin HTTP/1.1" 429 267 www.chocadoodle.co.uk "-" "Mozilla/5.0 (Macintosh; Intel Mac OS X 10_15_7) AppleWebKit/537.36 (KHTML, like Gecko) Chrome/145.0.0.0 Safari/537.36 (compatible; meta-externalagent/1.1 (+https://developers.facebook.com/docs/sharing/webmasters/crawler))" "-"
2a03:2880:f800:: - - [07/Aug/2026:03:53:56 +0200] "GET /?lokasie=/kunden/kunden/bin/hg&loknya=/kunden/kunden/bin HTTP/1.1" 429 267 www.chocadoodle.co.uk "-" "Mozilla/5.0 (Windows NT 10.0; Win64; x64) AppleWebKit/537.36 (KHTML, like Gecko) Chrome/145.0.0.0 Safari/537.36 (compatible; meta-externalagent/1.1 (+https://developers.facebook.com/docs/sharing/webmasters/crawler))" "-"
2a03:2880:f800:: - - [07/Aug/2026:03:53:58 +0200] "GET /?lokasie=/kunden/kunden/bin/emacs-nox&loknya=/kunden/kunden/bin HTTP/1.1" 429 267 www.chocadoodle.co.uk "-" "Mozilla/5.0 (Windows NT 10.0; Win64; x64) AppleWebKit/537.36 (KHTML, like Gecko) Chrome/145.0.0.0 Safari/537.36 (compatible; meta-externalagent/1.1 (+https://developers.facebook.com/docs/sharing/webmasters/crawler))" "-"
114.119.166.0 - - [07/Aug/2026:03:53:58 +0200] "GET /goods.php?special/094009346.html HTTP/1.1" 200 161640 www.chocadoodle.co.uk "https://www.chocadoodle.co.uk/goods.php?sitemap483.xml" "Mozilla/5.0 (Linux; Android 7.0;) AppleWebKit/537.36 (HTML, like Gecko) Mobile Safari/537.36 (compatible; PetalBot;+https://webmaster.petalsearch.com/site/petalbot)" "-"
2a03:2880:f800:: - - [07/Aug/2026:03:54:03 +0200] "GET /?lokasie=/kunden/kunden/bin/mv&loknya=/kunden/kunden/bin HTTP/1.1" 429 267 www.chocadoodle.co.uk "-" "Mozilla/5.0 (Windows NT 10.0; Win64; x64) AppleWebKit/537.36 (KHTML, like Gecko) Chrome/145.0.0.0 Safari/537.36 (compatible; meta-externalagent/1.1 (+https://developers.facebook.com/docs/sharing/webmasters/crawler))" "-"
2a03:2880:f800:: - - [07/Aug/2026:03:54:03 +0200] "GET /?lokasie=/kunden/kunden/bin/pbmtozinc&loknya=/kunden/kunden/bin HTTP/1.1" 429 267 www.chocadoodle.co.uk "-" "Mozilla/5.0 (Windows NT 10.0; Win64; x64) AppleWebKit/537.36 (KHTML, like Gecko) Chrome/145.0.0.0 Safari/537.36 (compatible; meta-externalagent/1.1 (+https://developers.facebook.com/docs/sharing/webmasters/crawler))" "-"
2a03:2880:f800:: - - [07/Aug/2026:03:54:11 +0200] "GET /?lokasie=/kunden/kunden/bin/ps2pdfwr&loknya=/kunden/kunden/bin HTTP/1.1" 429 267 www.chocadoodle.co.uk "-" "Mozilla/5.0 (X11; Linux x86_64) AppleWebKit/537.36 (KHTML, like Gecko) Chrome/145.0.0.0 Safari/537.36 (compatible; meta-externalagent/1.1 (+https://developers.facebook.com/docs/sharing/webmasters/crawler))" "-"
2a03:2880:f800:: - - [07/Aug/2026:03:54:13 +0200] "GET /?lokasie=/kunden/kunden/bin/ypdomainname&loknya=/kunden/kunden/bin HTTP/1.1" 429 267 www.chocadoodle.co.uk "-" "Mozilla/5.0 (Windows NT 10.0; Win64; x64) AppleWebKit/537.36 (KHTML, like Gecko) Chrome/145.0.0.0 Safari/537.36 (compatible; meta-externalagent/1.1 (+https://developers.facebook.com/docs/sharing/webmasters/crawler))" "-"
2a03:2880:f800:: - - [07/Aug/2026:03:54:16 +0200] "GET /?lokasie=/homepages/43/d124547881/htdocs/app395378437/wp-includes/category.php&loknya=/homepages/43/d124547881/htdocs/app395378437/wp-includes HTTP/1.1" 429 267 www.chocadoodle.co.uk "-" "Mozilla/5.0 (Macintosh; Intel Mac OS X 10_15_7) AppleWebKit/537.36 (KHTML, like Gecko) Chrome/145.0.0.0 Safari/537.36 (compatible; meta-externalagent/1.1 (+https://developers.facebook.com/docs/sharing/webmasters/crawler))" "-"
114.119.132.0 - - [07/Aug/2026:03:54:19 +0200] "GET /ygilmg/ihqatq-c.html HTTP/1.1" 200 27498 wrigglesworths.co.uk "http://wrigglesworths.co.uk/ygilmg/ihqatq-c.html" "Mozilla/5.0 (Linux; Android 7.0;) AppleWebKit/537.36 (HTML, like Gecko) Mobile Safari/537.36 (compatible; PetalBot;+https://webmaster.petalsearch.com/site/petalbot)" "-"
2a03:2880:f800:: - - [07/Aug/2026:03:54:21 +0200] "GET /?lokasie=/kunden/kunden/bin/select-default-iwrap&loknya=/kunden/kunden/bin HTTP/1.1" 429 267 www.chocadoodle.co.uk "-" "Mozilla/5.0 (Windows NT 10.0; Win64; x64) AppleWebKit/537.36 (KHTML, like Gecko) Chrome/145.0.0.0 Safari/537.36 Edg/145.0.0.0 (compatible; meta-externalagent/1.1 (+https://developers.facebook.com/docs/sharing/webmasters/crawler))" "-"
2a03:2880:f800:: - - [07/Aug/2026:03:54:24 +0200] "GET /?lokasie=/kunden/kunden/bin/printenv&loknya=/kunden/kunden/bin HTTP/1.1" 429 267 www.chocadoodle.co.uk "-" "Mozilla/5.0 (Windows NT 10.0; Win64; x64) AppleWebKit/537.36 (KHTML, like Gecko) Chrome/145.0.0.0 Safari/537.36 Edg/145.0.0.0 (compatible; meta-externalagent/1.1 (+https://developers.facebook.com/docs/sharing/webmasters/crawler))" "-"
2a03:2880:f800:: - - [07/Aug/2026:03:54:25 +0200] "GET /?lokasie=/kunden/kunden/bin/vim.basic&loknya=/kunden/kunden/bin HTTP/1.1" 429 267 www.chocadoodle.co.uk "-" "Mozilla/5.0 (Windows NT 10.0; Win64; x64) AppleWebKit/537.36 (KHTML, like Gecko) Chrome/145.0.0.0 Safari/537.36 Edg/145.0.0.0 (compatible; meta-externalagent/1.1 (+https://developers.facebook.com/docs/sharing/webmasters/crawler))" "-"
74.7.241.0 - - [07/Aug/2026:03:54:34 +0200] "GET /?loknya=/usr/lib/x86_64-linux-gnu/perl/5.32/auto/File/Glob HTTP/1.1" 200 7009 chocadoodle.co.uk "https://chocadoodle.co.uk/?loknya=/usr/lib/x86_64-linux-gnu/perl/5.32/auto/File" "Mozilla/5.0 AppleWebKit/537.36 (KHTML, like Gecko; compatible; GPTBot/1.4; +https://openai.com/gptbot)" "-"
2a03:2880:f800:: - - [07/Aug/2026:03:54:37 +0200] "GET /?lokasie=/kunden/kunden/bin/zipgrep&loknya=/kunden/kunden/bin HTTP/1.1" 429 267 www.chocadoodle.co.uk "-" "Mozilla/5.0 (Windows NT 10.0; Win64; x64) AppleWebKit/537.36 (KHTML, like Gecko) Chrome/145.0.0.0 Safari/537.36 (compatible; meta-externalagent/1.1 (+https://developers.facebook.com/docs/sharing/webmasters/crawler))" "-"
2a03:2880:f800:: - - [07/Aug/2026:03:54:40 +0200] "GET /?lokasie=/kunden/kunden/bin/pphs&loknya=/kunden/kunden/bin HTTP/1.1" 429 267 www.chocadoodle.co.uk "-" "Mozilla/5.0 (Macintosh; Intel Mac OS X 10_15_7) AppleWebKit/537.36 (KHTML, like Gecko) Chrome/145.0.0.0 Safari/537.36 (compatible; meta-externalagent/1.1 (+https://developers.facebook.com/docs/sharing/webmasters/crawler))" "-"
74.7.242.0 - - [07/Aug/2026:03:54:40 +0200] "GET /items/35265397075871.html/?loknya=/homepages/43/d124547881/htdocs/ HTTP/1.1" 404 1271 www.chocadoodle.co.uk "https://www.chocadoodle.co.uk/items/35265397075871.html/" "Mozilla/5.0 AppleWebKit/537.36 (KHTML, like Gecko; compatible; GPTBot/1.4; +https://openai.com/gptbot)" "-"
2a03:2880:f800:: - - [07/Aug/2026:03:54:42 +0200] "GET /?lokasie=/kunden/kunden/bin/db_log_verify&loknya=/kunden/kunden/bin HTTP/1.1" 429 267 www.chocadoodle.co.uk "-" "Mozilla/5.0 (Windows NT 10.0; Win64; x64) AppleWebKit/537.36 (KHTML, like Gecko) Chrome/145.0.0.0 Safari/537.36 (compatible; meta-externalagent/1.1 (+https://developers.facebook.com/docs/sharing/webmasters/crawler))" "-"
2a03:2880:f800:: - - [07/Aug/2026:03:54:44 +0200] "GET /?lokasie=/kunden/kunden/bin/pbmtomda&loknya=/kunden/kunden/bin HTTP/1.1" 200 20162 www.chocadoodle.co.uk "-" "Mozilla/5.0 (Windows NT 10.0; Win64; x64) AppleWebKit/537.36 (KHTML, like Gecko) Chrome/145.0.0.0 Safari/537.36 (compatible; meta-externalagent/1.1 (+https://developers.facebook.com/docs/sharing/webmasters/crawler))" "-"
2a03:2880:f800:: - - [07/Aug/2026:03:55:04 +0200] "GET /?lokasie=/kunden/kunden/bin/db5.3_log_verify&loknya=/kunden/kunden/bin HTTP/1.1" 200 21556 www.chocadoodle.co.uk "-" "Mozilla/5.0 (Macintosh; Intel Mac OS X 10_15_7) AppleWebKit/537.36 (KHTML, like Gecko) Chrome/145.0.0.0 Safari/537.36 (compatible; meta-externalagent/1.1 (+https://developers.facebook.com/docs/sharing/webmasters/crawler))" "-"
74.7.241.0 - - [07/Aug/2026:03:55:16 +0200] "GET /?loknya=/usr/lib/x86_64-linux-gnu/perl/5.32/auto/PerlIO/mmap HTTP/1.1" 200 7029 chocadoodle.co.uk "https://chocadoodle.co.uk/?loknya=/usr/lib/x86_64-linux-gnu/perl/5.32/auto/PerlIO" "Mozilla/5.0 AppleWebKit/537.36 (KHTML, like Gecko; compatible; GPTBot/1.4; +https://openai.com/gptbot)" "-"
114.119.166.0 - - [07/Aug/2026:03:55:17 +0200] "GET /goods.php?special/094000878.html HTTP/1.1" 200 158186 www.chocadoodle.co.uk "https://www.chocadoodle.co.uk/goods.php?sitemap483.xml" "Mozilla/5.0 (Linux; Android 7.0;) AppleWebKit/537.36 (HTML, like Gecko) Mobile Safari/537.36 (compatible; PetalBot;+https://webmaster.petalsearch.com/site/petalbot)" "-"
2a03:2880:f800:: - - [07/Aug/2026:03:55:21 +0200] "GET /?lokasie=/kunden/kunden/bin/svnsync&loknya=/kunden/kunden/bin HTTP/1.1" 200 90143 www.chocadoodle.co.uk "-" "Mozilla/5.0 (Windows NT 10.0; Win64; x64) AppleWebKit/537.36 (KHTML, like Gecko) Chrome/145.0.0.0 Safari/537.36 (compatible; meta-externalagent/1.1 (+https://developers.facebook.com/docs/sharing/webmasters/crawler))" "-"
2a03:2880:f800:: - - [07/Aug/2026:03:55:36 +0200] "GET /?lokasie=/kunden/kunden/bin/bioradtopgm&loknya=/kunden/kunden/bin HTTP/1.1" 200 20359 www.chocadoodle.co.uk "-" "Mozilla/5.0 (Windows NT 10.0; Win64; x64) AppleWebKit/537.36 (KHTML, like Gecko) Chrome/145.0.0.0 Safari/537.36 (compatible; meta-externalagent/1.1 (+https://developers.facebook.com/docs/sharing/webmasters/crawler))" "-"
114.119.149.0 - - [07/Aug/2026:03:55:39 +0200] "GET /xzhbxc/zaijrh-c.html HTTP/1.1" 200 27498 wrigglesworths.co.uk "http://wrigglesworths.co.uk/xzhbxc/zaijrh-c.html" "Mozilla/5.0 (Linux; Android 7.0;) AppleWebKit/537.36 (HTML, like Gecko) Mobile Safari/537.36 (compatible; PetalBot;+https://webmaster.petalsearch.com/site/petalbot)" "-"
