85.25.185.0 - - [07/Aug/2026:02:40:58 +0200] "GET /muvycv/pkyacm-c.html HTTP/1.1" 200 27498 wrigglesworths.co.uk "-" "Mozilla/5.0 (Macintosh; Intel Mac OS X 10_15_7; rv:132.0) Gecko/20100101 Firefox/132.0" "-"
45.130.83.0 - - [07/Aug/2026:02:40:58 +0200] "GET / HTTP/1.1" 200 27498 wrigglesworths.co.uk "-" "Mozilla/5.0 (Macintosh; Intel Mac OS X 12_6_2) AppleWebKit/605.1.15 (KHTML, like Gecko) Version/17.2.1 Safari/605.1.15" "-"
175.178.110.0 - - [07/Aug/2026:02:41:00 +0200] "GET / HTTP/1.1" 200 55084 chocadoodle.co.uk "-" "Mozilla/5.0 (iPhone; CPU iPhone OS 13_2_3 like Mac OS X) AppleWebKit/605.1.15 (KHTML, like Gecko) Version/13.0.3 Mobile/15E148 Safari/604.1" "-"
85.25.185.0 - - [07/Aug/2026:02:41:00 +0200] "GET /adkgph/azlezm-c.html HTTP/1.1" 200 27498 wrigglesworths.co.uk "-" "Mozilla/5.0 (Macintosh; Intel Mac OS X 10_15_7; rv:132.0) Gecko/20100101 Firefox/132.0" "-"
74.7.241.0 - - [07/Aug/2026:02:41:01 +0200] "GET /?lokasie=/usr/bin/mariadb-find-rows&loknya=/usr/bin HTTP/1.1" 200 7636 chocadoodle.co.uk "https://chocadoodle.co.uk/?loknya=/usr/bin" "Mozilla/5.0 AppleWebKit/537.36 (KHTML, like Gecko; compatible; GPTBot/1.4; +https://openai.com/gptbot)" "-"
85.25.185.0 - - [07/Aug/2026:02:41:02 +0200] "GET /oxqugq/brxjlw-c.html HTTP/1.1" 200 27498 wrigglesworths.co.uk "-" "Mozilla/5.0 (Macintosh; Intel Mac OS X 10_15_7; rv:132.0) Gecko/20100101 Firefox/132.0" "-"
85.25.185.0 - - [07/Aug/2026:02:41:04 +0200] "GET /vjjyck/ttwarr-c.html HTTP/1.1" 200 27498 wrigglesworths.co.uk "-" "Mozilla/5.0 (Macintosh; Intel Mac OS X 10_15_7; rv:132.0) Gecko/20100101 Firefox/132.0" "-"
85.25.185.0 - - [07/Aug/2026:02:41:06 +0200] "GET /ecelrl/uwigyt-c.html HTTP/1.1" 200 27498 wrigglesworths.co.uk "-" "Mozilla/5.0 (Macintosh; Intel Mac OS X 10_15_7; rv:132.0) Gecko/20100101 Firefox/132.0" "-"
85.25.185.0 - - [07/Aug/2026:02:41:08 +0200] "GET /qrlhit/gpahin-c.html HTTP/1.1" 200 27498 wrigglesworths.co.uk "-" "Mozilla/5.0 (Macintosh; Intel Mac OS X 10_15_7; rv:132.0) Gecko/20100101 Firefox/132.0" "-"
85.25.185.0 - - [07/Aug/2026:02:41:10 +0200] "GET /rfzggl/ymxzek-c.html HTTP/1.1" 200 27498 wrigglesworths.co.uk "-" "Mozilla/5.0 (Macintosh; Intel Mac OS X 10_15_7; rv:132.0) Gecko/20100101 Firefox/132.0" "-"
74.7.242.0 - - [07/Aug/2026:02:41:11 +0200] "GET /items/20447445857691.html/?lokasie=/sbin/plipconfig&loknya=/sbin HTTP/1.1" 404 1271 www.chocadoodle.co.uk "https://www.chocadoodle.co.uk/items/20447445857691.html/?loknya=/sbin" "Mozilla/5.0 AppleWebKit/537.36 (KHTML, like Gecko; compatible; GPTBot/1.4; +https://openai.com/gptbot)" "-"
85.25.185.0 - - [07/Aug/2026:02:41:12 +0200] "GET /gadejb/qfwlwq-c.html HTTP/1.1" 200 27498 wrigglesworths.co.uk "-" "Mozilla/5.0 (Macintosh; Intel Mac OS X 10_15_7; rv:132.0) Gecko/20100101 Firefox/132.0" "-"
85.25.185.0 - - [07/Aug/2026:02:41:14 +0200] "GET /hsrzob/zbobqr-c.html HTTP/1.1" 200 27498 wrigglesworths.co.uk "-" "Mozilla/5.0 (Macintosh; Intel Mac OS X 10_15_7; rv:132.0) Gecko/20100101 Firefox/132.0" "-"
85.25.185.0 - - [07/Aug/2026:02:41:16 +0200] "GET /tfxbnj/lhzquc-c.html HTTP/1.1" 200 27498 wrigglesworths.co.uk "-" "Mozilla/5.0 (Macintosh; Intel Mac OS X 10_15_7; rv:132.0) Gecko/20100101 Firefox/132.0" "-"
85.25.185.0 - - [07/Aug/2026:02:41:18 +0200] "GET /mwfkvn/atmdqm-c.html HTTP/1.1" 200 27498 wrigglesworths.co.uk "-" "Mozilla/5.0 (Macintosh; Intel Mac OS X 10_15_7; rv:132.0) Gecko/20100101 Firefox/132.0" "-"
85.25.185.0 - - [07/Aug/2026:02:41:20 +0200] "GET /awwuto/ciwuxf-c.html HTTP/1.1" 200 27498 wrigglesworths.co.uk "-" "Mozilla/5.0 (Macintosh; Intel Mac OS X 10_15_7; rv:132.0) Gecko/20100101 Firefox/132.0" "-"
114.119.158.0 - - [07/Aug/2026:02:41:22 +0200] "GET /goods.php?special/105039705.html HTTP/1.1" 200 162849 www.chocadoodle.co.uk "https://www.chocadoodle.co.uk/goods.php?sitemap483.xml" "Mozilla/5.0 (Linux; Android 7.0;) AppleWebKit/537.36 (HTML, like Gecko) Mobile Safari/537.36 (compatible; PetalBot;+https://webmaster.petalsearch.com/site/petalbot)" "-"
85.25.185.0 - - [07/Aug/2026:02:41:22 +0200] "GET /wkdepy/miivbi-c.html HTTP/1.1" 200 27498 wrigglesworths.co.uk "-" "Mozilla/5.0 (Macintosh; Intel Mac OS X 10_15_7; rv:132.0) Gecko/20100101 Firefox/132.0" "-"
85.25.185.0 - - [07/Aug/2026:02:41:24 +0200] "GET /snhnmu/ixlnmv-c.html HTTP/1.1" 200 27498 wrigglesworths.co.uk "-" "Mozilla/5.0 (Macintosh; Intel Mac OS X 10_15_7; rv:132.0) Gecko/20100101 Firefox/132.0" "-"
85.25.185.0 - - [07/Aug/2026:02:41:26 +0200] "GET /golgoz/khrfsh-c.html HTTP/1.1" 200 27498 wrigglesworths.co.uk "-" "Mozilla/5.0 (Macintosh; Intel Mac OS X 10_15_7; rv:132.0) Gecko/20100101 Firefox/132.0" "-"
85.25.185.0 - - [07/Aug/2026:02:41:28 +0200] "GET /mfyjeq/jjmuyc-c.html HTTP/1.1" 200 27498 wrigglesworths.co.uk "-" "Mozilla/5.0 (Macintosh; Intel Mac OS X 10_15_7; rv:132.0) Gecko/20100101 Firefox/132.0" "-"
85.25.185.0 - - [07/Aug/2026:02:41:30 +0200] "GET /hgnujs/blujyr-c.html HTTP/1.1" 200 27498 wrigglesworths.co.uk "-" "Mozilla/5.0 (Macintosh; Intel Mac OS X 10_15_7; rv:132.0) Gecko/20100101 Firefox/132.0" "-"
74.7.241.0 - - [07/Aug/2026:02:41:31 +0200] "GET /?lokasie=/usr/bin/bdf2gdfont&loknya=/usr/bin HTTP/1.1" 200 9021 chocadoodle.co.uk "https://chocadoodle.co.uk/?loknya=/usr/bin" "Mozilla/5.0 AppleWebKit/537.36 (KHTML, like Gecko; compatible; GPTBot/1.4; +https://openai.com/gptbot)" "-"
85.25.185.0 - - [07/Aug/2026:02:41:32 +0200] "GET /urxwrc/gdzslx-c.html HTTP/1.1" 200 27498 wrigglesworths.co.uk "-" "Mozilla/5.0 (Macintosh; Intel Mac OS X 10_15_7; rv:132.0) Gecko/20100101 Firefox/132.0" "-"
85.25.185.0 - - [07/Aug/2026:02:41:34 +0200] "GET /tmfcoa/cppirc-c.html HTTP/1.1" 200 27498 wrigglesworths.co.uk "-" "Mozilla/5.0 (Macintosh; Intel Mac OS X 10_15_7; rv:132.0) Gecko/20100101 Firefox/132.0" "-"
85.25.185.0 - - [07/Aug/2026:02:41:36 +0200] "GET /ggqkyz/ornwzr-c.html HTTP/1.1" 200 27498 wrigglesworths.co.uk "-" "Mozilla/5.0 (Macintosh; Intel Mac OS X 10_15_7; rv:132.0) Gecko/20100101 Firefox/132.0" "-"
85.25.185.0 - - [07/Aug/2026:02:41:38 +0200] "GET /thnevj/xrpfke-c.html HTTP/1.1" 200 27498 wrigglesworths.co.uk "-" "Mozilla/5.0 (Macintosh; Intel Mac OS X 10_15_7; rv:132.0) Gecko/20100101 Firefox/132.0" "-"
85.25.185.0 - - [07/Aug/2026:02:41:40 +0200] "GET /kihfht/pjpuxv-c.html HTTP/1.1" 200 27498 wrigglesworths.co.uk "-" "Mozilla/5.0 (Macintosh; Intel Mac OS X 10_15_7; rv:132.0) Gecko/20100101 Firefox/132.0" "-"
85.25.185.0 - - [07/Aug/2026:02:41:42 +0200] "GET /vhtsap/gwgiex-c.html HTTP/1.1" 200 27498 wrigglesworths.co.uk "-" "Mozilla/5.0 (Macintosh; Intel Mac OS X 10_15_7; rv:132.0) Gecko/20100101 Firefox/132.0" "-"
85.25.185.0 - - [07/Aug/2026:02:41:44 +0200] "GET /ragapa/ywmrja-c.html HTTP/1.1" 200 27498 wrigglesworths.co.uk "-" "Mozilla/5.0 (Macintosh; Intel Mac OS X 10_15_7; rv:132.0) Gecko/20100101 Firefox/132.0" "-"
85.25.185.0 - - [07/Aug/2026:02:41:46 +0200] "GET /uemldi/vqxmcw-c.html HTTP/1.1" 200 27498 wrigglesworths.co.uk "-" "Mozilla/5.0 (Macintosh; Intel Mac OS X 10_15_7; rv:132.0) Gecko/20100101 Firefox/132.0" "-"
85.25.185.0 - - [07/Aug/2026:02:41:48 +0200] "GET /gwiqzm/ggeqyu-c.html HTTP/1.1" 200 27498 wrigglesworths.co.uk "-" "Mozilla/5.0 (Macintosh; Intel Mac OS X 10_15_7; rv:132.0) Gecko/20100101 Firefox/132.0" "-"
85.25.185.0 - - [07/Aug/2026:02:41:50 +0200] "GET /hjvmdj/okmnpq-c.html HTTP/1.1" 200 27498 wrigglesworths.co.uk "-" "Mozilla/5.0 (Macintosh; Intel Mac OS X 10_15_7; rv:132.0) Gecko/20100101 Firefox/132.0" "-"
85.25.185.0 - - [07/Aug/2026:02:41:52 +0200] "GET /fvbtmg/qrxwop-c.html HTTP/1.1" 200 27498 wrigglesworths.co.uk "-" "Mozilla/5.0 (Macintosh; Intel Mac OS X 10_15_7; rv:132.0) Gecko/20100101 Firefox/132.0" "-"
114.119.132.0 - - [07/Aug/2026:02:41:53 +0200] "GET /odzvwz/ivqlef-c.html HTTP/1.1" 200 27498 wrigglesworths.co.uk "http://wrigglesworths.co.uk/odzvwz/ivqlef-c.html" "Mozilla/5.0 (Linux; Android 7.0;) AppleWebKit/537.36 (HTML, like Gecko) Mobile Safari/537.36 (compatible; PetalBot;+https://webmaster.petalsearch.com/site/petalbot)" "-"
85.25.185.0 - - [07/Aug/2026:02:41:54 +0200] "GET /moavkb/wuauym-c.html HTTP/1.1" 200 27498 wrigglesworths.co.uk "-" "Mozilla/5.0 (Macintosh; Intel Mac OS X 10_15_7; rv:132.0) Gecko/20100101 Firefox/132.0" "-"
85.25.185.0 - - [07/Aug/2026:02:41:56 +0200] "GET /lccucg/cgdyzx-c.html HTTP/1.1" 200 27498 wrigglesworths.co.uk "-" "Mozilla/5.0 (Macintosh; Intel Mac OS X 10_15_7; rv:132.0) Gecko/20100101 Firefox/132.0" "-"
85.25.185.0 - - [07/Aug/2026:02:41:58 +0200] "GET /qfwywm/svdytx-c.html HTTP/1.1" 200 27498 wrigglesworths.co.uk "-" "Mozilla/5.0 (Macintosh; Intel Mac OS X 10_15_7; rv:132.0) Gecko/20100101 Firefox/132.0" "-"
74.7.241.0 - - [07/Aug/2026:02:41:58 +0200] "GET /?loknya=/usr/lib/ssl HTTP/1.1" 200 9458 chocadoodle.co.uk "https://chocadoodle.co.uk/?loknya=/usr/lib/" "Mozilla/5.0 AppleWebKit/537.36 (KHTML, like Gecko; compatible; GPTBot/1.4; +https://openai.com/gptbot)" "-"
85.25.185.0 - - [07/Aug/2026:02:42:00 +0200] "GET /ymgnmu/kjxthp-c.html HTTP/1.1" 200 27498 wrigglesworths.co.uk "-" "Mozilla/5.0 (Macintosh; Intel Mac OS X 10_15_7; rv:132.0) Gecko/20100101 Firefox/132.0" "-"
85.25.185.0 - - [07/Aug/2026:02:42:02 +0200] "GET /cmkalz/xfpxub-c.html HTTP/1.1" 200 27498 wrigglesworths.co.uk "-" "Mozilla/5.0 (Macintosh; Intel Mac OS X 10_15_7; rv:132.0) Gecko/20100101 Firefox/132.0" "-"
85.25.185.0 - - [07/Aug/2026:02:42:04 +0200] "GET /vejlae/qjpwmd-c.html HTTP/1.1" 200 27498 wrigglesworths.co.uk "-" "Mozilla/5.0 (Macintosh; Intel Mac OS X 10_15_7; rv:132.0) Gecko/20100101 Firefox/132.0" "-"
85.25.185.0 - - [07/Aug/2026:02:42:06 +0200] "GET /nxtpwb/eoxurq-c.html HTTP/1.1" 200 27498 wrigglesworths.co.uk "-" "Mozilla/5.0 (Macintosh; Intel Mac OS X 10_15_7; rv:132.0) Gecko/20100101 Firefox/132.0" "-"
85.25.185.0 - - [07/Aug/2026:02:42:08 +0200] "GET /hnwevk/mrsbcb-c.html HTTP/1.1" 200 27498 wrigglesworths.co.uk "-" "Mozilla/5.0 (Macintosh; Intel Mac OS X 10_15_7; rv:132.0) Gecko/20100101 Firefox/132.0" "-"
2a03:2880:f800:: - - [07/Aug/2026:02:42:08 +0200] "GET /?lokasie=/kunden/usr/lib/aspell/canadian-variant_1.alias&loknya=/kunden/usr/lib/aspell HTTP/1.1" 200 4212 www.chocadoodle.co.uk "-" "Mozilla/5.0 (X11; Linux x86_64) AppleWebKit/537.36 (KHTML, like Gecko) Chrome/145.0.0.0 Safari/537.36 (compatible; meta-externalagent/1.1 (+https://developers.facebook.com/docs/sharing/webmasters/crawler))" "-"
85.25.185.0 - - [07/Aug/2026:02:42:10 +0200] "GET /amnrnk/mnpgow-c.html HTTP/1.1" 200 27498 wrigglesworths.co.uk "-" "Mozilla/5.0 (Macintosh; Intel Mac OS X 10_15_7; rv:132.0) Gecko/20100101 Firefox/132.0" "-"
2a03:2880:f800:: - - [07/Aug/2026:02:42:11 +0200] "GET /?lokasie=/kunden/usr/lib/aspell/cp1255.cmap&loknya=/kunden/usr/lib/aspell HTTP/1.1" 200 45629 www.chocadoodle.co.uk "-" "Mozilla/5.0 (Windows NT 10.0; Win64; x64) AppleWebKit/537.36 (KHTML, like Gecko) Chrome/145.0.0.0 Safari/537.36 (compatible; meta-externalagent/1.1 (+https://developers.facebook.com/docs/sharing/webmasters/crawler))" "-"
85.25.185.0 - - [07/Aug/2026:02:42:12 +0200] "GET /pwzkkc/kqlbdf-c.html HTTP/1.1" 200 27498 wrigglesworths.co.uk "-" "Mozilla/5.0 (Macintosh; Intel Mac OS X 10_15_7; rv:132.0) Gecko/20100101 Firefox/132.0" "-"
2a03:2880:f800:: - - [07/Aug/2026:02:42:13 +0200] "GET /?lokasie=/kunden/usr/lib/aspell/koi8-r.cset&loknya=/kunden/usr/lib/aspell HTTP/1.1" 200 18093 www.chocadoodle.co.uk "-" "Mozilla/5.0 (Windows NT 10.0; Win64; x64) AppleWebKit/537.36 (KHTML, like Gecko) Chrome/145.0.0.0 Safari/537.36 (compatible; meta-externalagent/1.1 (+https://developers.facebook.com/docs/sharing/webmasters/crawler))" "-"
85.25.185.0 - - [07/Aug/2026:02:42:14 +0200] "GET /dmmhyy/ultocq-c.html HTTP/1.1" 200 27498 wrigglesworths.co.uk "-" "Mozilla/5.0 (Macintosh; Intel Mac OS X 10_15_7; rv:132.0) Gecko/20100101 Firefox/132.0" "-"
74.7.242.0 - - [07/Aug/2026:02:42:15 +0200] "GET /items/10100726488092.html/?lokasie=/sbin/quotacheck&loknya=/sbin HTTP/1.1" 404 1271 www.chocadoodle.co.uk "https://www.chocadoodle.co.uk/items/10100726488092.html/?loknya=/sbin" "Mozilla/5.0 AppleWebKit/537.36 (KHTML, like Gecko; compatible; GPTBot/1.4; +https://openai.com/gptbot)" "-"
85.25.185.0 - - [07/Aug/2026:02:42:16 +0200] "GET /ifmefk/mftayv-c.html HTTP/1.1" 200 27498 wrigglesworths.co.uk "-" "Mozilla/5.0 (Macintosh; Intel Mac OS X 10_15_7; rv:132.0) Gecko/20100101 Firefox/132.0" "-"
85.25.185.0 - - [07/Aug/2026:02:42:18 +0200] "GET /usfryf/flsyjk-c.html HTTP/1.1" 200 27498 wrigglesworths.co.uk "-" "Mozilla/5.0 (Macintosh; Intel Mac OS X 10_15_7; rv:132.0) Gecko/20100101 Firefox/132.0" "-"
85.25.185.0 - - [07/Aug/2026:02:42:20 +0200] "GET /qrhhqu/vhcbfa-c.html HTTP/1.1" 200 27498 wrigglesworths.co.uk "-" "Mozilla/5.0 (Macintosh; Intel Mac OS X 10_15_7; rv:132.0) Gecko/20100101 Firefox/132.0" "-"
85.25.185.0 - - [07/Aug/2026:02:42:22 +0200] "GET /doigev/jowfgb-c.html HTTP/1.1" 200 27498 wrigglesworths.co.uk "-" "Mozilla/5.0 (Macintosh; Intel Mac OS X 10_15_7; rv:132.0) Gecko/20100101 Firefox/132.0" "-"
74.7.241.0 - - [07/Aug/2026:02:42:22 +0200] "GET /?lokasie=/usr/bin/wrjpgcom&loknya=/usr/bin HTTP/1.1" 200 21161 chocadoodle.co.uk "https://chocadoodle.co.uk/?loknya=/usr/bin" "Mozilla/5.0 AppleWebKit/537.36 (KHTML, like Gecko; compatible; GPTBot/1.4; +https://openai.com/gptbot)" "-"
85.25.185.0 - - [07/Aug/2026:02:42:24 +0200] "GET /jivthm/gkbuyh-c.html HTTP/1.1" 200 27498 wrigglesworths.co.uk "-" "Mozilla/5.0 (Macintosh; Intel Mac OS X 10_15_7; rv:132.0) Gecko/20100101 Firefox/132.0" "-"
85.25.185.0 - - [07/Aug/2026:02:42:26 +0200] "GET /krlusg/nggkjq-c.html HTTP/1.1" 200 27498 wrigglesworths.co.uk "-" "Mozilla/5.0 (Macintosh; Intel Mac OS X 10_15_7; rv:132.0) Gecko/20100101 Firefox/132.0" "-"
85.25.185.0 - - [07/Aug/2026:02:42:28 +0200] "GET /clrhft/qlfigo-c.html HTTP/1.1" 200 27498 wrigglesworths.co.uk "-" "Mozilla/5.0 (Macintosh; Intel Mac OS X 10_15_7; rv:132.0) Gecko/20100101 Firefox/132.0" "-"
85.25.185.0 - - [07/Aug/2026:02:42:30 +0200] "GET /wyrzsr/lzasfm-c.html HTTP/1.1" 200 27498 wrigglesworths.co.uk "-" "Mozilla/5.0 (Macintosh; Intel Mac OS X 10_15_7; rv:132.0) Gecko/20100101 Firefox/132.0" "-"
85.25.185.0 - - [07/Aug/2026:02:42:32 +0200] "GET /dakdns/mczomt-c.html HTTP/1.1" 200 27498 wrigglesworths.co.uk "-" "Mozilla/5.0 (Macintosh; Intel Mac OS X 10_15_7; rv:132.0) Gecko/20100101 Firefox/132.0" "-"
85.25.185.0 - - [07/Aug/2026:02:42:34 +0200] "GET /azgcrb/klpepg-c.html HTTP/1.1" 200 27498 wrigglesworths.co.uk "-" "Mozilla/5.0 (Macintosh; Intel Mac OS X 10_15_7; rv:132.0) Gecko/20100101 Firefox/132.0" "-"
85.25.185.0 - - [07/Aug/2026:02:42:36 +0200] "GET /xjfclo/rnclbq-c.html HTTP/1.1" 200 27498 wrigglesworths.co.uk "-" "Mozilla/5.0 (Macintosh; Intel Mac OS X 10_15_7; rv:132.0) Gecko/20100101 Firefox/132.0" "-"
85.25.185.0 - - [07/Aug/2026:02:42:38 +0200] "GET /luijni/drekbo-c.html HTTP/1.1" 200 27498 wrigglesworths.co.uk "-" "Mozilla/5.0 (Macintosh; Intel Mac OS X 10_15_7; rv:132.0) Gecko/20100101 Firefox/132.0" "-"
85.25.185.0 - - [07/Aug/2026:02:42:40 +0200] "GET /khadko/kzujnd-c.html HTTP/1.1" 200 27498 wrigglesworths.co.uk "-" "Mozilla/5.0 (Macintosh; Intel Mac OS X 10_15_7; rv:132.0) Gecko/20100101 Firefox/132.0" "-"
85.25.185.0 - - [07/Aug/2026:02:42:42 +0200] "GET /nsgypw/ryodvx-c.html HTTP/1.1" 200 27498 wrigglesworths.co.uk "-" "Mozilla/5.0 (Macintosh; Intel Mac OS X 10_15_7; rv:132.0) Gecko/20100101 Firefox/132.0" "-"
74.7.241.0 - - [07/Aug/2026:02:42:43 +0200] "GET /?lokasie=/usr/bin/pnmtoxwd&loknya=/usr/bin HTTP/1.1" 200 21200 chocadoodle.co.uk "https://chocadoodle.co.uk/?loknya=/usr/bin" "Mozilla/5.0 AppleWebKit/537.36 (KHTML, like Gecko; compatible; GPTBot/1.4; +https://openai.com/gptbot)" "-"
85.25.185.0 - - [07/Aug/2026:02:42:44 +0200] "GET /bjxnhm/jxgcoq-c.html HTTP/1.1" 200 27498 wrigglesworths.co.uk "-" "Mozilla/5.0 (Macintosh; Intel Mac OS X 10_15_7; rv:132.0) Gecko/20100101 Firefox/132.0" "-"
85.25.185.0 - - [07/Aug/2026:02:42:46 +0200] "GET /lugvzm/tsunyl-c.html HTTP/1.1" 200 27498 wrigglesworths.co.uk "-" "Mozilla/5.0 (Macintosh; Intel Mac OS X 10_15_7; rv:132.0) Gecko/20100101 Firefox/132.0" "-"
114.119.153.0 - - [07/Aug/2026:02:42:46 +0200] "GET /goods.php?special/105033877.html HTTP/1.1" 200 162940 www.chocadoodle.co.uk "https://www.chocadoodle.co.uk/goods.php?sitemap483.xml" "Mozilla/5.0 (Linux; Android 7.0;) AppleWebKit/537.36 (HTML, like Gecko) Mobile Safari/537.36 (compatible; PetalBot;+https://webmaster.petalsearch.com/site/petalbot)" "-"
85.25.185.0 - - [07/Aug/2026:02:42:48 +0200] "GET /ukhxhn/oejoop-c.html HTTP/1.1" 200 27498 wrigglesworths.co.uk "-" "Mozilla/5.0 (Macintosh; Intel Mac OS X 10_15_7; rv:132.0) Gecko/20100101 Firefox/132.0" "-"
66.249.69.0 - - [07/Aug/2026:02:42:49 +0200] "GET /x32586685297329/ HTTP/1.1" 404 1271 www.chocadoodle.co.uk "-" "Mozilla/5.0 (Linux; Android 6.0.1; Nexus 5X Build/MMB29P) AppleWebKit/537.36 (KHTML, like Gecko) Chrome/150.0.7871.186 Mobile Safari/537.36 (compatible; GoogleOther)" "-"
85.25.185.0 - - [07/Aug/2026:02:42:50 +0200] "GET /jzzglk/karzhz-c.html HTTP/1.1" 200 27498 wrigglesworths.co.uk "-" "Mozilla/5.0 (Macintosh; Intel Mac OS X 10_15_7; rv:132.0) Gecko/20100101 Firefox/132.0" "-"
85.25.185.0 - - [07/Aug/2026:02:42:52 +0200] "GET /jcdsim/ljfybh-c.html HTTP/1.1" 200 27498 wrigglesworths.co.uk "-" "Mozilla/5.0 (Macintosh; Intel Mac OS X 10_15_7; rv:132.0) Gecko/20100101 Firefox/132.0" "-"
85.25.185.0 - - [07/Aug/2026:02:42:54 +0200] "GET /qruqwo/byovcr-c.html HTTP/1.1" 200 27498 wrigglesworths.co.uk "-" "Mozilla/5.0 (Macintosh; Intel Mac OS X 10_15_7; rv:132.0) Gecko/20100101 Firefox/132.0" "-"
85.25.185.0 - - [07/Aug/2026:02:42:56 +0200] "GET /vucjzg/wuneks-c.html HTTP/1.1" 200 27498 wrigglesworths.co.uk "-" "Mozilla/5.0 (Macintosh; Intel Mac OS X 10_15_7; rv:132.0) Gecko/20100101 Firefox/132.0" "-"
85.25.185.0 - - [07/Aug/2026:02:42:58 +0200] "GET /dgyxya/cihgmc-c.html HTTP/1.1" 200 27498 wrigglesworths.co.uk "-" "Mozilla/5.0 (Macintosh; Intel Mac OS X 10_15_7; rv:132.0) Gecko/20100101 Firefox/132.0" "-"
85.25.185.0 - - [07/Aug/2026:02:43:00 +0200] "GET /dtynbt/kvukwa-c.html HTTP/1.1" 200 27498 wrigglesworths.co.uk "-" "Mozilla/5.0 (Macintosh; Intel Mac OS X 10_15_7; rv:132.0) Gecko/20100101 Firefox/132.0" "-"
85.25.185.0 - - [07/Aug/2026:02:43:02 +0200] "GET /edcabn/noybpx-c.html HTTP/1.1" 200 27498 wrigglesworths.co.uk "-" "Mozilla/5.0 (Macintosh; Intel Mac OS X 10_15_7; rv:132.0) Gecko/20100101 Firefox/132.0" "-"
85.25.185.0 - - [07/Aug/2026:02:43:04 +0200] "GET /mxgfbf/patxpx-c.html HTTP/1.1" 200 27498 wrigglesworths.co.uk "-" "Mozilla/5.0 (Macintosh; Intel Mac OS X 10_15_7; rv:132.0) Gecko/20100101 Firefox/132.0" "-"
74.7.241.0 - - [07/Aug/2026:02:43:04 +0200] "GET /?lokasie=/usr/bin/xwdtopnm&loknya=/usr/bin HTTP/1.1" 200 33197 chocadoodle.co.uk "https://chocadoodle.co.uk/?loknya=/usr/bin" "Mozilla/5.0 AppleWebKit/537.36 (KHTML, like Gecko; compatible; GPTBot/1.4; +https://openai.com/gptbot)" "-"
85.25.185.0 - - [07/Aug/2026:02:43:06 +0200] "GET /fqtyxt/rpojvh-c.html HTTP/1.1" 200 27498 wrigglesworths.co.uk "-" "Mozilla/5.0 (Macintosh; Intel Mac OS X 10_15_7; rv:132.0) Gecko/20100101 Firefox/132.0" "-"
85.25.185.0 - - [07/Aug/2026:02:43:08 +0200] "GET /vynrfb/mtopsc-c.html HTTP/1.1" 200 27498 wrigglesworths.co.uk "-" "Mozilla/5.0 (Macintosh; Intel Mac OS X 10_15_7; rv:132.0) Gecko/20100101 Firefox/132.0" "-"
85.25.185.0 - - [07/Aug/2026:02:43:10 +0200] "GET /uvdyka/fprzgf-c.html HTTP/1.1" 200 27498 wrigglesworths.co.uk "-" "Mozilla/5.0 (Macintosh; Intel Mac OS X 10_15_7; rv:132.0) Gecko/20100101 Firefox/132.0" "-"
85.25.185.0 - - [07/Aug/2026:02:43:12 +0200] "GET /ccxyuu/tazfyt-c.html HTTP/1.1" 200 27498 wrigglesworths.co.uk "-" "Mozilla/5.0 (Macintosh; Intel Mac OS X 10_15_7; rv:132.0) Gecko/20100101 Firefox/132.0" "-"
85.25.185.0 - - [07/Aug/2026:02:43:14 +0200] "GET /azyztf/fxjiyw-c.html HTTP/1.1" 200 27498 wrigglesworths.co.uk "-" "Mozilla/5.0 (Macintosh; Intel Mac OS X 10_15_7; rv:132.0) Gecko/20100101 Firefox/132.0" "-"
85.25.185.0 - - [07/Aug/2026:02:43:16 +0200] "GET /kzvdkx/zxtsic-c.html HTTP/1.1" 200 27498 wrigglesworths.co.uk "-" "Mozilla/5.0 (Macintosh; Intel Mac OS X 10_15_7; rv:132.0) Gecko/20100101 Firefox/132.0" "-"
114.119.130.0 - - [07/Aug/2026:02:43:17 +0200] "GET /nsfdsq/zbgpsc-c.html HTTP/1.1" 200 27498 wrigglesworths.co.uk "http://wrigglesworths.co.uk/nsfdsq/zbgpsc-c.html" "Mozilla/5.0 (Linux; Android 7.0;) AppleWebKit/537.36 (HTML, like Gecko) Mobile Safari/537.36 (compatible; PetalBot;+https://webmaster.petalsearch.com/site/petalbot)" "-"
85.25.185.0 - - [07/Aug/2026:02:43:18 +0200] "GET /etsxiv/rktkrs-c.html HTTP/1.1" 200 27498 wrigglesworths.co.uk "-" "Mozilla/5.0 (Macintosh; Intel Mac OS X 10_15_7; rv:132.0) Gecko/20100101 Firefox/132.0" "-"
2a03:2880:f800:: - - [07/Aug/2026:02:43:18 +0200] "GET /?lokasie=/kunden/usr/lib/aspell/u-deva.cset&loknya=/kunden/usr/lib/aspell HTTP/1.1" 200 18104 www.chocadoodle.co.uk "-" "Mozilla/5.0 (Macintosh; Intel Mac OS X 10_15_7) AppleWebKit/537.36 (KHTML, like Gecko) Chrome/145.0.0.0 Safari/537.36 (compatible; meta-externalagent/1.1 (+https://developers.facebook.com/docs/sharing/webmasters/crawler))" "-"
74.7.242.0 - - [07/Aug/2026:02:43:19 +0200] "GET /items/12800486439154.html/?lokasie=/proc/interrupts&loknya=/proc HTTP/1.1" 404 1271 www.chocadoodle.co.uk "https://www.chocadoodle.co.uk/items/12800486439154.html/?loknya=/proc" "Mozilla/5.0 AppleWebKit/537.36 (KHTML, like Gecko; compatible; GPTBot/1.4; +https://openai.com/gptbot)" "-"
85.25.185.0 - - [07/Aug/2026:02:43:20 +0200] "GET /bcfrvr/aqzqdf-c.html HTTP/1.1" 200 27498 wrigglesworths.co.uk "-" "Mozilla/5.0 (Macintosh; Intel Mac OS X 10_15_7; rv:132.0) Gecko/20100101 Firefox/132.0" "-"
2a03:2880:f800:: - - [07/Aug/2026:02:43:20 +0200] "GET /?lokasie=/kunden/usr/lib/aspell/en_US-variant_0.multi&loknya=/kunden/usr/lib/aspell HTTP/1.1" 200 4206 www.chocadoodle.co.uk "-" "Mozilla/5.0 (Windows NT 10.0; Win64; x64) AppleWebKit/537.36 (KHTML, like Gecko) Chrome/145.0.0.0 Safari/537.36 (compatible; meta-externalagent/1.1 (+https://developers.facebook.com/docs/sharing/webmasters/crawler))" "-"
85.25.185.0 - - [07/Aug/2026:02:43:22 +0200] "GET /yrzcsf/tprvio-c.html HTTP/1.1" 200 27498 wrigglesworths.co.uk "-" "Mozilla/5.0 (Macintosh; Intel Mac OS X 10_15_7; rv:132.0) Gecko/20100101 Firefox/132.0" "-"
74.7.241.0 - - [07/Aug/2026:02:43:22 +0200] "GET /?lokasie=/usr/bin/cpp-10&loknya=/usr/bin HTTP/1.1" 200 1129660 chocadoodle.co.uk "https://chocadoodle.co.uk/?loknya=/usr/bin" "Mozilla/5.0 AppleWebKit/537.36 (KHTML, like Gecko; compatible; GPTBot/1.4; +https://openai.com/gptbot)" "-"
2a03:2880:f800:: - - [07/Aug/2026:02:43:23 +0200] "GET /?lokasie=/kunden/usr/lib/aspell/en_GB-variant_0.multi&loknya=/kunden/usr/lib/aspell HTTP/1.1" 200 4207 www.chocadoodle.co.uk "-" "Mozilla/5.0 (Windows NT 10.0; Win64; x64) AppleWebKit/537.36 (KHTML, like Gecko) Chrome/145.0.0.0 Safari/537.36 (compatible; meta-externalagent/1.1 (+https://developers.facebook.com/docs/sharing/webmasters/crawler))" "-"
85.25.185.0 - - [07/Aug/2026:02:43:24 +0200] "GET /rsdxvf/pmeymb-c.html HTTP/1.1" 200 27498 wrigglesworths.co.uk "-" "Mozilla/5.0 (Macintosh; Intel Mac OS X 10_15_7; rv:132.0) Gecko/20100101 Firefox/132.0" "-"
2a03:2880:f800:: - - [07/Aug/2026:02:43:25 +0200] "GET /?lokasie=/kunden/usr/lib/aspell/british-variant_0.alias&loknya=/kunden/usr/lib/aspell HTTP/1.1" 200 4211 www.chocadoodle.co.uk "-" "Mozilla/5.0 (Windows NT 10.0; Win64; x64) AppleWebKit/537.36 (KHTML, like Gecko) Chrome/145.0.0.0 Safari/537.36 (compatible; meta-externalagent/1.1 (+https://developers.facebook.com/docs/sharing/webmasters/crawler))" "-"
85.25.185.0 - - [07/Aug/2026:02:43:26 +0200] "GET /dladnx/iebbsu-c.html HTTP/1.1" 200 27498 wrigglesworths.co.uk "-" "Mozilla/5.0 (Macintosh; Intel Mac OS X 10_15_7; rv:132.0) Gecko/20100101 Firefox/132.0" "-"
85.25.185.0 - - [07/Aug/2026:02:43:28 +0200] "GET /tfykhr/onmikq-c.html HTTP/1.1" 200 27498 wrigglesworths.co.uk "-" "Mozilla/5.0 (Macintosh; Intel Mac OS X 10_15_7; rv:132.0) Gecko/20100101 Firefox/132.0" "-"
144.76.32.0 - - [07/Aug/2026:02:43:28 +0200] "GET /robots.txt HTTP/1.1" 200 389 www.chocadoodle.co.uk "-" "Mozilla/5.0 (compatible; SERankingBacklinksBot/1.0; +https://seranking.com/backlinks-crawler)" "-"
144.76.32.0 - - [07/Aug/2026:02:43:28 +0200] "GET /sitemap58.xml HTTP/1.1" 404 1271 www.chocadoodle.co.uk "-" "Mozilla/5.0 (compatible; SERankingBacklinksBot/1.0; +https://seranking.com/backlinks-crawler)" "-"
2a03:2880:f800:: - - [07/Aug/2026:02:43:29 +0200] "GET /?lokasie=/kunden/usr/lib/aspell/british-ise-w_accents.alias&loknya=/kunden/usr/lib/aspell HTTP/1.1" 200 4218 www.chocadoodle.co.uk "-" "Mozilla/5.0 (Windows NT 10.0; Win64; x64) AppleWebKit/537.36 (KHTML, like Gecko) Chrome/145.0.0.0 Safari/537.36 (compatible; meta-externalagent/1.1 (+https://developers.facebook.com/docs/sharing/webmasters/crawler))" "-"
85.25.185.0 - - [07/Aug/2026:02:43:30 +0200] "GET /stuyxz/apxmhu-c.html HTTP/1.1" 200 27498 wrigglesworths.co.uk "-" "Mozilla/5.0 (Macintosh; Intel Mac OS X 10_15_7; rv:132.0) Gecko/20100101 Firefox/132.0" "-"
2a03:2880:f800:: - - [07/Aug/2026:02:43:31 +0200] "GET /?lokasie=/kunden/usr/lib/aspell/en_CA-w_accents.multi&loknya=/kunden/usr/lib/aspell HTTP/1.1" 200 4229 www.chocadoodle.co.uk "-" "Mozilla/5.0 (Windows NT 10.0; Win64; x64) AppleWebKit/537.36 (KHTML, like Gecko) Chrome/145.0.0.0 Safari/537.36 (compatible; meta-externalagent/1.1 (+https://developers.facebook.com/docs/sharing/webmasters/crawler))" "-"
85.25.185.0 - - [07/Aug/2026:02:43:32 +0200] "GET /boiqpz/kfjzwd-c.html HTTP/1.1" 200 27498 wrigglesworths.co.uk "-" "Mozilla/5.0 (Macintosh; Intel Mac OS X 10_15_7; rv:132.0) Gecko/20100101 Firefox/132.0" "-"
2a03:2880:f800:: - - [07/Aug/2026:02:43:32 +0200] "GET /?lokasie=/kunden/usr/lib/aspell/en_CA-wo_accents-only.rws&loknya=/kunden/usr/lib/aspell HTTP/1.1" 200 114006 www.chocadoodle.co.uk "-" "Mozilla/5.0 (Windows NT 10.0; Win64; x64) AppleWebKit/537.36 (KHTML, like Gecko) Chrome/145.0.0.0 Safari/537.36 (compatible; meta-externalagent/1.1 (+https://developers.facebook.com/docs/sharing/webmasters/crawler))" "-"
85.25.185.0 - - [07/Aug/2026:02:43:34 +0200] "GET /rghamz/fqxftx-c.html HTTP/1.1" 200 27498 wrigglesworths.co.uk "-" "Mozilla/5.0 (Macintosh; Intel Mac OS X 10_15_7; rv:132.0) Gecko/20100101 Firefox/132.0" "-"
85.25.185.0 - - [07/Aug/2026:02:43:36 +0200] "GET /ujhcaw/shuxpn-c.html HTTP/1.1" 200 27498 wrigglesworths.co.uk "-" "Mozilla/5.0 (Macintosh; Intel Mac OS X 10_15_7; rv:132.0) Gecko/20100101 Firefox/132.0" "-"
85.25.185.0 - - [07/Aug/2026:02:43:38 +0200] "GET /qarpxl/wgogjv-c.html HTTP/1.1" 200 27498 wrigglesworths.co.uk "-" "Mozilla/5.0 (Macintosh; Intel Mac OS X 10_15_7; rv:132.0) Gecko/20100101 Firefox/132.0" "-"
74.7.241.0 - - [07/Aug/2026:02:43:38 +0200] "GET /?lokasie=/usr/bin/ncftpbatch&loknya=/usr/bin HTTP/1.1" 200 334907 chocadoodle.co.uk "https://chocadoodle.co.uk/?loknya=/usr/bin" "Mozilla/5.0 AppleWebKit/537.36 (KHTML, like Gecko; compatible; GPTBot/1.4; +https://openai.com/gptbot)" "-"
85.25.185.0 - - [07/Aug/2026:02:43:40 +0200] "GET /vesifg/qiwfym-c.html HTTP/1.1" 200 27498 wrigglesworths.co.uk "-" "Mozilla/5.0 (Macintosh; Intel Mac OS X 10_15_7; rv:132.0) Gecko/20100101 Firefox/132.0" "-"
85.25.185.0 - - [07/Aug/2026:02:43:42 +0200] "GET /fkxxjv/ynlhnd-c.html HTTP/1.1" 200 27498 wrigglesworths.co.uk "-" "Mozilla/5.0 (Macintosh; Intel Mac OS X 10_15_7; rv:132.0) Gecko/20100101 Firefox/132.0" "-"
85.25.185.0 - - [07/Aug/2026:02:43:44 +0200] "GET /nqybty/okufpq-c.html HTTP/1.1" 200 27498 wrigglesworths.co.uk "-" "Mozilla/5.0 (Macintosh; Intel Mac OS X 10_15_7; rv:132.0) Gecko/20100101 Firefox/132.0" "-"
85.25.185.0 - - [07/Aug/2026:02:43:46 +0200] "GET /manouc/desefu-c.html HTTP/1.1" 200 27498 wrigglesworths.co.uk "-" "Mozilla/5.0 (Macintosh; Intel Mac OS X 10_15_7; rv:132.0) Gecko/20100101 Firefox/132.0" "-"
85.25.185.0 - - [07/Aug/2026:02:43:48 +0200] "GET /sicmyi/ibkdca-c.html HTTP/1.1" 200 27498 wrigglesworths.co.uk "-" "Mozilla/5.0 (Macintosh; Intel Mac OS X 10_15_7; rv:132.0) Gecko/20100101 Firefox/132.0" "-"
85.25.185.0 - - [07/Aug/2026:02:43:50 +0200] "GET /wwuctn/fzedie-c.html HTTP/1.1" 200 27498 wrigglesworths.co.uk "-" "Mozilla/5.0 (Macintosh; Intel Mac OS X 10_15_7; rv:132.0) Gecko/20100101 Firefox/132.0" "-"
85.25.185.0 - - [07/Aug/2026:02:43:52 +0200] "GET /rwfvqp/lbbtpv-c.html HTTP/1.1" 200 27498 wrigglesworths.co.uk "-" "Mozilla/5.0 (Macintosh; Intel Mac OS X 10_15_7; rv:132.0) Gecko/20100101 Firefox/132.0" "-"
74.7.241.0 - - [07/Aug/2026:02:43:53 +0200] "GET /?loknya=/usr/lib/x86_64-linux-gnu/perl HTTP/1.1" 200 9645 chocadoodle.co.uk "https://chocadoodle.co.uk/?loknya=/usr/lib/x86_64-linux-gnu" "Mozilla/5.0 AppleWebKit/537.36 (KHTML, like Gecko; compatible; GPTBot/1.4; +https://openai.com/gptbot)" "-"
2a03:2880:f800:: - - [07/Aug/2026:02:43:53 +0200] "GET /?lokasie=/lib/python3.9/quopri.py&loknya=/lib/python3.9 HTTP/1.1" 200 12247 www.chocadoodle.co.uk "-" "Mozilla/5.0 (Windows NT 10.0; Win64; x64) AppleWebKit/537.36 (KHTML, like Gecko) Chrome/145.0.0.0 Safari/537.36 (compatible; meta-externalagent/1.1 (+https://developers.facebook.com/docs/sharing/webmasters/crawler))" "-"
85.25.185.0 - - [07/Aug/2026:02:43:54 +0200] "GET /cphsxf/eaeiwc-c.html HTTP/1.1" 200 27498 wrigglesworths.co.uk "-" "Mozilla/5.0 (Macintosh; Intel Mac OS X 10_15_7; rv:132.0) Gecko/20100101 Firefox/132.0" "-"
66.249.69.0 - - [07/Aug/2026:02:43:55 +0200] "GET /t21466055915312 HTTP/1.1" 404 1271 www.chocadoodle.co.uk "-" "Mozilla/5.0 (Linux; Android 6.0.1; Nexus 5X Build/MMB29P) AppleWebKit/537.36 (KHTML, like Gecko) Chrome/150.0.7871.186 Mobile Safari/537.36 (compatible; Googlebot/2.1; +http://www.google.com/bot.html)" "-"
74.7.241.0 - - [07/Aug/2026:02:44:06 +0200] "GET /sitemap.xml HTTP/1.1" 404 1271 chocadoodle.co.uk "-" "Mozilla/5.0 AppleWebKit/537.36 (KHTML, like Gecko; compatible; GPTBot/1.4; +https://openai.com/gptbot)" "-"
114.119.129.0 - - [07/Aug/2026:02:44:09 +0200] "GET /goods.php?special/105025251.html HTTP/1.1" 200 157491 www.chocadoodle.co.uk "https://www.chocadoodle.co.uk/goods.php?sitemap483.xml" "Mozilla/5.0 (Linux; Android 7.0;) AppleWebKit/537.36 (HTML, like Gecko) Mobile Safari/537.36 (compatible; PetalBot;+https://webmaster.petalsearch.com/site/petalbot)" "-"
66.249.69.0 - - [07/Aug/2026:02:44:11 +0200] "GET /x38287446457777/ HTTP/1.1" 404 1271 www.chocadoodle.co.uk "-" "Mozilla/5.0 (Linux; Android 6.0.1; Nexus 5X Build/MMB29P) AppleWebKit/537.36 (KHTML, like Gecko) Chrome/150.0.7871.186 Mobile Safari/537.36 (compatible; Googlebot/2.1; +http://www.google.com/bot.html)" "-"
74.7.241.0 - - [07/Aug/2026:02:44:17 +0200] "GET /?lokasie=/usr/bin/make-first-existing-target&loknya=/usr/bin HTTP/1.1" 200 9263 chocadoodle.co.uk "https://chocadoodle.co.uk/?loknya=/usr/bin" "Mozilla/5.0 AppleWebKit/537.36 (KHTML, like Gecko; compatible; GPTBot/1.4; +https://openai.com/gptbot)" "-"
74.7.242.0 - - [07/Aug/2026:02:44:24 +0200] "GET /items/48951317128800.html/?lokasie=/sbin/check_forensic&loknya=/sbin HTTP/1.1" 404 1271 www.chocadoodle.co.uk "https://www.chocadoodle.co.uk/items/48951317128800.html/?loknya=/sbin" "Mozilla/5.0 AppleWebKit/537.36 (KHTML, like Gecko; compatible; GPTBot/1.4; +https://openai.com/gptbot)" "-"
2a03:2880:f800:: - - [07/Aug/2026:02:44:27 +0200] "GET /?lokasie=/kunden/usr/lib/aspell/british-variant_1.alias&loknya=/kunden/usr/lib/aspell HTTP/1.1" 200 4210 www.chocadoodle.co.uk "-" "Mozilla/5.0 (Windows NT 10.0; Win64; x64) AppleWebKit/537.36 (KHTML, like Gecko) Chrome/145.0.0.0 Safari/537.36 (compatible; meta-externalagent/1.1 (+https://developers.facebook.com/docs/sharing/webmasters/crawler))" "-"
74.7.241.0 - - [07/Aug/2026:02:44:29 +0200] "GET /?lokasie=/usr/bin/dh_autotools-dev_restoreconfig&loknya=/usr/bin HTTP/1.1" 200 6024 chocadoodle.co.uk "https://chocadoodle.co.uk/?loknya=/usr/bin" "Mozilla/5.0 AppleWebKit/537.36 (KHTML, like Gecko; compatible; GPTBot/1.4; +https://openai.com/gptbot)" "-"
2a03:2880:f800:: - - [07/Aug/2026:02:44:29 +0200] "GET /?lokasie=/kunden/usr/lib/aspell/cp1255.cset&loknya=/kunden/usr/lib/aspell HTTP/1.1" 200 17541 www.chocadoodle.co.uk "-" "Mozilla/5.0 (Windows NT 10.0; Win64; x64) AppleWebKit/537.36 (KHTML, like Gecko) Chrome/145.0.0.0 Safari/537.36 (compatible; meta-externalagent/1.1 (+https://developers.facebook.com/docs/sharing/webmasters/crawler))" "-"
2a03:2880:f800:: - - [07/Aug/2026:02:44:31 +0200] "GET /?lokasie=/kunden/usr/lib/aspell/cp1258.cmap&loknya=/kunden/usr/lib/aspell HTTP/1.1" 200 44124 www.chocadoodle.co.uk "-" "Mozilla/5.0 (Windows NT 10.0; Win64; x64) AppleWebKit/537.36 (KHTML, like Gecko) Chrome/145.0.0.0 Safari/537.36 (compatible; meta-externalagent/1.1 (+https://developers.facebook.com/docs/sharing/webmasters/crawler))" "-"
2a03:2880:f800:: - - [07/Aug/2026:02:44:34 +0200] "GET /?lokasie=/kunden/usr/lib/aspell/en_CA-w_accents-only.rws&loknya=/kunden/usr/lib/aspell HTTP/1.1" 200 114659 www.chocadoodle.co.uk "-" "Mozilla/5.0 (Macintosh; Intel Mac OS X 10_15_7) AppleWebKit/537.36 (KHTML, like Gecko) Chrome/145.0.0.0 Safari/537.36 (compatible; meta-externalagent/1.1 (+https://developers.facebook.com/docs/sharing/webmasters/crawler))" "-"
2a03:2880:f800:: - - [07/Aug/2026:02:44:37 +0200] "GET /?lokasie=/kunden/usr/lib/aspell/en-w_accents.multi&loknya=/kunden/usr/lib/aspell HTTP/1.1" 200 4224 www.chocadoodle.co.uk "-" "Mozilla/5.0 (Windows NT 10.0; Win64; x64) AppleWebKit/537.36 (KHTML, like Gecko) Chrome/145.0.0.0 Safari/537.36 (compatible; meta-externalagent/1.1 (+https://developers.facebook.com/docs/sharing/webmasters/crawler))" "-"
2a03:2880:f800:: - - [07/Aug/2026:02:44:38 +0200] "GET /?lokasie=/kunden/usr/lib/aspell/british-ize-w_accents.alias&loknya=/kunden/usr/lib/aspell HTTP/1.1" 200 4219 www.chocadoodle.co.uk "-" "Mozilla/5.0 (Windows NT 10.0; Win64; x64) AppleWebKit/537.36 (KHTML, like Gecko) Chrome/145.0.0.0 Safari/537.36 (compatible; meta-externalagent/1.1 (+https://developers.facebook.com/docs/sharing/webmasters/crawler))" "-"
74.7.241.0 - - [07/Aug/2026:02:44:39 +0200] "GET /?loknya=/usr/lib/ispell HTTP/1.1" 200 6454 chocadoodle.co.uk "https://chocadoodle.co.uk/?loknya=/usr/lib/" "Mozilla/5.0 AppleWebKit/537.36 (KHTML, like Gecko; compatible; GPTBot/1.4; +https://openai.com/gptbot)" "-"
2a03:2880:f800:: - - [07/Aug/2026:02:44:39 +0200] "GET /?lokasie=/kunden/usr/lib/aspell/british-wo_accents.alias&loknya=/kunden/usr/lib/aspell HTTP/1.1" 200 4213 www.chocadoodle.co.uk "-" "Mozilla/5.0 (X11; Linux x86_64) AppleWebKit/537.36 (KHTML, like Gecko) Chrome/145.0.0.0 Safari/537.36 (compatible; meta-externalagent/1.1 (+https://developers.facebook.com/docs/sharing/webmasters/crawler))" "-"
114.119.130.0 - - [07/Aug/2026:02:44:40 +0200] "GET /nlrdsh/jgujjo-c.html HTTP/1.1" 200 27498 wrigglesworths.co.uk "http://wrigglesworths.co.uk/nlrdsh/jgujjo-c.html" "Mozilla/5.0 (Linux; Android 7.0;) AppleWebKit/537.36 (HTML, like Gecko) Mobile Safari/537.36 (compatible; PetalBot;+https://webmaster.petalsearch.com/site/petalbot)" "-"
2a03:2880:f800:: - - [07/Aug/2026:02:44:42 +0200] "GET /?lokasie=/kunden/usr/lib/aspell/en_GB-ize-w_accents.multi&loknya=/kunden/usr/lib/aspell HTTP/1.1" 200 4238 www.chocadoodle.co.uk "-" "Mozilla/5.0 (Windows NT 10.0; Win64; x64) AppleWebKit/537.36 (KHTML, like Gecko) Chrome/145.0.0.0 Safari/537.36 (compatible; meta-externalagent/1.1 (+https://developers.facebook.com/docs/sharing/webmasters/crawler))" "-"
2a03:2880:f800:: - - [07/Aug/2026:02:44:44 +0200] "GET /?lokasie=/kunden/usr/lib/aspell/cp1253.cmap&loknya=/kunden/usr/lib/aspell HTTP/1.1" 200 48840 www.chocadoodle.co.uk "-" "Mozilla/5.0 (Windows NT 10.0; Win64; x64) AppleWebKit/537.36 (KHTML, like Gecko) Chrome/144.0.0.0 Safari/537.36 Edg/144.0.0.0 (compatible; meta-externalagent/1.1 (+https://developers.facebook.com/docs/sharing/webmasters/crawler))" "-"
204.12.208.0 - - [07/Aug/2026:02:44:44 +0200] "GET /css/index.php HTTP/1.1" 403 15 chocadoodle.co.uk "https://chocadoodle.co.uk/css/index.php" "Mozilla/4.0 (compatible; GoogleToolbar 5.0.2124.2070; Windows 6.0; MSIE 8.0.6001.18241)" "-"
204.12.208.0 - - [07/Aug/2026:02:44:45 +0200] "GET /css/index.php HTTP/1.1" 403 15 chocadoodle.co.uk "https://chocadoodle.co.uk/css/index.php" "Mozilla/5.0 (compatible; MSIE 10.0; Windows NT 6.2; Win64; x64; Trident/6.0)" "-"
2a03:2880:f800:: - - [07/Aug/2026:02:44:45 +0200] "GET /?lokasie=/kunden/usr/lib/aspell/cp1251.cmap&loknya=/kunden/usr/lib/aspell HTTP/1.1" 200 41498 www.chocadoodle.co.uk "-" "Mozilla/5.0 (Windows NT 10.0; Win64; x64) AppleWebKit/537.36 (KHTML, like Gecko) Chrome/145.0.0.0 Safari/537.36 (compatible; meta-externalagent/1.1 (+https://developers.facebook.com/docs/sharing/webmasters/crawler))" "-"
204.12.208.0 - - [07/Aug/2026:02:44:45 +0200] "GET /css/index.php HTTP/1.1" 403 15 chocadoodle.co.uk "https://chocadoodle.co.uk/css/index.php" "Mozilla/5.0 (Macintosh; Intel Mac OS X 10_6_8) AppleWebKit/535.1 (KHTML, like Gecko) RockMelt/0.9.64.361 Chrome/13.0.782.218 Safari/535.1" "-"
2a03:2880:f800:: - - [07/Aug/2026:02:44:47 +0200] "GET /?lokasie=/kunden/usr/lib/aspell/british-ize.alias&loknya=/kunden/usr/lib/aspell HTTP/1.1" 200 4199 www.chocadoodle.co.uk "-" "Mozilla/5.0 (Macintosh; Intel Mac OS X 10_15_7) AppleWebKit/537.36 (KHTML, like Gecko) Chrome/145.0.0.0 Safari/537.36 (compatible; meta-externalagent/1.1 (+https://developers.facebook.com/docs/sharing/webmasters/crawler))" "-"
74.7.241.0 - - [07/Aug/2026:02:44:48 +0200] "GET /?lokasie=/usr/lib/ssl/openssl.cnf&loknya=/usr/lib/ssl HTTP/1.1" 200 15295 chocadoodle.co.uk "https://chocadoodle.co.uk/?loknya=/usr/lib/ssl" "Mozilla/5.0 AppleWebKit/537.36 (KHTML, like Gecko; compatible; GPTBot/1.4; +https://openai.com/gptbot)" "-"
2a03:2880:f800:: - - [07/Aug/2026:02:44:49 +0200] "GET /?loknya=/kunden/usr/lib/aspell/x86_64-linux-gnu HTTP/1.1" 200 64503 www.chocadoodle.co.uk "-" "Mozilla/5.0 (Windows NT 10.0; Win64; x64) AppleWebKit/537.36 (KHTML, like Gecko) Chrome/145.0.0.0 Safari/537.36 (compatible; meta-externalagent/1.1 (+https://developers.facebook.com/docs/sharing/webmasters/crawler))" "-"
103.173.155.0 - - [07/Aug/2026:02:44:50 +0200] "GET /o003000899 HTTP/1.1" 404 1271 chocadoodle.co.uk "https://chocadoodle.co.uk/" "Mozilla/5.0 (compatible; Googlebot/2.1; +http://www.google.com/bot.html)" "-"
103.173.155.0 - - [07/Aug/2026:02:44:51 +0200] "GET /o009037387 HTTP/1.1" 404 1271 chocadoodle.co.uk "https://chocadoodle.co.uk/" "Mozilla/5.0 (compatible; Googlebot/2.1; +http://www.google.com/bot.html)" "-"
2a03:2880:f800:: - - [07/Aug/2026:02:44:51 +0200] "GET /?lokasie=/kunden/usr/lib/aspell/en-common.rws&loknya=/kunden/usr/lib/aspell HTTP/1.1" 200 3014010 www.chocadoodle.co.uk "-" "Mozilla/5.0 (Windows NT 10.0; Win64; x64) AppleWebKit/537.36 (KHTML, like Gecko) Chrome/145.0.0.0 Safari/537.36 (compatible; meta-externalagent/1.1 (+https://developers.facebook.com/docs/sharing/webmasters/crawler))" "-"
2a03:2880:f800:: - - [07/Aug/2026:02:44:52 +0200] "GET /?lokasie=/kunden/usr/lib/aspell/en_GB-ize-wo_accents-only.rws&loknya=/kunden/usr/lib/aspell HTTP/1.1" 429 267 www.chocadoodle.co.uk "-" "Mozilla/5.0 (Macintosh; Intel Mac OS X 10_15_7) AppleWebKit/537.36 (KHTML, like Gecko) Chrome/145.0.0.0 Safari/537.36 (compatible; meta-externalagent/1.1 (+https://developers.facebook.com/docs/sharing/webmasters/crawler))" "-"
103.173.155.0 - - [07/Aug/2026:02:44:52 +0200] "GET /favicon.ico HTTP/1.1" 404 1271 chocadoodle.co.uk "https://chocadoodle.co.uk/o003000899" "Mozilla/5.0 (compatible; Googlebot/2.1; +http://www.google.com/bot.html)" "-"
103.173.155.0 - - [07/Aug/2026:02:44:53 +0200] "GET /W201039765 HTTP/1.1" 404 1271 chocadoodle.co.uk "https://chocadoodle.co.uk/" "Mozilla/5.0 (compatible; Googlebot/2.1; +http://www.google.com/bot.html)" "-"
2a03:2880:f800:: - - [07/Aug/2026:02:44:54 +0200] "GET /?lokasie=/kunden/usr/lib/aspell/en_CA-variant_1.rws&loknya=/kunden/usr/lib/aspell HTTP/1.1" 429 267 www.chocadoodle.co.uk "-" "Mozilla/5.0 (Windows NT 10.0; Win64; x64) AppleWebKit/537.36 (KHTML, like Gecko) Chrome/145.0.0.0 Safari/537.36 (compatible; meta-externalagent/1.1 (+https://developers.facebook.com/docs/sharing/webmasters/crawler))" "-"
2a03:2880:f800:: - - [07/Aug/2026:02:44:54 +0200] "GET /?lokasie=/kunden/usr/lib/aspell/australian-wo_accents.alias&loknya=/kunden/usr/lib/aspell HTTP/1.1" 429 267 www.chocadoodle.co.uk "-" "Mozilla/5.0 (Windows NT 10.0; Win64; x64) AppleWebKit/537.36 (KHTML, like Gecko) Chrome/145.0.0.0 Safari/537.36 (compatible; meta-externalagent/1.1 (+https://developers.facebook.com/docs/sharing/webmasters/crawler))" "-"
103.173.155.0 - - [07/Aug/2026:02:44:54 +0200] "GET /?detail/0040067909732 HTTP/1.1" 200 150177 chocadoodle.co.uk "https://chocadoodle.co.uk/" "Mozilla/5.0 (compatible; Googlebot/2.1; +http://www.google.com/bot.html)" "-"
2a03:2880:f800:: - - [07/Aug/2026:02:44:56 +0200] "GET /?lokasie=/kunden/usr/lib/aspell/australian-variant_1.alias&loknya=/kunden/usr/lib/aspell HTTP/1.1" 429 267 www.chocadoodle.co.uk "-" "Mozilla/5.0 (Windows NT 10.0; Win64; x64) AppleWebKit/537.36 (KHTML, like Gecko) Chrome/145.0.0.0 Safari/537.36 (compatible; meta-externalagent/1.1 (+https://developers.facebook.com/docs/sharing/webmasters/crawler))" "-"
74.7.241.0 - - [07/Aug/2026:02:44:57 +0200] "GET /?lokasie=/usr/bin/x86_64-linux-gnu-lto-dump-10&loknya=/usr/bin HTTP/1.1" 429 267 chocadoodle.co.uk "https://chocadoodle.co.uk/?loknya=/usr/bin" "Mozilla/5.0 AppleWebKit/537.36 (KHTML, like Gecko; compatible; GPTBot/1.4; +https://openai.com/gptbot)" "-"
2a03:2880:f800:: - - [07/Aug/2026:02:44:58 +0200] "GET /?lokasie=/kunden/usr/lib/aspell/en_GB-variant_1.multi&loknya=/kunden/usr/lib/aspell HTTP/1.1" 429 267 www.chocadoodle.co.uk "-" "Mozilla/5.0 (Windows NT 10.0; Win64; x64) AppleWebKit/537.36 (KHTML, like Gecko) Chrome/145.0.0.0 Safari/537.36 (compatible; meta-externalagent/1.1 (+https://developers.facebook.com/docs/sharing/webmasters/crawler))" "-"
2a03:2880:f800:: - - [07/Aug/2026:02:44:58 +0200] "GET /?lokasie=/kunden/usr/lib/aspell/iso-8859-11.cmap&loknya=/kunden/usr/lib/aspell HTTP/1.1" 429 267 www.chocadoodle.co.uk "-" "Mozilla/5.0 (Macintosh; Intel Mac OS X 10_15_7) AppleWebKit/537.36 (KHTML, like Gecko) Chrome/145.0.0.0 Safari/537.36 (compatible; meta-externalagent/1.1 (+https://developers.facebook.com/docs/sharing/webmasters/crawler))" "-"
2a03:2880:f800:: - - [07/Aug/2026:02:45:01 +0200] "GET /?lokasie=/kunden/usr/lib/aspell/cp1258.cset&loknya=/kunden/usr/lib/aspell HTTP/1.1" 429 267 www.chocadoodle.co.uk "-" "Mozilla/5.0 (Windows NT 10.0; Win64; x64) AppleWebKit/537.36 (KHTML, like Gecko) Chrome/145.0.0.0 Safari/537.36 (compatible; meta-externalagent/1.1 (+https://developers.facebook.com/docs/sharing/webmasters/crawler))" "-"
2a03:2880:f800:: - - [07/Aug/2026:02:45:03 +0200] "GET /?lokasie=/kunden/usr/lib/aspell/british.alias&loknya=/kunden/usr/lib/aspell HTTP/1.1" 429 267 www.chocadoodle.co.uk "-" "Mozilla/5.0 (Windows NT 10.0; Win64; x64) AppleWebKit/537.36 (KHTML, like Gecko) Chrome/145.0.0.0 Safari/537.36 (compatible; meta-externalagent/1.1 (+https://developers.facebook.com/docs/sharing/webmasters/crawler))" "-"
74.7.241.0 - - [07/Aug/2026:02:45:04 +0200] "GET /?lokasie=/usr/bin/peardev8.2&loknya=/usr/bin HTTP/1.1" 429 267 chocadoodle.co.uk "https://chocadoodle.co.uk/?loknya=/usr/bin" "Mozilla/5.0 AppleWebKit/537.36 (KHTML, like Gecko; compatible; GPTBot/1.4; +https://openai.com/gptbot)" "-"
2a03:2880:f800:: - - [07/Aug/2026:02:45:05 +0200] "GET /?lokasie=/kunden/usr/lib/aspell/iso-8859-4.cmap&loknya=/kunden/usr/lib/aspell HTTP/1.1" 429 267 www.chocadoodle.co.uk "-" "Mozilla/5.0 (Windows NT 10.0; Win64; x64) AppleWebKit/537.36 (KHTML, like Gecko) Chrome/145.0.0.0 Safari/537.36 (compatible; meta-externalagent/1.1 (+https://developers.facebook.com/docs/sharing/webmasters/crawler))" "-"
2a03:2880:f800:: - - [07/Aug/2026:02:45:05 +0200] "GET /?lokasie=/kunden/usr/lib/aspell/en_GB-ize.multi&loknya=/kunden/usr/lib/aspell HTTP/1.1" 429 267 www.chocadoodle.co.uk "-" "Mozilla/5.0 (Windows NT 10.0; Win64; x64) AppleWebKit/537.36 (KHTML, like Gecko) Chrome/145.0.0.0 Safari/537.36 (compatible; meta-externalagent/1.1 (+https://developers.facebook.com/docs/sharing/webmasters/crawler))" "-"
2a03:2880:f800:: - - [07/Aug/2026:02:45:09 +0200] "GET /?lokasie=/kunden/usr/lib/aspell/en_GB-ise-wo_accents-only.rws&loknya=/kunden/usr/lib/aspell HTTP/1.1" 429 267 www.chocadoodle.co.uk "-" "Mozilla/5.0 (X11; Linux x86_64) AppleWebKit/537.36 (KHTML, like Gecko) Chrome/145.0.0.0 Safari/537.36 (compatible; meta-externalagent/1.1 (+https://developers.facebook.com/docs/sharing/webmasters/crawler))" "-"
2a03:2880:f800:: - - [07/Aug/2026:02:45:10 +0200] "GET /?lokasie=/kunden/usr/lib/aspell/iso-8859-15.cmap&loknya=/kunden/usr/lib/aspell HTTP/1.1" 429 267 www.chocadoodle.co.uk "-" "Mozilla/5.0 (Windows NT 10.0; Win64; x64) AppleWebKit/537.36 (KHTML, like Gecko) Chrome/145.0.0.0 Safari/537.36 (compatible; meta-externalagent/1.1 (+https://developers.facebook.com/docs/sharing/webmasters/crawler))" "-"
2a03:2880:f800:: - - [07/Aug/2026:02:45:15 +0200] "GET /?lokasie=/kunden/usr/lib/aspell/en-wo_accents-only.rws&loknya=/kunden/usr/lib/aspell HTTP/1.1" 429 267 www.chocadoodle.co.uk "-" "Mozilla/5.0 (Windows NT 10.0; Win64; x64) AppleWebKit/537.36 (KHTML, like Gecko) Chrome/145.0.0.0 Safari/537.36 (compatible; meta-externalagent/1.1 (+https://developers.facebook.com/docs/sharing/webmasters/crawler))" "-"
2a03:2880:f800:: - - [07/Aug/2026:02:45:16 +0200] "GET /?lokasie=/kunden/usr/lib/aspell/en_AU-wo_accents-only.rws&loknya=/kunden/usr/lib/aspell HTTP/1.1" 429 267 www.chocadoodle.co.uk "-" "Mozilla/5.0 (Macintosh; Intel Mac OS X 10_15_7) AppleWebKit/537.36 (KHTML, like Gecko) Chrome/145.0.0.0 Safari/537.36 (compatible; meta-externalagent/1.1 (+https://developers.facebook.com/docs/sharing/webmasters/crawler))" "-"
2a03:2880:f800:: - - [07/Aug/2026:02:45:22 +0200] "GET /?lokasie=/kunden/usr/lib/aspell/iso-8859-8.cmap&loknya=/kunden/usr/lib/aspell HTTP/1.1" 429 267 www.chocadoodle.co.uk "-" "Mozilla/5.0 (Macintosh; Intel Mac OS X 10_15_7) AppleWebKit/537.36 (KHTML, like Gecko) Chrome/145.0.0.0 Safari/537.36 (compatible; meta-externalagent/1.1 (+https://developers.facebook.com/docs/sharing/webmasters/crawler))" "-"
2a03:2880:f800:: - - [07/Aug/2026:02:45:23 +0200] "GET /?lokasie=/kunden/usr/lib/aspell/iso-8859-6.cmap&loknya=/kunden/usr/lib/aspell HTTP/1.1" 429 267 www.chocadoodle.co.uk "-" "Mozilla/5.0 (X11; Linux x86_64) AppleWebKit/537.36 (KHTML, like Gecko) Chrome/145.0.0.0 Safari/537.36 (compatible; meta-externalagent/1.1 (+https://developers.facebook.com/docs/sharing/webmasters/crawler))" "-"
2a03:2880:f800:: - - [07/Aug/2026:02:45:24 +0200] "GET /?lokasie=/kunden/usr/lib/aspell/cp1252.cmap&loknya=/kunden/usr/lib/aspell HTTP/1.1" 429 267 www.chocadoodle.co.uk "-" "Mozilla/5.0 (Windows NT 10.0; Win64; x64) AppleWebKit/537.36 (KHTML, like Gecko) Chrome/145.0.0.0 Safari/537.36 (compatible; meta-externalagent/1.1 (+https://developers.facebook.com/docs/sharing/webmasters/crawler))" "-"
74.7.242.0 - - [07/Aug/2026:02:45:25 +0200] "GET /items/48951317128800.html/?lokasie=/sbin/ctrlaltdel&loknya=/sbin HTTP/1.1" 404 1271 www.chocadoodle.co.uk "https://www.chocadoodle.co.uk/items/48951317128800.html/?loknya=/sbin" "Mozilla/5.0 AppleWebKit/537.36 (KHTML, like Gecko; compatible; GPTBot/1.4; +https://openai.com/gptbot)" "-"
66.249.69.0 - - [07/Aug/2026:02:45:27 +0200] "GET /q46655855397426 HTTP/1.1" 404 1271 www.chocadoodle.co.uk "-" "Mozilla/5.0 (Linux; Android 6.0.1; Nexus 5X Build/MMB29P) AppleWebKit/537.36 (KHTML, like Gecko) Chrome/150.0.7871.186 Mobile Safari/537.36 (compatible; Googlebot/2.1; +http://www.google.com/bot.html)" "-"
74.7.241.0 - - [07/Aug/2026:02:45:28 +0200] "GET /?lokasie=/usr/lib/man-db/man&loknya=/usr/lib/man-db HTTP/1.1" 429 267 chocadoodle.co.uk "https://chocadoodle.co.uk/?loknya=/usr/lib/man-db" "Mozilla/5.0 AppleWebKit/537.36 (KHTML, like Gecko; compatible; GPTBot/1.4; +https://openai.com/gptbot)" "-"
2a03:2880:f800:: - - [07/Aug/2026:02:45:33 +0200] "GET /?lokasie=/kunden/usr/lib/aspell/en-variant_2.rws&loknya=/kunden/usr/lib/aspell HTTP/1.1" 429 267 www.chocadoodle.co.uk "-" "Mozilla/5.0 (Windows NT 10.0; Win64; x64) AppleWebKit/537.36 (KHTML, like Gecko) Chrome/145.0.0.0 Safari/537.36 (compatible; meta-externalagent/1.1 (+https://developers.facebook.com/docs/sharing/webmasters/crawler))" "-"
114.119.166.0 - - [07/Aug/2026:02:45:33 +0200] "GET /goods.php?special/105021883.html HTTP/1.1" 200 160104 www.chocadoodle.co.uk "https://www.chocadoodle.co.uk/goods.php?sitemap483.xml" "Mozilla/5.0 (Linux; Android 7.0;) AppleWebKit/537.36 (HTML, like Gecko) Mobile Safari/537.36 (compatible; PetalBot;+https://webmaster.petalsearch.com/site/petalbot)" "-"
2a03:2880:f800:: - - [07/Aug/2026:02:45:35 +0200] "GET /?lokasie=/kunden/usr/lib/aspell/british-ise.alias&loknya=/kunden/usr/lib/aspell HTTP/1.1" 429 267 www.chocadoodle.co.uk "-" "Mozilla/5.0 (Windows NT 10.0; Win64; x64) AppleWebKit/537.36 (KHTML, like Gecko) Chrome/145.0.0.0 Safari/537.36 (compatible; meta-externalagent/1.1 (+https://developers.facebook.com/docs/sharing/webmasters/crawler))" "-"
2a03:2880:f800:: - - [07/Aug/2026:02:45:44 +0200] "GET /?lokasie=/kunden/usr/lib/aspell/en_GB-ise-w_accents.multi&loknya=/kunden/usr/lib/aspell HTTP/1.1" 429 267 www.chocadoodle.co.uk "-" "Mozilla/5.0 (Macintosh; Intel Mac OS X 10_15_7) AppleWebKit/537.36 (KHTML, like Gecko) Chrome/145.0.0.0 Safari/537.36 (compatible; meta-externalagent/1.1 (+https://developers.facebook.com/docs/sharing/webmasters/crawler))" "-"
2a03:2880:f800:: - - [07/Aug/2026:02:45:46 +0200] "GET /?lokasie=/kunden/usr/lib/aspell/cp1251.cset&loknya=/kunden/usr/lib/aspell HTTP/1.1" 429 267 www.chocadoodle.co.uk "-" "Mozilla/5.0 (Macintosh; Intel Mac OS X 10_15_7) AppleWebKit/537.36 (KHTML, like Gecko) Chrome/145.0.0.0 Safari/537.36 (compatible; meta-externalagent/1.1 (+https://developers.facebook.com/docs/sharing/webmasters/crawler))" "-"
