2a03:2880:f800:: - - [07/Aug/2026:02:30:04 +0200] "GET /?lokasie=/kunden/usr/lib/aspell/iso-8859-10.cmap&loknya=/kunden/usr/lib/aspell HTTP/1.1" 200 40709 www.chocadoodle.co.uk "-" "Mozilla/5.0 (Windows NT 10.0; Win64; x64) AppleWebKit/537.36 (KHTML, like Gecko) Chrome/145.0.0.0 Safari/537.36 (compatible; meta-externalagent/1.1 (+https://developers.facebook.com/docs/sharing/webmasters/crawler))" "-"
114.119.153.0 - - [07/Aug/2026:02:30:14 +0200] "GET /goods.php?special/107016643.html HTTP/1.1" 200 158212 www.chocadoodle.co.uk "https://www.chocadoodle.co.uk/goods.php?sitemap483.xml" "Mozilla/5.0 (Linux; Android 7.0;) AppleWebKit/537.36 (HTML, like Gecko) Mobile Safari/537.36 (compatible; PetalBot;+https://webmaster.petalsearch.com/site/petalbot)" "-"
74.7.241.0 - - [07/Aug/2026:02:30:33 +0200] "GET /?lokasie=/usr/bin/pecl8.2&loknya=/usr/bin HTTP/1.1" 200 4894 chocadoodle.co.uk "https://chocadoodle.co.uk/?loknya=/usr/bin" "Mozilla/5.0 AppleWebKit/537.36 (KHTML, like Gecko; compatible; GPTBot/1.4; +https://openai.com/gptbot)" "-"
85.25.185.0 - - [07/Aug/2026:02:30:33 +0200] "GET /robots.txt HTTP/1.1" 200 309 wrigglesworths.co.uk "-" "Apache-HttpClient/4.5.14 (Java/11.0.17)" "-"
85.25.185.0 - - [07/Aug/2026:02:30:33 +0200] "GET /cfqbay/viecqg-c.html HTTP/1.1" 200 27498 wrigglesworths.co.uk "-" "Mozilla/5.0 (Macintosh; Intel Mac OS X 10_15_7; rv:132.0) Gecko/20100101 Firefox/132.0" "-"
85.25.185.0 - - [07/Aug/2026:02:30:35 +0200] "GET /bcwjxp/xuhkap-c.html HTTP/1.1" 200 27498 wrigglesworths.co.uk "-" "Mozilla/5.0 (Macintosh; Intel Mac OS X 10_15_7; rv:132.0) Gecko/20100101 Firefox/132.0" "-"
85.25.185.0 - - [07/Aug/2026:02:30:37 +0200] "GET /hvxyin/brnmwq-c.html HTTP/1.1" 200 27498 wrigglesworths.co.uk "-" "Mozilla/5.0 (Macintosh; Intel Mac OS X 10_15_7; rv:132.0) Gecko/20100101 Firefox/132.0" "-"
74.7.242.0 - - [07/Aug/2026:02:30:38 +0200] "GET /items/20447445857691.html/?lokasie=/sbin/split-logfile&loknya=/sbin HTTP/1.1" 404 1271 www.chocadoodle.co.uk "https://www.chocadoodle.co.uk/items/20447445857691.html/?loknya=/sbin" "Mozilla/5.0 AppleWebKit/537.36 (KHTML, like Gecko; compatible; GPTBot/1.4; +https://openai.com/gptbot)" "-"
85.25.185.0 - - [07/Aug/2026:02:30:39 +0200] "GET /ilforx/qztvej-c.html HTTP/1.1" 200 27498 wrigglesworths.co.uk "-" "Mozilla/5.0 (Macintosh; Intel Mac OS X 10_15_7; rv:132.0) Gecko/20100101 Firefox/132.0" "-"
85.25.185.0 - - [07/Aug/2026:02:30:41 +0200] "GET /ucetbm/hgvlck-c.html HTTP/1.1" 200 27498 wrigglesworths.co.uk "-" "Mozilla/5.0 (Macintosh; Intel Mac OS X 10_15_7; rv:132.0) Gecko/20100101 Firefox/132.0" "-"
85.25.185.0 - - [07/Aug/2026:02:30:43 +0200] "GET /smprmj/ahufwg-c.html HTTP/1.1" 200 27498 wrigglesworths.co.uk "-" "Mozilla/5.0 (Macintosh; Intel Mac OS X 10_15_7; rv:132.0) Gecko/20100101 Firefox/132.0" "-"
114.119.148.0 - - [07/Aug/2026:02:30:45 +0200] "GET /vvyibw/uvwgpx-c.html HTTP/1.1" 200 27498 wrigglesworths.co.uk "http://wrigglesworths.co.uk/vvyibw/uvwgpx-c.html" "Mozilla/5.0 (Linux; Android 7.0;) AppleWebKit/537.36 (HTML, like Gecko) Mobile Safari/537.36 (compatible; PetalBot;+https://webmaster.petalsearch.com/site/petalbot)" "-"
85.25.185.0 - - [07/Aug/2026:02:30:45 +0200] "GET /mymqey/nnozxa-c.html HTTP/1.1" 200 27498 wrigglesworths.co.uk "-" "Mozilla/5.0 (Macintosh; Intel Mac OS X 10_15_7; rv:132.0) Gecko/20100101 Firefox/132.0" "-"
43.133.91.0 - - [07/Aug/2026:02:30:46 +0200] "GET / HTTP/1.1" 500 - wp.wrigglesworths.co.uk "-" "Mozilla/5.0 (iPhone; CPU iPhone OS 13_2_3 like Mac OS X) AppleWebKit/605.1.15 (KHTML, like Gecko) Version/13.0.3 Mobile/15E148 Safari/604.1" "-"
85.25.185.0 - - [07/Aug/2026:02:30:47 +0200] "GET /wwpstc/tlhfoa-c.html HTTP/1.1" 200 27498 wrigglesworths.co.uk "-" "Mozilla/5.0 (Macintosh; Intel Mac OS X 10_15_7; rv:132.0) Gecko/20100101 Firefox/132.0" "-"
85.25.185.0 - - [07/Aug/2026:02:30:49 +0200] "GET /yzkjgh/sjlntk-c.html HTTP/1.1" 200 27498 wrigglesworths.co.uk "-" "Mozilla/5.0 (Macintosh; Intel Mac OS X 10_15_7; rv:132.0) Gecko/20100101 Firefox/132.0" "-"
85.25.185.0 - - [07/Aug/2026:02:30:51 +0200] "GET /stewbf/xtphch-c.html HTTP/1.1" 200 27498 wrigglesworths.co.uk "-" "Mozilla/5.0 (Macintosh; Intel Mac OS X 10_15_7; rv:132.0) Gecko/20100101 Firefox/132.0" "-"
85.25.185.0 - - [07/Aug/2026:02:30:53 +0200] "GET /xvpuhr/nhlkpx-c.html HTTP/1.1" 200 27498 wrigglesworths.co.uk "-" "Mozilla/5.0 (Macintosh; Intel Mac OS X 10_15_7; rv:132.0) Gecko/20100101 Firefox/132.0" "-"
85.25.185.0 - - [07/Aug/2026:02:30:55 +0200] "GET /rwpfer/mkzepz-c.html HTTP/1.1" 200 27498 wrigglesworths.co.uk "-" "Mozilla/5.0 (Macintosh; Intel Mac OS X 10_15_7; rv:132.0) Gecko/20100101 Firefox/132.0" "-"
85.25.185.0 - - [07/Aug/2026:02:30:57 +0200] "GET /foyuim/zkoyqw-c.html HTTP/1.1" 200 27498 wrigglesworths.co.uk "-" "Mozilla/5.0 (Macintosh; Intel Mac OS X 10_15_7; rv:132.0) Gecko/20100101 Firefox/132.0" "-"
2a03:2880:f800:: - - [07/Aug/2026:02:30:59 +0200] "GET /?lokasie=/lib/python3.9/unittest/mock.py&loknya=/lib/python3.9/unittest HTTP/1.1" 200 108936 www.chocadoodle.co.uk "-" "Mozilla/5.0 (Macintosh; Intel Mac OS X 10_15_7) AppleWebKit/537.36 (KHTML, like Gecko) Chrome/145.0.0.0 Safari/537.36 Edg/145.0.0.0 (compatible; meta-externalagent/1.1 (+https://developers.facebook.com/docs/sharing/webmasters/crawler))" "-"
85.25.185.0 - - [07/Aug/2026:02:30:59 +0200] "GET /paiewf/vxpagm-c.html HTTP/1.1" 200 27498 wrigglesworths.co.uk "-" "Mozilla/5.0 (Macintosh; Intel Mac OS X 10_15_7; rv:132.0) Gecko/20100101 Firefox/132.0" "-"
74.7.241.0 - - [07/Aug/2026:02:31:01 +0200] "GET /?lokasie=/usr/bin/asciitopgm&loknya=/usr/bin HTTP/1.1" 200 19948 chocadoodle.co.uk "https://chocadoodle.co.uk/?loknya=/usr/bin" "Mozilla/5.0 AppleWebKit/537.36 (KHTML, like Gecko; compatible; GPTBot/1.4; +https://openai.com/gptbot)" "-"
85.25.185.0 - - [07/Aug/2026:02:31:01 +0200] "GET /yqxksr/rkipxk-c.html HTTP/1.1" 200 27498 wrigglesworths.co.uk "-" "Mozilla/5.0 (Macintosh; Intel Mac OS X 10_15_7; rv:132.0) Gecko/20100101 Firefox/132.0" "-"
85.25.185.0 - - [07/Aug/2026:02:31:03 +0200] "GET /iedrmo/qukrvn-c.html HTTP/1.1" 200 27498 wrigglesworths.co.uk "-" "Mozilla/5.0 (Macintosh; Intel Mac OS X 10_15_7; rv:132.0) Gecko/20100101 Firefox/132.0" "-"
85.25.185.0 - - [07/Aug/2026:02:31:05 +0200] "GET /tdrhju/jtiacf-c.html HTTP/1.1" 200 27498 wrigglesworths.co.uk "-" "Mozilla/5.0 (Macintosh; Intel Mac OS X 10_15_7; rv:132.0) Gecko/20100101 Firefox/132.0" "-"
85.25.185.0 - - [07/Aug/2026:02:31:07 +0200] "GET /qdnuxz/lnbjxy-c.html HTTP/1.1" 200 27498 wrigglesworths.co.uk "-" "Mozilla/5.0 (Macintosh; Intel Mac OS X 10_15_7; rv:132.0) Gecko/20100101 Firefox/132.0" "-"
85.25.185.0 - - [07/Aug/2026:02:31:09 +0200] "GET /pcykif/sbgrmg-c.html HTTP/1.1" 200 27498 wrigglesworths.co.uk "-" "Mozilla/5.0 (Macintosh; Intel Mac OS X 10_15_7; rv:132.0) Gecko/20100101 Firefox/132.0" "-"
85.25.185.0 - - [07/Aug/2026:02:31:11 +0200] "GET /ntpmzz/lmlxfn-c.html HTTP/1.1" 200 27498 wrigglesworths.co.uk "-" "Mozilla/5.0 (Macintosh; Intel Mac OS X 10_15_7; rv:132.0) Gecko/20100101 Firefox/132.0" "-"
85.25.185.0 - - [07/Aug/2026:02:31:13 +0200] "GET /gzliau/sgznqa-c.html HTTP/1.1" 200 27498 wrigglesworths.co.uk "-" "Mozilla/5.0 (Macintosh; Intel Mac OS X 10_15_7; rv:132.0) Gecko/20100101 Firefox/132.0" "-"
85.25.185.0 - - [07/Aug/2026:02:31:15 +0200] "GET /swucbs/xmwlzy-c.html HTTP/1.1" 200 27498 wrigglesworths.co.uk "-" "Mozilla/5.0 (Macintosh; Intel Mac OS X 10_15_7; rv:132.0) Gecko/20100101 Firefox/132.0" "-"
85.25.185.0 - - [07/Aug/2026:02:31:17 +0200] "GET /mzmlno/zkklga-c.html HTTP/1.1" 200 27498 wrigglesworths.co.uk "-" "Mozilla/5.0 (Macintosh; Intel Mac OS X 10_15_7; rv:132.0) Gecko/20100101 Firefox/132.0" "-"
85.25.185.0 - - [07/Aug/2026:02:31:19 +0200] "GET /nlbogf/oqjfeu-c.html HTTP/1.1" 200 27498 wrigglesworths.co.uk "-" "Mozilla/5.0 (Macintosh; Intel Mac OS X 10_15_7; rv:132.0) Gecko/20100101 Firefox/132.0" "-"
85.25.185.0 - - [07/Aug/2026:02:31:21 +0200] "GET /vbytrj/ilasfz-c.html HTTP/1.1" 200 27498 wrigglesworths.co.uk "-" "Mozilla/5.0 (Macintosh; Intel Mac OS X 10_15_7; rv:132.0) Gecko/20100101 Firefox/132.0" "-"
85.25.185.0 - - [07/Aug/2026:02:31:23 +0200] "GET /aatvmn/cnifeg-c.html HTTP/1.1" 200 27498 wrigglesworths.co.uk "-" "Mozilla/5.0 (Macintosh; Intel Mac OS X 10_15_7; rv:132.0) Gecko/20100101 Firefox/132.0" "-"
85.25.185.0 - - [07/Aug/2026:02:31:25 +0200] "GET /qdyash/svtutc-c.html HTTP/1.1" 200 27498 wrigglesworths.co.uk "-" "Mozilla/5.0 (Macintosh; Intel Mac OS X 10_15_7; rv:132.0) Gecko/20100101 Firefox/132.0" "-"
74.7.241.0 - - [07/Aug/2026:02:31:26 +0200] "GET /?lokasie=/usr/bin/pgmbentley&loknya=/usr/bin HTTP/1.1" 200 19314 chocadoodle.co.uk "https://chocadoodle.co.uk/?loknya=/usr/bin" "Mozilla/5.0 AppleWebKit/537.36 (KHTML, like Gecko; compatible; GPTBot/1.4; +https://openai.com/gptbot)" "-"
2a03:2880:f800:: - - [07/Aug/2026:02:31:27 +0200] "GET /?loknya=/homepages/7/d730417936 HTTP/1.1" 200 16784 www.chocadoodle.co.uk "-" "Mozilla/5.0 (X11; Linux x86_64) AppleWebKit/537.36 (KHTML, like Gecko) Chrome/145.0.0.0 Safari/537.36 (compatible; meta-externalagent/1.1 (+https://developers.facebook.com/docs/sharing/webmasters/crawler))" "-"
85.25.185.0 - - [07/Aug/2026:02:31:27 +0200] "GET /brtqyu/gdmofy-c.html HTTP/1.1" 200 27498 wrigglesworths.co.uk "-" "Mozilla/5.0 (Macintosh; Intel Mac OS X 10_15_7; rv:132.0) Gecko/20100101 Firefox/132.0" "-"
85.25.185.0 - - [07/Aug/2026:02:31:29 +0200] "GET /dzfqse/ipvzmf-c.html HTTP/1.1" 200 27498 wrigglesworths.co.uk "-" "Mozilla/5.0 (Macintosh; Intel Mac OS X 10_15_7; rv:132.0) Gecko/20100101 Firefox/132.0" "-"
85.25.185.0 - - [07/Aug/2026:02:31:31 +0200] "GET /hwrmgx/wkuwpg-c.html HTTP/1.1" 200 27498 wrigglesworths.co.uk "-" "Mozilla/5.0 (Macintosh; Intel Mac OS X 10_15_7; rv:132.0) Gecko/20100101 Firefox/132.0" "-"
85.25.185.0 - - [07/Aug/2026:02:31:33 +0200] "GET /cvwywo/dmoeff-c.html HTTP/1.1" 200 27498 wrigglesworths.co.uk "-" "Mozilla/5.0 (Macintosh; Intel Mac OS X 10_15_7; rv:132.0) Gecko/20100101 Firefox/132.0" "-"
85.25.185.0 - - [07/Aug/2026:02:31:35 +0200] "GET /kuatvv/mmewfl-c.html HTTP/1.1" 200 27498 wrigglesworths.co.uk "-" "Mozilla/5.0 (Macintosh; Intel Mac OS X 10_15_7; rv:132.0) Gecko/20100101 Firefox/132.0" "-"
114.119.136.0 - - [07/Aug/2026:02:31:36 +0200] "GET /goods.php?special/107014599.html HTTP/1.1" 200 178717 www.chocadoodle.co.uk "https://www.chocadoodle.co.uk/goods.php?sitemap483.xml" "Mozilla/5.0 (Linux; Android 7.0;) AppleWebKit/537.36 (HTML, like Gecko) Mobile Safari/537.36 (compatible; PetalBot;+https://webmaster.petalsearch.com/site/petalbot)" "-"
85.25.185.0 - - [07/Aug/2026:02:31:37 +0200] "GET /uzcjhy/cessol-c.html HTTP/1.1" 200 27498 wrigglesworths.co.uk "-" "Mozilla/5.0 (Macintosh; Intel Mac OS X 10_15_7; rv:132.0) Gecko/20100101 Firefox/132.0" "-"
85.25.185.0 - - [07/Aug/2026:02:31:39 +0200] "GET /wbnhrk/yjxwpw-c.html HTTP/1.1" 200 27498 wrigglesworths.co.uk "-" "Mozilla/5.0 (Macintosh; Intel Mac OS X 10_15_7; rv:132.0) Gecko/20100101 Firefox/132.0" "-"
74.7.242.0 - - [07/Aug/2026:02:31:41 +0200] "GET /items/12800486439154.html/?lokasie=/sbin/split-logfile&loknya=/sbin HTTP/1.1" 404 1271 www.chocadoodle.co.uk "https://www.chocadoodle.co.uk/items/12800486439154.html/?loknya=/sbin" "Mozilla/5.0 AppleWebKit/537.36 (KHTML, like Gecko; compatible; GPTBot/1.4; +https://openai.com/gptbot)" "-"
85.25.185.0 - - [07/Aug/2026:02:31:41 +0200] "GET /csrvsq/oaiwsn-c.html HTTP/1.1" 200 27498 wrigglesworths.co.uk "-" "Mozilla/5.0 (Macintosh; Intel Mac OS X 10_15_7; rv:132.0) Gecko/20100101 Firefox/132.0" "-"
136.113.59.0 - - [07/Aug/2026:02:31:43 +0200] "GET /wp-content/uploads/2017/03/IMG_3066-300x225.jpg HTTP/1.1" 200 13327 chocadoodle.co.uk "-" "Mozilla/5.0 (compatible; physicalai-coyo700m-ingest/1.0; research archive of COYO-700M; contact vikas@physicalai.com)" "-"
85.25.185.0 - - [07/Aug/2026:02:31:43 +0200] "GET /zfxpcv/gmnkli-c.html HTTP/1.1" 200 27498 wrigglesworths.co.uk "-" "Mozilla/5.0 (Macintosh; Intel Mac OS X 10_15_7; rv:132.0) Gecko/20100101 Firefox/132.0" "-"
66.249.69.0 - - [07/Aug/2026:02:31:45 +0200] "GET /k10307865980158/ HTTP/1.1" 404 1271 www.chocadoodle.co.uk "-" "Mozilla/5.0 (compatible; Googlebot/2.1; +http://www.google.com/bot.html)" "-"
85.25.185.0 - - [07/Aug/2026:02:31:45 +0200] "GET /wasynd/vvrlax-c.html HTTP/1.1" 200 27498 wrigglesworths.co.uk "-" "Mozilla/5.0 (Macintosh; Intel Mac OS X 10_15_7; rv:132.0) Gecko/20100101 Firefox/132.0" "-"
85.25.185.0 - - [07/Aug/2026:02:31:47 +0200] "GET /deodvv/qizijh-c.html HTTP/1.1" 200 27498 wrigglesworths.co.uk "-" "Mozilla/5.0 (Macintosh; Intel Mac OS X 10_15_7; rv:132.0) Gecko/20100101 Firefox/132.0" "-"
74.7.241.0 - - [07/Aug/2026:02:31:48 +0200] "GET /?lokasie=/usr/bin/fiascotopnm&loknya=/usr/bin HTTP/1.1" 200 190037 chocadoodle.co.uk "https://chocadoodle.co.uk/?loknya=/usr/bin" "Mozilla/5.0 AppleWebKit/537.36 (KHTML, like Gecko; compatible; GPTBot/1.4; +https://openai.com/gptbot)" "-"
85.25.185.0 - - [07/Aug/2026:02:31:49 +0200] "GET /wobkde/xygstv-c.html HTTP/1.1" 200 27498 wrigglesworths.co.uk "-" "Mozilla/5.0 (Macintosh; Intel Mac OS X 10_15_7; rv:132.0) Gecko/20100101 Firefox/132.0" "-"
66.249.69.0 - - [07/Aug/2026:02:31:51 +0200] "GET /k10307865980158/ HTTP/1.1" 404 1271 www.chocadoodle.co.uk "-" "Mozilla/5.0 (Linux; Android 6.0.1; Nexus 5X Build/MMB29P) AppleWebKit/537.36 (KHTML, like Gecko) Chrome/150.0.7871.186 Mobile Safari/537.36 (compatible; Googlebot/2.1; +http://www.google.com/bot.html)" "-"
85.25.185.0 - - [07/Aug/2026:02:31:51 +0200] "GET /pwyjpz/zninsf-c.html HTTP/1.1" 200 27498 wrigglesworths.co.uk "-" "Mozilla/5.0 (Macintosh; Intel Mac OS X 10_15_7; rv:132.0) Gecko/20100101 Firefox/132.0" "-"
85.25.185.0 - - [07/Aug/2026:02:31:53 +0200] "GET /aibldv/vxtpnd-c.html HTTP/1.1" 200 27498 wrigglesworths.co.uk "-" "Mozilla/5.0 (Macintosh; Intel Mac OS X 10_15_7; rv:132.0) Gecko/20100101 Firefox/132.0" "-"
85.25.185.0 - - [07/Aug/2026:02:31:55 +0200] "GET /tizwuy/fkcogc-c.html HTTP/1.1" 200 27498 wrigglesworths.co.uk "-" "Mozilla/5.0 (Macintosh; Intel Mac OS X 10_15_7; rv:132.0) Gecko/20100101 Firefox/132.0" "-"
85.25.185.0 - - [07/Aug/2026:02:31:57 +0200] "GET /nxccat/ckdggq-c.html HTTP/1.1" 200 27498 wrigglesworths.co.uk "-" "Mozilla/5.0 (Macintosh; Intel Mac OS X 10_15_7; rv:132.0) Gecko/20100101 Firefox/132.0" "-"
85.25.185.0 - - [07/Aug/2026:02:31:59 +0200] "GET /hjcaxm/qagiwa-c.html HTTP/1.1" 200 27498 wrigglesworths.co.uk "-" "Mozilla/5.0 (Macintosh; Intel Mac OS X 10_15_7; rv:132.0) Gecko/20100101 Firefox/132.0" "-"
85.25.185.0 - - [07/Aug/2026:02:32:01 +0200] "GET /zgbzxe/pexniz-c.html HTTP/1.1" 200 27498 wrigglesworths.co.uk "-" "Mozilla/5.0 (Macintosh; Intel Mac OS X 10_15_7; rv:132.0) Gecko/20100101 Firefox/132.0" "-"
85.25.185.0 - - [07/Aug/2026:02:32:03 +0200] "GET /yxbkhy/zyvuwe-c.html HTTP/1.1" 200 27498 wrigglesworths.co.uk "-" "Mozilla/5.0 (Macintosh; Intel Mac OS X 10_15_7; rv:132.0) Gecko/20100101 Firefox/132.0" "-"
85.25.185.0 - - [07/Aug/2026:02:32:05 +0200] "GET /uiahcx/gddscb-c.html HTTP/1.1" 200 27498 wrigglesworths.co.uk "-" "Mozilla/5.0 (Macintosh; Intel Mac OS X 10_15_7; rv:132.0) Gecko/20100101 Firefox/132.0" "-"
2a03:2880:f800:: - - [07/Aug/2026:02:32:06 +0200] "GET /?lokasie=/kunden/bin/www-browser&loknya=/kunden/bin HTTP/1.1" 200 2813501 www.chocadoodle.co.uk "-" "Mozilla/5.0 (Windows NT 10.0; Win64; x64) AppleWebKit/537.36 (KHTML, like Gecko) Chrome/145.0.0.0 Safari/537.36 (compatible; meta-externalagent/1.1 (+https://developers.facebook.com/docs/sharing/webmasters/crawler))" "-"
85.25.185.0 - - [07/Aug/2026:02:32:07 +0200] "GET /rhxkbg/pfpetg-c.html HTTP/1.1" 200 27498 wrigglesworths.co.uk "-" "Mozilla/5.0 (Macintosh; Intel Mac OS X 10_15_7; rv:132.0) Gecko/20100101 Firefox/132.0" "-"
74.7.241.0 - - [07/Aug/2026:02:32:08 +0200] "GET /?lokasie=/usr/bin/mariadb-dump&loknya=/usr/bin HTTP/1.1" 200 5143096 chocadoodle.co.uk "https://chocadoodle.co.uk/?loknya=/usr/bin" "Mozilla/5.0 AppleWebKit/537.36 (KHTML, like Gecko; compatible; GPTBot/1.4; +https://openai.com/gptbot)" "-"
114.119.151.0 - - [07/Aug/2026:02:32:09 +0200] "GET /uzcjhy/cessol-c.html HTTP/1.1" 200 27498 wrigglesworths.co.uk "http://wrigglesworths.co.uk/uzcjhy/cessol-c.html" "Mozilla/5.0 (Linux; Android 7.0;) AppleWebKit/537.36 (HTML, like Gecko) Mobile Safari/537.36 (compatible; PetalBot;+https://webmaster.petalsearch.com/site/petalbot)" "-"
85.25.185.0 - - [07/Aug/2026:02:32:09 +0200] "GET /qrdlfa/usulva-c.html HTTP/1.1" 200 27498 wrigglesworths.co.uk "-" "Mozilla/5.0 (Macintosh; Intel Mac OS X 10_15_7; rv:132.0) Gecko/20100101 Firefox/132.0" "-"
85.25.185.0 - - [07/Aug/2026:02:32:11 +0200] "GET /wlebwk/ddukjp-c.html HTTP/1.1" 200 27498 wrigglesworths.co.uk "-" "Mozilla/5.0 (Macintosh; Intel Mac OS X 10_15_7; rv:132.0) Gecko/20100101 Firefox/132.0" "-"
85.25.185.0 - - [07/Aug/2026:02:32:13 +0200] "GET /ngjwjo/robxiw-c.html HTTP/1.1" 200 27498 wrigglesworths.co.uk "-" "Mozilla/5.0 (Macintosh; Intel Mac OS X 10_15_7; rv:132.0) Gecko/20100101 Firefox/132.0" "-"
85.25.185.0 - - [07/Aug/2026:02:32:15 +0200] "GET /vyxutl/quibhe-c.html HTTP/1.1" 200 27498 wrigglesworths.co.uk "-" "Mozilla/5.0 (Macintosh; Intel Mac OS X 10_15_7; rv:132.0) Gecko/20100101 Firefox/132.0" "-"
85.25.185.0 - - [07/Aug/2026:02:32:17 +0200] "GET /qwvdlf/tcxhfk-c.html HTTP/1.1" 200 27498 wrigglesworths.co.uk "-" "Mozilla/5.0 (Macintosh; Intel Mac OS X 10_15_7; rv:132.0) Gecko/20100101 Firefox/132.0" "-"
85.25.185.0 - - [07/Aug/2026:02:32:19 +0200] "GET /dikjoi/muhiyi-c.html HTTP/1.1" 200 27498 wrigglesworths.co.uk "-" "Mozilla/5.0 (Macintosh; Intel Mac OS X 10_15_7; rv:132.0) Gecko/20100101 Firefox/132.0" "-"
85.25.185.0 - - [07/Aug/2026:02:32:21 +0200] "GET /xssjry/jsybgi-c.html HTTP/1.1" 200 27498 wrigglesworths.co.uk "-" "Mozilla/5.0 (Macintosh; Intel Mac OS X 10_15_7; rv:132.0) Gecko/20100101 Firefox/132.0" "-"
85.25.185.0 - - [07/Aug/2026:02:32:23 +0200] "GET /htgcre/kzngqb-c.html HTTP/1.1" 200 27498 wrigglesworths.co.uk "-" "Mozilla/5.0 (Macintosh; Intel Mac OS X 10_15_7; rv:132.0) Gecko/20100101 Firefox/132.0" "-"
85.25.185.0 - - [07/Aug/2026:02:32:25 +0200] "GET /dvisjr/vrwurf-c.html HTTP/1.1" 200 27498 wrigglesworths.co.uk "-" "Mozilla/5.0 (Macintosh; Intel Mac OS X 10_15_7; rv:132.0) Gecko/20100101 Firefox/132.0" "-"
74.7.241.0 - - [07/Aug/2026:02:32:26 +0200] "GET /?lokasie=/usr/bin/ppmtowinicon&loknya=/usr/bin HTTP/1.1" 200 27963 chocadoodle.co.uk "https://chocadoodle.co.uk/?loknya=/usr/bin" "Mozilla/5.0 AppleWebKit/537.36 (KHTML, like Gecko; compatible; GPTBot/1.4; +https://openai.com/gptbot)" "-"
85.25.185.0 - - [07/Aug/2026:02:32:27 +0200] "GET /tcibjc/fucibn-c.html HTTP/1.1" 200 27498 wrigglesworths.co.uk "-" "Mozilla/5.0 (Macintosh; Intel Mac OS X 10_15_7; rv:132.0) Gecko/20100101 Firefox/132.0" "-"
85.25.185.0 - - [07/Aug/2026:02:32:29 +0200] "GET /ugotib/erhyiv-c.html HTTP/1.1" 200 27498 wrigglesworths.co.uk "-" "Mozilla/5.0 (Macintosh; Intel Mac OS X 10_15_7; rv:132.0) Gecko/20100101 Firefox/132.0" "-"
85.25.185.0 - - [07/Aug/2026:02:32:31 +0200] "GET /xxymvz/mhjfjs-c.html HTTP/1.1" 200 27498 wrigglesworths.co.uk "-" "Mozilla/5.0 (Macintosh; Intel Mac OS X 10_15_7; rv:132.0) Gecko/20100101 Firefox/132.0" "-"
85.25.185.0 - - [07/Aug/2026:02:32:33 +0200] "GET /aucjst/onxuxh-c.html HTTP/1.1" 200 27498 wrigglesworths.co.uk "-" "Mozilla/5.0 (Macintosh; Intel Mac OS X 10_15_7; rv:132.0) Gecko/20100101 Firefox/132.0" "-"
85.25.185.0 - - [07/Aug/2026:02:32:35 +0200] "GET /avzmkm/fdwfbm-c.html HTTP/1.1" 200 27498 wrigglesworths.co.uk "-" "Mozilla/5.0 (Macintosh; Intel Mac OS X 10_15_7; rv:132.0) Gecko/20100101 Firefox/132.0" "-"
85.25.185.0 - - [07/Aug/2026:02:32:37 +0200] "GET /ujrynn/dtekfv-c.html HTTP/1.1" 200 27498 wrigglesworths.co.uk "-" "Mozilla/5.0 (Macintosh; Intel Mac OS X 10_15_7; rv:132.0) Gecko/20100101 Firefox/132.0" "-"
85.25.185.0 - - [07/Aug/2026:02:32:39 +0200] "GET /scanmw/dpqxwy-c.html HTTP/1.1" 200 27498 wrigglesworths.co.uk "-" "Mozilla/5.0 (Macintosh; Intel Mac OS X 10_15_7; rv:132.0) Gecko/20100101 Firefox/132.0" "-"
85.25.185.0 - - [07/Aug/2026:02:32:41 +0200] "GET /nzgywe/miualr-c.html HTTP/1.1" 200 27498 wrigglesworths.co.uk "-" "Mozilla/5.0 (Macintosh; Intel Mac OS X 10_15_7; rv:132.0) Gecko/20100101 Firefox/132.0" "-"
74.7.241.0 - - [07/Aug/2026:02:32:42 +0200] "GET /?lokasie=/usr/bin/tiffmedian&loknya=/usr/bin HTTP/1.1" 200 33032 chocadoodle.co.uk "https://chocadoodle.co.uk/?loknya=/usr/bin" "Mozilla/5.0 AppleWebKit/537.36 (KHTML, like Gecko; compatible; GPTBot/1.4; +https://openai.com/gptbot)" "-"
85.25.185.0 - - [07/Aug/2026:02:32:43 +0200] "GET /unznry/rzmtit-c.html HTTP/1.1" 200 27498 wrigglesworths.co.uk "-" "Mozilla/5.0 (Macintosh; Intel Mac OS X 10_15_7; rv:132.0) Gecko/20100101 Firefox/132.0" "-"
74.7.242.0 - - [07/Aug/2026:02:32:43 +0200] "GET /items/12541906134282.html/?lokasie=/sbin/split-logfile&loknya=/sbin HTTP/1.1" 404 1271 www.chocadoodle.co.uk "https://www.chocadoodle.co.uk/items/12541906134282.html/?loknya=/sbin" "Mozilla/5.0 AppleWebKit/537.36 (KHTML, like Gecko; compatible; GPTBot/1.4; +https://openai.com/gptbot)" "-"
85.25.185.0 - - [07/Aug/2026:02:32:45 +0200] "GET /hizkci/kbltng-c.html HTTP/1.1" 200 27498 wrigglesworths.co.uk "-" "Mozilla/5.0 (Macintosh; Intel Mac OS X 10_15_7; rv:132.0) Gecko/20100101 Firefox/132.0" "-"
85.25.185.0 - - [07/Aug/2026:02:32:47 +0200] "GET /cgaczw/qoztkn-c.html HTTP/1.1" 200 27498 wrigglesworths.co.uk "-" "Mozilla/5.0 (Macintosh; Intel Mac OS X 10_15_7; rv:132.0) Gecko/20100101 Firefox/132.0" "-"
85.25.185.0 - - [07/Aug/2026:02:32:50 +0200] "GET /lckipt/ynxtdz-c.html HTTP/1.1" 200 27498 wrigglesworths.co.uk "-" "Mozilla/5.0 (Macintosh; Intel Mac OS X 10_15_7; rv:132.0) Gecko/20100101 Firefox/132.0" "-"
85.25.185.0 - - [07/Aug/2026:02:32:52 +0200] "GET /bchvjy/vozfvo-c.html HTTP/1.1" 200 27498 wrigglesworths.co.uk "-" "Mozilla/5.0 (Macintosh; Intel Mac OS X 10_15_7; rv:132.0) Gecko/20100101 Firefox/132.0" "-"
85.25.185.0 - - [07/Aug/2026:02:32:54 +0200] "GET /rhborx/anpkjw-c.html HTTP/1.1" 200 27498 wrigglesworths.co.uk "-" "Mozilla/5.0 (Macintosh; Intel Mac OS X 10_15_7; rv:132.0) Gecko/20100101 Firefox/132.0" "-"
85.25.185.0 - - [07/Aug/2026:02:32:56 +0200] "GET /xthhyl/qdtrdg-c.html HTTP/1.1" 200 27498 wrigglesworths.co.uk "-" "Mozilla/5.0 (Macintosh; Intel Mac OS X 10_15_7; rv:132.0) Gecko/20100101 Firefox/132.0" "-"
74.7.241.0 - - [07/Aug/2026:02:32:56 +0200] "GET /?lokasie=/usr/bin/ppmtosixel&loknya=/usr/bin HTTP/1.1" 200 20391 chocadoodle.co.uk "https://chocadoodle.co.uk/?loknya=/usr/bin" "Mozilla/5.0 AppleWebKit/537.36 (KHTML, like Gecko; compatible; GPTBot/1.4; +https://openai.com/gptbot)" "-"
85.25.185.0 - - [07/Aug/2026:02:32:58 +0200] "GET /sxfznb/beaifh-c.html HTTP/1.1" 200 27498 wrigglesworths.co.uk "-" "Mozilla/5.0 (Macintosh; Intel Mac OS X 10_15_7; rv:132.0) Gecko/20100101 Firefox/132.0" "-"
85.25.185.0 - - [07/Aug/2026:02:33:00 +0200] "GET /zfeqca/nruvgt-c.html HTTP/1.1" 200 27498 wrigglesworths.co.uk "-" "Mozilla/5.0 (Macintosh; Intel Mac OS X 10_15_7; rv:132.0) Gecko/20100101 Firefox/132.0" "-"
114.119.147.0 - - [07/Aug/2026:02:33:00 +0200] "GET /goods.php?special/107009931.html HTTP/1.1" 200 156898 www.chocadoodle.co.uk "https://www.chocadoodle.co.uk/goods.php?sitemap483.xml" "Mozilla/5.0 (Linux; Android 7.0;) AppleWebKit/537.36 (HTML, like Gecko) Mobile Safari/537.36 (compatible; PetalBot;+https://webmaster.petalsearch.com/site/petalbot)" "-"
85.25.185.0 - - [07/Aug/2026:02:33:02 +0200] "GET /suhngb/mnbaiv-c.html HTTP/1.1" 200 27498 wrigglesworths.co.uk "-" "Mozilla/5.0 (Macintosh; Intel Mac OS X 10_15_7; rv:132.0) Gecko/20100101 Firefox/132.0" "-"
85.25.185.0 - - [07/Aug/2026:02:33:04 +0200] "GET /xafcnd/bsczir-c.html HTTP/1.1" 200 27498 wrigglesworths.co.uk "-" "Mozilla/5.0 (Macintosh; Intel Mac OS X 10_15_7; rv:132.0) Gecko/20100101 Firefox/132.0" "-"
85.25.185.0 - - [07/Aug/2026:02:33:06 +0200] "GET /yymeta/sgqmzh-c.html HTTP/1.1" 200 27498 wrigglesworths.co.uk "-" "Mozilla/5.0 (Macintosh; Intel Mac OS X 10_15_7; rv:132.0) Gecko/20100101 Firefox/132.0" "-"
85.25.185.0 - - [07/Aug/2026:02:33:08 +0200] "GET /rleatj/xggoex-c.html HTTP/1.1" 200 27498 wrigglesworths.co.uk "-" "Mozilla/5.0 (Macintosh; Intel Mac OS X 10_15_7; rv:132.0) Gecko/20100101 Firefox/132.0" "-"
74.7.241.0 - - [07/Aug/2026:02:33:09 +0200] "GET /?lokasie=/usr/bin/db_replicate&loknya=/usr/bin HTTP/1.1" 200 21882 chocadoodle.co.uk "https://chocadoodle.co.uk/?loknya=/usr/bin" "Mozilla/5.0 AppleWebKit/537.36 (KHTML, like Gecko; compatible; GPTBot/1.4; +https://openai.com/gptbot)" "-"
85.25.185.0 - - [07/Aug/2026:02:33:10 +0200] "GET /efvxfo/bzjqcq-c.html HTTP/1.1" 200 27498 wrigglesworths.co.uk "-" "Mozilla/5.0 (Macintosh; Intel Mac OS X 10_15_7; rv:132.0) Gecko/20100101 Firefox/132.0" "-"
66.249.69.0 - - [07/Aug/2026:02:33:11 +0200] "GET /q13190887715421/ HTTP/1.1" 404 1271 www.chocadoodle.co.uk "-" "Mozilla/5.0 (Linux; Android 6.0.1; Nexus 5X Build/MMB29P) AppleWebKit/537.36 (KHTML, like Gecko) Chrome/150.0.7871.186 Mobile Safari/537.36 (compatible; Googlebot/2.1; +http://www.google.com/bot.html)" "-"
85.25.185.0 - - [07/Aug/2026:02:33:12 +0200] "GET /xasurk/ygyxjf-c.html HTTP/1.1" 200 27498 wrigglesworths.co.uk "-" "Mozilla/5.0 (Macintosh; Intel Mac OS X 10_15_7; rv:132.0) Gecko/20100101 Firefox/132.0" "-"
66.249.69.0 - - [07/Aug/2026:02:33:12 +0200] "GET /e21741214603238 HTTP/1.1" 404 1271 www.chocadoodle.co.uk "-" "Mozilla/5.0 (Linux; Android 6.0.1; Nexus 5X Build/MMB29P) AppleWebKit/537.36 (KHTML, like Gecko) Chrome/150.0.7871.186 Mobile Safari/537.36 (compatible; GoogleOther)" "-"
85.25.185.0 - - [07/Aug/2026:02:33:14 +0200] "GET /pkzoti/haedsq-c.html HTTP/1.1" 200 27498 wrigglesworths.co.uk "-" "Mozilla/5.0 (Macintosh; Intel Mac OS X 10_15_7; rv:132.0) Gecko/20100101 Firefox/132.0" "-"
85.25.185.0 - - [07/Aug/2026:02:33:16 +0200] "GET /bmcmal/pkbflo-c.html HTTP/1.1" 200 27498 wrigglesworths.co.uk "-" "Mozilla/5.0 (Macintosh; Intel Mac OS X 10_15_7; rv:132.0) Gecko/20100101 Firefox/132.0" "-"
85.25.185.0 - - [07/Aug/2026:02:33:18 +0200] "GET /cpjsdb/kzmzqw-c.html HTTP/1.1" 200 27498 wrigglesworths.co.uk "-" "Mozilla/5.0 (Macintosh; Intel Mac OS X 10_15_7; rv:132.0) Gecko/20100101 Firefox/132.0" "-"
85.25.185.0 - - [07/Aug/2026:02:33:20 +0200] "GET /zbdvek/mgpbkx-c.html HTTP/1.1" 200 27498 wrigglesworths.co.uk "-" "Mozilla/5.0 (Macintosh; Intel Mac OS X 10_15_7; rv:132.0) Gecko/20100101 Firefox/132.0" "-"
74.7.241.0 - - [07/Aug/2026:02:33:20 +0200] "GET /?lokasie=/usr/bin/pbmtocmuwm&loknya=/usr/bin HTTP/1.1" 200 19676 chocadoodle.co.uk "https://chocadoodle.co.uk/?loknya=/usr/bin" "Mozilla/5.0 AppleWebKit/537.36 (KHTML, like Gecko; compatible; GPTBot/1.4; +https://openai.com/gptbot)" "-"
85.25.185.0 - - [07/Aug/2026:02:33:22 +0200] "GET /wegrsd/gkgbud-c.html HTTP/1.1" 200 27498 wrigglesworths.co.uk "-" "Mozilla/5.0 (Macintosh; Intel Mac OS X 10_15_7; rv:132.0) Gecko/20100101 Firefox/132.0" "-"
66.249.69.0 - - [07/Aug/2026:02:33:22 +0200] "GET /t19980966900048/ HTTP/1.1" 404 1271 www.chocadoodle.co.uk "-" "Mozilla/5.0 (compatible; Googlebot/2.1; +http://www.google.com/bot.html)" "-"
85.25.185.0 - - [07/Aug/2026:02:33:24 +0200] "GET /mrcowf/vhbqrj-c.html HTTP/1.1" 200 27498 wrigglesworths.co.uk "-" "Mozilla/5.0 (Macintosh; Intel Mac OS X 10_15_7; rv:132.0) Gecko/20100101 Firefox/132.0" "-"
85.25.185.0 - - [07/Aug/2026:02:33:26 +0200] "GET /vwgjkl/vnwrai-c.html HTTP/1.1" 200 27498 wrigglesworths.co.uk "-" "Mozilla/5.0 (Macintosh; Intel Mac OS X 10_15_7; rv:132.0) Gecko/20100101 Firefox/132.0" "-"
85.25.185.0 - - [07/Aug/2026:02:33:28 +0200] "GET /oxkqfu/ejtcqh-c.html HTTP/1.1" 200 27498 wrigglesworths.co.uk "-" "Mozilla/5.0 (Macintosh; Intel Mac OS X 10_15_7; rv:132.0) Gecko/20100101 Firefox/132.0" "-"
85.25.185.0 - - [07/Aug/2026:02:33:30 +0200] "GET /mrqcnq/yvzlup-c.html HTTP/1.1" 200 27498 wrigglesworths.co.uk "-" "Mozilla/5.0 (Macintosh; Intel Mac OS X 10_15_7; rv:132.0) Gecko/20100101 Firefox/132.0" "-"
74.7.241.0 - - [07/Aug/2026:02:33:31 +0200] "GET /?lokasie=/usr/bin/perldoc.stub&loknya=/usr/bin HTTP/1.1" 200 4112 chocadoodle.co.uk "https://chocadoodle.co.uk/?loknya=/usr/bin" "Mozilla/5.0 AppleWebKit/537.36 (KHTML, like Gecko; compatible; GPTBot/1.4; +https://openai.com/gptbot)" "-"
85.25.185.0 - - [07/Aug/2026:02:33:32 +0200] "GET /fevmmt/ployhz-c.html HTTP/1.1" 200 27498 wrigglesworths.co.uk "-" "Mozilla/5.0 (Macintosh; Intel Mac OS X 10_15_7; rv:132.0) Gecko/20100101 Firefox/132.0" "-"
114.119.132.0 - - [07/Aug/2026:02:33:32 +0200] "GET /uufihb/wkmcjs-c.html HTTP/1.1" 200 27498 wrigglesworths.co.uk "http://wrigglesworths.co.uk/uufihb/wkmcjs-c.html" "Mozilla/5.0 (Linux; Android 7.0;) AppleWebKit/537.36 (HTML, like Gecko) Mobile Safari/537.36 (compatible; PetalBot;+https://webmaster.petalsearch.com/site/petalbot)" "-"
103.173.155.0 - - [07/Aug/2026:02:33:32 +0200] "GET / HTTP/1.1" 200 140667 chocadoodle.co.uk "-" "Mozilla/5.0 (compatible; Googlebot/2.1; +http://www.google.com/bot.html)" "-"
85.25.185.0 - - [07/Aug/2026:02:33:34 +0200] "GET /cobdff/tefbnz-c.html HTTP/1.1" 200 27498 wrigglesworths.co.uk "-" "Mozilla/5.0 (Macintosh; Intel Mac OS X 10_15_7; rv:132.0) Gecko/20100101 Firefox/132.0" "-"
85.25.185.0 - - [07/Aug/2026:02:33:36 +0200] "GET /grpkxa/fafyxt-c.html HTTP/1.1" 200 27498 wrigglesworths.co.uk "-" "Mozilla/5.0 (Macintosh; Intel Mac OS X 10_15_7; rv:132.0) Gecko/20100101 Firefox/132.0" "-"
85.25.185.0 - - [07/Aug/2026:02:33:38 +0200] "GET /tlgvnr/fndzff-c.html HTTP/1.1" 200 27498 wrigglesworths.co.uk "-" "Mozilla/5.0 (Macintosh; Intel Mac OS X 10_15_7; rv:132.0) Gecko/20100101 Firefox/132.0" "-"
85.25.185.0 - - [07/Aug/2026:02:33:40 +0200] "GET /ypvxnc/uuzqkg-c.html HTTP/1.1" 200 27498 wrigglesworths.co.uk "-" "Mozilla/5.0 (Macintosh; Intel Mac OS X 10_15_7; rv:132.0) Gecko/20100101 Firefox/132.0" "-"
74.7.241.0 - - [07/Aug/2026:02:33:41 +0200] "GET /?lokasie=/usr/bin/etags.emacs&loknya=/usr/bin HTTP/1.1" 200 235404 chocadoodle.co.uk "https://chocadoodle.co.uk/?loknya=/usr/bin" "Mozilla/5.0 AppleWebKit/537.36 (KHTML, like Gecko; compatible; GPTBot/1.4; +https://openai.com/gptbot)" "-"
85.25.185.0 - - [07/Aug/2026:02:33:42 +0200] "GET /dutlwi/ocudht-c.html HTTP/1.1" 200 27498 wrigglesworths.co.uk "-" "Mozilla/5.0 (Macintosh; Intel Mac OS X 10_15_7; rv:132.0) Gecko/20100101 Firefox/132.0" "-"
85.25.185.0 - - [07/Aug/2026:02:33:44 +0200] "GET /pezafu/dwmrst-c.html HTTP/1.1" 200 27498 wrigglesworths.co.uk "-" "Mozilla/5.0 (Macintosh; Intel Mac OS X 10_15_7; rv:132.0) Gecko/20100101 Firefox/132.0" "-"
85.25.185.0 - - [07/Aug/2026:02:33:46 +0200] "GET /sixljo/nzwsrv-c.html HTTP/1.1" 200 27498 wrigglesworths.co.uk "-" "Mozilla/5.0 (Macintosh; Intel Mac OS X 10_15_7; rv:132.0) Gecko/20100101 Firefox/132.0" "-"
85.25.185.0 - - [07/Aug/2026:02:33:48 +0200] "GET /ewwdvx/victuu-c.html HTTP/1.1" 200 27498 wrigglesworths.co.uk "-" "Mozilla/5.0 (Macintosh; Intel Mac OS X 10_15_7; rv:132.0) Gecko/20100101 Firefox/132.0" "-"
74.7.242.0 - - [07/Aug/2026:02:33:48 +0200] "GET /items/12800486439154.html/?lokasie=/sbin/ctrlaltdel&loknya=/sbin HTTP/1.1" 404 1271 www.chocadoodle.co.uk "https://www.chocadoodle.co.uk/items/12800486439154.html/?loknya=/sbin" "Mozilla/5.0 AppleWebKit/537.36 (KHTML, like Gecko; compatible; GPTBot/1.4; +https://openai.com/gptbot)" "-"
74.7.241.0 - - [07/Aug/2026:02:33:49 +0200] "GET /?lokasie=/usr/bin/gouldtoppm&loknya=/usr/bin HTTP/1.1" 200 19697 chocadoodle.co.uk "https://chocadoodle.co.uk/?loknya=/usr/bin" "Mozilla/5.0 AppleWebKit/537.36 (KHTML, like Gecko; compatible; GPTBot/1.4; +https://openai.com/gptbot)" "-"
85.25.185.0 - - [07/Aug/2026:02:33:50 +0200] "GET /wdhdaw/kjwhsx-c.html HTTP/1.1" 200 27498 wrigglesworths.co.uk "-" "Mozilla/5.0 (Macintosh; Intel Mac OS X 10_15_7; rv:132.0) Gecko/20100101 Firefox/132.0" "-"
162.214.74.0 - - [07/Aug/2026:02:33:51 +0200] "GET /wp-json/wp/v2/posts HTTP/1.1" 404 1271 chocadoodle.co.uk "-" "Mozilla/5.0 (Windows NT 10.0; Win64; x64) AppleWebKit/537.36 (KHTML, like Gecko) Chrome/120.0.0.0 Safari/537.36" "-"
85.25.185.0 - - [07/Aug/2026:02:33:52 +0200] "GET /veyabk/dscfjn-c.html HTTP/1.1" 200 27498 wrigglesworths.co.uk "-" "Mozilla/5.0 (Macintosh; Intel Mac OS X 10_15_7; rv:132.0) Gecko/20100101 Firefox/132.0" "-"
85.25.185.0 - - [07/Aug/2026:02:33:54 +0200] "GET /texulo/njgfkn-c.html HTTP/1.1" 200 27498 wrigglesworths.co.uk "-" "Mozilla/5.0 (Macintosh; Intel Mac OS X 10_15_7; rv:132.0) Gecko/20100101 Firefox/132.0" "-"
85.25.185.0 - - [07/Aug/2026:02:33:56 +0200] "GET /nnaudg/aqkgwf-c.html HTTP/1.1" 200 27498 wrigglesworths.co.uk "-" "Mozilla/5.0 (Macintosh; Intel Mac OS X 10_15_7; rv:132.0) Gecko/20100101 Firefox/132.0" "-"
74.7.241.0 - - [07/Aug/2026:02:33:57 +0200] "GET /?lokasie=/usr/bin/mysqlimport&loknya=/usr/bin HTTP/1.1" 429 267 chocadoodle.co.uk "https://chocadoodle.co.uk/?loknya=/usr/bin" "Mozilla/5.0 AppleWebKit/537.36 (KHTML, like Gecko; compatible; GPTBot/1.4; +https://openai.com/gptbot)" "-"
85.25.185.0 - - [07/Aug/2026:02:33:58 +0200] "GET /lbrmwk/uqszfq-c.html HTTP/1.1" 200 27498 wrigglesworths.co.uk "-" "Mozilla/5.0 (Macintosh; Intel Mac OS X 10_15_7; rv:132.0) Gecko/20100101 Firefox/132.0" "-"
85.25.185.0 - - [07/Aug/2026:02:34:00 +0200] "GET /rfbuje/ikwlmm-c.html HTTP/1.1" 200 27498 wrigglesworths.co.uk "-" "Mozilla/5.0 (Macintosh; Intel Mac OS X 10_15_7; rv:132.0) Gecko/20100101 Firefox/132.0" "-"
85.25.185.0 - - [07/Aug/2026:02:34:02 +0200] "GET /ozejbv/mmdqul-c.html HTTP/1.1" 200 27498 wrigglesworths.co.uk "-" "Mozilla/5.0 (Macintosh; Intel Mac OS X 10_15_7; rv:132.0) Gecko/20100101 Firefox/132.0" "-"
85.25.185.0 - - [07/Aug/2026:02:34:04 +0200] "GET /kxclbg/ynkihb-c.html HTTP/1.1" 200 27498 wrigglesworths.co.uk "-" "Mozilla/5.0 (Macintosh; Intel Mac OS X 10_15_7; rv:132.0) Gecko/20100101 Firefox/132.0" "-"
74.7.241.0 - - [07/Aug/2026:02:34:04 +0200] "GET /?lokasie=/usr/bin/pgmenhance&loknya=/usr/bin HTTP/1.1" 429 267 chocadoodle.co.uk "https://chocadoodle.co.uk/?loknya=/usr/bin" "Mozilla/5.0 AppleWebKit/537.36 (KHTML, like Gecko; compatible; GPTBot/1.4; +https://openai.com/gptbot)" "-"
85.25.185.0 - - [07/Aug/2026:02:34:06 +0200] "GET /rwbktr/pdveuo-c.html HTTP/1.1" 200 27498 wrigglesworths.co.uk "-" "Mozilla/5.0 (Macintosh; Intel Mac OS X 10_15_7; rv:132.0) Gecko/20100101 Firefox/132.0" "-"
85.25.185.0 - - [07/Aug/2026:02:34:08 +0200] "GET /lkrgab/jbayyg-c.html HTTP/1.1" 200 27498 wrigglesworths.co.uk "-" "Mozilla/5.0 (Macintosh; Intel Mac OS X 10_15_7; rv:132.0) Gecko/20100101 Firefox/132.0" "-"
85.25.185.0 - - [07/Aug/2026:02:34:10 +0200] "GET /dpbvcp/wsvpvb-c.html HTTP/1.1" 200 27498 wrigglesworths.co.uk "-" "Mozilla/5.0 (Macintosh; Intel Mac OS X 10_15_7; rv:132.0) Gecko/20100101 Firefox/132.0" "-"
85.25.185.0 - - [07/Aug/2026:02:34:12 +0200] "GET /mtfmja/kbnzgm-c.html HTTP/1.1" 200 27498 wrigglesworths.co.uk "-" "Mozilla/5.0 (Macintosh; Intel Mac OS X 10_15_7; rv:132.0) Gecko/20100101 Firefox/132.0" "-"
85.25.185.0 - - [07/Aug/2026:02:34:14 +0200] "GET /llkinn/gftnry-c.html HTTP/1.1" 200 27498 wrigglesworths.co.uk "-" "Mozilla/5.0 (Macintosh; Intel Mac OS X 10_15_7; rv:132.0) Gecko/20100101 Firefox/132.0" "-"
85.25.185.0 - - [07/Aug/2026:02:34:16 +0200] "GET /vsxvcq/nxwynw-c.html HTTP/1.1" 200 27498 wrigglesworths.co.uk "-" "Mozilla/5.0 (Macintosh; Intel Mac OS X 10_15_7; rv:132.0) Gecko/20100101 Firefox/132.0" "-"
85.25.185.0 - - [07/Aug/2026:02:34:18 +0200] "GET /lnrear/exoykt-c.html HTTP/1.1" 200 27498 wrigglesworths.co.uk "-" "Mozilla/5.0 (Macintosh; Intel Mac OS X 10_15_7; rv:132.0) Gecko/20100101 Firefox/132.0" "-"
85.25.185.0 - - [07/Aug/2026:02:34:20 +0200] "GET /auyhzq/gcvkxz-c.html HTTP/1.1" 200 27498 wrigglesworths.co.uk "-" "Mozilla/5.0 (Macintosh; Intel Mac OS X 10_15_7; rv:132.0) Gecko/20100101 Firefox/132.0" "-"
2a03:2880:f800:: - - [07/Aug/2026:02:34:20 +0200] "GET /?lokasie=/kunden/bin/runlock&loknya=/kunden/bin HTTP/1.1" 200 21592 www.chocadoodle.co.uk "-" "Mozilla/5.0 (Macintosh; Intel Mac OS X 10_15_7) AppleWebKit/537.36 (KHTML, like Gecko) Chrome/145.0.0.0 Safari/537.36 (compatible; meta-externalagent/1.1 (+https://developers.facebook.com/docs/sharing/webmasters/crawler))" "-"
85.25.185.0 - - [07/Aug/2026:02:34:22 +0200] "GET /itlhlg/hehaup-c.html HTTP/1.1" 200 27498 wrigglesworths.co.uk "-" "Mozilla/5.0 (Macintosh; Intel Mac OS X 10_15_7; rv:132.0) Gecko/20100101 Firefox/132.0" "-"
85.25.185.0 - - [07/Aug/2026:02:34:24 +0200] "GET /wplyvy/ndlais-c.html HTTP/1.1" 200 27498 wrigglesworths.co.uk "-" "Mozilla/5.0 (Macintosh; Intel Mac OS X 10_15_7; rv:132.0) Gecko/20100101 Firefox/132.0" "-"
74.7.241.0 - - [07/Aug/2026:02:34:24 +0200] "GET /?lokasie=/usr/bin/mariadb-conv&loknya=/usr/bin HTTP/1.1" 429 267 chocadoodle.co.uk "https://chocadoodle.co.uk/?loknya=/usr/bin" "Mozilla/5.0 AppleWebKit/537.36 (KHTML, like Gecko; compatible; GPTBot/1.4; +https://openai.com/gptbot)" "-"
114.119.146.0 - - [07/Aug/2026:02:34:24 +0200] "GET /goods.php?special/107006523.html HTTP/1.1" 200 167631 www.chocadoodle.co.uk "https://www.chocadoodle.co.uk/goods.php?sitemap483.xml" "Mozilla/5.0 (Linux; Android 7.0;) AppleWebKit/537.36 (HTML, like Gecko) Mobile Safari/537.36 (compatible; PetalBot;+https://webmaster.petalsearch.com/site/petalbot)" "-"
85.25.185.0 - - [07/Aug/2026:02:34:26 +0200] "GET /gmwbgr/npkyst-c.html HTTP/1.1" 200 27498 wrigglesworths.co.uk "-" "Mozilla/5.0 (Macintosh; Intel Mac OS X 10_15_7; rv:132.0) Gecko/20100101 Firefox/132.0" "-"
85.25.185.0 - - [07/Aug/2026:02:34:28 +0200] "GET /qqiamf/razoon-c.html HTTP/1.1" 200 27498 wrigglesworths.co.uk "-" "Mozilla/5.0 (Macintosh; Intel Mac OS X 10_15_7; rv:132.0) Gecko/20100101 Firefox/132.0" "-"
85.25.185.0 - - [07/Aug/2026:02:34:30 +0200] "GET /uycapy/qtcnhn-c.html HTTP/1.1" 200 27498 wrigglesworths.co.uk "-" "Mozilla/5.0 (Macintosh; Intel Mac OS X 10_15_7; rv:132.0) Gecko/20100101 Firefox/132.0" "-"
85.25.185.0 - - [07/Aug/2026:02:34:32 +0200] "GET /cdpydr/oyhcxo-c.html HTTP/1.1" 200 27498 wrigglesworths.co.uk "-" "Mozilla/5.0 (Macintosh; Intel Mac OS X 10_15_7; rv:132.0) Gecko/20100101 Firefox/132.0" "-"
85.25.185.0 - - [07/Aug/2026:02:34:34 +0200] "GET /qbhxwf/kgqkpg-c.html HTTP/1.1" 200 27498 wrigglesworths.co.uk "-" "Mozilla/5.0 (Macintosh; Intel Mac OS X 10_15_7; rv:132.0) Gecko/20100101 Firefox/132.0" "-"
85.25.185.0 - - [07/Aug/2026:02:34:36 +0200] "GET /qaadwk/oufelj-c.html HTTP/1.1" 200 27498 wrigglesworths.co.uk "-" "Mozilla/5.0 (Macintosh; Intel Mac OS X 10_15_7; rv:132.0) Gecko/20100101 Firefox/132.0" "-"
85.25.185.0 - - [07/Aug/2026:02:34:38 +0200] "GET /kkznln/sgnsnz-c.html HTTP/1.1" 200 27498 wrigglesworths.co.uk "-" "Mozilla/5.0 (Macintosh; Intel Mac OS X 10_15_7; rv:132.0) Gecko/20100101 Firefox/132.0" "-"
85.25.185.0 - - [07/Aug/2026:02:34:40 +0200] "GET /gjuwol/fbnxnx-c.html HTTP/1.1" 200 27498 wrigglesworths.co.uk "-" "Mozilla/5.0 (Macintosh; Intel Mac OS X 10_15_7; rv:132.0) Gecko/20100101 Firefox/132.0" "-"
85.25.185.0 - - [07/Aug/2026:02:34:42 +0200] "GET /qigrup/alnwcb-c.html HTTP/1.1" 200 27498 wrigglesworths.co.uk "-" "Mozilla/5.0 (Macintosh; Intel Mac OS X 10_15_7; rv:132.0) Gecko/20100101 Firefox/132.0" "-"
85.25.185.0 - - [07/Aug/2026:02:34:44 +0200] "GET /wswfgl/tadjno-c.html HTTP/1.1" 200 27498 wrigglesworths.co.uk "-" "Mozilla/5.0 (Macintosh; Intel Mac OS X 10_15_7; rv:132.0) Gecko/20100101 Firefox/132.0" "-"
85.25.185.0 - - [07/Aug/2026:02:34:46 +0200] "GET /wduvnb/rnrzwz-c.html HTTP/1.1" 200 27498 wrigglesworths.co.uk "-" "Mozilla/5.0 (Macintosh; Intel Mac OS X 10_15_7; rv:132.0) Gecko/20100101 Firefox/132.0" "-"
85.25.185.0 - - [07/Aug/2026:02:34:48 +0200] "GET /czcezu/cbmseg-c.html HTTP/1.1" 200 27498 wrigglesworths.co.uk "-" "Mozilla/5.0 (Macintosh; Intel Mac OS X 10_15_7; rv:132.0) Gecko/20100101 Firefox/132.0" "-"
85.25.185.0 - - [07/Aug/2026:02:34:50 +0200] "GET /vemvbu/gecjok-c.html HTTP/1.1" 200 27498 wrigglesworths.co.uk "-" "Mozilla/5.0 (Macintosh; Intel Mac OS X 10_15_7; rv:132.0) Gecko/20100101 Firefox/132.0" "-"
74.7.242.0 - - [07/Aug/2026:02:34:51 +0200] "GET /items/12541906134282.html/?lokasie=/sbin/quotacheck&loknya=/sbin HTTP/1.1" 404 1271 www.chocadoodle.co.uk "https://www.chocadoodle.co.uk/items/12541906134282.html/?loknya=/sbin" "Mozilla/5.0 AppleWebKit/537.36 (KHTML, like Gecko; compatible; GPTBot/1.4; +https://openai.com/gptbot)" "-"
85.25.185.0 - - [07/Aug/2026:02:34:52 +0200] "GET /bdklxb/gdcmiz-c.html HTTP/1.1" 200 27498 wrigglesworths.co.uk "-" "Mozilla/5.0 (Macintosh; Intel Mac OS X 10_15_7; rv:132.0) Gecko/20100101 Firefox/132.0" "-"
85.25.185.0 - - [07/Aug/2026:02:34:54 +0200] "GET /glueuo/kcblbk-c.html HTTP/1.1" 200 27498 wrigglesworths.co.uk "-" "Mozilla/5.0 (Macintosh; Intel Mac OS X 10_15_7; rv:132.0) Gecko/20100101 Firefox/132.0" "-"
85.25.185.0 - - [07/Aug/2026:02:34:56 +0200] "GET /hrchzg/gsjrob-c.html HTTP/1.1" 200 27498 wrigglesworths.co.uk "-" "Mozilla/5.0 (Macintosh; Intel Mac OS X 10_15_7; rv:132.0) Gecko/20100101 Firefox/132.0" "-"
114.119.146.0 - - [07/Aug/2026:02:34:56 +0200] "GET /tltyqi/jtzdjx-c.html HTTP/1.1" 200 27498 wrigglesworths.co.uk "http://wrigglesworths.co.uk/tltyqi/jtzdjx-c.html" "Mozilla/5.0 (Linux; Android 7.0;) AppleWebKit/537.36 (HTML, like Gecko) Mobile Safari/537.36 (compatible; PetalBot;+https://webmaster.petalsearch.com/site/petalbot)" "-"
85.25.185.0 - - [07/Aug/2026:02:34:58 +0200] "GET /tpdvcz/rzbmfn-c.html HTTP/1.1" 200 27498 wrigglesworths.co.uk "-" "Mozilla/5.0 (Macintosh; Intel Mac OS X 10_15_7; rv:132.0) Gecko/20100101 Firefox/132.0" "-"
85.25.185.0 - - [07/Aug/2026:02:35:00 +0200] "GET /asbpin/dtpduq-c.html HTTP/1.1" 200 27498 wrigglesworths.co.uk "-" "Mozilla/5.0 (Macintosh; Intel Mac OS X 10_15_7; rv:132.0) Gecko/20100101 Firefox/132.0" "-"
85.25.185.0 - - [07/Aug/2026:02:35:02 +0200] "GET /wwcaiv/xnqxdy-c.html HTTP/1.1" 200 27498 wrigglesworths.co.uk "-" "Mozilla/5.0 (Macintosh; Intel Mac OS X 10_15_7; rv:132.0) Gecko/20100101 Firefox/132.0" "-"
85.25.185.0 - - [07/Aug/2026:02:35:04 +0200] "GET /bhjpgk/kuwcau-c.html HTTP/1.1" 200 27498 wrigglesworths.co.uk "-" "Mozilla/5.0 (Macintosh; Intel Mac OS X 10_15_7; rv:132.0) Gecko/20100101 Firefox/132.0" "-"
85.25.185.0 - - [07/Aug/2026:02:35:06 +0200] "GET /vdkuvi/zzbdha-c.html HTTP/1.1" 200 27498 wrigglesworths.co.uk "-" "Mozilla/5.0 (Macintosh; Intel Mac OS X 10_15_7; rv:132.0) Gecko/20100101 Firefox/132.0" "-"
85.25.185.0 - - [07/Aug/2026:02:35:08 +0200] "GET /ycrlru/guydjk-c.html HTTP/1.1" 200 27498 wrigglesworths.co.uk "-" "Mozilla/5.0 (Macintosh; Intel Mac OS X 10_15_7; rv:132.0) Gecko/20100101 Firefox/132.0" "-"
85.25.185.0 - - [07/Aug/2026:02:35:10 +0200] "GET /nadymp/oqssvi-c.html HTTP/1.1" 200 27498 wrigglesworths.co.uk "-" "Mozilla/5.0 (Macintosh; Intel Mac OS X 10_15_7; rv:132.0) Gecko/20100101 Firefox/132.0" "-"
85.25.185.0 - - [07/Aug/2026:02:35:12 +0200] "GET /oykcbl/isucmz-c.html HTTP/1.1" 200 27498 wrigglesworths.co.uk "-" "Mozilla/5.0 (Macintosh; Intel Mac OS X 10_15_7; rv:132.0) Gecko/20100101 Firefox/132.0" "-"
85.25.185.0 - - [07/Aug/2026:02:35:14 +0200] "GET /xavpwx/kbprxn-c.html HTTP/1.1" 200 27498 wrigglesworths.co.uk "-" "Mozilla/5.0 (Macintosh; Intel Mac OS X 10_15_7; rv:132.0) Gecko/20100101 Firefox/132.0" "-"
85.25.185.0 - - [07/Aug/2026:02:35:16 +0200] "GET /ghzmpi/taylot-c.html HTTP/1.1" 200 27498 wrigglesworths.co.uk "-" "Mozilla/5.0 (Macintosh; Intel Mac OS X 10_15_7; rv:132.0) Gecko/20100101 Firefox/132.0" "-"
85.25.185.0 - - [07/Aug/2026:02:35:18 +0200] "GET /fpjlqv/qfuyxe-c.html HTTP/1.1" 200 27498 wrigglesworths.co.uk "-" "Mozilla/5.0 (Macintosh; Intel Mac OS X 10_15_7; rv:132.0) Gecko/20100101 Firefox/132.0" "-"
2a03:2880:f800:: - - [07/Aug/2026:02:35:18 +0200] "GET /?lokasie=/kunden/usr/lib/aspell/en_GB-ize-w_accents-only.rws&loknya=/kunden/usr/lib/aspell HTTP/1.1" 200 114793 www.chocadoodle.co.uk "-" "Mozilla/5.0 (Macintosh; Intel Mac OS X 10_15_7) AppleWebKit/537.36 (KHTML, like Gecko) Chrome/145.0.0.0 Safari/537.36 (compatible; meta-externalagent/1.1 (+https://developers.facebook.com/docs/sharing/webmasters/crawler))" "-"
85.25.185.0 - - [07/Aug/2026:02:35:20 +0200] "GET /wiszzu/gcdfgc-c.html HTTP/1.1" 200 27498 wrigglesworths.co.uk "-" "Mozilla/5.0 (Macintosh; Intel Mac OS X 10_15_7; rv:132.0) Gecko/20100101 Firefox/132.0" "-"
66.249.69.0 - - [07/Aug/2026:02:35:21 +0200] "GET /m16622164803364/ HTTP/1.1" 404 1271 www.chocadoodle.co.uk "-" "Mozilla/5.0 (Linux; Android 6.0.1; Nexus 5X Build/MMB29P) AppleWebKit/537.36 (KHTML, like Gecko) Chrome/150.0.7871.186 Mobile Safari/537.36 (compatible; Googlebot/2.1; +http://www.google.com/bot.html)" "-"
85.25.185.0 - - [07/Aug/2026:02:35:22 +0200] "GET /dvrbde/piykmy-c.html HTTP/1.1" 200 27498 wrigglesworths.co.uk "-" "Mozilla/5.0 (Macintosh; Intel Mac OS X 10_15_7; rv:132.0) Gecko/20100101 Firefox/132.0" "-"
85.25.185.0 - - [07/Aug/2026:02:35:24 +0200] "GET /udoxmw/owirlp-c.html HTTP/1.1" 200 27498 wrigglesworths.co.uk "-" "Mozilla/5.0 (Macintosh; Intel Mac OS X 10_15_7; rv:132.0) Gecko/20100101 Firefox/132.0" "-"
2a03:2880:f800:: - - [07/Aug/2026:02:35:25 +0200] "GET /?lokasie=/kunden/usr/lib/aspell/en_AU-w_accents.multi&loknya=/kunden/usr/lib/aspell HTTP/1.1" 200 4230 www.chocadoodle.co.uk "-" "Mozilla/5.0 (Windows NT 10.0; Win64; x64) AppleWebKit/537.36 (KHTML, like Gecko) Chrome/145.0.0.0 Safari/537.36 (compatible; meta-externalagent/1.1 (+https://developers.facebook.com/docs/sharing/webmasters/crawler))" "-"
85.25.185.0 - - [07/Aug/2026:02:35:26 +0200] "GET /gesrlq/kqczxx-c.html HTTP/1.1" 200 27498 wrigglesworths.co.uk "-" "Mozilla/5.0 (Macintosh; Intel Mac OS X 10_15_7; rv:132.0) Gecko/20100101 Firefox/132.0" "-"
85.25.185.0 - - [07/Aug/2026:02:35:28 +0200] "GET /ukrfvr/vlgumr-c.html HTTP/1.1" 200 27498 wrigglesworths.co.uk "-" "Mozilla/5.0 (Macintosh; Intel Mac OS X 10_15_7; rv:132.0) Gecko/20100101 Firefox/132.0" "-"
74.7.241.0 - - [07/Aug/2026:02:35:29 +0200] "GET /?lokasie=/usr/bin/mariadbcheck&loknya=/usr/bin HTTP/1.1" 200 5018302 chocadoodle.co.uk "https://chocadoodle.co.uk/?loknya=/usr/bin" "Mozilla/5.0 AppleWebKit/537.36 (KHTML, like Gecko; compatible; GPTBot/1.4; +https://openai.com/gptbot)" "-"
85.25.185.0 - - [07/Aug/2026:02:35:30 +0200] "GET /zxidzo/ibpplt-c.html HTTP/1.1" 200 27498 wrigglesworths.co.uk "-" "Mozilla/5.0 (Macintosh; Intel Mac OS X 10_15_7; rv:132.0) Gecko/20100101 Firefox/132.0" "-"
85.25.185.0 - - [07/Aug/2026:02:35:32 +0200] "GET /disppx/rdibom-c.html HTTP/1.1" 200 27498 wrigglesworths.co.uk "-" "Mozilla/5.0 (Macintosh; Intel Mac OS X 10_15_7; rv:132.0) Gecko/20100101 Firefox/132.0" "-"
85.25.185.0 - - [07/Aug/2026:02:35:34 +0200] "GET /kxkdjk/knoxcm-c.html HTTP/1.1" 200 27498 wrigglesworths.co.uk "-" "Mozilla/5.0 (Macintosh; Intel Mac OS X 10_15_7; rv:132.0) Gecko/20100101 Firefox/132.0" "-"
2a03:2880:f800:: - - [07/Aug/2026:02:35:34 +0200] "GET /?lokasie=/kunden/usr/lib/aspell/en_GB-wo_accents.multi&loknya=/kunden/usr/lib/aspell HTTP/1.1" 200 4215 www.chocadoodle.co.uk "-" "Mozilla/5.0 (Macintosh; Intel Mac OS X 10_15_7) AppleWebKit/537.36 (KHTML, like Gecko) Chrome/145.0.0.0 Safari/537.36 (compatible; meta-externalagent/1.1 (+https://developers.facebook.com/docs/sharing/webmasters/crawler))" "-"
2a03:2880:f800:: - - [07/Aug/2026:02:35:35 +0200] "GET /?loknya=/homepages/30/d725610564 HTTP/1.1" 200 14117 www.chocadoodle.co.uk "-" "Mozilla/5.0 (Macintosh; Intel Mac OS X 10_15_7) AppleWebKit/537.36 (KHTML, like Gecko) Chrome/145.0.0.0 Safari/537.36 (compatible; meta-externalagent/1.1 (+https://developers.facebook.com/docs/sharing/webmasters/crawler))" "-"
85.25.185.0 - - [07/Aug/2026:02:35:36 +0200] "GET /lzxgmq/nieujj-c.html HTTP/1.1" 200 27498 wrigglesworths.co.uk "-" "Mozilla/5.0 (Macintosh; Intel Mac OS X 10_15_7; rv:132.0) Gecko/20100101 Firefox/132.0" "-"
2a03:2880:f800:: - - [07/Aug/2026:02:35:37 +0200] "GET /?lokasie=/kunden/bin/mariadb-analyze&loknya=/kunden/bin HTTP/1.1" 200 5018325 www.chocadoodle.co.uk "-" "Mozilla/5.0 (Windows NT 10.0; Win64; x64) AppleWebKit/537.36 (KHTML, like Gecko) Chrome/145.0.0.0 Safari/537.36 (compatible; meta-externalagent/1.1 (+https://developers.facebook.com/docs/sharing/webmasters/crawler))" "-"
85.25.185.0 - - [07/Aug/2026:02:35:38 +0200] "GET /wzebhr/vxqcri-c.html HTTP/1.1" 200 27498 wrigglesworths.co.uk "-" "Mozilla/5.0 (Macintosh; Intel Mac OS X 10_15_7; rv:132.0) Gecko/20100101 Firefox/132.0" "-"
2a03:2880:f800:: - - [07/Aug/2026:02:35:39 +0200] "GET /?loknya=/homepages/43/d124547881/htdocs/chocadoodle.co.uk/wp-content/contact-bank/contact-bank HTTP/1.1" 200 7473 www.chocadoodle.co.uk "-" "Mozilla/5.0 (Windows NT 10.0; Win64; x64) AppleWebKit/537.36 (KHTML, like Gecko) Chrome/145.0.0.0 Safari/537.36 (compatible; meta-externalagent/1.1 (+https://developers.facebook.com/docs/sharing/webmasters/crawler))" "-"
2a03:2880:f800:: - - [07/Aug/2026:02:35:40 +0200] "GET /?lokasie=/kunden/usr/lib/aspell/iso-8859-7.cset&loknya=/kunden/usr/lib/aspell HTTP/1.1" 200 18218 www.chocadoodle.co.uk "-" "Mozilla/5.0 (Macintosh; Intel Mac OS X 10_15_7) AppleWebKit/537.36 (KHTML, like Gecko) Chrome/145.0.0.0 Safari/537.36 (compatible; meta-externalagent/1.1 (+https://developers.facebook.com/docs/sharing/webmasters/crawler))" "-"
85.25.185.0 - - [07/Aug/2026:02:35:40 +0200] "GET /wziaob/cgfisp-c.html HTTP/1.1" 200 27498 wrigglesworths.co.uk "-" "Mozilla/5.0 (Macintosh; Intel Mac OS X 10_15_7; rv:132.0) Gecko/20100101 Firefox/132.0" "-"
85.25.185.0 - - [07/Aug/2026:02:35:42 +0200] "GET /vtqlyr/immxin-c.html HTTP/1.1" 200 27498 wrigglesworths.co.uk "-" "Mozilla/5.0 (Macintosh; Intel Mac OS X 10_15_7; rv:132.0) Gecko/20100101 Firefox/132.0" "-"
85.25.185.0 - - [07/Aug/2026:02:35:44 +0200] "GET /fkjurb/djdyiz-c.html HTTP/1.1" 200 27498 wrigglesworths.co.uk "-" "Mozilla/5.0 (Macintosh; Intel Mac OS X 10_15_7; rv:132.0) Gecko/20100101 Firefox/132.0" "-"
85.25.185.0 - - [07/Aug/2026:02:35:46 +0200] "GET /txgbjx/crjsps-c.html HTTP/1.1" 200 27498 wrigglesworths.co.uk "-" "Mozilla/5.0 (Macintosh; Intel Mac OS X 10_15_7; rv:132.0) Gecko/20100101 Firefox/132.0" "-"
