144.76.32.0 - - [07/Aug/2026:05:25:22 +0200] "GET /goods.php?special/044015826.html HTTP/1.1" 200 163186 www.chocadoodle.co.uk "-" "Mozilla/5.0 (compatible; SERankingBacklinksBot/1.0; +https://seranking.com/backlinks-crawler)" "-"
144.76.32.0 - - [07/Aug/2026:05:25:26 +0200] "GET /goods.php?special/044015832.html HTTP/1.1" 200 171798 www.chocadoodle.co.uk "-" "Mozilla/5.0 (compatible; SERankingBacklinksBot/1.0; +https://seranking.com/backlinks-crawler)" "-"
144.76.32.0 - - [07/Aug/2026:05:25:30 +0200] "GET /goods.php?special/044016606.html HTTP/1.1" 200 164953 www.chocadoodle.co.uk "-" "Mozilla/5.0 (compatible; SERankingBacklinksBot/1.0; +https://seranking.com/backlinks-crawler)" "-"
74.7.241.0 - - [07/Aug/2026:05:25:32 +0200] "GET /?loknya=/usr/lib/x86_64-linux-gnu/perl/5.32/Unicode/ HTTP/1.1" 200 9371 chocadoodle.co.uk "https://chocadoodle.co.uk/?loknya=/usr/lib/x86_64-linux-gnu/perl/5.32/Unicode/Collate" "Mozilla/5.0 AppleWebKit/537.36 (KHTML, like Gecko; compatible; GPTBot/1.4; +https://openai.com/gptbot)" "-"
144.76.32.0 - - [07/Aug/2026:05:25:34 +0200] "GET /goods.php?special/044017620.html HTTP/1.1" 200 154881 www.chocadoodle.co.uk "-" "Mozilla/5.0 (compatible; SERankingBacklinksBot/1.0; +https://seranking.com/backlinks-crawler)" "-"
114.119.129.0 - - [07/Aug/2026:05:25:35 +0200] "GET /goods.php?special/284028788.html HTTP/1.1" 200 157894 www.chocadoodle.co.uk "https://www.chocadoodle.co.uk/goods.php?special/284028788.html" "Mozilla/5.0 (Linux; Android 7.0;) AppleWebKit/537.36 (HTML, like Gecko) Mobile Safari/537.36 (compatible; PetalBot;+https://webmaster.petalsearch.com/site/petalbot)" "-"
144.76.32.0 - - [07/Aug/2026:05:25:37 +0200] "GET /goods.php?special/044035306.html HTTP/1.1" 200 164612 www.chocadoodle.co.uk "-" "Mozilla/5.0 (compatible; SERankingBacklinksBot/1.0; +https://seranking.com/backlinks-crawler)" "-"
173.208.236.0 - - [07/Aug/2026:05:25:38 +0200] "GET /product001 HTTP/1.1" 200 207865 chocadoodle.co.uk "-" "Mozilla/5.0 (compatible; Googlebot/2.1; +http://www.google.com/bot.html)" "-"
173.208.236.0 - - [07/Aug/2026:05:25:39 +0200] "GET / HTTP/1.1" 200 198252 chocadoodle.co.uk "-" "Mozilla/5.0 (compatible; Googlebot/2.1; +http://www.google.com/bot.html)" "-"
173.208.236.0 - - [07/Aug/2026:05:25:40 +0200] "GET / HTTP/1.1" 200 55082 chocadoodle.co.uk "-" "-" "-"
144.76.32.0 - - [07/Aug/2026:05:25:41 +0200] "GET /goods.php?special/044039092.html HTTP/1.1" 200 161939 www.chocadoodle.co.uk "-" "Mozilla/5.0 (compatible; SERankingBacklinksBot/1.0; +https://seranking.com/backlinks-crawler)" "-"
144.76.32.0 - - [07/Aug/2026:05:25:45 +0200] "GET /goods.php?special/044047586.html HTTP/1.1" 200 195336 www.chocadoodle.co.uk "-" "Mozilla/5.0 (compatible; SERankingBacklinksBot/1.0; +https://seranking.com/backlinks-crawler)" "-"
74.7.241.0 - - [07/Aug/2026:05:25:46 +0200] "GET /?loknya=/etc/apparmor.d HTTP/1.1" 200 8719 chocadoodle.co.uk "https://chocadoodle.co.uk/?loknya=/etc" "Mozilla/5.0 AppleWebKit/537.36 (KHTML, like Gecko; compatible; GPTBot/1.4; +https://openai.com/gptbot)" "-"
144.76.32.0 - - [07/Aug/2026:05:25:48 +0200] "GET /goods.php?special/045001275.html HTTP/1.1" 200 155994 www.chocadoodle.co.uk "-" "Mozilla/5.0 (compatible; SERankingBacklinksBot/1.0; +https://seranking.com/backlinks-crawler)" "-"
144.76.32.0 - - [07/Aug/2026:05:25:52 +0200] "GET /goods.php?special/045021125.html HTTP/1.1" 200 161176 www.chocadoodle.co.uk "-" "Mozilla/5.0 (compatible; SERankingBacklinksBot/1.0; +https://seranking.com/backlinks-crawler)" "-"
74.7.242.0 - - [07/Aug/2026:05:25:56 +0200] "GET /items/36304195061467.html/?loknya=/homepages/43/d124547881/ HTTP/1.1" 200 25950 www.chocadoodle.co.uk "https://www.chocadoodle.co.uk/items/36304195061467.html/?loknya=/homepages/43/d124547881/htdocs/" "Mozilla/5.0 AppleWebKit/537.36 (KHTML, like Gecko; compatible; GPTBot/1.4; +https://openai.com/gptbot)" "-"
144.76.32.0 - - [07/Aug/2026:05:25:56 +0200] "GET /goods.php?special/045041207.html HTTP/1.1" 200 156708 www.chocadoodle.co.uk "-" "Mozilla/5.0 (compatible; SERankingBacklinksBot/1.0; +https://seranking.com/backlinks-crawler)" "-"
74.7.241.0 - - [07/Aug/2026:05:25:59 +0200] "GET /?loknya=/etc/libpaper.d HTTP/1.1" 200 5078 chocadoodle.co.uk "https://chocadoodle.co.uk/?loknya=/etc" "Mozilla/5.0 AppleWebKit/537.36 (KHTML, like Gecko; compatible; GPTBot/1.4; +https://openai.com/gptbot)" "-"
144.76.32.0 - - [07/Aug/2026:05:26:00 +0200] "GET /goods.php?special/046011728.html HTTP/1.1" 200 157952 www.chocadoodle.co.uk "-" "Mozilla/5.0 (compatible; SERankingBacklinksBot/1.0; +https://seranking.com/backlinks-crawler)" "-"
144.76.32.0 - - [07/Aug/2026:05:26:03 +0200] "GET /goods.php?special/046012010.html HTTP/1.1" 200 158263 www.chocadoodle.co.uk "-" "Mozilla/5.0 (compatible; SERankingBacklinksBot/1.0; +https://seranking.com/backlinks-crawler)" "-"
144.76.32.0 - - [07/Aug/2026:05:26:07 +0200] "GET /goods.php?special/047004457.html HTTP/1.1" 200 155254 www.chocadoodle.co.uk "-" "Mozilla/5.0 (compatible; SERankingBacklinksBot/1.0; +https://seranking.com/backlinks-crawler)" "-"
74.7.241.0 - - [07/Aug/2026:05:26:11 +0200] "GET /?lokasie=/bin/pidof&loknya=/bin HTTP/1.1" 200 56940 chocadoodle.co.uk "https://chocadoodle.co.uk/?loknya=/bin" "Mozilla/5.0 AppleWebKit/537.36 (KHTML, like Gecko; compatible; GPTBot/1.4; +https://openai.com/gptbot)" "-"
144.76.32.0 - - [07/Aug/2026:05:26:11 +0200] "GET /goods.php?special/047026227.html HTTP/1.1" 200 156621 www.chocadoodle.co.uk "-" "Mozilla/5.0 (compatible; SERankingBacklinksBot/1.0; +https://seranking.com/backlinks-crawler)" "-"
144.76.32.0 - - [07/Aug/2026:05:26:14 +0200] "GET /goods.php?special/047038393.html HTTP/1.1" 200 156148 www.chocadoodle.co.uk "-" "Mozilla/5.0 (compatible; SERankingBacklinksBot/1.0; +https://seranking.com/backlinks-crawler)" "-"
144.76.32.0 - - [07/Aug/2026:05:26:18 +0200] "GET /goods.php?special/047040167.html HTTP/1.1" 200 189828 www.chocadoodle.co.uk "-" "Mozilla/5.0 (compatible; SERankingBacklinksBot/1.0; +https://seranking.com/backlinks-crawler)" "-"
114.119.148.0 - - [07/Aug/2026:05:26:18 +0200] "GET /diyopu/rxdish-c.html HTTP/1.1" 200 27498 wrigglesworths.co.uk "http://wrigglesworths.co.uk/diyopu/rxdish-c.html" "Mozilla/5.0 (Linux; Android 7.0;) AppleWebKit/537.36 (HTML, like Gecko) Mobile Safari/537.36 (compatible; PetalBot;+https://webmaster.petalsearch.com/site/petalbot)" "-"
74.7.241.0 - - [07/Aug/2026:05:26:22 +0200] "GET /?lokasie=/kunden/bin/x86_64-linux-gnu-gprof&loknya=/kunden/bin HTTP/1.1" 200 181544 chocadoodle.co.uk "https://chocadoodle.co.uk/?loknya=/kunden/bin" "Mozilla/5.0 AppleWebKit/537.36 (KHTML, like Gecko; compatible; GPTBot/1.4; +https://openai.com/gptbot)" "-"
144.76.32.0 - - [07/Aug/2026:05:26:22 +0200] "GET /goods.php?special/048002292.html HTTP/1.1" 200 158924 www.chocadoodle.co.uk "-" "Mozilla/5.0 (compatible; SERankingBacklinksBot/1.0; +https://seranking.com/backlinks-crawler)" "-"
144.76.32.0 - - [07/Aug/2026:05:26:26 +0200] "GET /goods.php?special/048012190.html HTTP/1.1" 200 163936 www.chocadoodle.co.uk "-" "Mozilla/5.0 (compatible; SERankingBacklinksBot/1.0; +https://seranking.com/backlinks-crawler)" "-"
144.76.32.0 - - [07/Aug/2026:05:26:29 +0200] "GET /goods.php?special/048040548.html HTTP/1.1" 200 164791 www.chocadoodle.co.uk "-" "Mozilla/5.0 (compatible; SERankingBacklinksBot/1.0; +https://seranking.com/backlinks-crawler)" "-"
74.7.241.0 - - [07/Aug/2026:05:26:31 +0200] "GET /?loknya=/usr/lib/x86_64--gnu/perl/5.32.1 HTTP/1.1" 200 5314 chocadoodle.co.uk "https://chocadoodle.co.uk/?loknya=/usr/lib/x86_64--gnu/perl/5.32.1/" "Mozilla/5.0 AppleWebKit/537.36 (KHTML, like Gecko; compatible; GPTBot/1.4; +https://openai.com/gptbot)" "-"
144.76.32.0 - - [07/Aug/2026:05:26:33 +0200] "GET /goods.php?special/048047638.html HTTP/1.1" 200 162267 www.chocadoodle.co.uk "-" "Mozilla/5.0 (compatible; SERankingBacklinksBot/1.0; +https://seranking.com/backlinks-crawler)" "-"
144.76.32.0 - - [07/Aug/2026:05:26:37 +0200] "GET /goods.php?special/049014981.html HTTP/1.1" 200 154808 www.chocadoodle.co.uk "-" "Mozilla/5.0 (compatible; SERankingBacklinksBot/1.0; +https://seranking.com/backlinks-crawler)" "-"
114.40.135.0 - - [07/Aug/2026:05:26:38 +0200] "GET / HTTP/1.1" 200 55080 chocadoodle.co.uk "-" "Mozilla/5.0 (Windows NT 10.0; Win64; x64) AppleWebKit/537.36 (KHTML, like Gecko) Chrome/143.0.0.0 Safari/537.36" "-"
74.7.241.0 - - [07/Aug/2026:05:26:39 +0200] "GET /?loknya=/usr/lib/x86_64-linux-gnu/perl/5.32/auto/Filter/Util/ HTTP/1.1" 200 6728 chocadoodle.co.uk "https://chocadoodle.co.uk/?loknya=/usr/lib/x86_64-linux-gnu/perl/5.32/auto/Filter/Util/Call" "Mozilla/5.0 AppleWebKit/537.36 (KHTML, like Gecko; compatible; GPTBot/1.4; +https://openai.com/gptbot)" "-"
144.76.32.0 - - [07/Aug/2026:05:26:41 +0200] "GET /goods.php?special/049027791.html HTTP/1.1" 200 176619 www.chocadoodle.co.uk "-" "Mozilla/5.0 (compatible; SERankingBacklinksBot/1.0; +https://seranking.com/backlinks-crawler)" "-"
114.40.135.0 - - [07/Aug/2026:05:26:42 +0200] "GET /favicon.ico HTTP/1.1" 200 55080 chocadoodle.co.uk "https://chocadoodle.co.uk/" "Mozilla/5.0 (Windows NT 10.0; Win64; x64) AppleWebKit/537.36 (KHTML, like Gecko) Chrome/143.0.0.0 Safari/537.36" "-"
144.76.32.0 - - [07/Aug/2026:05:26:45 +0200] "GET /goods.php?special/049042745.html HTTP/1.1" 200 165586 www.chocadoodle.co.uk "-" "Mozilla/5.0 (compatible; SERankingBacklinksBot/1.0; +https://seranking.com/backlinks-crawler)" "-"
74.7.241.0 - - [07/Aug/2026:05:26:47 +0200] "GET /?lokasie=/kunden/bin/x86_64-linux-gnu-strip&loknya=/kunden/bin HTTP/1.1" 429 267 chocadoodle.co.uk "https://chocadoodle.co.uk/?loknya=/kunden/bin" "Mozilla/5.0 AppleWebKit/537.36 (KHTML, like Gecko; compatible; GPTBot/1.4; +https://openai.com/gptbot)" "-"
144.76.32.0 - - [07/Aug/2026:05:26:48 +0200] "GET /goods.php?special/049043287.html HTTP/1.1" 200 157805 www.chocadoodle.co.uk "-" "Mozilla/5.0 (compatible; SERankingBacklinksBot/1.0; +https://seranking.com/backlinks-crawler)" "-"
2a03:2880:f800:: - - [07/Aug/2026:05:26:49 +0200] "GET /?lokasie=/kunden/kunden/bin/rrsync&loknya=/kunden/kunden/bin HTTP/1.1" 200 13348 www.chocadoodle.co.uk "-" "Mozilla/5.0 (Windows NT 10.0; Win64; x64) AppleWebKit/537.36 (KHTML, like Gecko) Chrome/145.0.0.0 Safari/537.36 (compatible; meta-externalagent/1.1 (+https://developers.facebook.com/docs/sharing/webmasters/crawler))" "-"
144.76.32.0 - - [07/Aug/2026:05:26:52 +0200] "GET /goods.php?special/050000214.html HTTP/1.1" 200 168506 www.chocadoodle.co.uk "-" "Mozilla/5.0 (compatible; SERankingBacklinksBot/1.0; +https://seranking.com/backlinks-crawler)" "-"
74.7.242.0 - - [07/Aug/2026:05:26:53 +0200] "GET /items/39773178042806.html/?loknya=/homepages/43/d124547881/htdocs/ HTTP/1.1" 200 20004 www.chocadoodle.co.uk "https://www.chocadoodle.co.uk/items/39773178042806.html/" "Mozilla/5.0 AppleWebKit/537.36 (KHTML, like Gecko; compatible; GPTBot/1.4; +https://openai.com/gptbot)" "-"
74.7.241.0 - - [07/Aug/2026:05:26:53 +0200] "GET /?lokasie=/usr/lib//libnetpbm.so.10.0&loknya=/usr/lib/ HTTP/1.1" 429 267 chocadoodle.co.uk "https://chocadoodle.co.uk/?loknya=/usr/lib/" "Mozilla/5.0 AppleWebKit/537.36 (KHTML, like Gecko; compatible; GPTBot/1.4; +https://openai.com/gptbot)" "-"
2a03:2880:f800:: - - [07/Aug/2026:05:26:54 +0200] "GET /?lokasie=/kunden/kunden/bin/ri2.7&loknya=/kunden/kunden/bin HTTP/1.1" 200 4644 www.chocadoodle.co.uk "-" "Mozilla/5.0 (Windows NT 10.0; Win64; x64) AppleWebKit/537.36 (KHTML, like Gecko) Chrome/145.0.0.0 Safari/537.36 (compatible; meta-externalagent/1.1 (+https://developers.facebook.com/docs/sharing/webmasters/crawler))" "-"
144.76.32.0 - - [07/Aug/2026:05:26:56 +0200] "GET /goods.php?special/050000954.html HTTP/1.1" 200 158446 www.chocadoodle.co.uk "-" "Mozilla/5.0 (compatible; SERankingBacklinksBot/1.0; +https://seranking.com/backlinks-crawler)" "-"
2a03:2880:f800:: - - [07/Aug/2026:05:26:58 +0200] "GET /?lokasie=/kunden/kunden/bin/host&loknya=/kunden/kunden/bin HTTP/1.1" 200 152120 www.chocadoodle.co.uk "-" "Mozilla/5.0 (Windows NT 10.0; Win64; x64) AppleWebKit/537.36 (KHTML, like Gecko) Chrome/145.0.0.0 Safari/537.36 (compatible; meta-externalagent/1.1 (+https://developers.facebook.com/docs/sharing/webmasters/crawler))" "-"
114.119.146.0 - - [07/Aug/2026:05:26:58 +0200] "GET /goods.php?special/283041273.html HTTP/1.1" 200 162069 www.chocadoodle.co.uk "https://www.chocadoodle.co.uk/goods.php?special/283041273.html" "Mozilla/5.0 (Linux; Android 7.0;) AppleWebKit/537.36 (HTML, like Gecko) Mobile Safari/537.36 (compatible; PetalBot;+https://webmaster.petalsearch.com/site/petalbot)" "-"
184.154.36.0 - - [07/Aug/2026:05:26:59 +0200] "GET / HTTP/1.1" 200 58525 www.gbwconsulting.co.uk "http://www.google.com/url?url=www.gbwconsulting.co.uk&yahoo.com" "Mozilla/5.0 (compatible; MSIE 9.0; Windows NT 6.1; WOW64; Trident/6.0)" "-"
184.154.36.0 - - [07/Aug/2026:05:27:00 +0200] "GET /th1s_1s_a_4o4.html HTTP/1.1" 200 58525 www.gbwconsulting.co.uk "http://www.google.com/url?url=www.gbwconsulting.co.uk&yahoo.com" "Mozilla/5.0 (compatible; MSIE 9.0; Windows NT 6.1; WOW64; Trident/6.0)" "-"
144.76.32.0 - - [07/Aug/2026:05:27:00 +0200] "GET /goods.php?special/050013696.html HTTP/1.1" 200 158160 www.chocadoodle.co.uk "-" "Mozilla/5.0 (compatible; SERankingBacklinksBot/1.0; +https://seranking.com/backlinks-crawler)" "-"
184.154.36.0 - - [07/Aug/2026:05:27:01 +0200] "GET /?feed=comments-rss2 HTTP/1.1" 200 58525 www.gbwconsulting.co.uk "-" "SiteLockSpider [en] (WinNT; I ;Nav)" "-"
184.154.36.0 - - [07/Aug/2026:05:27:01 +0200] "GET /index.php?rest_route=%2Foembed%2F1.0%2Fembed&url=http%3A%2F%2Fwww.gbwconsulting.co.uk%2F&format=xml HTTP/1.1" 200 58525 www.gbwconsulting.co.uk "-" "SiteLockSpider [en] (WinNT; I ;Nav)" "-"
184.154.36.0 - - [07/Aug/2026:05:27:02 +0200] "GET /wp-includes/js/dist/interactivity.min.js?ver=6.4.3 HTTP/1.1" 200 32378 www.gbwconsulting.co.uk "http://www.google.com/url?url=www.gbwconsulting.co.uk&yahoo.com" "Mozilla/5.0 (compatible; MSIE 9.0; Windows NT 6.1; WOW64; Trident/6.0)" "-"
184.154.36.0 - - [07/Aug/2026:05:27:02 +0200] "GET /?page_id=58 HTTP/1.1" 200 58525 www.gbwconsulting.co.uk "-" "SiteLockSpider [en] (WinNT; I ;Nav)" "-"
2a03:2880:f800:: - - [07/Aug/2026:05:27:02 +0200] "GET /?lokasie=/kunden/kunden/bin/gcov-tool-10&loknya=/kunden/kunden/bin HTTP/1.1" 200 418565 www.chocadoodle.co.uk "-" "Mozilla/5.0 (Macintosh; Intel Mac OS X 10_15_7) AppleWebKit/537.36 (KHTML, like Gecko) Chrome/145.0.0.0 Safari/537.36 (compatible; meta-externalagent/1.1 (+https://developers.facebook.com/docs/sharing/webmasters/crawler))" "-"
184.154.36.0 - - [07/Aug/2026:05:27:03 +0200] "GET /?feed=rss2&page_id=22 HTTP/1.1" 200 58525 www.gbwconsulting.co.uk "-" "SiteLockSpider [en] (WinNT; I ;Nav)" "-"
184.154.36.0 - - [07/Aug/2026:05:27:04 +0200] "GET / HTTP/1.1" 200 58525 www.gbwconsulting.co.uk "-" "SiteLockSpider [en] (WinNT; I ;Nav)" "-"
184.154.36.0 - - [07/Aug/2026:05:27:04 +0200] "GET /wp-includes/blocks/navigation/style.min.css?ver=6.4.3 HTTP/1.1" 200 16534 www.gbwconsulting.co.uk "http://www.google.com/url?url=www.gbwconsulting.co.uk&yahoo.com" "Mozilla/5.0 (compatible; MSIE 9.0; Windows NT 6.1; WOW64; Trident/6.0)" "-"
184.154.36.0 - - [07/Aug/2026:05:27:04 +0200] "GET /?page_id=101 HTTP/1.1" 200 58525 www.gbwconsulting.co.uk "-" "SiteLockSpider [en] (WinNT; I ;Nav)" "-"
144.76.32.0 - - [07/Aug/2026:05:27:04 +0200] "GET /goods.php?special/050033652.html HTTP/1.1" 200 164644 www.chocadoodle.co.uk "-" "Mozilla/5.0 (compatible; SERankingBacklinksBot/1.0; +https://seranking.com/backlinks-crawler)" "-"
184.154.36.0 - - [07/Aug/2026:05:27:05 +0200] "GET /?feed=rss2 HTTP/1.1" 200 58525 www.gbwconsulting.co.uk "-" "SiteLockSpider [en] (WinNT; I ;Nav)" "-"
184.154.36.0 - - [07/Aug/2026:05:27:05 +0200] "GET /wp-includes/blocks/navigation/view.min.js?ver=e3d6f3216904b5b42831 HTTP/1.1" 200 3586 www.gbwconsulting.co.uk "-" "SiteLockSpider [en] (WinNT; I ;Nav)" "-"
184.154.36.0 - - [07/Aug/2026:05:27:06 +0200] "GET /index.php?rest_route=/wp/v2/pages/22 HTTP/1.1" 200 58525 www.gbwconsulting.co.uk "http://www.google.com/url?url=www.gbwconsulting.co.uk&yahoo.com" "Mozilla/5.0 (compatible; MSIE 9.0; Windows NT 6.1; WOW64; Trident/6.0)" "-"
184.154.36.0 - - [07/Aug/2026:05:27:06 +0200] "GET /index.php?rest_route=%2Foembed%2F1.0%2Fembed&url=http%3A%2F%2Fwww.gbwconsulting.co.uk%2F HTTP/1.1" 200 58525 www.gbwconsulting.co.uk "-" "SiteLockSpider [en] (WinNT; I ;Nav)" "-"
2a03:2880:f800:: - - [07/Aug/2026:05:27:06 +0200] "GET /?lokasie=/kunden/kunden/bin/renice&loknya=/kunden/kunden/bin HTTP/1.1" 200 21560 www.chocadoodle.co.uk "-" "Mozilla/5.0 (Windows NT 10.0; Win64; x64) AppleWebKit/537.36 (KHTML, like Gecko) Chrome/145.0.0.0 Safari/537.36 Edg/145.0.0.0 (compatible; meta-externalagent/1.1 (+https://developers.facebook.com/docs/sharing/webmasters/crawler))" "-"
184.154.36.0 - - [07/Aug/2026:05:27:07 +0200] "GET /index.php?rest_route=/ HTTP/1.1" 200 58525 www.gbwconsulting.co.uk "http://www.google.com/url?url=www.gbwconsulting.co.uk&yahoo.com" "Mozilla/5.0 (compatible; MSIE 9.0; Windows NT 6.1; WOW64; Trident/6.0)" "-"
184.154.36.0 - - [07/Aug/2026:05:27:07 +0200] "GET /?page_id=32 HTTP/1.1" 200 58525 www.gbwconsulting.co.uk "-" "SiteLockSpider [en] (WinNT; I ;Nav)" "-"
144.76.32.0 - - [07/Aug/2026:05:27:07 +0200] "GET /goods.php?special/050034366.html HTTP/1.1" 200 165322 www.chocadoodle.co.uk "-" "Mozilla/5.0 (compatible; SERankingBacklinksBot/1.0; +https://seranking.com/backlinks-crawler)" "-"
2a03:2880:f800:: - - [07/Aug/2026:05:27:10 +0200] "GET /?lokasie=/kunden/kunden/bin/identify&loknya=/kunden/kunden/bin HTTP/1.1" 200 19445 www.chocadoodle.co.uk "-" "Mozilla/5.0 (X11; Linux x86_64) AppleWebKit/537.36 (KHTML, like Gecko) Chrome/145.0.0.0 Safari/537.36 (compatible; meta-externalagent/1.1 (+https://developers.facebook.com/docs/sharing/webmasters/crawler))" "-"
144.76.32.0 - - [07/Aug/2026:05:27:11 +0200] "GET /goods.php?special/051026477.html HTTP/1.1" 200 159678 www.chocadoodle.co.uk "-" "Mozilla/5.0 (compatible; SERankingBacklinksBot/1.0; +https://seranking.com/backlinks-crawler)" "-"
2a03:2880:f800:: - - [07/Aug/2026:05:27:13 +0200] "GET /?lokasie=/kunden/bin/db5.3_verify&loknya=/kunden/bin HTTP/1.1" 200 21273 www.chocadoodle.co.uk "-" "Mozilla/5.0 (Windows NT 10.0; Win64; x64) AppleWebKit/537.36 (KHTML, like Gecko) Chrome/145.0.0.0 Safari/537.36 Edg/145.0.0.0 (compatible; meta-externalagent/1.1 (+https://developers.facebook.com/docs/sharing/webmasters/crawler))" "-"
2a03:2880:f800:: - - [07/Aug/2026:05:27:14 +0200] "GET /?lokasie=/kunden/kunden/bin/etags.emacs&loknya=/kunden/kunden/bin HTTP/1.1" 200 235483 www.chocadoodle.co.uk "-" "Mozilla/5.0 (X11; Linux x86_64) AppleWebKit/537.36 (KHTML, like Gecko) Chrome/145.0.0.0 Safari/537.36 (compatible; meta-externalagent/1.1 (+https://developers.facebook.com/docs/sharing/webmasters/crawler))" "-"
74.7.241.0 - - [07/Aug/2026:05:27:14 +0200] "GET /?lokasie=/lib/man-db/libman-2.9.4.so&loknya=/lib/man-db HTTP/1.1" 429 267 chocadoodle.co.uk "https://chocadoodle.co.uk/?loknya=/lib/man-db" "Mozilla/5.0 AppleWebKit/537.36 (KHTML, like Gecko; compatible; GPTBot/1.4; +https://openai.com/gptbot)" "-"
144.76.32.0 - - [07/Aug/2026:05:27:15 +0200] "GET /goods.php?special/051027811.html HTTP/1.1" 200 158372 www.chocadoodle.co.uk "-" "Mozilla/5.0 (compatible; SERankingBacklinksBot/1.0; +https://seranking.com/backlinks-crawler)" "-"
2a03:2880:f800:: - - [07/Aug/2026:05:27:17 +0200] "GET /?lokasie=/kunden/kunden/bin/passwd&loknya=/kunden/kunden/bin HTTP/1.1" 200 57058 www.chocadoodle.co.uk "-" "Mozilla/5.0 (Macintosh; Intel Mac OS X 10_15_7) AppleWebKit/537.36 (KHTML, like Gecko) Chrome/145.0.0.0 Safari/537.36 (compatible; meta-externalagent/1.1 (+https://developers.facebook.com/docs/sharing/webmasters/crawler))" "-"
144.76.32.0 - - [07/Aug/2026:05:27:18 +0200] "GET /goods.php?special/051033333.html HTTP/1.1" 200 185199 www.chocadoodle.co.uk "-" "Mozilla/5.0 (compatible; SERankingBacklinksBot/1.0; +https://seranking.com/backlinks-crawler)" "-"
2a03:2880:f800:: - - [07/Aug/2026:05:27:21 +0200] "GET /?lokasie=/kunden/kunden/bin/x86_64-linux-gnu-gprof&loknya=/kunden/kunden/bin HTTP/1.1" 200 181609 www.chocadoodle.co.uk "-" "Mozilla/5.0 (Windows NT 10.0; Win64; x64) AppleWebKit/537.36 (KHTML, like Gecko) Chrome/145.0.0.0 Safari/537.36 (compatible; meta-externalagent/1.1 (+https://developers.facebook.com/docs/sharing/webmasters/crawler))" "-"
144.76.32.0 - - [07/Aug/2026:05:27:22 +0200] "GET /goods.php?special/051040703.html HTTP/1.1" 200 163625 www.chocadoodle.co.uk "-" "Mozilla/5.0 (compatible; SERankingBacklinksBot/1.0; +https://seranking.com/backlinks-crawler)" "-"
2a03:2880:f800:: - - [07/Aug/2026:05:27:24 +0200] "GET /?lokasie=/kunden/kunden/bin/rdoc2.7&loknya=/kunden/kunden/bin HTTP/1.1" 200 4650 www.chocadoodle.co.uk "-" "Mozilla/5.0 (Windows NT 10.0; Win64; x64) AppleWebKit/537.36 (KHTML, like Gecko) Chrome/145.0.0.0 Safari/537.36 (compatible; meta-externalagent/1.1 (+https://developers.facebook.com/docs/sharing/webmasters/crawler))" "-"
66.249.69.0 - - [07/Aug/2026:05:27:25 +0200] "GET /c48952327278823/ HTTP/1.1" 200 203352 www.chocadoodle.co.uk "-" "Mozilla/5.0 (Linux; Android 6.0.1; Nexus 5X Build/MMB29P) AppleWebKit/537.36 (KHTML, like Gecko) Chrome/150.0.7871.186 Mobile Safari/537.36 (compatible; GoogleOther)" "-"
144.76.32.0 - - [07/Aug/2026:05:27:26 +0200] "GET /goods.php?special/051046199.html HTTP/1.1" 200 160229 www.chocadoodle.co.uk "-" "Mozilla/5.0 (compatible; SERankingBacklinksBot/1.0; +https://seranking.com/backlinks-crawler)" "-"
2a03:2880:f800:: - - [07/Aug/2026:05:27:28 +0200] "GET /?lokasie=/kunden/kunden/bin/pbmtobbnbg&loknya=/kunden/kunden/bin HTTP/1.1" 200 19592 www.chocadoodle.co.uk "-" "Mozilla/5.0 (Macintosh; Intel Mac OS X 10_15_7) AppleWebKit/537.36 (KHTML, like Gecko) Chrome/145.0.0.0 Safari/537.36 (compatible; meta-externalagent/1.1 (+https://developers.facebook.com/docs/sharing/webmasters/crawler))" "-"
144.76.32.0 - - [07/Aug/2026:05:27:30 +0200] "GET /goods.php?special/052001050.html HTTP/1.1" 200 155553 www.chocadoodle.co.uk "-" "Mozilla/5.0 (compatible; SERankingBacklinksBot/1.0; +https://seranking.com/backlinks-crawler)" "-"
2a03:2880:f800:: - - [07/Aug/2026:05:27:30 +0200] "GET /?lokasie=/kunden/kunden/bin/interpreter&loknya=/kunden/kunden/bin HTTP/1.1" 200 14862 www.chocadoodle.co.uk "-" "Mozilla/5.0 (Macintosh; Intel Mac OS X 10_15_7) AppleWebKit/537.36 (KHTML, like Gecko) Chrome/145.0.0.0 Safari/537.36 (compatible; meta-externalagent/1.1 (+https://developers.facebook.com/docs/sharing/webmasters/crawler))" "-"
2a03:2880:f800:: - - [07/Aug/2026:05:27:33 +0200] "GET /?lokasie=/kunden/kunden/bin/pbmmask&loknya=/kunden/kunden/bin HTTP/1.1" 200 20747 www.chocadoodle.co.uk "-" "Mozilla/5.0 (Macintosh; Intel Mac OS X 10_15_7) AppleWebKit/537.36 (KHTML, like Gecko) Chrome/145.0.0.0 Safari/537.36 (compatible; meta-externalagent/1.1 (+https://developers.facebook.com/docs/sharing/webmasters/crawler))" "-"
144.76.32.0 - - [07/Aug/2026:05:27:33 +0200] "GET /goods.php?special/052008576.html HTTP/1.1" 200 160315 www.chocadoodle.co.uk "-" "Mozilla/5.0 (compatible; SERankingBacklinksBot/1.0; +https://seranking.com/backlinks-crawler)" "-"
2a03:2880:f800:: - - [07/Aug/2026:05:27:36 +0200] "GET /?lokasie=/kunden/kunden/bin/strip&loknya=/kunden/kunden/bin HTTP/1.1" 200 438260 www.chocadoodle.co.uk "-" "Mozilla/5.0 (Windows NT 10.0; Win64; x64) AppleWebKit/537.36 (KHTML, like Gecko) Chrome/145.0.0.0 Safari/537.36 (compatible; meta-externalagent/1.1 (+https://developers.facebook.com/docs/sharing/webmasters/crawler))" "-"
144.76.32.0 - - [07/Aug/2026:05:27:37 +0200] "GET /goods.php?special/052022022.html HTTP/1.1" 200 160079 www.chocadoodle.co.uk "-" "Mozilla/5.0 (compatible; SERankingBacklinksBot/1.0; +https://seranking.com/backlinks-crawler)" "-"
2a03:2880:f800:: - - [07/Aug/2026:05:27:39 +0200] "GET /?lokasie=/kunden/kunden/bin/irb&loknya=/kunden/kunden/bin HTTP/1.1" 200 4640 www.chocadoodle.co.uk "-" "Mozilla/5.0 (Windows NT 10.0; Win64; x64) AppleWebKit/537.36 (KHTML, like Gecko) Chrome/145.0.0.0 Safari/537.36 (compatible; meta-externalagent/1.1 (+https://developers.facebook.com/docs/sharing/webmasters/crawler))" "-"
144.76.32.0 - - [07/Aug/2026:05:27:41 +0200] "GET /goods.php?special/052022676.html HTTP/1.1" 200 157822 www.chocadoodle.co.uk "-" "Mozilla/5.0 (compatible; SERankingBacklinksBot/1.0; +https://seranking.com/backlinks-crawler)" "-"
74.7.242.0 - - [07/Aug/2026:05:27:42 +0200] "GET /items/36538486950622.html/?loknya=/homepages/43/d124547881/htdocs/ HTTP/1.1" 200 20004 www.chocadoodle.co.uk "https://www.chocadoodle.co.uk/items/36538486950622.html/" "Mozilla/5.0 AppleWebKit/537.36 (KHTML, like Gecko; compatible; GPTBot/1.4; +https://openai.com/gptbot)" "-"
2a03:2880:f800:: - - [07/Aug/2026:05:27:42 +0200] "GET /?lokasie=/kunden/kunden/bin/pbmtogo&loknya=/kunden/kunden/bin HTTP/1.1" 200 20618 www.chocadoodle.co.uk "-" "Mozilla/5.0 (Windows NT 10.0; Win64; x64) AppleWebKit/537.36 (KHTML, like Gecko) Chrome/145.0.0.0 Safari/537.36 (compatible; meta-externalagent/1.1 (+https://developers.facebook.com/docs/sharing/webmasters/crawler))" "-"
114.119.144.0 - - [07/Aug/2026:05:27:42 +0200] "GET /dbjawy/ejsnrc-c.html HTTP/1.1" 200 27498 wrigglesworths.co.uk "http://wrigglesworths.co.uk/dbjawy/ejsnrc-c.html" "Mozilla/5.0 (Linux; Android 7.0;) AppleWebKit/537.36 (HTML, like Gecko) Mobile Safari/537.36 (compatible; PetalBot;+https://webmaster.petalsearch.com/site/petalbot)" "-"
2a03:2880:f800:: - - [07/Aug/2026:05:27:45 +0200] "GET /?lokasie=/kunden/kunden/bin/mariadb-config&loknya=/kunden/kunden/bin HTTP/1.1" 200 21108 www.chocadoodle.co.uk "-" "Mozilla/5.0 (Windows NT 10.0; Win64; x64) AppleWebKit/537.36 (KHTML, like Gecko) Chrome/145.0.0.0 Safari/537.36 (compatible; meta-externalagent/1.1 (+https://developers.facebook.com/docs/sharing/webmasters/crawler))" "-"
144.76.32.0 - - [07/Aug/2026:05:27:45 +0200] "GET /goods.php?special/052028852.html HTTP/1.1" 200 158775 www.chocadoodle.co.uk "-" "Mozilla/5.0 (compatible; SERankingBacklinksBot/1.0; +https://seranking.com/backlinks-crawler)" "-"
2a03:2880:f800:: - - [07/Aug/2026:05:27:47 +0200] "GET /?lokasie=/kunden/kunden/bin/db5.3_upgrade&loknya=/kunden/kunden/bin HTTP/1.1" 200 20872 www.chocadoodle.co.uk "-" "Mozilla/5.0 (Macintosh; Intel Mac OS X 10_15_7) AppleWebKit/537.36 (KHTML, like Gecko) Chrome/145.0.0.0 Safari/537.36 (compatible; meta-externalagent/1.1 (+https://developers.facebook.com/docs/sharing/webmasters/crawler))" "-"
144.76.32.0 - - [07/Aug/2026:05:27:49 +0200] "GET /goods.php?special/053008615.html HTTP/1.1" 200 160691 www.chocadoodle.co.uk "-" "Mozilla/5.0 (compatible; SERankingBacklinksBot/1.0; +https://seranking.com/backlinks-crawler)" "-"
2a03:2880:f800:: - - [07/Aug/2026:05:27:50 +0200] "GET /?lokasie=/kunden/kunden/bin/ipcs&loknya=/kunden/kunden/bin HTTP/1.1" 200 108700 www.chocadoodle.co.uk "-" "Mozilla/5.0 (Macintosh; Intel Mac OS X 10_15_7) AppleWebKit/537.36 (KHTML, like Gecko) Chrome/145.0.0.0 Safari/537.36 (compatible; meta-externalagent/1.1 (+https://developers.facebook.com/docs/sharing/webmasters/crawler))" "-"
2a03:2880:f800:: - - [07/Aug/2026:05:27:52 +0200] "GET /?lokasie=/kunden/kunden/bin/svnauthz&loknya=/kunden/kunden/bin HTTP/1.1" 429 267 www.chocadoodle.co.uk "-" "Mozilla/5.0 (Windows NT 10.0; Win64; x64) AppleWebKit/537.36 (KHTML, like Gecko) Chrome/145.0.0.0 Safari/537.36 (compatible; meta-externalagent/1.1 (+https://developers.facebook.com/docs/sharing/webmasters/crawler))" "-"
144.76.32.0 - - [07/Aug/2026:05:27:53 +0200] "GET /goods.php?special/053008965.html HTTP/1.1" 200 161695 www.chocadoodle.co.uk "-" "Mozilla/5.0 (compatible; SERankingBacklinksBot/1.0; +https://seranking.com/backlinks-crawler)" "-"
2a03:2880:f800:: - - [07/Aug/2026:05:27:54 +0200] "GET /?lokasie=/kunden/kunden/bin/gem2.7&loknya=/kunden/kunden/bin HTTP/1.1" 429 267 www.chocadoodle.co.uk "-" "Mozilla/5.0 (Windows NT 10.0; Win64; x64) AppleWebKit/537.36 (KHTML, like Gecko) Chrome/145.0.0.0 Safari/537.36 (compatible; meta-externalagent/1.1 (+https://developers.facebook.com/docs/sharing/webmasters/crawler))" "-"
2a03:2880:f800:: - - [07/Aug/2026:05:27:55 +0200] "GET /?lokasie=/kunden/kunden/bin/vipe&loknya=/kunden/kunden/bin HTTP/1.1" 429 267 www.chocadoodle.co.uk "-" "Mozilla/5.0 (Windows NT 10.0; Win64; x64) AppleWebKit/537.36 (KHTML, like Gecko) Chrome/145.0.0.0 Safari/537.36 (compatible; meta-externalagent/1.1 (+https://developers.facebook.com/docs/sharing/webmasters/crawler))" "-"
144.76.32.0 - - [07/Aug/2026:05:27:56 +0200] "GET /goods.php?special/053013539.html HTTP/1.1" 200 165226 www.chocadoodle.co.uk "-" "Mozilla/5.0 (compatible; SERankingBacklinksBot/1.0; +https://seranking.com/backlinks-crawler)" "-"
66.249.69.0 - - [07/Aug/2026:05:27:57 +0200] "GET /j27354527873411/ HTTP/1.1" 200 211599 www.chocadoodle.co.uk "-" "Mozilla/5.0 (Linux; Android 6.0.1; Nexus 5X Build/MMB29P) AppleWebKit/537.36 (KHTML, like Gecko) Chrome/150.0.7871.186 Mobile Safari/537.36 (compatible; Googlebot/2.1; +http://www.google.com/bot.html)" "-"
2a03:2880:f800:: - - [07/Aug/2026:05:27:58 +0200] "GET /?lokasie=/kunden/kunden/bin/exifautotran&loknya=/kunden/kunden/bin HTTP/1.1" 429 267 www.chocadoodle.co.uk "-" "Mozilla/5.0 (Windows NT 10.0; Win64; x64) AppleWebKit/537.36 (KHTML, like Gecko) Chrome/145.0.0.0 Safari/537.36 (compatible; meta-externalagent/1.1 (+https://developers.facebook.com/docs/sharing/webmasters/crawler))" "-"
2a03:2880:f800:: - - [07/Aug/2026:05:27:58 +0200] "GET /?lokasie=/kunden/kunden/bin/pbmlife&loknya=/kunden/kunden/bin HTTP/1.1" 429 267 www.chocadoodle.co.uk "-" "Mozilla/5.0 (Windows NT 10.0; Win64; x64) AppleWebKit/537.36 (KHTML, like Gecko) Chrome/145.0.0.0 Safari/537.36 (compatible; meta-externalagent/1.1 (+https://developers.facebook.com/docs/sharing/webmasters/crawler))" "-"
66.249.69.0 - - [07/Aug/2026:05:27:59 +0200] "GET /i28373357498861/ HTTP/1.1" 200 202967 www.chocadoodle.co.uk "-" "Mozilla/5.0 (compatible; Googlebot/2.1; +http://www.google.com/bot.html)" "-"
144.76.32.0 - - [07/Aug/2026:05:28:00 +0200] "GET /goods.php?special/053016239.html HTTP/1.1" 200 159690 www.chocadoodle.co.uk "-" "Mozilla/5.0 (compatible; SERankingBacklinksBot/1.0; +https://seranking.com/backlinks-crawler)" "-"
2a03:2880:f800:: - - [07/Aug/2026:05:28:01 +0200] "GET /?lokasie=/kunden/kunden/bin/captoinfo&loknya=/kunden/kunden/bin HTTP/1.1" 429 267 www.chocadoodle.co.uk "-" "Mozilla/5.0 (Macintosh; Intel Mac OS X 10_15_7) AppleWebKit/537.36 (KHTML, like Gecko) Chrome/145.0.0.0 Safari/537.36 (compatible; meta-externalagent/1.1 (+https://developers.facebook.com/docs/sharing/webmasters/crawler))" "-"
2a03:2880:f800:: - - [07/Aug/2026:05:28:03 +0200] "GET /?lokasie=/kunden/kunden/bin/aptitude&loknya=/kunden/kunden/bin HTTP/1.1" 429 267 www.chocadoodle.co.uk "-" "Mozilla/5.0 (Windows NT 10.0; Win64; x64) AppleWebKit/537.36 (KHTML, like Gecko) Chrome/145.0.0.0 Safari/537.36 (compatible; meta-externalagent/1.1 (+https://developers.facebook.com/docs/sharing/webmasters/crawler))" "-"
144.76.32.0 - - [07/Aug/2026:05:28:04 +0200] "GET /goods.php?special/053020033.html HTTP/1.1" 200 164044 www.chocadoodle.co.uk "-" "Mozilla/5.0 (compatible; SERankingBacklinksBot/1.0; +https://seranking.com/backlinks-crawler)" "-"
2a03:2880:f800:: - - [07/Aug/2026:05:28:06 +0200] "GET /?lokasie=/kunden/kunden/bin/mysqlreport&loknya=/kunden/kunden/bin HTTP/1.1" 429 267 www.chocadoodle.co.uk "-" "Mozilla/5.0 (Windows NT 10.0; Win64; x64) AppleWebKit/537.36 (KHTML, like Gecko) Chrome/145.0.0.0 Safari/537.36 (compatible; meta-externalagent/1.1 (+https://developers.facebook.com/docs/sharing/webmasters/crawler))" "-"
2a03:2880:f800:: - - [07/Aug/2026:05:28:07 +0200] "GET /?lokasie=/kunden/kunden/bin/update-alternatives&loknya=/kunden/kunden/bin HTTP/1.1" 429 267 www.chocadoodle.co.uk "-" "Mozilla/5.0 (Windows NT 10.0; Win64; x64) AppleWebKit/537.36 (KHTML, like Gecko) Chrome/145.0.0.0 Safari/537.36 (compatible; meta-externalagent/1.1 (+https://developers.facebook.com/docs/sharing/webmasters/crawler))" "-"
144.76.32.0 - - [07/Aug/2026:05:28:07 +0200] "GET /goods.php?special/053036443.html HTTP/1.1" 200 159073 www.chocadoodle.co.uk "-" "Mozilla/5.0 (compatible; SERankingBacklinksBot/1.0; +https://seranking.com/backlinks-crawler)" "-"
144.76.32.0 - - [07/Aug/2026:05:28:11 +0200] "GET /goods.php?special/053041815.html HTTP/1.1" 200 157709 www.chocadoodle.co.uk "-" "Mozilla/5.0 (compatible; SERankingBacklinksBot/1.0; +https://seranking.com/backlinks-crawler)" "-"
2a03:2880:f800:: - - [07/Aug/2026:05:28:12 +0200] "GET /?lokasie=/kunden/kunden/bin/touch&loknya=/kunden/kunden/bin HTTP/1.1" 429 267 www.chocadoodle.co.uk "-" "Mozilla/5.0 (X11; Linux x86_64) AppleWebKit/537.36 (KHTML, like Gecko) Chrome/145.0.0.0 Safari/537.36 (compatible; meta-externalagent/1.1 (+https://developers.facebook.com/docs/sharing/webmasters/crawler))" "-"
2a03:2880:f800:: - - [07/Aug/2026:05:28:14 +0200] "GET /?lokasie=/kunden/kunden/bin/mawk&loknya=/kunden/kunden/bin HTTP/1.1" 429 267 www.chocadoodle.co.uk "-" "Mozilla/5.0 (Macintosh; Intel Mac OS X 10_15_7) AppleWebKit/537.36 (KHTML, like Gecko) Chrome/145.0.0.0 Safari/537.36 (compatible; meta-externalagent/1.1 (+https://developers.facebook.com/docs/sharing/webmasters/crawler))" "-"
74.7.241.0 - - [07/Aug/2026:05:28:15 +0200] "GET /?loknya=/usr/lib/x86_64-linux-gnu/perl/5.32/auto/PerlIO/encoding HTTP/1.1" 200 7078 chocadoodle.co.uk "https://chocadoodle.co.uk/?loknya=/usr/lib/x86_64-linux-gnu/perl/5.32/auto/PerlIO" "Mozilla/5.0 AppleWebKit/537.36 (KHTML, like Gecko; compatible; GPTBot/1.4; +https://openai.com/gptbot)" "-"
144.76.32.0 - - [07/Aug/2026:05:28:15 +0200] "GET /goods.php?special/054025370.html HTTP/1.1" 200 160277 www.chocadoodle.co.uk "-" "Mozilla/5.0 (compatible; SERankingBacklinksBot/1.0; +https://seranking.com/backlinks-crawler)" "-"
2a03:2880:f800:: - - [07/Aug/2026:05:28:19 +0200] "GET /?lokasie=/kunden/kunden/bin/h2ph&loknya=/kunden/kunden/bin HTTP/1.1" 429 267 www.chocadoodle.co.uk "-" "Mozilla/5.0 (X11; Linux x86_64) AppleWebKit/537.36 (KHTML, like Gecko) Chrome/145.0.0.0 Safari/537.36 (compatible; meta-externalagent/1.1 (+https://developers.facebook.com/docs/sharing/webmasters/crawler))" "-"
144.76.32.0 - - [07/Aug/2026:05:28:19 +0200] "GET /goods.php?special/054026020.html HTTP/1.1" 200 169332 www.chocadoodle.co.uk "-" "Mozilla/5.0 (compatible; SERankingBacklinksBot/1.0; +https://seranking.com/backlinks-crawler)" "-"
2a03:2880:f800:: - - [07/Aug/2026:05:28:21 +0200] "GET /?lokasie=/kunden/kunden/bin/brz&loknya=/kunden/kunden/bin HTTP/1.1" 429 267 www.chocadoodle.co.uk "-" "Mozilla/5.0 (Macintosh; Intel Mac OS X 10_15_7) AppleWebKit/537.36 (KHTML, like Gecko) Chrome/145.0.0.0 Safari/537.36 (compatible; meta-externalagent/1.1 (+https://developers.facebook.com/docs/sharing/webmasters/crawler))" "-"
2a03:2880:f800:: - - [07/Aug/2026:05:28:21 +0200] "GET /?lokasie=/kunden/kunden/bin/ppmforge&loknya=/kunden/kunden/bin HTTP/1.1" 429 267 www.chocadoodle.co.uk "-" "Mozilla/5.0 (X11; Linux x86_64) AppleWebKit/537.36 (KHTML, like Gecko) Chrome/145.0.0.0 Safari/537.36 (compatible; meta-externalagent/1.1 (+https://developers.facebook.com/docs/sharing/webmasters/crawler))" "-"
114.119.158.0 - - [07/Aug/2026:05:28:22 +0200] "GET /goods.php?special/282018592.html HTTP/1.1" 200 179281 www.chocadoodle.co.uk "https://www.chocadoodle.co.uk/goods.php?special/282018592.html" "Mozilla/5.0 (Linux; Android 7.0;) AppleWebKit/537.36 (HTML, like Gecko) Mobile Safari/537.36 (compatible; PetalBot;+https://webmaster.petalsearch.com/site/petalbot)" "-"
144.76.32.0 - - [07/Aug/2026:05:28:23 +0200] "GET /goods.php?special/054030576.html HTTP/1.1" 200 156898 www.chocadoodle.co.uk "-" "Mozilla/5.0 (compatible; SERankingBacklinksBot/1.0; +https://seranking.com/backlinks-crawler)" "-"
74.7.242.0 - - [07/Aug/2026:05:28:27 +0200] "GET /items/34958566340205.html/?loknya=/homepages/43/d727324150/ HTTP/1.1" 200 14127 www.chocadoodle.co.uk "https://www.chocadoodle.co.uk/items/34958566340205.html/?loknya=/homepages/43/d727324150/.config" "Mozilla/5.0 AppleWebKit/537.36 (KHTML, like Gecko; compatible; GPTBot/1.4; +https://openai.com/gptbot)" "-"
144.76.32.0 - - [07/Aug/2026:05:28:27 +0200] "GET /goods.php?special/054039366.html HTTP/1.1" 200 164021 www.chocadoodle.co.uk "-" "Mozilla/5.0 (compatible; SERankingBacklinksBot/1.0; +https://seranking.com/backlinks-crawler)" "-"
2a03:2880:f800:: - - [07/Aug/2026:05:28:30 +0200] "GET /?lokasie=/kunden/kunden/bin/patch&loknya=/kunden/kunden/bin HTTP/1.1" 429 267 www.chocadoodle.co.uk "-" "Mozilla/5.0 (Macintosh; Intel Mac OS X 10_15_7) AppleWebKit/537.36 (KHTML, like Gecko) Chrome/145.0.0.0 Safari/537.36 (compatible; meta-externalagent/1.1 (+https://developers.facebook.com/docs/sharing/webmasters/crawler))" "-"
144.76.32.0 - - [07/Aug/2026:05:28:31 +0200] "GET /goods.php?special/055008695.html HTTP/1.1" 200 162447 www.chocadoodle.co.uk "-" "Mozilla/5.0 (compatible; SERankingBacklinksBot/1.0; +https://seranking.com/backlinks-crawler)" "-"
2a03:2880:f800:: - - [07/Aug/2026:05:28:32 +0200] "GET /?lokasie=/kunden/kunden/bin/ps2txt&loknya=/kunden/kunden/bin HTTP/1.1" 429 267 www.chocadoodle.co.uk "-" "Mozilla/5.0 (Windows NT 10.0; Win64; x64) AppleWebKit/537.36 (KHTML, like Gecko) Chrome/145.0.0.0 Safari/537.36 (compatible; meta-externalagent/1.1 (+https://developers.facebook.com/docs/sharing/webmasters/crawler))" "-"
2a03:2880:f800:: - - [07/Aug/2026:05:28:33 +0200] "GET /?lokasie=/kunden/kunden/bin/lsattr&loknya=/kunden/kunden/bin HTTP/1.1" 429 267 www.chocadoodle.co.uk "-" "Mozilla/5.0 (Macintosh; Intel Mac OS X 10_15_7) AppleWebKit/537.36 (KHTML, like Gecko) Chrome/145.0.0.0 Safari/537.36 (compatible; meta-externalagent/1.1 (+https://developers.facebook.com/docs/sharing/webmasters/crawler))" "-"
144.76.32.0 - - [07/Aug/2026:05:28:34 +0200] "GET /goods.php?special/055011281.html HTTP/1.1" 200 162112 www.chocadoodle.co.uk "-" "Mozilla/5.0 (compatible; SERankingBacklinksBot/1.0; +https://seranking.com/backlinks-crawler)" "-"
43.159.145.0 - - [07/Aug/2026:05:28:34 +0200] "GET / HTTP/1.1" 200 27498 wrigglesworths.co.uk "-" "Mozilla/5.0 (iPhone; CPU iPhone OS 13_2_3 like Mac OS X) AppleWebKit/605.1.15 (KHTML, like Gecko) Version/13.0.3 Mobile/15E148 Safari/604.1" "-"
144.76.32.0 - - [07/Aug/2026:05:28:38 +0200] "GET /goods.php?special/055017289.html HTTP/1.1" 200 158650 www.chocadoodle.co.uk "-" "Mozilla/5.0 (compatible; SERankingBacklinksBot/1.0; +https://seranking.com/backlinks-crawler)" "-"
144.76.32.0 - - [07/Aug/2026:05:28:42 +0200] "GET /goods.php?special/055036421.html HTTP/1.1" 200 163691 www.chocadoodle.co.uk "-" "Mozilla/5.0 (compatible; SERankingBacklinksBot/1.0; +https://seranking.com/backlinks-crawler)" "-"
2a03:2880:f800:: - - [07/Aug/2026:05:28:44 +0200] "GET /?lokasie=/kunden/kunden/bin/mknod&loknya=/kunden/kunden/bin HTTP/1.1" 429 267 www.chocadoodle.co.uk "-" "Mozilla/5.0 (Windows NT 10.0; Win64; x64) AppleWebKit/537.36 (KHTML, like Gecko) Chrome/145.0.0.0 Safari/537.36 (compatible; meta-externalagent/1.1 (+https://developers.facebook.com/docs/sharing/webmasters/crawler))" "-"
144.76.32.0 - - [07/Aug/2026:05:28:45 +0200] "GET /goods.php?special/056019064.html HTTP/1.1" 200 157852 www.chocadoodle.co.uk "-" "Mozilla/5.0 (compatible; SERankingBacklinksBot/1.0; +https://seranking.com/backlinks-crawler)" "-"
2a03:2880:f800:: - - [07/Aug/2026:05:28:48 +0200] "GET /?lokasie=/kunden/kunden/bin/infotocap&loknya=/kunden/kunden/bin HTTP/1.1" 429 267 www.chocadoodle.co.uk "-" "Mozilla/5.0 (Windows NT 10.0; Win64; x64) AppleWebKit/537.36 (KHTML, like Gecko) Chrome/145.0.0.0 Safari/537.36 (compatible; meta-externalagent/1.1 (+https://developers.facebook.com/docs/sharing/webmasters/crawler))" "-"
144.76.32.0 - - [07/Aug/2026:05:28:49 +0200] "GET /goods.php?special/056028362.html HTTP/1.1" 200 172363 www.chocadoodle.co.uk "-" "Mozilla/5.0 (compatible; SERankingBacklinksBot/1.0; +https://seranking.com/backlinks-crawler)" "-"
2a03:2880:f800:: - - [07/Aug/2026:05:28:50 +0200] "GET /?lokasie=/kunden/kunden/bin/g3topbm&loknya=/kunden/kunden/bin HTTP/1.1" 429 267 www.chocadoodle.co.uk "-" "Mozilla/5.0 (Windows NT 10.0; Win64; x64) AppleWebKit/537.36 (KHTML, like Gecko) Chrome/145.0.0.0 Safari/537.36 (compatible; meta-externalagent/1.1 (+https://developers.facebook.com/docs/sharing/webmasters/crawler))" "-"
144.76.32.0 - - [07/Aug/2026:05:28:53 +0200] "GET /goods.php?special/056031688.html HTTP/1.1" 200 166357 www.chocadoodle.co.uk "-" "Mozilla/5.0 (compatible; SERankingBacklinksBot/1.0; +https://seranking.com/backlinks-crawler)" "-"
144.76.32.0 - - [07/Aug/2026:05:28:57 +0200] "GET /goods.php?special/056034756.html HTTP/1.1" 200 157972 www.chocadoodle.co.uk "-" "Mozilla/5.0 (compatible; SERankingBacklinksBot/1.0; +https://seranking.com/backlinks-crawler)" "-"
144.76.32.0 - - [07/Aug/2026:05:29:01 +0200] "GET /goods.php?special/056045094.html HTTP/1.1" 200 180623 www.chocadoodle.co.uk "-" "Mozilla/5.0 (compatible; SERankingBacklinksBot/1.0; +https://seranking.com/backlinks-crawler)" "-"
144.76.32.0 - - [07/Aug/2026:05:29:04 +0200] "GET /goods.php?special/057014815.html HTTP/1.1" 200 160819 www.chocadoodle.co.uk "-" "Mozilla/5.0 (compatible; SERankingBacklinksBot/1.0; +https://seranking.com/backlinks-crawler)" "-"
114.119.132.0 - - [07/Aug/2026:05:29:06 +0200] "GET /dbgwvw/eodkgi-c.html HTTP/1.1" 200 27498 wrigglesworths.co.uk "http://wrigglesworths.co.uk/dbgwvw/eodkgi-c.html" "Mozilla/5.0 (Linux; Android 7.0;) AppleWebKit/537.36 (HTML, like Gecko) Mobile Safari/537.36 (compatible; PetalBot;+https://webmaster.petalsearch.com/site/petalbot)" "-"
2a03:2880:f800:: - - [07/Aug/2026:05:29:06 +0200] "GET /?lokasie=/kunden/kunden/bin/httping&loknya=/kunden/kunden/bin HTTP/1.1" 200 156164 www.chocadoodle.co.uk "-" "Mozilla/5.0 (Windows NT 10.0; Win64; x64) AppleWebKit/537.36 (KHTML, like Gecko) Chrome/145.0.0.0 Safari/537.36 (compatible; meta-externalagent/1.1 (+https://developers.facebook.com/docs/sharing/webmasters/crawler))" "-"
144.76.32.0 - - [07/Aug/2026:05:29:08 +0200] "GET /goods.php?special/057015693.html HTTP/1.1" 200 181201 www.chocadoodle.co.uk "-" "Mozilla/5.0 (compatible; SERankingBacklinksBot/1.0; +https://seranking.com/backlinks-crawler)" "-"
74.7.242.0 - - [07/Aug/2026:05:29:09 +0200] "GET /items/12306945852665.html/?loknya=/homepages/43/d124547881/htdocs/assets HTTP/1.1" 200 29395 www.chocadoodle.co.uk "https://www.chocadoodle.co.uk/items/12306945852665.html/?loknya=/homepages/43/d124547881/htdocs/" "Mozilla/5.0 AppleWebKit/537.36 (KHTML, like Gecko; compatible; GPTBot/1.4; +https://openai.com/gptbot)" "-"
144.76.32.0 - - [07/Aug/2026:05:29:12 +0200] "GET /goods.php?special/057017611.html HTTP/1.1" 200 162033 www.chocadoodle.co.uk "-" "Mozilla/5.0 (compatible; SERankingBacklinksBot/1.0; +https://seranking.com/backlinks-crawler)" "-"
74.7.241.0 - - [07/Aug/2026:05:29:16 +0200] "GET /?loknya=/usr/lib/x86_64-linux-gnu/perl/5.32.1/File/ HTTP/1.1" 200 10727 chocadoodle.co.uk "https://chocadoodle.co.uk/?loknya=/usr/lib/x86_64-linux-gnu/perl/5.32.1/File/Spec" "Mozilla/5.0 AppleWebKit/537.36 (KHTML, like Gecko; compatible; GPTBot/1.4; +https://openai.com/gptbot)" "-"
144.76.32.0 - - [07/Aug/2026:05:29:16 +0200] "GET /goods.php?special/057031835.html HTTP/1.1" 200 158259 www.chocadoodle.co.uk "-" "Mozilla/5.0 (compatible; SERankingBacklinksBot/1.0; +https://seranking.com/backlinks-crawler)" "-"
144.76.32.0 - - [07/Aug/2026:05:29:19 +0200] "GET /goods.php?special/057042867.html HTTP/1.1" 200 157380 www.chocadoodle.co.uk "-" "Mozilla/5.0 (compatible; SERankingBacklinksBot/1.0; +https://seranking.com/backlinks-crawler)" "-"
144.76.32.0 - - [07/Aug/2026:05:29:23 +0200] "GET /goods.php?special/057044905.html HTTP/1.1" 200 156073 www.chocadoodle.co.uk "-" "Mozilla/5.0 (compatible; SERankingBacklinksBot/1.0; +https://seranking.com/backlinks-crawler)" "-"
144.76.32.0 - - [07/Aug/2026:05:29:27 +0200] "GET /goods.php?special/058009638.html HTTP/1.1" 200 160194 www.chocadoodle.co.uk "-" "Mozilla/5.0 (compatible; SERankingBacklinksBot/1.0; +https://seranking.com/backlinks-crawler)" "-"
144.76.32.0 - - [07/Aug/2026:05:29:31 +0200] "GET /goods.php?special/058041076.html HTTP/1.1" 200 158053 www.chocadoodle.co.uk "-" "Mozilla/5.0 (compatible; SERankingBacklinksBot/1.0; +https://seranking.com/backlinks-crawler)" "-"
144.76.32.0 - - [07/Aug/2026:05:29:34 +0200] "GET /goods.php?special/058044120.html HTTP/1.1" 200 166181 www.chocadoodle.co.uk "-" "Mozilla/5.0 (compatible; SERankingBacklinksBot/1.0; +https://seranking.com/backlinks-crawler)" "-"
144.76.32.0 - - [07/Aug/2026:05:29:38 +0200] "GET /goods.php?special/059012527.html HTTP/1.1" 200 158656 www.chocadoodle.co.uk "-" "Mozilla/5.0 (compatible; SERankingBacklinksBot/1.0; +https://seranking.com/backlinks-crawler)" "-"
144.76.32.0 - - [07/Aug/2026:05:29:42 +0200] "GET /goods.php?special/059043047.html HTTP/1.1" 200 157641 www.chocadoodle.co.uk "-" "Mozilla/5.0 (compatible; SERankingBacklinksBot/1.0; +https://seranking.com/backlinks-crawler)" "-"
114.119.147.0 - - [07/Aug/2026:05:29:45 +0200] "GET /goods.php?special/280042340.html HTTP/1.1" 200 161062 www.chocadoodle.co.uk "https://www.chocadoodle.co.uk/goods.php?special/280042340.html" "Mozilla/5.0 (Linux; Android 7.0;) AppleWebKit/537.36 (HTML, like Gecko) Mobile Safari/537.36 (compatible; PetalBot;+https://webmaster.petalsearch.com/site/petalbot)" "-"
144.76.32.0 - - [07/Aug/2026:05:29:45 +0200] "GET /goods.php?special/060005314.html HTTP/1.1" 200 172398 www.chocadoodle.co.uk "-" "Mozilla/5.0 (compatible; SERankingBacklinksBot/1.0; +https://seranking.com/backlinks-crawler)" "-"
74.7.242.0 - - [07/Aug/2026:05:29:46 +0200] "GET /items/12306945852665.html/?loknya=/homepages/43/d124547881/ HTTP/1.1" 200 25950 www.chocadoodle.co.uk "https://www.chocadoodle.co.uk/items/12306945852665.html/?loknya=/homepages/43/d124547881/htdocs/" "Mozilla/5.0 AppleWebKit/537.36 (KHTML, like Gecko; compatible; GPTBot/1.4; +https://openai.com/gptbot)" "-"
144.76.32.0 - - [07/Aug/2026:05:29:49 +0200] "GET /goods.php?special/060018824.html HTTP/1.1" 200 158810 www.chocadoodle.co.uk "-" "Mozilla/5.0 (compatible; SERankingBacklinksBot/1.0; +https://seranking.com/backlinks-crawler)" "-"
144.76.32.0 - - [07/Aug/2026:05:29:53 +0200] "GET /goods.php?special/060020838.html HTTP/1.1" 200 159368 www.chocadoodle.co.uk "-" "Mozilla/5.0 (compatible; SERankingBacklinksBot/1.0; +https://seranking.com/backlinks-crawler)" "-"
144.76.32.0 - - [07/Aug/2026:05:29:57 +0200] "GET /goods.php?special/060021124.html HTTP/1.1" 200 162356 www.chocadoodle.co.uk "-" "Mozilla/5.0 (compatible; SERankingBacklinksBot/1.0; +https://seranking.com/backlinks-crawler)" "-"
144.76.32.0 - - [07/Aug/2026:05:30:01 +0200] "GET /goods.php?special/060026032.html HTTP/1.1" 200 156555 www.chocadoodle.co.uk "-" "Mozilla/5.0 (compatible; SERankingBacklinksBot/1.0; +https://seranking.com/backlinks-crawler)" "-"
144.76.32.0 - - [07/Aug/2026:05:30:05 +0200] "GET /goods.php?special/060032178.html HTTP/1.1" 200 159741 www.chocadoodle.co.uk "-" "Mozilla/5.0 (compatible; SERankingBacklinksBot/1.0; +https://seranking.com/backlinks-crawler)" "-"
66.249.69.0 - - [07/Aug/2026:05:30:08 +0200] "GET /contents/event/kansyasai/ HTTP/1.1" 200 203743 www.chocadoodle.co.uk "-" "Mozilla/5.0 (compatible; Googlebot/2.1; +http://www.google.com/bot.html)" "-"
144.76.32.0 - - [07/Aug/2026:05:30:09 +0200] "GET /goods.php?special/060036480.html HTTP/1.1" 200 160716 www.chocadoodle.co.uk "-" "Mozilla/5.0 (compatible; SERankingBacklinksBot/1.0; +https://seranking.com/backlinks-crawler)" "-"
74.7.241.0 - - [07/Aug/2026:05:30:12 +0200] "GET /?lokasie=/kunden/etc//quotagrpadmins&loknya=/kunden/etc/ HTTP/1.1" 200 4216 chocadoodle.co.uk "https://chocadoodle.co.uk/?loknya=/kunden/etc/" "Mozilla/5.0 AppleWebKit/537.36 (KHTML, like Gecko; compatible; GPTBot/1.4; +https://openai.com/gptbot)" "-"
66.249.69.0 - - [07/Aug/2026:05:30:12 +0200] "GET /i30404886145161 HTTP/1.1" 200 201739 www.chocadoodle.co.uk "-" "Mozilla/5.0 (Linux; Android 6.0.1; Nexus 5X Build/MMB29P) AppleWebKit/537.36 (KHTML, like Gecko) Chrome/150.0.7871.186 Mobile Safari/537.36 (compatible; Googlebot/2.1; +http://www.google.com/bot.html)" "-"
144.76.32.0 - - [07/Aug/2026:05:30:13 +0200] "GET /goods.php?special/060042836.html HTTP/1.1" 200 162452 www.chocadoodle.co.uk "-" "Mozilla/5.0 (compatible; SERankingBacklinksBot/1.0; +https://seranking.com/backlinks-crawler)" "-"
144.76.32.0 - - [07/Aug/2026:05:30:16 +0200] "GET /goods.php?special/061003123.html HTTP/1.1" 200 157467 www.chocadoodle.co.uk "-" "Mozilla/5.0 (compatible; SERankingBacklinksBot/1.0; +https://seranking.com/backlinks-crawler)" "-"
74.7.242.0 - - [07/Aug/2026:05:30:19 +0200] "GET /items/21203136995855.html/?loknya=/homepages/43/d124547881/.config HTTP/1.1" 200 5257 www.chocadoodle.co.uk "https://www.chocadoodle.co.uk/items/21203136995855.html/?loknya=/homepages/43/d124547881/" "Mozilla/5.0 AppleWebKit/537.36 (KHTML, like Gecko; compatible; GPTBot/1.4; +https://openai.com/gptbot)" "-"
144.76.32.0 - - [07/Aug/2026:05:30:20 +0200] "GET /goods.php?special/061008611.html HTTP/1.1" 200 166710 www.chocadoodle.co.uk "-" "Mozilla/5.0 (compatible; SERankingBacklinksBot/1.0; +https://seranking.com/backlinks-crawler)" "-"
144.76.32.0 - - [07/Aug/2026:05:30:24 +0200] "GET /goods.php?special/061011895.html HTTP/1.1" 200 163845 www.chocadoodle.co.uk "-" "Mozilla/5.0 (compatible; SERankingBacklinksBot/1.0; +https://seranking.com/backlinks-crawler)" "-"
144.76.32.0 - - [07/Aug/2026:05:30:27 +0200] "GET /goods.php?special/061032967.html HTTP/1.1" 200 161663 www.chocadoodle.co.uk "-" "Mozilla/5.0 (compatible; SERankingBacklinksBot/1.0; +https://seranking.com/backlinks-crawler)" "-"
114.119.148.0 - - [07/Aug/2026:05:30:28 +0200] "GET /cwvjca/hnhpxs-c.html HTTP/1.1" 200 27498 wrigglesworths.co.uk "http://wrigglesworths.co.uk/cwvjca/hnhpxs-c.html" "Mozilla/5.0 (Linux; Android 7.0;) AppleWebKit/537.36 (HTML, like Gecko) Mobile Safari/537.36 (compatible; PetalBot;+https://webmaster.petalsearch.com/site/petalbot)" "-"
