74.7.241.0 - - [07/Aug/2026:04:20:28 +0200] "GET /?loknya=/usr/lib/x86_64-linux-gnu/perl/5.32/auto/Math/BigInt/ HTTP/1.1" 200 6740 chocadoodle.co.uk "https://chocadoodle.co.uk/?loknya=/usr/lib/x86_64-linux-gnu/perl/5.32/auto/Math/BigInt/FastCalc" "Mozilla/5.0 AppleWebKit/537.36 (KHTML, like Gecko; compatible; GPTBot/1.4; +https://openai.com/gptbot)" "-"
74.7.242.0 - - [07/Aug/2026:04:20:33 +0200] "GET /items/13967374698049.html/?loknya=/homepages/43/d124547881/ HTTP/1.1" 200 25950 www.chocadoodle.co.uk "https://www.chocadoodle.co.uk/items/13967374698049.html/?loknya=/homepages/43/d124547881/htdocs/" "Mozilla/5.0 AppleWebKit/537.36 (KHTML, like Gecko; compatible; GPTBot/1.4; +https://openai.com/gptbot)" "-"
114.119.153.0 - - [07/Aug/2026:04:20:33 +0200] "GET /goods.php?special/091015513.html HTTP/1.1" 200 162567 www.chocadoodle.co.uk "https://www.chocadoodle.co.uk/goods.php?sitemap483.xml" "Mozilla/5.0 (Linux; Android 7.0;) AppleWebKit/537.36 (HTML, like Gecko) Mobile Safari/537.36 (compatible; PetalBot;+https://webmaster.petalsearch.com/site/petalbot)" "-"
74.7.241.0 - - [07/Aug/2026:04:20:45 +0200] "GET /?loknya=/usr/lib/x86_64-linux-gnu/perl/5.32/auto/PerlIO/scalar HTTP/1.1" 200 7054 chocadoodle.co.uk "https://chocadoodle.co.uk/?loknya=/usr/lib/x86_64-linux-gnu/perl/5.32/auto/PerlIO" "Mozilla/5.0 AppleWebKit/537.36 (KHTML, like Gecko; compatible; GPTBot/1.4; +https://openai.com/gptbot)" "-"
74.7.242.0 - - [07/Aug/2026:04:20:53 +0200] "GET /items/37293607440821.html/?loknya=/homepages/43/d124547881/ HTTP/1.1" 200 25950 www.chocadoodle.co.uk "https://www.chocadoodle.co.uk/items/37293607440821.html/?loknya=/homepages/43/d124547881/htdocs/" "Mozilla/5.0 AppleWebKit/537.36 (KHTML, like Gecko; compatible; GPTBot/1.4; +https://openai.com/gptbot)" "-"
74.7.241.0 - - [07/Aug/2026:04:20:59 +0200] "GET /?loknya=/usr/lib/x86_64-linux-gnu/perl/5.32.1/Filter/ HTTP/1.1" 200 6530 chocadoodle.co.uk "https://chocadoodle.co.uk/?loknya=/usr/lib/x86_64-linux-gnu/perl/5.32.1/Filter/Util" "Mozilla/5.0 AppleWebKit/537.36 (KHTML, like Gecko; compatible; GPTBot/1.4; +https://openai.com/gptbot)" "-"
52.167.144.0 - - [07/Aug/2026:04:21:02 +0200] "GET /motip-spray-putty-gamma-k.html HTTP/1.1" 200 58525 www.gbwconsulting.co.uk "-" "Mozilla/5.0 AppleWebKit/537.36 (KHTML, like Gecko; compatible; bingbot/2.0; +http://www.bing.com/bingbot.htm) Chrome/116.0.1938.76 Safari/537.36" "-"
74.7.242.0 - - [07/Aug/2026:04:21:11 +0200] "GET /items/32699267815459.html/?loknya=/homepages/43/d124547881/ HTTP/1.1" 200 25950 www.chocadoodle.co.uk "https://www.chocadoodle.co.uk/items/32699267815459.html/?loknya=/homepages/43/d124547881/htdocs/" "Mozilla/5.0 AppleWebKit/537.36 (KHTML, like Gecko; compatible; GPTBot/1.4; +https://openai.com/gptbot)" "-"
74.7.241.0 - - [07/Aug/2026:04:21:12 +0200] "GET /?loknya=/usr/lib/x86_64-linux-gnu/perl/5.32/Encode/Unicode HTTP/1.1" 200 6939 chocadoodle.co.uk "https://chocadoodle.co.uk/?loknya=/usr/lib/x86_64-linux-gnu/perl/5.32/Encode" "Mozilla/5.0 AppleWebKit/537.36 (KHTML, like Gecko; compatible; GPTBot/1.4; +https://openai.com/gptbot)" "-"
114.119.129.0 - - [07/Aug/2026:04:21:19 +0200] "GET /goods.php?special/090004922.html HTTP/1.1" 200 158403 www.chocadoodle.co.uk "https://www.chocadoodle.co.uk/goods.php?sitemap483.xml" "Mozilla/5.0 (Linux; Android 7.0;) AppleWebKit/537.36 (HTML, like Gecko) Mobile Safari/537.36 (compatible; PetalBot;+https://webmaster.petalsearch.com/site/petalbot)" "-"
74.7.241.0 - - [07/Aug/2026:04:21:23 +0200] "GET /?loknya=/usr/lib/x86_64-linux-gnu/perl/5.32.1/Sys HTTP/1.1" 200 8215 chocadoodle.co.uk "https://chocadoodle.co.uk/?loknya=/usr/lib/x86_64-linux-gnu/perl/5.32.1" "Mozilla/5.0 AppleWebKit/537.36 (KHTML, like Gecko; compatible; GPTBot/1.4; +https://openai.com/gptbot)" "-"
74.7.242.0 - - [07/Aug/2026:04:21:27 +0200] "GET /items/13980737261627.html/?loknya=/homepages/43/d124547881/ HTTP/1.1" 200 25950 www.chocadoodle.co.uk "https://www.chocadoodle.co.uk/items/13980737261627.html/?loknya=/homepages/43/d124547881/htdocs/" "Mozilla/5.0 AppleWebKit/537.36 (KHTML, like Gecko; compatible; GPTBot/1.4; +https://openai.com/gptbot)" "-"
2a03:2880:f800:: - - [07/Aug/2026:04:21:30 +0200] "GET /?lokasie=/kunden/kunden/bin/strace&loknya=/kunden/kunden/bin HTTP/1.1" 200 2247354 www.chocadoodle.co.uk "-" "Mozilla/5.0 (Macintosh; Intel Mac OS X 10_15_7) AppleWebKit/537.36 (KHTML, like Gecko) Chrome/145.0.0.0 Safari/537.36 (compatible; meta-externalagent/1.1 (+https://developers.facebook.com/docs/sharing/webmasters/crawler))" "-"
2a03:2880:f800:: - - [07/Aug/2026:04:21:32 +0200] "GET /?lokasie=/kunden/kunden/bin/rjoe&loknya=/kunden/kunden/bin HTTP/1.1" 200 1089485 www.chocadoodle.co.uk "-" "Mozilla/5.0 (Macintosh; Intel Mac OS X 10_15_7) AppleWebKit/537.36 (KHTML, like Gecko) Chrome/145.0.0.0 Safari/537.36 (compatible; meta-externalagent/1.1 (+https://developers.facebook.com/docs/sharing/webmasters/crawler))" "-"
74.7.241.0 - - [07/Aug/2026:04:21:34 +0200] "GET /?loknya=/usr/lib/x86_64-linux-gnu/perl/5.32.1/File/Spec HTTP/1.1" 200 18273 chocadoodle.co.uk "https://chocadoodle.co.uk/?loknya=/usr/lib/x86_64-linux-gnu/perl/5.32.1/File" "Mozilla/5.0 AppleWebKit/537.36 (KHTML, like Gecko; compatible; GPTBot/1.4; +https://openai.com/gptbot)" "-"
2a03:2880:f800:: - - [07/Aug/2026:04:21:35 +0200] "GET /?lokasie=/kunden/kunden/bin/ptx&loknya=/kunden/kunden/bin HTTP/1.1" 200 224484 www.chocadoodle.co.uk "-" "Mozilla/5.0 (Macintosh; Intel Mac OS X 10_15_7) AppleWebKit/537.36 (KHTML, like Gecko) Chrome/145.0.0.0 Safari/537.36 (compatible; meta-externalagent/1.1 (+https://developers.facebook.com/docs/sharing/webmasters/crawler))" "-"
2a03:2880:f800:: - - [07/Aug/2026:04:21:39 +0200] "GET /?lokasie=/kunden/kunden/bin/mariadb-optimize&loknya=/kunden/kunden/bin HTTP/1.1" 200 5018385 www.chocadoodle.co.uk "-" "Mozilla/5.0 (X11; Linux x86_64) AppleWebKit/537.36 (KHTML, like Gecko) Chrome/145.0.0.0 Safari/537.36 (compatible; meta-externalagent/1.1 (+https://developers.facebook.com/docs/sharing/webmasters/crawler))" "-"
74.7.242.0 - - [07/Aug/2026:04:21:42 +0200] "GET /items/30336416715292.html/?loknya=/homepages/43/d124547881/ HTTP/1.1" 200 25950 www.chocadoodle.co.uk "https://www.chocadoodle.co.uk/items/30336416715292.html/?loknya=/homepages/43/d124547881/htdocs/" "Mozilla/5.0 AppleWebKit/537.36 (KHTML, like Gecko; compatible; GPTBot/1.4; +https://openai.com/gptbot)" "-"
74.7.241.0 - - [07/Aug/2026:04:21:43 +0200] "GET /?loknya=/usr/lib/x86_64-linux-gnu/perl/5.32.1/IO/Socket HTTP/1.1" 200 8329 chocadoodle.co.uk "https://chocadoodle.co.uk/?loknya=/usr/lib/x86_64-linux-gnu/perl/5.32.1/IO" "Mozilla/5.0 AppleWebKit/537.36 (KHTML, like Gecko; compatible; GPTBot/1.4; +https://openai.com/gptbot)" "-"
74.7.241.0 - - [07/Aug/2026:04:21:51 +0200] "GET /?loknya=/usr/lib/x86_64-linux-/perl/5.32.1 HTTP/1.1" 200 5328 chocadoodle.co.uk "https://chocadoodle.co.uk/?loknya=/usr/lib/x86_64-linux-/perl/5.32.1/" "Mozilla/5.0 AppleWebKit/537.36 (KHTML, like Gecko; compatible; GPTBot/1.4; +https://openai.com/gptbot)" "-"
74.7.242.0 - - [07/Aug/2026:04:21:56 +0200] "GET /items/15693074853710.html/?loknya=/homepages/43/d124547881/ HTTP/1.1" 200 25950 www.chocadoodle.co.uk "https://www.chocadoodle.co.uk/items/15693074853710.html/?loknya=/homepages/43/d124547881/htdocs/" "Mozilla/5.0 AppleWebKit/537.36 (KHTML, like Gecko; compatible; GPTBot/1.4; +https://openai.com/gptbot)" "-"
74.7.241.0 - - [07/Aug/2026:04:21:59 +0200] "GET /?loknya=/usr/lib/x86_64-linux-gnu/perl/5.32.1/B HTTP/1.1" 429 267 chocadoodle.co.uk "https://chocadoodle.co.uk/?loknya=/usr/lib/x86_64-linux-gnu/perl/5.32.1" "Mozilla/5.0 AppleWebKit/537.36 (KHTML, like Gecko; compatible; GPTBot/1.4; +https://openai.com/gptbot)" "-"
74.7.241.0 - - [07/Aug/2026:04:22:06 +0200] "GET /?loknya=/usr/lib/x86_64-linux-gnu/perl/5.32.1/Sub HTTP/1.1" 429 267 chocadoodle.co.uk "https://chocadoodle.co.uk/?loknya=/usr/lib/x86_64-linux-gnu/perl/5.32.1" "Mozilla/5.0 AppleWebKit/537.36 (KHTML, like Gecko; compatible; GPTBot/1.4; +https://openai.com/gptbot)" "-"
74.7.242.0 - - [07/Aug/2026:04:22:07 +0200] "GET /items/34958648062306.html/?loknya=/homepages/43/d124547881/ HTTP/1.1" 200 25950 www.chocadoodle.co.uk "https://www.chocadoodle.co.uk/items/34958648062306.html/?loknya=/homepages/43/d124547881/htdocs/" "Mozilla/5.0 AppleWebKit/537.36 (KHTML, like Gecko; compatible; GPTBot/1.4; +https://openai.com/gptbot)" "-"
74.7.242.0 - - [07/Aug/2026:04:22:18 +0200] "GET /items/34284306859500.html/?loknya=/homepages/43/d124547881/ HTTP/1.1" 200 25950 www.chocadoodle.co.uk "https://www.chocadoodle.co.uk/items/34284306859500.html/?loknya=/homepages/43/d124547881/htdocs/" "Mozilla/5.0 AppleWebKit/537.36 (KHTML, like Gecko; compatible; GPTBot/1.4; +https://openai.com/gptbot)" "-"
74.7.241.0 - - [07/Aug/2026:04:22:26 +0200] "GET /?lokasie=/bin/gd2topng&loknya=/bin HTTP/1.1" 429 267 chocadoodle.co.uk "https://chocadoodle.co.uk/?loknya=/bin" "Mozilla/5.0 AppleWebKit/537.36 (KHTML, like Gecko; compatible; GPTBot/1.4; +https://openai.com/gptbot)" "-"
74.7.242.0 - - [07/Aug/2026:04:22:27 +0200] "GET /items/13140946976310.html/?loknya=/homepages/43/d124547881/ HTTP/1.1" 200 25950 www.chocadoodle.co.uk "https://www.chocadoodle.co.uk/items/13140946976310.html/?loknya=/homepages/43/d124547881/htdocs/" "Mozilla/5.0 AppleWebKit/537.36 (KHTML, like Gecko; compatible; GPTBot/1.4; +https://openai.com/gptbot)" "-"
114.119.144.0 - - [07/Aug/2026:04:22:36 +0200] "GET /pjpein/scgtrk-c.html HTTP/1.1" 200 27498 wrigglesworths.co.uk "http://wrigglesworths.co.uk/pjpein/scgtrk-c.html" "Mozilla/5.0 (Linux; Android 7.0;) AppleWebKit/537.36 (HTML, like Gecko) Mobile Safari/537.36 (compatible; PetalBot;+https://webmaster.petalsearch.com/site/petalbot)" "-"
74.7.242.0 - - [07/Aug/2026:04:22:36 +0200] "GET /items/20289626581723.html/?loknya=/homepages/43/d124547881/ HTTP/1.1" 200 25950 www.chocadoodle.co.uk "https://www.chocadoodle.co.uk/items/20289626581723.html/?loknya=/homepages/43/d124547881/htdocs/" "Mozilla/5.0 AppleWebKit/537.36 (KHTML, like Gecko; compatible; GPTBot/1.4; +https://openai.com/gptbot)" "-"
74.7.242.0 - - [07/Aug/2026:04:22:44 +0200] "GET /items/36714924764056.html/?loknya=/homepages/43/d124547881/ HTTP/1.1" 429 267 www.chocadoodle.co.uk "https://www.chocadoodle.co.uk/items/36714924764056.html/?loknya=/homepages/43/d124547881/htdocs/" "Mozilla/5.0 AppleWebKit/537.36 (KHTML, like Gecko; compatible; GPTBot/1.4; +https://openai.com/gptbot)" "-"
74.7.242.0 - - [07/Aug/2026:04:22:51 +0200] "GET /items/13967374698049.html/?loknya=/homepages/43/ HTTP/1.1" 429 267 www.chocadoodle.co.uk "https://www.chocadoodle.co.uk/items/13967374698049.html/?loknya=/homepages/43/d124547881/" "Mozilla/5.0 AppleWebKit/537.36 (KHTML, like Gecko; compatible; GPTBot/1.4; +https://openai.com/gptbot)" "-"
2a03:2880:f800:: - - [07/Aug/2026:04:22:51 +0200] "GET /?lokasie=/kunden/kunden/bin/lzma&loknya=/kunden/kunden/bin HTTP/1.1" 200 118109 www.chocadoodle.co.uk "-" "Mozilla/5.0 (Windows NT 10.0; Win64; x64) AppleWebKit/537.36 (KHTML, like Gecko) Chrome/145.0.0.0 Safari/537.36 Edg/145.0.0.0 (compatible; meta-externalagent/1.1 (+https://developers.facebook.com/docs/sharing/webmasters/crawler))" "-"
2a03:2880:f800:: - - [07/Aug/2026:04:22:54 +0200] "GET /?lokasie=/kunden/kunden/bin/ssh-argv0&loknya=/kunden/kunden/bin HTTP/1.1" 200 5578 www.chocadoodle.co.uk "-" "Mozilla/5.0 (Macintosh; Intel Mac OS X 10_15_7) AppleWebKit/537.36 (KHTML, like Gecko) Chrome/145.0.0.0 Safari/537.36 (compatible; meta-externalagent/1.1 (+https://developers.facebook.com/docs/sharing/webmasters/crawler))" "-"
66.249.69.0 - - [07/Aug/2026:04:22:59 +0200] "GET /i32678536595096/ HTTP/1.1" 200 199329 www.chocadoodle.co.uk "-" "Mozilla/5.0 (Linux; Android 6.0.1; Nexus 5X Build/MMB29P) AppleWebKit/537.36 (KHTML, like Gecko) Chrome/150.0.7871.186 Mobile Safari/537.36 (compatible; GoogleOther)" "-"
2a03:2880:f800:: - - [07/Aug/2026:04:22:59 +0200] "GET /?lokasie=/kunden/kunden/bin/hexdump&loknya=/kunden/kunden/bin HTTP/1.1" 200 83436 www.chocadoodle.co.uk "-" "Mozilla/5.0 (Windows NT 10.0; Win64; x64) AppleWebKit/537.36 (KHTML, like Gecko) Chrome/145.0.0.0 Safari/537.36 (compatible; meta-externalagent/1.1 (+https://developers.facebook.com/docs/sharing/webmasters/crawler))" "-"
2a03:2880:f800:: - - [07/Aug/2026:04:23:03 +0200] "GET /?lokasie=/kunden/kunden/bin/cvs&loknya=/kunden/kunden/bin HTTP/1.1" 200 1310857 www.chocadoodle.co.uk "-" "Mozilla/5.0 (Macintosh; Intel Mac OS X 10_15_7) AppleWebKit/537.36 (KHTML, like Gecko) Chrome/145.0.0.0 Safari/537.36 (compatible; meta-externalagent/1.1 (+https://developers.facebook.com/docs/sharing/webmasters/crawler))" "-"
2a03:2880:f800:: - - [07/Aug/2026:04:23:05 +0200] "GET /?lokasie=/kunden/kunden/bin/cpan&loknya=/kunden/kunden/bin HTTP/1.1" 200 12719 www.chocadoodle.co.uk "-" "Mozilla/5.0 (Windows NT 10.0; Win64; x64) AppleWebKit/537.36 (KHTML, like Gecko) Chrome/145.0.0.0 Safari/537.36 (compatible; meta-externalagent/1.1 (+https://developers.facebook.com/docs/sharing/webmasters/crawler))" "-"
2a03:2880:f800:: - - [07/Aug/2026:04:23:07 +0200] "GET /?lokasie=/kunden/kunden/bin/rsync&loknya=/kunden/kunden/bin HTTP/1.1" 200 785058 www.chocadoodle.co.uk "-" "Mozilla/5.0 (X11; Linux x86_64) AppleWebKit/537.36 (KHTML, like Gecko) Chrome/145.0.0.0 Safari/537.36 (compatible; meta-externalagent/1.1 (+https://developers.facebook.com/docs/sharing/webmasters/crawler))" "-"
2a03:2880:f800:: - - [07/Aug/2026:04:23:10 +0200] "GET /?lokasie=/kunden/kunden/bin/rcsdiff&loknya=/kunden/kunden/bin HTTP/1.1" 200 4922 www.chocadoodle.co.uk "-" "Mozilla/5.0 (Windows NT 10.0; Win64; x64) AppleWebKit/537.36 (KHTML, like Gecko) Chrome/145.0.0.0 Safari/537.36 (compatible; meta-externalagent/1.1 (+https://developers.facebook.com/docs/sharing/webmasters/crawler))" "-"
74.7.242.0 - - [07/Aug/2026:04:23:12 +0200] "GET /items/37293607440821.html/?loknya=/homepages/43/d124547881/.config HTTP/1.1" 429 267 www.chocadoodle.co.uk "https://www.chocadoodle.co.uk/items/37293607440821.html/?loknya=/homepages/43/d124547881/" "Mozilla/5.0 AppleWebKit/537.36 (KHTML, like Gecko; compatible; GPTBot/1.4; +https://openai.com/gptbot)" "-"
2a03:2880:f800:: - - [07/Aug/2026:04:23:12 +0200] "GET /?lokasie=/kunden/kunden/bin/cmuwmtopbm&loknya=/kunden/kunden/bin HTTP/1.1" 200 19762 www.chocadoodle.co.uk "-" "Mozilla/5.0 (Windows NT 10.0; Win64; x64) AppleWebKit/537.36 (KHTML, like Gecko) Chrome/145.0.0.0 Safari/537.36 (compatible; meta-externalagent/1.1 (+https://developers.facebook.com/docs/sharing/webmasters/crawler))" "-"
66.249.69.0 - - [07/Aug/2026:04:23:13 +0200] "GET /l47858097175023 HTTP/1.1" 200 205126 www.chocadoodle.co.uk "-" "Mozilla/5.0 (Linux; Android 6.0.1; Nexus 5X Build/MMB29P) AppleWebKit/537.36 (KHTML, like Gecko) Chrome/150.0.7871.186 Mobile Safari/537.36 (compatible; Googlebot/2.1; +http://www.google.com/bot.html)" "-"
2a03:2880:f800:: - - [07/Aug/2026:04:23:15 +0200] "GET /?lokasie=/kunden/kunden/bin/as&loknya=/kunden/kunden/bin HTTP/1.1" 200 738243 www.chocadoodle.co.uk "-" "Mozilla/5.0 (Macintosh; Intel Mac OS X 10_15_7) AppleWebKit/537.36 (KHTML, like Gecko) Chrome/145.0.0.0 Safari/537.36 (compatible; meta-externalagent/1.1 (+https://developers.facebook.com/docs/sharing/webmasters/crawler))" "-"
2a03:2880:f800:: - - [07/Aug/2026:04:23:18 +0200] "GET /?lokasie=/kunden/kunden/bin/pnmtops&loknya=/kunden/kunden/bin HTTP/1.1" 200 27635 www.chocadoodle.co.uk "-" "Mozilla/5.0 (Macintosh; Intel Mac OS X 10_15_7) AppleWebKit/537.36 (KHTML, like Gecko) Chrome/145.0.0.0 Safari/537.36 (compatible; meta-externalagent/1.1 (+https://developers.facebook.com/docs/sharing/webmasters/crawler))" "-"
2a03:2880:f800:: - - [07/Aug/2026:04:23:20 +0200] "GET /?lokasie=/kunden/kunden/bin/bzip2&loknya=/kunden/kunden/bin HTTP/1.1" 200 54500 www.chocadoodle.co.uk "-" "Mozilla/5.0 (Windows NT 10.0; Win64; x64) AppleWebKit/537.36 (KHTML, like Gecko) Chrome/145.0.0.0 Safari/537.36 (compatible; meta-externalagent/1.1 (+https://developers.facebook.com/docs/sharing/webmasters/crawler))" "-"
2a03:2880:f800:: - - [07/Aug/2026:04:23:23 +0200] "GET /?lokasie=/kunden/kunden/bin/pamstretch&loknya=/kunden/kunden/bin HTTP/1.1" 200 21525 www.chocadoodle.co.uk "-" "Mozilla/5.0 (Windows NT 10.0; Win64; x64) AppleWebKit/537.36 (KHTML, like Gecko) Chrome/145.0.0.0 Safari/537.36 (compatible; meta-externalagent/1.1 (+https://developers.facebook.com/docs/sharing/webmasters/crawler))" "-"
2a03:2880:f800:: - - [07/Aug/2026:04:23:25 +0200] "GET /?lokasie=/kunden/kunden/bin/zip&loknya=/kunden/kunden/bin HTTP/1.1" 200 314367 www.chocadoodle.co.uk "-" "Mozilla/5.0 (X11; Linux x86_64) AppleWebKit/537.36 (KHTML, like Gecko) Chrome/145.0.0.0 Safari/537.36 (compatible; meta-externalagent/1.1 (+https://developers.facebook.com/docs/sharing/webmasters/crawler))" "-"
74.7.241.0 - - [07/Aug/2026:04:23:27 +0200] "GET /?lokasie=/bin/ps2pdfwr&loknya=/bin HTTP/1.1" 200 5243 chocadoodle.co.uk "https://chocadoodle.co.uk/?loknya=/bin" "Mozilla/5.0 AppleWebKit/537.36 (KHTML, like Gecko; compatible; GPTBot/1.4; +https://openai.com/gptbot)" "-"
2a03:2880:f800:: - - [07/Aug/2026:04:23:27 +0200] "GET /?lokasie=/kunden/kunden/bin/gpasswd&loknya=/kunden/kunden/bin HTTP/1.1" 200 57059 www.chocadoodle.co.uk "-" "Mozilla/5.0 (Windows NT 10.0; Win64; x64) AppleWebKit/537.36 (KHTML, like Gecko) Chrome/145.0.0.0 Safari/537.36 (compatible; meta-externalagent/1.1 (+https://developers.facebook.com/docs/sharing/webmasters/crawler))" "-"
2a03:2880:f800:: - - [07/Aug/2026:04:23:29 +0200] "GET /?lokasie=/kunden/kunden/bin/ssh-keyscan&loknya=/kunden/kunden/bin HTTP/1.1" 200 696801 www.chocadoodle.co.uk "-" "Mozilla/5.0 (Macintosh; Intel Mac OS X 10_15_7) AppleWebKit/537.36 (KHTML, like Gecko) Chrome/145.0.0.0 Safari/537.36 (compatible; meta-externalagent/1.1 (+https://developers.facebook.com/docs/sharing/webmasters/crawler))" "-"
2a03:2880:f800:: - - [07/Aug/2026:04:23:31 +0200] "GET /?lokasie=/kunden/kunden/bin/winicontoppm&loknya=/kunden/kunden/bin HTTP/1.1" 200 28101 www.chocadoodle.co.uk "-" "Mozilla/5.0 (Macintosh; Intel Mac OS X 10_15_7) AppleWebKit/537.36 (KHTML, like Gecko) Chrome/145.0.0.0 Safari/537.36 (compatible; meta-externalagent/1.1 (+https://developers.facebook.com/docs/sharing/webmasters/crawler))" "-"
2a03:2880:f800:: - - [07/Aug/2026:04:23:33 +0200] "GET /?lokasie=/kunden/kunden/bin/tiff2rgba&loknya=/kunden/kunden/bin HTTP/1.1" 200 27261 www.chocadoodle.co.uk "-" "Mozilla/5.0 (Macintosh; Intel Mac OS X 10_15_7) AppleWebKit/537.36 (KHTML, like Gecko) Chrome/145.0.0.0 Safari/537.36 (compatible; meta-externalagent/1.1 (+https://developers.facebook.com/docs/sharing/webmasters/crawler))" "-"
2a03:2880:f800:: - - [07/Aug/2026:04:23:35 +0200] "GET /?lokasie=/kunden/kunden/bin/cpp-10&loknya=/kunden/kunden/bin HTTP/1.1" 200 1129739 www.chocadoodle.co.uk "-" "Mozilla/5.0 (Macintosh; Intel Mac OS X 10_15_7) AppleWebKit/537.36 (KHTML, like Gecko) Chrome/145.0.0.0 Safari/537.36 (compatible; meta-externalagent/1.1 (+https://developers.facebook.com/docs/sharing/webmasters/crawler))" "-"
2a03:2880:f800:: - - [07/Aug/2026:04:23:37 +0200] "GET /?lokasie=/kunden/kunden/bin/dpkg-deb&loknya=/kunden/kunden/bin HTTP/1.1" 200 238805 www.chocadoodle.co.uk "-" "Mozilla/5.0 (X11; Linux x86_64) AppleWebKit/537.36 (KHTML, like Gecko) Chrome/145.0.0.0 Safari/537.36 (compatible; meta-externalagent/1.1 (+https://developers.facebook.com/docs/sharing/webmasters/crawler))" "-"
2a03:2880:f800:: - - [07/Aug/2026:04:23:39 +0200] "GET /?lokasie=/kunden/kunden/bin/mkpasswd&loknya=/kunden/kunden/bin HTTP/1.1" 200 35268 www.chocadoodle.co.uk "-" "Mozilla/5.0 (Macintosh; Intel Mac OS X 10_15_7) AppleWebKit/537.36 (KHTML, like Gecko) Chrome/145.0.0.0 Safari/537.36 (compatible; meta-externalagent/1.1 (+https://developers.facebook.com/docs/sharing/webmasters/crawler))" "-"
2a03:2880:f800:: - - [07/Aug/2026:04:23:41 +0200] "GET /?lokasie=/kunden/kunden/bin/instmodsh&loknya=/kunden/kunden/bin HTTP/1.1" 429 267 www.chocadoodle.co.uk "-" "Mozilla/5.0 (Macintosh; Intel Mac OS X 10_15_7) AppleWebKit/537.36 (KHTML, like Gecko) Chrome/145.0.0.0 Safari/537.36 (compatible; meta-externalagent/1.1 (+https://developers.facebook.com/docs/sharing/webmasters/crawler))" "-"
2a03:2880:f800:: - - [07/Aug/2026:04:23:43 +0200] "GET /?lokasie=/kunden/kunden/bin/bc&loknya=/kunden/kunden/bin HTTP/1.1" 429 267 www.chocadoodle.co.uk "-" "Mozilla/5.0 (Windows NT 10.0; Win64; x64) AppleWebKit/537.36 (KHTML, like Gecko) Chrome/145.0.0.0 Safari/537.36 (compatible; meta-externalagent/1.1 (+https://developers.facebook.com/docs/sharing/webmasters/crawler))" "-"
2a03:2880:f800:: - - [07/Aug/2026:04:23:45 +0200] "GET /?lokasie=/kunden/kunden/bin/rnano&loknya=/kunden/kunden/bin HTTP/1.1" 429 267 www.chocadoodle.co.uk "-" "Mozilla/5.0 (Windows NT 10.0; Win64; x64) AppleWebKit/537.36 (KHTML, like Gecko) Chrome/145.0.0.0 Safari/537.36 (compatible; meta-externalagent/1.1 (+https://developers.facebook.com/docs/sharing/webmasters/crawler))" "-"
2a03:2880:f800:: - - [07/Aug/2026:04:23:45 +0200] "GET /?lokasie=/kunden/kunden/bin/x86_64-linux-gnu-gcc-ar-10&loknya=/kunden/kunden/bin HTTP/1.1" 429 267 www.chocadoodle.co.uk "-" "Mozilla/5.0 (Windows NT 10.0; Win64; x64) AppleWebKit/537.36 (KHTML, like Gecko) Chrome/145.0.0.0 Safari/537.36 (compatible; meta-externalagent/1.1 (+https://developers.facebook.com/docs/sharing/webmasters/crawler))" "-"
2a03:2880:f800:: - - [07/Aug/2026:04:23:47 +0200] "GET /?lokasie=/kunden/kunden/bin/ppmdim&loknya=/kunden/kunden/bin HTTP/1.1" 429 267 www.chocadoodle.co.uk "-" "Mozilla/5.0 (Windows NT 10.0; Win64; x64) AppleWebKit/537.36 (KHTML, like Gecko) Chrome/145.0.0.0 Safari/537.36 Edg/145.0.0.0 (compatible; meta-externalagent/1.1 (+https://developers.facebook.com/docs/sharing/webmasters/crawler))" "-"
2a03:2880:f800:: - - [07/Aug/2026:04:23:48 +0200] "GET /?lokasie=/kunden/kunden/bin/ilbmtoppm&loknya=/kunden/kunden/bin HTTP/1.1" 429 267 www.chocadoodle.co.uk "-" "Mozilla/5.0 (Windows NT 10.0; Win64; x64) AppleWebKit/537.36 (KHTML, like Gecko) Chrome/145.0.0.0 Safari/537.36 (compatible; meta-externalagent/1.1 (+https://developers.facebook.com/docs/sharing/webmasters/crawler))" "-"
2a03:2880:f800:: - - [07/Aug/2026:04:23:51 +0200] "GET /?lokasie=/kunden/kunden/bin/whatis&loknya=/kunden/kunden/bin HTTP/1.1" 429 267 www.chocadoodle.co.uk "-" "Mozilla/5.0 (Windows NT 10.0; Win64; x64) AppleWebKit/537.36 (KHTML, like Gecko) Chrome/145.0.0.0 Safari/537.36 (compatible; meta-externalagent/1.1 (+https://developers.facebook.com/docs/sharing/webmasters/crawler))" "-"
2a03:2880:f800:: - - [07/Aug/2026:04:23:52 +0200] "GET /?lokasie=/kunden/kunden/bin/sh&loknya=/kunden/kunden/bin HTTP/1.1" 429 267 www.chocadoodle.co.uk "-" "Mozilla/5.0 (Macintosh; Intel Mac OS X 10_15_7) AppleWebKit/537.36 (KHTML, like Gecko) Chrome/145.0.0.0 Safari/537.36 (compatible; meta-externalagent/1.1 (+https://developers.facebook.com/docs/sharing/webmasters/crawler))" "-"
2a03:2880:f800:: - - [07/Aug/2026:04:23:55 +0200] "GET /?lokasie=/kunden/kunden/bin/db5.3_replicate&loknya=/kunden/kunden/bin HTTP/1.1" 429 267 www.chocadoodle.co.uk "-" "Mozilla/5.0 (Windows NT 10.0; Win64; x64) AppleWebKit/537.36 (KHTML, like Gecko) Chrome/145.0.0.0 Safari/537.36 Edg/145.0.0.0 (compatible; meta-externalagent/1.1 (+https://developers.facebook.com/docs/sharing/webmasters/crawler))" "-"
2a03:2880:f800:: - - [07/Aug/2026:04:23:55 +0200] "GET /?lokasie=/kunden/kunden/bin/fincore&loknya=/kunden/kunden/bin HTTP/1.1" 429 267 www.chocadoodle.co.uk "-" "Mozilla/5.0 (Windows NT 10.0; Win64; x64) AppleWebKit/537.36 (KHTML, like Gecko) Chrome/145.0.0.0 Safari/537.36 (compatible; meta-externalagent/1.1 (+https://developers.facebook.com/docs/sharing/webmasters/crawler))" "-"
114.119.144.0 - - [07/Aug/2026:04:23:59 +0200] "GET /ohzkjr/ulrnzl-c.html HTTP/1.1" 200 27498 wrigglesworths.co.uk "http://wrigglesworths.co.uk/ohzkjr/ulrnzl-c.html" "Mozilla/5.0 (Linux; Android 7.0;) AppleWebKit/537.36 (HTML, like Gecko) Mobile Safari/537.36 (compatible; PetalBot;+https://webmaster.petalsearch.com/site/petalbot)" "-"
2a03:2880:f800:: - - [07/Aug/2026:04:24:00 +0200] "GET /?lokasie=/kunden/kunden/bin/xzfgrep&loknya=/kunden/kunden/bin HTTP/1.1" 429 267 www.chocadoodle.co.uk "-" "Mozilla/5.0 (Macintosh; Intel Mac OS X 10_15_7) AppleWebKit/537.36 (KHTML, like Gecko) Chrome/145.0.0.0 Safari/537.36 (compatible; meta-externalagent/1.1 (+https://developers.facebook.com/docs/sharing/webmasters/crawler))" "-"
189.6.253.0 - - [07/Aug/2026:04:24:04 +0200] "GET /?sitemap579.xml HTTP/1.1" 200 397610 chocadoodle.co.uk "-" "Mozilla/5.0 (Macintosh; Intel Mac OS X 10.15; rv:136.0) Gecko/20100101 Firefox/136.0" "-"
74.7.242.0 - - [07/Aug/2026:04:24:16 +0200] "GET /items/32699267815459.html/?loknya=/homepages/43/d124547881/.config HTTP/1.1" 200 5257 www.chocadoodle.co.uk "https://www.chocadoodle.co.uk/items/32699267815459.html/?loknya=/homepages/43/d124547881/" "Mozilla/5.0 AppleWebKit/537.36 (KHTML, like Gecko; compatible; GPTBot/1.4; +https://openai.com/gptbot)" "-"
74.7.241.0 - - [07/Aug/2026:04:24:32 +0200] "GET /?lokasie=/bin/gd2togif&loknya=/bin HTTP/1.1" 200 19218 chocadoodle.co.uk "https://chocadoodle.co.uk/?loknya=/bin" "Mozilla/5.0 AppleWebKit/537.36 (KHTML, like Gecko; compatible; GPTBot/1.4; +https://openai.com/gptbot)" "-"
66.249.69.0 - - [07/Aug/2026:04:25:18 +0200] "GET /i43172384918738/ HTTP/1.1" 200 209614 www.chocadoodle.co.uk "-" "Mozilla/5.0 (Linux; Android 6.0.1; Nexus 5X Build/MMB29P) AppleWebKit/537.36 (KHTML, like Gecko) Chrome/150.0.7871.186 Mobile Safari/537.36 (compatible; Googlebot/2.1; +http://www.google.com/bot.html)" "-"
74.7.242.0 - - [07/Aug/2026:04:25:22 +0200] "GET /items/13980737261627.html/?loknya=/homepages/43/d124547881/.config HTTP/1.1" 200 5257 www.chocadoodle.co.uk "https://www.chocadoodle.co.uk/items/13980737261627.html/?loknya=/homepages/43/d124547881/" "Mozilla/5.0 AppleWebKit/537.36 (KHTML, like Gecko; compatible; GPTBot/1.4; +https://openai.com/gptbot)" "-"
114.119.158.0 - - [07/Aug/2026:04:25:23 +0200] "GET /oawpvz/lmdjnd-c.html HTTP/1.1" 200 27498 wrigglesworths.co.uk "http://wrigglesworths.co.uk/oawpvz/lmdjnd-c.html" "Mozilla/5.0 (Linux; Android 7.0;) AppleWebKit/537.36 (HTML, like Gecko) Mobile Safari/537.36 (compatible; PetalBot;+https://webmaster.petalsearch.com/site/petalbot)" "-"
74.7.241.0 - - [07/Aug/2026:04:25:30 +0200] "GET /?lokasie=/bin/pngtogd2&loknya=/bin HTTP/1.1" 200 19290 chocadoodle.co.uk "https://chocadoodle.co.uk/?loknya=/bin" "Mozilla/5.0 AppleWebKit/537.36 (KHTML, like Gecko; compatible; GPTBot/1.4; +https://openai.com/gptbot)" "-"
216.73.216.0 - - [07/Aug/2026:04:25:38 +0200] "GET /robots.txt HTTP/1.1" 200 389 www.chocadoodle.co.uk "-" "Mozilla/5.0 AppleWebKit/537.36 (KHTML, like Gecko; compatible; ClaudeBot/1.0; +claudebot@anthropic.com)" "-"
216.73.216.0 - - [07/Aug/2026:04:25:38 +0200] "GET /?lokasie=%2Fhomepages%2F36%2Fd732709356%2F%2Fhtaccesslist&loknya=%2Fhomepages%2F36%2Fd732709356%2F HTTP/1.1" 200 4075 www.chocadoodle.co.uk "-" "Mozilla/5.0 AppleWebKit/537.36 (KHTML, like Gecko; compatible; ClaudeBot/1.0; +claudebot@anthropic.com)" "-"
216.73.216.0 - - [07/Aug/2026:04:25:40 +0200] "GET /?lokasie=%2Fhomepages%2F36%2Fd730742406%2F%2Fhtaccesslist&loknya=%2Fhomepages%2F36%2Fd730742406%2F HTTP/1.1" 200 4075 www.chocadoodle.co.uk "-" "Mozilla/5.0 AppleWebKit/537.36 (KHTML, like Gecko; compatible; ClaudeBot/1.0; +claudebot@anthropic.com)" "-"
99.62.105.0 - - [07/Aug/2026:04:26:07 +0200] "GET /items/37493285107886.html/ HTTP/1.1" 200 55079 chocadoodle.co.uk "-" "Mozilla/5.0 (Windows NT 10.0; Win64; x64) AppleWebKit/537.36 (KHTML, like Gecko) Chrome/128.0.6613.84 Safari/537.36" "-"
2a03:2880:f800:: - - [07/Aug/2026:04:26:08 +0200] "GET /?lokasie=/kunden/kunden/bin/uicron&loknya=/kunden/kunden/bin HTTP/1.1" 200 8436 www.chocadoodle.co.uk "-" "Mozilla/5.0 (Windows NT 10.0; Win64; x64) AppleWebKit/537.36 (KHTML, like Gecko) Chrome/145.0.0.0 Safari/537.36 (compatible; meta-externalagent/1.1 (+https://developers.facebook.com/docs/sharing/webmasters/crawler))" "-"
66.249.69.0 - - [07/Aug/2026:04:26:10 +0200] "GET /k41196746973766/ HTTP/1.1" 200 204341 www.chocadoodle.co.uk "-" "Mozilla/5.0 (compatible; Googlebot/2.1; +http://www.google.com/bot.html)" "-"
2a03:2880:f800:: - - [07/Aug/2026:04:26:14 +0200] "GET /?lokasie=/kunden/kunden/bin/tsort&loknya=/kunden/kunden/bin HTTP/1.1" 200 85342 www.chocadoodle.co.uk "-" "Mozilla/5.0 (Windows NT 10.0; Win64; x64) AppleWebKit/537.36 (KHTML, like Gecko) Chrome/145.0.0.0 Safari/537.36 (compatible; meta-externalagent/1.1 (+https://developers.facebook.com/docs/sharing/webmasters/crawler))" "-"
66.249.69.0 - - [07/Aug/2026:04:26:18 +0200] "GET /n39275285828256 HTTP/1.1" 200 198538 www.chocadoodle.co.uk "-" "Mozilla/5.0 (Linux; Android 6.0.1; Nexus 5X Build/MMB29P) AppleWebKit/537.36 (KHTML, like Gecko) Chrome/150.0.7871.186 Mobile Safari/537.36 (compatible; Googlebot/2.1; +http://www.google.com/bot.html)" "-"
2a03:2880:f800:: - - [07/Aug/2026:04:26:19 +0200] "GET /?lokasie=/kunden/kunden/bin/pico&loknya=/kunden/kunden/bin HTTP/1.1" 200 542450 www.chocadoodle.co.uk "-" "Mozilla/5.0 (Windows NT 10.0; Win64; x64) AppleWebKit/537.36 (KHTML, like Gecko) Chrome/145.0.0.0 Safari/537.36 (compatible; meta-externalagent/1.1 (+https://developers.facebook.com/docs/sharing/webmasters/crawler))" "-"
74.7.242.0 - - [07/Aug/2026:04:26:19 +0200] "GET /items/30336416715292.html/?loknya=/homepages/43/d124547881/.config HTTP/1.1" 200 5257 www.chocadoodle.co.uk "https://www.chocadoodle.co.uk/items/30336416715292.html/?loknya=/homepages/43/d124547881/" "Mozilla/5.0 AppleWebKit/537.36 (KHTML, like Gecko; compatible; GPTBot/1.4; +https://openai.com/gptbot)" "-"
74.7.241.0 - - [07/Aug/2026:04:26:23 +0200] "GET /?lokasie=/bin/ppmtopi1&loknya=/bin HTTP/1.1" 200 19825 chocadoodle.co.uk "https://chocadoodle.co.uk/?loknya=/bin" "Mozilla/5.0 AppleWebKit/537.36 (KHTML, like Gecko; compatible; GPTBot/1.4; +https://openai.com/gptbot)" "-"
2a03:2880:f800:: - - [07/Aug/2026:04:26:24 +0200] "GET /?lokasie=/kunden/kunden/bin/mysql_waitpid&loknya=/kunden/kunden/bin HTTP/1.1" 200 4585875 www.chocadoodle.co.uk "-" "Mozilla/5.0 (Windows NT 10.0; Win64; x64) AppleWebKit/537.36 (KHTML, like Gecko) Chrome/145.0.0.0 Safari/537.36 (compatible; meta-externalagent/1.1 (+https://developers.facebook.com/docs/sharing/webmasters/crawler))" "-"
2a03:2880:f800:: - - [07/Aug/2026:04:26:29 +0200] "GET /?lokasie=/kunden/kunden/bin/pnmalias&loknya=/kunden/kunden/bin HTTP/1.1" 200 26237 www.chocadoodle.co.uk "-" "Mozilla/5.0 (Windows NT 10.0; Win64; x64) AppleWebKit/537.36 (KHTML, like Gecko) Chrome/145.0.0.0 Safari/537.36 (compatible; meta-externalagent/1.1 (+https://developers.facebook.com/docs/sharing/webmasters/crawler))" "-"
2a03:2880:f800:: - - [07/Aug/2026:04:26:34 +0200] "GET /?lokasie=/kunden/kunden/bin/conjure-im6.q16&loknya=/kunden/kunden/bin HTTP/1.1" 200 19347 www.chocadoodle.co.uk "-" "Mozilla/5.0 (Windows NT 10.0; Win64; x64) AppleWebKit/537.36 (KHTML, like Gecko) Chrome/145.0.0.0 Safari/537.36 Edg/145.0.0.0 (compatible; meta-externalagent/1.1 (+https://developers.facebook.com/docs/sharing/webmasters/crawler))" "-"
2a03:2880:f800:: - - [07/Aug/2026:04:26:39 +0200] "GET /?lokasie=/kunden/kunden/bin/pjtoppm&loknya=/kunden/kunden/bin HTTP/1.1" 200 21869 www.chocadoodle.co.uk "-" "Mozilla/5.0 (Macintosh; Intel Mac OS X 10_15_7) AppleWebKit/537.36 (KHTML, like Gecko) Chrome/145.0.0.0 Safari/537.36 (compatible; meta-externalagent/1.1 (+https://developers.facebook.com/docs/sharing/webmasters/crawler))" "-"
216.73.216.0 - - [07/Aug/2026:04:26:39 +0200] "GET /?lokasie=%2Fhomepages%2F36%2Fd730742406%2F%2FDASTOOLSTART&loknya=%2Fhomepages%2F36%2Fd730742406%2F HTTP/1.1" 200 4075 www.chocadoodle.co.uk "-" "Mozilla/5.0 AppleWebKit/537.36 (KHTML, like Gecko; compatible; ClaudeBot/1.0; +claudebot@anthropic.com)" "-"
2a03:2880:f800:: - - [07/Aug/2026:04:26:43 +0200] "GET /?lokasie=/kunden/kunden/bin/mariadb-repair&loknya=/kunden/kunden/bin HTTP/1.1" 200 5018383 www.chocadoodle.co.uk "-" "Mozilla/5.0 (Windows NT 10.0; Win64; x64) AppleWebKit/537.36 (KHTML, like Gecko) Chrome/145.0.0.0 Safari/537.36 (compatible; meta-externalagent/1.1 (+https://developers.facebook.com/docs/sharing/webmasters/crawler))" "-"
2a03:2880:f800:: - - [07/Aug/2026:04:26:47 +0200] "GET /?lokasie=/kunden/kunden/bin/rrdcgi&loknya=/kunden/kunden/bin HTTP/1.1" 200 49481 www.chocadoodle.co.uk "-" "Mozilla/5.0 (Macintosh; Intel Mac OS X 10_15_7) AppleWebKit/537.36 (KHTML, like Gecko) Chrome/145.0.0.0 Safari/537.36 (compatible; meta-externalagent/1.1 (+https://developers.facebook.com/docs/sharing/webmasters/crawler))" "-"
2a03:2880:f800:: - - [07/Aug/2026:04:26:51 +0200] "GET /?lokasie=/kunden/kunden/bin/ppmtopgm&loknya=/kunden/kunden/bin HTTP/1.1" 200 20589 www.chocadoodle.co.uk "-" "Mozilla/5.0 (X11; Linux x86_64) AppleWebKit/537.36 (KHTML, like Gecko) Chrome/145.0.0.0 Safari/537.36 (compatible; meta-externalagent/1.1 (+https://developers.facebook.com/docs/sharing/webmasters/crawler))" "-"
114.119.132.0 - - [07/Aug/2026:04:26:55 +0200] "GET /goods.php?special/089039625.html HTTP/1.1" 200 164161 www.chocadoodle.co.uk "https://www.chocadoodle.co.uk/goods.php?sitemap483.xml" "Mozilla/5.0 (Linux; Android 7.0;) AppleWebKit/537.36 (HTML, like Gecko) Mobile Safari/537.36 (compatible; PetalBot;+https://webmaster.petalsearch.com/site/petalbot)" "-"
2a03:2880:f800:: - - [07/Aug/2026:04:26:56 +0200] "GET /?lokasie=/kunden/kunden/bin/nsupdate&loknya=/kunden/kunden/bin HTTP/1.1" 200 103215 www.chocadoodle.co.uk "-" "Mozilla/5.0 (Windows NT 10.0; Win64; x64) AppleWebKit/537.36 (KHTML, like Gecko) Chrome/145.0.0.0 Safari/537.36 Edg/145.0.0.0 (compatible; meta-externalagent/1.1 (+https://developers.facebook.com/docs/sharing/webmasters/crawler))" "-"
2a03:2880:f800:: - - [07/Aug/2026:04:26:59 +0200] "GET /?lokasie=/kunden/kunden/bin/import&loknya=/kunden/kunden/bin HTTP/1.1" 200 19331 www.chocadoodle.co.uk "-" "Mozilla/5.0 (Windows NT 10.0; Win64; x64) AppleWebKit/537.36 (KHTML, like Gecko) Chrome/145.0.0.0 Safari/537.36 (compatible; meta-externalagent/1.1 (+https://developers.facebook.com/docs/sharing/webmasters/crawler))" "-"
2a03:2880:f800:: - - [07/Aug/2026:04:27:03 +0200] "GET /?lokasie=/kunden/kunden/bin/apt-config&loknya=/kunden/kunden/bin HTTP/1.1" 200 38331 www.chocadoodle.co.uk "-" "Mozilla/5.0 (Windows NT 10.0; Win64; x64) AppleWebKit/537.36 (KHTML, like Gecko) Chrome/145.0.0.0 Safari/537.36 (compatible; meta-externalagent/1.1 (+https://developers.facebook.com/docs/sharing/webmasters/crawler))" "-"
2a03:2880:f800:: - - [07/Aug/2026:04:27:07 +0200] "GET /?lokasie=/kunden/kunden/bin/ncftpls&loknya=/kunden/kunden/bin HTTP/1.1" 200 276671 www.chocadoodle.co.uk "-" "Mozilla/5.0 (Windows NT 10.0; Win64; x64) AppleWebKit/537.36 (KHTML, like Gecko) Chrome/145.0.0.0 Safari/537.36 (compatible; meta-externalagent/1.1 (+https://developers.facebook.com/docs/sharing/webmasters/crawler))" "-"
216.73.216.0 - - [07/Aug/2026:04:27:09 +0200] "GET /robots.txt HTTP/1.1" 200 389 chocadoodle.co.uk "-" "Mozilla/5.0 AppleWebKit/537.36 (KHTML, like Gecko; compatible; ClaudeBot/1.0; +claudebot@anthropic.com)" "-"
2a03:2880:f800:: - - [07/Aug/2026:04:27:10 +0200] "GET /?lokasie=/kunden/kunden/bin/ginstall-info&loknya=/kunden/kunden/bin HTTP/1.1" 200 181709 www.chocadoodle.co.uk "-" "Mozilla/5.0 (Macintosh; Intel Mac OS X 10_15_7) AppleWebKit/537.36 (KHTML, like Gecko) Chrome/145.0.0.0 Safari/537.36 (compatible; meta-externalagent/1.1 (+https://developers.facebook.com/docs/sharing/webmasters/crawler))" "-"
216.73.216.0 - - [07/Aug/2026:04:27:10 +0200] "GET /buy.php HTTP/1.1" 200 78328 chocadoodle.co.uk "-" "Mozilla/5.0 AppleWebKit/537.36 (KHTML, like Gecko; compatible; ClaudeBot/1.0; +claudebot@anthropic.com)" "-"
74.7.241.0 - - [07/Aug/2026:04:27:11 +0200] "GET /?lokasie=/bin/autom4te&loknya=/bin HTTP/1.1" 200 40053 chocadoodle.co.uk "https://chocadoodle.co.uk/?loknya=/bin" "Mozilla/5.0 AppleWebKit/537.36 (KHTML, like Gecko; compatible; GPTBot/1.4; +https://openai.com/gptbot)" "-"
74.7.242.0 - - [07/Aug/2026:04:27:12 +0200] "GET /items/15693074853710.html/?loknya=/homepages/43/d124547881/.config HTTP/1.1" 200 5257 www.chocadoodle.co.uk "https://www.chocadoodle.co.uk/items/15693074853710.html/?loknya=/homepages/43/d124547881/" "Mozilla/5.0 AppleWebKit/537.36 (KHTML, like Gecko; compatible; GPTBot/1.4; +https://openai.com/gptbot)" "-"
216.73.216.0 - - [07/Aug/2026:04:27:12 +0200] "GET /?lokasie=%2Fhomepages%2F36%2Fd732709356%2F%2F.created&loknya=%2Fhomepages%2F36%2Fd732709356%2F HTTP/1.1" 200 4082 www.chocadoodle.co.uk "-" "Mozilla/5.0 AppleWebKit/537.36 (KHTML, like Gecko; compatible; ClaudeBot/1.0; +claudebot@anthropic.com)" "-"
2a03:2880:f800:: - - [07/Aug/2026:04:27:13 +0200] "GET /?lokasie=/kunden/kunden/bin/ppmtolj&loknya=/kunden/kunden/bin HTTP/1.1" 200 20683 www.chocadoodle.co.uk "-" "Mozilla/5.0 (Windows NT 10.0; Win64; x64) AppleWebKit/537.36 (KHTML, like Gecko) Chrome/145.0.0.0 Safari/537.36 (compatible; meta-externalagent/1.1 (+https://developers.facebook.com/docs/sharing/webmasters/crawler))" "-"
2a03:2880:f800:: - - [07/Aug/2026:04:27:16 +0200] "GET /?lokasie=/kunden/kunden/bin/python3&loknya=/kunden/kunden/bin HTTP/1.1" 200 8026198 www.chocadoodle.co.uk "-" "Mozilla/5.0 (Windows NT 10.0; Win64; x64) AppleWebKit/537.36 (KHTML, like Gecko) Chrome/145.0.0.0 Safari/537.36 (compatible; meta-externalagent/1.1 (+https://developers.facebook.com/docs/sharing/webmasters/crawler))" "-"
2a03:2880:f800:: - - [07/Aug/2026:04:27:19 +0200] "GET /?lokasie=/kunden/kunden/bin/zdiff&loknya=/kunden/kunden/bin HTTP/1.1" 200 11017 www.chocadoodle.co.uk "-" "Mozilla/5.0 (Windows NT 10.0; Win64; x64) AppleWebKit/537.36 (KHTML, like Gecko) Chrome/145.0.0.0 Safari/537.36 (compatible; meta-externalagent/1.1 (+https://developers.facebook.com/docs/sharing/webmasters/crawler))" "-"
2a03:2880:f800:: - - [07/Aug/2026:04:27:23 +0200] "GET /?lokasie=/kunden/kunden/bin/py3clean&loknya=/kunden/kunden/bin HTTP/1.1" 200 12506 www.chocadoodle.co.uk "-" "Mozilla/5.0 (Windows NT 10.0; Win64; x64) AppleWebKit/537.36 (KHTML, like Gecko) Chrome/145.0.0.0 Safari/537.36 (compatible; meta-externalagent/1.1 (+https://developers.facebook.com/docs/sharing/webmasters/crawler))" "-"
2a03:2880:f800:: - - [07/Aug/2026:04:27:25 +0200] "GET /?lokasie=/kunden/kunden/bin/pnmfile&loknya=/kunden/kunden/bin HTTP/1.1" 200 20036 www.chocadoodle.co.uk "-" "Mozilla/5.0 (Windows NT 10.0; Win64; x64) AppleWebKit/537.36 (KHTML, like Gecko) Chrome/145.0.0.0 Safari/537.36 (compatible; meta-externalagent/1.1 (+https://developers.facebook.com/docs/sharing/webmasters/crawler))" "-"
2a03:2880:f800:: - - [07/Aug/2026:04:27:27 +0200] "GET /?lokasie=/kunden/kunden/bin/tput&loknya=/kunden/kunden/bin HTTP/1.1" 429 267 www.chocadoodle.co.uk "-" "Mozilla/5.0 (Windows NT 10.0; Win64; x64) AppleWebKit/537.36 (KHTML, like Gecko) Chrome/145.0.0.0 Safari/537.36 Edg/145.0.0.0 (compatible; meta-externalagent/1.1 (+https://developers.facebook.com/docs/sharing/webmasters/crawler))" "-"
216.73.216.0 - - [07/Aug/2026:04:27:36 +0200] "GET /?lokasie=%2Fhomepages%2F36%2Fd730742406%2F%2F.htaccess&loknya=%2Fhomepages%2F36%2Fd730742406%2F HTTP/1.1" 200 4072 www.chocadoodle.co.uk "-" "Mozilla/5.0 AppleWebKit/537.36 (KHTML, like Gecko; compatible; ClaudeBot/1.0; +claudebot@anthropic.com)" "-"
216.73.216.0 - - [07/Aug/2026:04:27:36 +0200] "GET /?lokasie=%2Fhomepages%2F36%2Fd732709356%2F%2FDASTOOLSTART&loknya=%2Fhomepages%2F36%2Fd732709356%2F HTTP/1.1" 200 4075 www.chocadoodle.co.uk "-" "Mozilla/5.0 AppleWebKit/537.36 (KHTML, like Gecko; compatible; ClaudeBot/1.0; +claudebot@anthropic.com)" "-"
74.7.241.0 - - [07/Aug/2026:04:27:50 +0200] "GET /?lokasie=/usr/lib/x86_64-linux-gnu/perl/5.32.1/File/Spec/Cygwin.pm&loknya=/usr/lib/x86_64-linux-gnu/perl/5.32.1/File/Spec HTTP/1.1" 200 8256 chocadoodle.co.uk "https://chocadoodle.co.uk/?loknya=/usr/lib/x86_64-linux-gnu/perl/5.32.1/File/Spec" "Mozilla/5.0 AppleWebKit/537.36 (KHTML, like Gecko; compatible; GPTBot/1.4; +https://openai.com/gptbot)" "-"
20.100.191.0 - - [07/Aug/2026:04:27:51 +0200] "GET /wp-content/plugins/hellopress/wp_filemanager.php HTTP/1.1" 429 267 chocadoodle.co.uk "-" "-" "-"
20.100.191.0 - - [07/Aug/2026:04:27:51 +0200] "GET /this_is_a_new_hello_world.php HTTP/1.1" 429 267 chocadoodle.co.uk "-" "-" "-"
20.100.191.0 - - [07/Aug/2026:04:27:51 +0200] "GET /img.php HTTP/1.1" 429 267 chocadoodle.co.uk "-" "-" "-"
20.100.191.0 - - [07/Aug/2026:04:27:52 +0200] "GET //aa.php HTTP/1.1" 429 267 chocadoodle.co.uk "-" "-" "-"
20.100.191.0 - - [07/Aug/2026:04:27:52 +0200] "GET //av.php HTTP/1.1" 429 267 chocadoodle.co.uk "-" "-" "-"
20.100.191.0 - - [07/Aug/2026:04:27:52 +0200] "GET /media.php HTTP/1.1" 429 267 chocadoodle.co.uk "-" "-" "-"
20.100.191.0 - - [07/Aug/2026:04:27:53 +0200] "GET /images.php HTTP/1.1" 429 267 chocadoodle.co.uk "-" "-" "-"
20.100.191.0 - - [07/Aug/2026:04:27:53 +0200] "GET /admin.php HTTP/1.1" 429 267 chocadoodle.co.uk "-" "-" "-"
20.100.191.0 - - [07/Aug/2026:04:27:53 +0200] "GET /222.php HTTP/1.1" 429 267 chocadoodle.co.uk "-" "-" "-"
20.100.191.0 - - [07/Aug/2026:04:27:53 +0200] "GET /mac.php HTTP/1.1" 429 267 chocadoodle.co.uk "-" "-" "-"
20.100.191.0 - - [07/Aug/2026:04:27:54 +0200] "GET /ops.php HTTP/1.1" 429 267 chocadoodle.co.uk "-" "-" "-"
66.249.69.0 - - [07/Aug/2026:04:27:54 +0200] "GET /y10508496104094/ HTTP/1.1" 200 204429 www.chocadoodle.co.uk "-" "Mozilla/5.0 (compatible; Googlebot/2.1; +http://www.google.com/bot.html)" "-"
20.100.191.0 - - [07/Aug/2026:04:27:54 +0200] "GET /8.php HTTP/1.1" 429 267 chocadoodle.co.uk "-" "-" "-"
20.100.191.0 - - [07/Aug/2026:04:27:55 +0200] "GET /biufile.php HTTP/1.1" 429 267 chocadoodle.co.uk "-" "-" "-"
20.100.191.0 - - [07/Aug/2026:04:27:56 +0200] "GET /coffexium.php HTTP/1.1" 429 267 chocadoodle.co.uk "-" "-" "-"
20.100.191.0 - - [07/Aug/2026:04:27:56 +0200] "GET /dex.php HTTP/1.1" 429 267 chocadoodle.co.uk "-" "-" "-"
20.100.191.0 - - [07/Aug/2026:04:27:56 +0200] "GET /1.php HTTP/1.1" 429 267 chocadoodle.co.uk "-" "-" "-"
20.100.191.0 - - [07/Aug/2026:04:27:57 +0200] "GET /coffee.php HTTP/1.1" 429 267 chocadoodle.co.uk "-" "-" "-"
20.100.191.0 - - [07/Aug/2026:04:27:57 +0200] "GET /classwithtostring.php?p= HTTP/1.1" 429 267 chocadoodle.co.uk "-" "-" "-"
20.100.191.0 - - [07/Aug/2026:04:27:58 +0200] "GET /wp-ws68.php?p= HTTP/1.1" 429 267 chocadoodle.co.uk "-" "-" "-"
20.100.191.0 - - [07/Aug/2026:04:27:58 +0200] "GET /mgrr.php HTTP/1.1" 429 267 chocadoodle.co.uk "-" "-" "-"
20.100.191.0 - - [07/Aug/2026:04:27:58 +0200] "GET /55.php?p= HTTP/1.1" 429 267 chocadoodle.co.uk "-" "-" "-"
20.100.191.0 - - [07/Aug/2026:04:27:58 +0200] "GET /ajax.php HTTP/1.1" 429 267 chocadoodle.co.uk "-" "-" "-"
74.7.242.0 - - [07/Aug/2026:04:27:58 +0200] "GET /items/34958648062306.html/?loknya=/homepages/43/ HTTP/1.1" 200 34202 www.chocadoodle.co.uk "https://www.chocadoodle.co.uk/items/34958648062306.html/?loknya=/homepages/43/d124547881/" "Mozilla/5.0 AppleWebKit/537.36 (KHTML, like Gecko; compatible; GPTBot/1.4; +https://openai.com/gptbot)" "-"
20.100.191.0 - - [07/Aug/2026:04:27:59 +0200] "GET /yj09.php HTTP/1.1" 429 267 chocadoodle.co.uk "-" "-" "-"
20.100.191.0 - - [07/Aug/2026:04:27:59 +0200] "GET /scxy.php HTTP/1.1" 429 267 chocadoodle.co.uk "-" "-" "-"
20.100.191.0 - - [07/Aug/2026:04:27:59 +0200] "GET /ws13.php?p= HTTP/1.1" 429 267 chocadoodle.co.uk "-" "-" "-"
20.100.191.0 - - [07/Aug/2026:04:28:00 +0200] "GET /btx25.php HTTP/1.1" 429 267 chocadoodle.co.uk "-" "-" "-"
20.100.191.0 - - [07/Aug/2026:04:28:00 +0200] "GET /SDsadqwrf.php HTTP/1.1" 429 267 chocadoodle.co.uk "-" "-" "-"
20.100.191.0 - - [07/Aug/2026:04:28:01 +0200] "GET /3PJcpMFsD8B.php HTTP/1.1" 429 267 chocadoodle.co.uk "-" "-" "-"
20.100.191.0 - - [07/Aug/2026:04:28:02 +0200] "GET /BDKR28WP.php HTTP/1.1" 429 267 chocadoodle.co.uk "-" "-" "-"
20.100.191.0 - - [07/Aug/2026:04:28:02 +0200] "GET /shiny.php HTTP/1.1" 429 267 chocadoodle.co.uk "-" "-" "-"
20.100.191.0 - - [07/Aug/2026:04:28:02 +0200] "GET /i99z7zzbwtpteujvv6s8hiCdefault.php?p= HTTP/1.1" 429 267 chocadoodle.co.uk "-" "-" "-"
20.100.191.0 - - [07/Aug/2026:04:28:03 +0200] "GET /sky.php HTTP/1.1" 429 267 chocadoodle.co.uk "-" "-" "-"
20.100.191.0 - - [07/Aug/2026:04:28:03 +0200] "GET /1wvekeybd9it2di2vyipgr6Cdefault.php HTTP/1.1" 429 267 chocadoodle.co.uk "-" "-" "-"
20.100.191.0 - - [07/Aug/2026:04:28:04 +0200] "GET /a3ampzmbipnkpxeqhqpsanCdefault.php HTTP/1.1" 429 267 chocadoodle.co.uk "-" "-" "-"
20.100.191.0 - - [07/Aug/2026:04:28:04 +0200] "GET /file5.php HTTP/1.1" 429 267 chocadoodle.co.uk "-" "-" "-"
20.100.191.0 - - [07/Aug/2026:04:28:04 +0200] "GET /xyn.php HTTP/1.1" 429 267 chocadoodle.co.uk "-" "-" "-"
20.100.191.0 - - [07/Aug/2026:04:28:06 +0200] "GET /4PJcpMFsD8B.php HTTP/1.1" 429 267 chocadoodle.co.uk "-" "-" "-"
20.100.191.0 - - [07/Aug/2026:04:28:07 +0200] "GET /inso.php HTTP/1.1" 429 267 chocadoodle.co.uk "-" "-" "-"
20.100.191.0 - - [07/Aug/2026:04:28:07 +0200] "GET /puc.php HTTP/1.1" 429 267 chocadoodle.co.uk "-" "-" "-"
20.100.191.0 - - [07/Aug/2026:04:28:07 +0200] "GET /1polka.php HTTP/1.1" 429 267 chocadoodle.co.uk "-" "-" "-"
20.100.191.0 - - [07/Aug/2026:04:28:08 +0200] "GET /dx.php HTTP/1.1" 429 267 chocadoodle.co.uk "-" "-" "-"
20.100.191.0 - - [07/Aug/2026:04:28:08 +0200] "GET /erty.php HTTP/1.1" 429 267 chocadoodle.co.uk "-" "-" "-"
20.100.191.0 - - [07/Aug/2026:04:28:08 +0200] "GET /201.php HTTP/1.1" 429 267 chocadoodle.co.uk "-" "-" "-"
20.100.191.0 - - [07/Aug/2026:04:28:09 +0200] "GET /19.php HTTP/1.1" 429 267 chocadoodle.co.uk "-" "-" "-"
20.100.191.0 - - [07/Aug/2026:04:28:09 +0200] "GET /133.php HTTP/1.1" 429 267 chocadoodle.co.uk "-" "-" "-"
20.100.191.0 - - [07/Aug/2026:04:28:09 +0200] "GET /alls.php HTTP/1.1" 429 267 chocadoodle.co.uk "-" "-" "-"
20.100.191.0 - - [07/Aug/2026:04:28:10 +0200] "GET /1xmomo.php HTTP/1.1" 429 267 chocadoodle.co.uk "-" "-" "-"
20.100.191.0 - - [07/Aug/2026:04:28:10 +0200] "GET //mosty.php HTTP/1.1" 429 267 chocadoodle.co.uk "-" "-" "-"
20.100.191.0 - - [07/Aug/2026:04:28:11 +0200] "GET //hosty.php HTTP/1.1" 429 267 chocadoodle.co.uk "-" "-" "-"
20.100.191.0 - - [07/Aug/2026:04:28:11 +0200] "GET /blurbs.php HTTP/1.1" 429 267 chocadoodle.co.uk "-" "-" "-"
20.100.191.0 - - [07/Aug/2026:04:28:11 +0200] "GET /bajah.php HTTP/1.1" 429 267 chocadoodle.co.uk "-" "-" "-"
216.73.216.0 - - [07/Aug/2026:04:28:11 +0200] "GET / HTTP/1.1" 200 55081 chocadoodle.co.uk "-" "Mozilla/5.0 AppleWebKit/537.36 (KHTML, like Gecko; compatible; ClaudeBot/1.0; +claudebot@anthropic.com)" "-"
114.119.158.0 - - [07/Aug/2026:04:28:12 +0200] "GET /nhcmtg/yqpqei-c.html HTTP/1.1" 200 27498 wrigglesworths.co.uk "http://wrigglesworths.co.uk/nhcmtg/yqpqei-c.html" "Mozilla/5.0 (Linux; Android 7.0;) AppleWebKit/537.36 (HTML, like Gecko) Mobile Safari/537.36 (compatible; PetalBot;+https://webmaster.petalsearch.com/site/petalbot)" "-"
114.119.166.0 - - [07/Aug/2026:04:28:17 +0200] "GET /goods.php?special/089033985.html HTTP/1.1" 200 158991 www.chocadoodle.co.uk "https://www.chocadoodle.co.uk/goods.php?sitemap483.xml" "Mozilla/5.0 (Linux; Android 7.0;) AppleWebKit/537.36 (HTML, like Gecko) Mobile Safari/537.36 (compatible; PetalBot;+https://webmaster.petalsearch.com/site/petalbot)" "-"
74.7.241.0 - - [07/Aug/2026:04:28:28 +0200] "GET /?loknya=/usr/lib/x86_64-linux-gnu/perl/5.32.1/IO/ HTTP/1.1" 200 17676 chocadoodle.co.uk "https://chocadoodle.co.uk/?loknya=/usr/lib/x86_64-linux-gnu/perl/5.32.1/IO/Socket" "Mozilla/5.0 AppleWebKit/537.36 (KHTML, like Gecko; compatible; GPTBot/1.4; +https://openai.com/gptbot)" "-"
66.249.69.0 - - [07/Aug/2026:04:28:32 +0200] "GET /s35120666263203/ HTTP/1.1" 200 206910 www.chocadoodle.co.uk "-" "Mozilla/5.0 (compatible; Googlebot/2.1; +http://www.google.com/bot.html)" "-"
2a03:2880:f800:: - - [07/Aug/2026:04:28:32 +0200] "GET /?lokasie=/kunden/kunden/bin/elfedit&loknya=/kunden/kunden/bin HTTP/1.1" 200 50511 www.chocadoodle.co.uk "-" "Mozilla/5.0 (Macintosh; Intel Mac OS X 10_15_7) AppleWebKit/537.36 (KHTML, like Gecko) Chrome/145.0.0.0 Safari/537.36 (compatible; meta-externalagent/1.1 (+https://developers.facebook.com/docs/sharing/webmasters/crawler))" "-"
2a03:2880:f800:: - - [07/Aug/2026:04:28:36 +0200] "GET /?lokasie=/kunden/kunden/bin/lwp-download&loknya=/kunden/kunden/bin HTTP/1.1" 200 15343 www.chocadoodle.co.uk "-" "Mozilla/5.0 (Windows NT 10.0; Win64; x64) AppleWebKit/537.36 (KHTML, like Gecko) Chrome/145.0.0.0 Safari/537.36 (compatible; meta-externalagent/1.1 (+https://developers.facebook.com/docs/sharing/webmasters/crawler))" "-"
2a03:2880:f800:: - - [07/Aug/2026:04:28:38 +0200] "GET /?lokasie=/kunden/kunden/bin/mariadb_config&loknya=/kunden/kunden/bin HTTP/1.1" 200 21108 www.chocadoodle.co.uk "-" "Mozilla/5.0 (Macintosh; Intel Mac OS X 10_15_7) AppleWebKit/537.36 (KHTML, like Gecko) Chrome/145.0.0.0 Safari/537.36 (compatible; meta-externalagent/1.1 (+https://developers.facebook.com/docs/sharing/webmasters/crawler))" "-"
2a03:2880:f800:: - - [07/Aug/2026:04:28:41 +0200] "GET /?lokasie=/kunden/kunden/bin/file&loknya=/kunden/kunden/bin HTTP/1.1" 200 37039 www.chocadoodle.co.uk "-" "Mozilla/5.0 (Windows NT 10.0; Win64; x64) AppleWebKit/537.36 (KHTML, like Gecko) Chrome/145.0.0.0 Safari/537.36 (compatible; meta-externalagent/1.1 (+https://developers.facebook.com/docs/sharing/webmasters/crawler))" "-"
74.7.242.0 - - [07/Aug/2026:04:28:42 +0200] "GET /items/34284306859500.html/?lokasie=/homepages/43/d124547881//.htaccess&loknya=/homepages/43/d124547881/ HTTP/1.1" 200 4069 www.chocadoodle.co.uk "https://www.chocadoodle.co.uk/items/34284306859500.html/?loknya=/homepages/43/d124547881/" "Mozilla/5.0 AppleWebKit/537.36 (KHTML, like Gecko; compatible; GPTBot/1.4; +https://openai.com/gptbot)" "-"
