2a03:2880:f800:: - - [07/Aug/2026:04:09:10 +0200] "GET /?lokasie=/kunden/kunden/bin/l4p-tmpl&loknya=/kunden/kunden/bin HTTP/1.1" 200 5964 www.chocadoodle.co.uk "-" "Mozilla/5.0 (Windows NT 10.0; Win64; x64) AppleWebKit/537.36 (KHTML, like Gecko) Chrome/145.0.0.0 Safari/537.36 (compatible; meta-externalagent/1.1 (+https://developers.facebook.com/docs/sharing/webmasters/crawler))" "-"
74.7.242.0 - - [07/Aug/2026:04:09:13 +0200] "GET /items/10337416546959.html/?loknya=/homepages/43/d124547881/htdocs/ HTTP/1.1" 404 1271 www.chocadoodle.co.uk "https://www.chocadoodle.co.uk/items/10337416546959.html/" "Mozilla/5.0 AppleWebKit/537.36 (KHTML, like Gecko; compatible; GPTBot/1.4; +https://openai.com/gptbot)" "-"
66.249.69.0 - - [07/Aug/2026:04:09:16 +0200] "GET /y34582605569657 HTTP/1.1" 404 1271 www.chocadoodle.co.uk "-" "Mozilla/5.0 (Linux; Android 6.0.1; Nexus 5X Build/MMB29P) AppleWebKit/537.36 (KHTML, like Gecko) Chrome/150.0.7871.186 Mobile Safari/537.36 (compatible; Googlebot/2.1; +http://www.google.com/bot.html)" "-"
74.7.241.0 - - [07/Aug/2026:04:09:17 +0200] "GET /?loknya=/usr/lib/x86_64-linux-gnu/perl/5.32/auto/Time/HiRes HTTP/1.1" 200 7021 chocadoodle.co.uk "https://chocadoodle.co.uk/?loknya=/usr/lib/x86_64-linux-gnu/perl/5.32/auto/Time" "Mozilla/5.0 AppleWebKit/537.36 (KHTML, like Gecko; compatible; GPTBot/1.4; +https://openai.com/gptbot)" "-"
2a03:2880:f800:: - - [07/Aug/2026:04:09:21 +0200] "GET /?lokasie=/kunden/kunden/bin/zegrep&loknya=/kunden/kunden/bin HTTP/1.1" 200 4091 www.chocadoodle.co.uk "-" "Mozilla/5.0 (Windows NT 10.0; Win64; x64) AppleWebKit/537.36 (KHTML, like Gecko) Chrome/145.0.0.0 Safari/537.36 (compatible; meta-externalagent/1.1 (+https://developers.facebook.com/docs/sharing/webmasters/crawler))" "-"
2a03:2880:f800:: - - [07/Aug/2026:04:09:29 +0200] "GET /?lokasie=/kunden/kunden/bin/quotasync&loknya=/kunden/kunden/bin HTTP/1.1" 200 112294 www.chocadoodle.co.uk "-" "Mozilla/5.0 (Windows NT 10.0; Win64; x64) AppleWebKit/537.36 (KHTML, like Gecko) Chrome/145.0.0.0 Safari/537.36 (compatible; meta-externalagent/1.1 (+https://developers.facebook.com/docs/sharing/webmasters/crawler))" "-"
74.7.241.0 - - [07/Aug/2026:04:09:35 +0200] "GET /?loknya=/usr/lib/x86_64-linux-gnu/perl/5.32/auto/Data/ HTTP/1.1" 200 6609 chocadoodle.co.uk "https://chocadoodle.co.uk/?loknya=/usr/lib/x86_64-linux-gnu/perl/5.32/auto/Data/Dumper" "Mozilla/5.0 AppleWebKit/537.36 (KHTML, like Gecko; compatible; GPTBot/1.4; +https://openai.com/gptbot)" "-"
2a03:2880:f800:: - - [07/Aug/2026:04:09:39 +0200] "GET /?lokasie=/kunden/kunden/bin/pamoil&loknya=/kunden/kunden/bin HTTP/1.1" 200 19961 www.chocadoodle.co.uk "-" "Mozilla/5.0 (Windows NT 10.0; Win64; x64) AppleWebKit/537.36 (KHTML, like Gecko) Chrome/145.0.0.0 Safari/537.36 (compatible; meta-externalagent/1.1 (+https://developers.facebook.com/docs/sharing/webmasters/crawler))" "-"
2a03:2880:f800:: - - [07/Aug/2026:04:09:47 +0200] "GET /?lokasie=/kunden/kunden/bin/lckdo&loknya=/kunden/kunden/bin HTTP/1.1" 200 20591 www.chocadoodle.co.uk "-" "Mozilla/5.0 (Windows NT 10.0; Win64; x64) AppleWebKit/537.36 (KHTML, like Gecko) Chrome/145.0.0.0 Safari/537.36 (compatible; meta-externalagent/1.1 (+https://developers.facebook.com/docs/sharing/webmasters/crawler))" "-"
74.7.241.0 - - [07/Aug/2026:04:09:50 +0200] "GET /?loknya=/usr/lib/x86_64-linux-gnu/perl/5.32/auto/Math/BigInt HTTP/1.1" 200 6735 chocadoodle.co.uk "https://chocadoodle.co.uk/?loknya=/usr/lib/x86_64-linux-gnu/perl/5.32/auto/Math" "Mozilla/5.0 AppleWebKit/537.36 (KHTML, like Gecko; compatible; GPTBot/1.4; +https://openai.com/gptbot)" "-"
2a03:2880:f800:: - - [07/Aug/2026:04:09:55 +0200] "GET /?lokasie=/kunden/kunden/bin/chg&loknya=/kunden/kunden/bin HTTP/1.1" 200 51226 www.chocadoodle.co.uk "-" "Mozilla/5.0 (Windows NT 10.0; Win64; x64) AppleWebKit/537.36 (KHTML, like Gecko) Chrome/145.0.0.0 Safari/537.36 (compatible; meta-externalagent/1.1 (+https://developers.facebook.com/docs/sharing/webmasters/crawler))" "-"
2a03:2880:f800:: - - [07/Aug/2026:04:10:01 +0200] "GET /?lokasie=/kunden/kunden/bin/dpkg-divert&loknya=/kunden/kunden/bin HTTP/1.1" 200 229580 www.chocadoodle.co.uk "-" "Mozilla/5.0 (Windows NT 10.0; Win64; x64) AppleWebKit/537.36 (KHTML, like Gecko) Chrome/145.0.0.0 Safari/537.36 (compatible; meta-externalagent/1.1 (+https://developers.facebook.com/docs/sharing/webmasters/crawler))" "-"
2a03:2880:f800:: - - [07/Aug/2026:04:10:02 +0200] "GET /?loknya=/homepages/43/d158513324/managed HTTP/1.1" 200 5264 www.chocadoodle.co.uk "-" "Mozilla/5.0 (Windows NT 10.0; Win64; x64) AppleWebKit/537.36 (KHTML, like Gecko) Chrome/145.0.0.0 Safari/537.36 (compatible; meta-externalagent/1.1 (+https://developers.facebook.com/docs/sharing/webmasters/crawler))" "-"
74.7.241.0 - - [07/Aug/2026:04:10:05 +0200] "GET /?loknya=/usr/lib/x86_64-linux-gnu/perl/5.32/auto/Sys/ HTTP/1.1" 200 7726 chocadoodle.co.uk "https://chocadoodle.co.uk/?loknya=/usr/lib/x86_64-linux-gnu/perl/5.32/auto/Sys/Syslog" "Mozilla/5.0 AppleWebKit/537.36 (KHTML, like Gecko; compatible; GPTBot/1.4; +https://openai.com/gptbot)" "-"
2a03:2880:f800:: - - [07/Aug/2026:04:10:08 +0200] "GET /?lokasie=/kunden/kunden/bin/bzcmp&loknya=/kunden/kunden/bin HTTP/1.1" 200 6702 www.chocadoodle.co.uk "-" "Mozilla/5.0 (Windows NT 10.0; Win64; x64) AppleWebKit/537.36 (KHTML, like Gecko) Chrome/145.0.0.0 Safari/537.36 (compatible; meta-externalagent/1.1 (+https://developers.facebook.com/docs/sharing/webmasters/crawler))" "-"
114.119.153.0 - - [07/Aug/2026:04:10:09 +0200] "GET /goods.php?special/092013574.html HTTP/1.1" 200 162003 www.chocadoodle.co.uk "https://www.chocadoodle.co.uk/goods.php?sitemap483.xml" "Mozilla/5.0 (Linux; Android 7.0;) AppleWebKit/537.36 (HTML, like Gecko) Mobile Safari/537.36 (compatible; PetalBot;+https://webmaster.petalsearch.com/site/petalbot)" "-"
2a03:2880:f800:: - - [07/Aug/2026:04:10:15 +0200] "GET /?lokasie=/kunden/kunden/bin/pi1toppm&loknya=/kunden/kunden/bin HTTP/1.1" 200 19607 www.chocadoodle.co.uk "-" "Mozilla/5.0 (Macintosh; Intel Mac OS X 10_15_7) AppleWebKit/537.36 (KHTML, like Gecko) Chrome/145.0.0.0 Safari/537.36 (compatible; meta-externalagent/1.1 (+https://developers.facebook.com/docs/sharing/webmasters/crawler))" "-"
74.7.241.0 - - [07/Aug/2026:04:10:17 +0200] "GET /?loknya=/usr/lib/x86_64-linux-gnu/perl/5.32/auto/I18N/Langinfo HTTP/1.1" 200 7057 chocadoodle.co.uk "https://chocadoodle.co.uk/?loknya=/usr/lib/x86_64-linux-gnu/perl/5.32/auto/I18N" "Mozilla/5.0 AppleWebKit/537.36 (KHTML, like Gecko; compatible; GPTBot/1.4; +https://openai.com/gptbot)" "-"
74.7.242.0 - - [07/Aug/2026:04:10:18 +0200] "GET /items/16760975156224.html/?loknya=/homepages/43/d124547881/htdocs/ HTTP/1.1" 404 1271 www.chocadoodle.co.uk "https://www.chocadoodle.co.uk/items/16760975156224.html/" "Mozilla/5.0 AppleWebKit/537.36 (KHTML, like Gecko; compatible; GPTBot/1.4; +https://openai.com/gptbot)" "-"
2a03:2880:f800:: - - [07/Aug/2026:04:10:20 +0200] "GET /?lokasie=/kunden/kunden/bin/lexgrog&loknya=/kunden/kunden/bin HTTP/1.1" 200 146423 www.chocadoodle.co.uk "-" "Mozilla/5.0 (Windows NT 10.0; Win64; x64) AppleWebKit/537.36 (KHTML, like Gecko) Chrome/145.0.0.0 Safari/537.36 Edg/145.0.0.0 (compatible; meta-externalagent/1.1 (+https://developers.facebook.com/docs/sharing/webmasters/crawler))" "-"
66.249.69.0 - - [07/Aug/2026:04:10:24 +0200] "GET /u25713415428787/ HTTP/1.1" 404 1271 www.chocadoodle.co.uk "-" "Mozilla/5.0 (Linux; Android 6.0.1; Nexus 5X Build/MMB29P) AppleWebKit/537.36 (KHTML, like Gecko) Chrome/150.0.7871.186 Mobile Safari/537.36 (compatible; Googlebot/2.1; +http://www.google.com/bot.html)" "-"
2a03:2880:f800:: - - [07/Aug/2026:04:10:25 +0200] "GET /?lokasie=/kunden/kunden/bin/identify-im6.q16&loknya=/kunden/kunden/bin HTTP/1.1" 200 19452 www.chocadoodle.co.uk "-" "Mozilla/5.0 (Macintosh; Intel Mac OS X 10_15_7) AppleWebKit/537.36 (KHTML, like Gecko) Chrome/145.0.0.0 Safari/537.36 (compatible; meta-externalagent/1.1 (+https://developers.facebook.com/docs/sharing/webmasters/crawler))" "-"
74.7.241.0 - - [07/Aug/2026:04:10:28 +0200] "GET /?loknya=/usr/lib/x86_64-linux-gnu/perl/5.32.1/Compress/Raw HTTP/1.1" 200 8382 chocadoodle.co.uk "https://chocadoodle.co.uk/?loknya=/usr/lib/x86_64-linux-gnu/perl/5.32.1/Compress" "Mozilla/5.0 AppleWebKit/537.36 (KHTML, like Gecko; compatible; GPTBot/1.4; +https://openai.com/gptbot)" "-"
2a03:2880:f800:: - - [07/Aug/2026:04:10:30 +0200] "GET /?lokasie=/kunden/kunden/bin/pnmindex&loknya=/kunden/kunden/bin HTTP/1.1" 200 8988 www.chocadoodle.co.uk "-" "Mozilla/5.0 (Windows NT 10.0; Win64; x64) AppleWebKit/537.36 (KHTML, like Gecko) Chrome/145.0.0.0 Safari/537.36 (compatible; meta-externalagent/1.1 (+https://developers.facebook.com/docs/sharing/webmasters/crawler))" "-"
2a03:2880:f800:: - - [07/Aug/2026:04:10:35 +0200] "GET /?lokasie=/kunden/kunden/bin/pkgconf&loknya=/kunden/kunden/bin HTTP/1.1" 200 56505 www.chocadoodle.co.uk "-" "Mozilla/5.0 (Macintosh; Intel Mac OS X 10_15_7) AppleWebKit/537.36 (KHTML, like Gecko) Chrome/145.0.0.0 Safari/537.36 (compatible; meta-externalagent/1.1 (+https://developers.facebook.com/docs/sharing/webmasters/crawler))" "-"
2a03:2880:f800:: - - [07/Aug/2026:04:10:39 +0200] "GET /?lokasie=/kunden/kunden/bin/cat&loknya=/kunden/kunden/bin HTTP/1.1" 200 64694 www.chocadoodle.co.uk "-" "Mozilla/5.0 (Windows NT 10.0; Win64; x64) AppleWebKit/537.36 (KHTML, like Gecko) Chrome/145.0.0.0 Safari/537.36 (compatible; meta-externalagent/1.1 (+https://developers.facebook.com/docs/sharing/webmasters/crawler))" "-"
74.7.241.0 - - [07/Aug/2026:04:10:39 +0200] "GET /?loknya=/usr/lib/x86_64-linux-gnu/perl/5.32.1/linux HTTP/1.1" 200 9671 chocadoodle.co.uk "https://chocadoodle.co.uk/?loknya=/usr/lib/x86_64-linux-gnu/perl/5.32.1" "Mozilla/5.0 AppleWebKit/537.36 (KHTML, like Gecko; compatible; GPTBot/1.4; +https://openai.com/gptbot)" "-"
2a03:2880:f800:: - - [07/Aug/2026:04:10:43 +0200] "GET /?lokasie=/kunden/kunden/bin/expiry&loknya=/kunden/kunden/bin HTTP/1.1" 200 57056 www.chocadoodle.co.uk "-" "Mozilla/5.0 (Windows NT 10.0; Win64; x64) AppleWebKit/537.36 (KHTML, like Gecko) Chrome/145.0.0.0 Safari/537.36 (compatible; meta-externalagent/1.1 (+https://developers.facebook.com/docs/sharing/webmasters/crawler))" "-"
2a03:2880:f800:: - - [07/Aug/2026:04:10:48 +0200] "GET /?lokasie=/kunden/kunden/bin/apt&loknya=/kunden/kunden/bin HTTP/1.1" 200 25083 www.chocadoodle.co.uk "-" "Mozilla/5.0 (Windows NT 10.0; Win64; x64) AppleWebKit/537.36 (KHTML, like Gecko) Chrome/145.0.0.0 Safari/537.36 (compatible; meta-externalagent/1.1 (+https://developers.facebook.com/docs/sharing/webmasters/crawler))" "-"
74.7.241.0 - - [07/Aug/2026:04:10:49 +0200] "GET /?loknya=/usr/lib/x86_64-linux-gnu/perl/5.32.1/gnu HTTP/1.1" 200 8230 chocadoodle.co.uk "https://chocadoodle.co.uk/?loknya=/usr/lib/x86_64-linux-gnu/perl/5.32.1" "Mozilla/5.0 AppleWebKit/537.36 (KHTML, like Gecko; compatible; GPTBot/1.4; +https://openai.com/gptbot)" "-"
2a03:2880:f800:: - - [07/Aug/2026:04:10:51 +0200] "GET /?lokasie=/kunden/kunden/bin/groups&loknya=/kunden/kunden/bin HTTP/1.1" 200 63608 www.chocadoodle.co.uk "-" "Mozilla/5.0 (Windows NT 10.0; Win64; x64) AppleWebKit/537.36 (KHTML, like Gecko) Chrome/145.0.0.0 Safari/537.36 (compatible; meta-externalagent/1.1 (+https://developers.facebook.com/docs/sharing/webmasters/crawler))" "-"
2a03:2880:f800:: - - [07/Aug/2026:04:10:55 +0200] "GET /?lokasie=/kunden/kunden/bin/mesg&loknya=/kunden/kunden/bin HTTP/1.1" 200 57055 www.chocadoodle.co.uk "-" "Mozilla/5.0 (X11; Linux x86_64) AppleWebKit/537.36 (KHTML, like Gecko) Chrome/145.0.0.0 Safari/537.36 (compatible; meta-externalagent/1.1 (+https://developers.facebook.com/docs/sharing/webmasters/crawler))" "-"
74.7.241.0 - - [07/Aug/2026:04:10:57 +0200] "GET /?loknya=/usr/lib/x86_64-linux-gnu/perl/5.32/auto/Time/Piece HTTP/1.1" 200 7021 chocadoodle.co.uk "https://chocadoodle.co.uk/?loknya=/usr/lib/x86_64-linux-gnu/perl/5.32/auto/Time" "Mozilla/5.0 AppleWebKit/537.36 (KHTML, like Gecko; compatible; GPTBot/1.4; +https://openai.com/gptbot)" "-"
2a03:2880:f800:: - - [07/Aug/2026:04:10:59 +0200] "GET /?lokasie=/kunden/kunden/bin/mcdiff&loknya=/kunden/kunden/bin HTTP/1.1" 429 267 www.chocadoodle.co.uk "-" "Mozilla/5.0 (Windows NT 10.0; Win64; x64) AppleWebKit/537.36 (KHTML, like Gecko) Chrome/145.0.0.0 Safari/537.36 (compatible; meta-externalagent/1.1 (+https://developers.facebook.com/docs/sharing/webmasters/crawler))" "-"
2a03:2880:f800:: - - [07/Aug/2026:04:11:03 +0200] "GET /?lokasie=/kunden/kunden/bin/ld.bfd&loknya=/kunden/kunden/bin HTTP/1.1" 429 267 www.chocadoodle.co.uk "-" "Mozilla/5.0 (Windows NT 10.0; Win64; x64) AppleWebKit/537.36 (KHTML, like Gecko) Chrome/145.0.0.0 Safari/537.36 (compatible; meta-externalagent/1.1 (+https://developers.facebook.com/docs/sharing/webmasters/crawler))" "-"
2a03:2880:f800:: - - [07/Aug/2026:04:11:03 +0200] "GET /?lokasie=/kunden/kunden/bin/gpg-wks-server&loknya=/kunden/kunden/bin HTTP/1.1" 429 267 www.chocadoodle.co.uk "-" "Mozilla/5.0 (Windows NT 10.0; Win64; x64) AppleWebKit/537.36 (KHTML, like Gecko) Chrome/145.0.0.0 Safari/537.36 (compatible; meta-externalagent/1.1 (+https://developers.facebook.com/docs/sharing/webmasters/crawler))" "-"
74.7.241.0 - - [07/Aug/2026:04:11:05 +0200] "GET /?loknya=/usr/lib/x86_64-linux-gnu/perl/5.32.1/List/Util HTTP/1.1" 429 267 chocadoodle.co.uk "https://chocadoodle.co.uk/?loknya=/usr/lib/x86_64-linux-gnu/perl/5.32.1/List" "Mozilla/5.0 AppleWebKit/537.36 (KHTML, like Gecko; compatible; GPTBot/1.4; +https://openai.com/gptbot)" "-"
2a03:2880:f800:: - - [07/Aug/2026:04:11:07 +0200] "GET /?lokasie=/kunden/kunden/bin/slabtop&loknya=/kunden/kunden/bin HTTP/1.1" 429 267 www.chocadoodle.co.uk "-" "Mozilla/5.0 (Windows NT 10.0; Win64; x64) AppleWebKit/537.36 (KHTML, like Gecko) Chrome/145.0.0.0 Safari/537.36 (compatible; meta-externalagent/1.1 (+https://developers.facebook.com/docs/sharing/webmasters/crawler))" "-"
2a03:2880:f800:: - - [07/Aug/2026:04:11:08 +0200] "GET /?lokasie=/kunden/kunden/bin/mksh-static&loknya=/kunden/kunden/bin HTTP/1.1" 429 267 www.chocadoodle.co.uk "-" "Mozilla/5.0 (Windows NT 10.0; Win64; x64) AppleWebKit/537.36 (KHTML, like Gecko) Chrome/145.0.0.0 Safari/537.36 (compatible; meta-externalagent/1.1 (+https://developers.facebook.com/docs/sharing/webmasters/crawler))" "-"
74.7.241.0 - - [07/Aug/2026:04:11:12 +0200] "GET /?loknya=/usr/lib/x86_64-linux-gnu/perl/5.32/auto/Digest/ HTTP/1.1" 429 267 chocadoodle.co.uk "https://chocadoodle.co.uk/?loknya=/usr/lib/x86_64-linux-gnu/perl/5.32/auto/Digest/SHA" "Mozilla/5.0 AppleWebKit/537.36 (KHTML, like Gecko; compatible; GPTBot/1.4; +https://openai.com/gptbot)" "-"
66.249.69.0 - - [07/Aug/2026:04:11:13 +0200] "GET /i38862094683209 HTTP/1.1" 404 1271 www.chocadoodle.co.uk "-" "Mozilla/5.0 (Linux; Android 6.0.1; Nexus 5X Build/MMB29P) AppleWebKit/537.36 (KHTML, like Gecko) Chrome/150.0.7871.186 Mobile Safari/537.36 (compatible; Googlebot/2.1; +http://www.google.com/bot.html)" "-"
2a03:2880:f800:: - - [07/Aug/2026:04:11:13 +0200] "GET /?lokasie=/kunden/kunden/bin/linux32&loknya=/kunden/kunden/bin HTTP/1.1" 429 267 www.chocadoodle.co.uk "-" "Mozilla/5.0 (Macintosh; Intel Mac OS X 10_15_7) AppleWebKit/537.36 (KHTML, like Gecko) Chrome/145.0.0.0 Safari/537.36 (compatible; meta-externalagent/1.1 (+https://developers.facebook.com/docs/sharing/webmasters/crawler))" "-"
2a03:2880:f800:: - - [07/Aug/2026:04:11:14 +0200] "GET /?lokasie=/kunden/kunden/bin/dpkg-gencontrol&loknya=/kunden/kunden/bin HTTP/1.1" 429 267 www.chocadoodle.co.uk "-" "Mozilla/5.0 (Windows NT 10.0; Win64; x64) AppleWebKit/537.36 (KHTML, like Gecko) Chrome/145.0.0.0 Safari/537.36 (compatible; meta-externalagent/1.1 (+https://developers.facebook.com/docs/sharing/webmasters/crawler))" "-"
2a03:2880:f800:: - - [07/Aug/2026:04:11:20 +0200] "GET /?lokasie=/kunden/kunden/bin/convert-im6.q16&loknya=/kunden/kunden/bin HTTP/1.1" 429 267 www.chocadoodle.co.uk "-" "Mozilla/5.0 (Macintosh; Intel Mac OS X 10_15_7) AppleWebKit/537.36 (KHTML, like Gecko) Chrome/145.0.0.0 Safari/537.36 (compatible; meta-externalagent/1.1 (+https://developers.facebook.com/docs/sharing/webmasters/crawler))" "-"
74.7.242.0 - - [07/Aug/2026:04:11:20 +0200] "GET /items/17980697966567.html/?loknya=/homepages/43/d124547881/htdocs/ HTTP/1.1" 404 1271 www.chocadoodle.co.uk "https://www.chocadoodle.co.uk/items/17980697966567.html/" "Mozilla/5.0 AppleWebKit/537.36 (KHTML, like Gecko; compatible; GPTBot/1.4; +https://openai.com/gptbot)" "-"
2a03:2880:f800:: - - [07/Aug/2026:04:11:21 +0200] "GET /?lokasie=/kunden/kunden/bin/zrun&loknya=/kunden/kunden/bin HTTP/1.1" 429 267 www.chocadoodle.co.uk "-" "Mozilla/5.0 (Windows NT 10.0; Win64; x64) AppleWebKit/537.36 (KHTML, like Gecko) Chrome/145.0.0.0 Safari/537.36 (compatible; meta-externalagent/1.1 (+https://developers.facebook.com/docs/sharing/webmasters/crawler))" "-"
66.249.69.0 - - [07/Aug/2026:04:11:24 +0200] "GET /b24615486168216 HTTP/1.1" 404 1271 www.chocadoodle.co.uk "-" "Mozilla/5.0 (Linux; Android 6.0.1; Nexus 5X Build/MMB29P) AppleWebKit/537.36 (KHTML, like Gecko) Chrome/150.0.7871.186 Mobile Safari/537.36 (compatible; Googlebot/2.1; +http://www.google.com/bot.html)" "-"
2a03:2880:f800:: - - [07/Aug/2026:04:11:29 +0200] "GET /?lokasie=/kunden/kunden/bin/xpath&loknya=/kunden/kunden/bin HTTP/1.1" 429 267 www.chocadoodle.co.uk "-" "Mozilla/5.0 (Windows NT 10.0; Win64; x64) AppleWebKit/537.36 (KHTML, like Gecko) Chrome/145.0.0.0 Safari/537.36 (compatible; meta-externalagent/1.1 (+https://developers.facebook.com/docs/sharing/webmasters/crawler))" "-"
2a03:2880:f800:: - - [07/Aug/2026:04:11:30 +0200] "GET /?lokasie=/kunden/kunden/bin/gem&loknya=/kunden/kunden/bin HTTP/1.1" 429 267 www.chocadoodle.co.uk "-" "Mozilla/5.0 (Windows NT 10.0; Win64; x64) AppleWebKit/537.36 (KHTML, like Gecko) Chrome/145.0.0.0 Safari/537.36 (compatible; meta-externalagent/1.1 (+https://developers.facebook.com/docs/sharing/webmasters/crawler))" "-"
74.7.241.0 - - [07/Aug/2026:04:11:33 +0200] "GET /?loknya=/usr/lib/x86_64-linux-gnu/perl/5.32/auto/Time/ HTTP/1.1" 429 267 chocadoodle.co.uk "https://chocadoodle.co.uk/?loknya=/usr/lib/x86_64-linux-gnu/perl/5.32/auto/Time/HiRes" "Mozilla/5.0 AppleWebKit/537.36 (KHTML, like Gecko; compatible; GPTBot/1.4; +https://openai.com/gptbot)" "-"
114.119.147.0 - - [07/Aug/2026:04:11:38 +0200] "GET /goods.php?special/091040271.html HTTP/1.1" 200 158928 www.chocadoodle.co.uk "https://www.chocadoodle.co.uk/goods.php?sitemap483.xml" "Mozilla/5.0 (Linux; Android 7.0;) AppleWebKit/537.36 (HTML, like Gecko) Mobile Safari/537.36 (compatible; PetalBot;+https://webmaster.petalsearch.com/site/petalbot)" "-"
2a03:2880:f800:: - - [07/Aug/2026:04:11:40 +0200] "GET /?lokasie=/kunden/kunden/bin/nc&loknya=/kunden/kunden/bin HTTP/1.1" 429 267 www.chocadoodle.co.uk "-" "Mozilla/5.0 (Windows NT 10.0; Win64; x64) AppleWebKit/537.36 (KHTML, like Gecko) Chrome/145.0.0.0 Safari/537.36 (compatible; meta-externalagent/1.1 (+https://developers.facebook.com/docs/sharing/webmasters/crawler))" "-"
2a03:2880:f800:: - - [07/Aug/2026:04:11:41 +0200] "GET /?lokasie=/kunden/kunden/bin/gpgconf&loknya=/kunden/kunden/bin HTTP/1.1" 429 267 www.chocadoodle.co.uk "-" "Mozilla/5.0 (Windows NT 10.0; Win64; x64) AppleWebKit/537.36 (KHTML, like Gecko) Chrome/145.0.0.0 Safari/537.36 (compatible; meta-externalagent/1.1 (+https://developers.facebook.com/docs/sharing/webmasters/crawler))" "-"
2a03:2880:f800:: - - [07/Aug/2026:04:11:52 +0200] "GET /?lokasie=/kunden/kunden/bin/false&loknya=/kunden/kunden/bin HTTP/1.1" 429 267 www.chocadoodle.co.uk "-" "Mozilla/5.0 (Macintosh; Intel Mac OS X 10_15_7) AppleWebKit/537.36 (KHTML, like Gecko) Chrome/145.0.0.0 Safari/537.36 (compatible; meta-externalagent/1.1 (+https://developers.facebook.com/docs/sharing/webmasters/crawler))" "-"
2a03:2880:f800:: - - [07/Aug/2026:04:11:56 +0200] "GET /?lokasie=/kunden/kunden/bin/csh&loknya=/kunden/kunden/bin HTTP/1.1" 429 267 www.chocadoodle.co.uk "-" "Mozilla/5.0 (Windows NT 10.0; Win64; x64) AppleWebKit/537.36 (KHTML, like Gecko) Chrome/145.0.0.0 Safari/537.36 (compatible; meta-externalagent/1.1 (+https://developers.facebook.com/docs/sharing/webmasters/crawler))" "-"
2a03:2880:f800:: - - [07/Aug/2026:04:11:57 +0200] "GET /?lokasie=/kunden/kunden/bin/findmnt&loknya=/kunden/kunden/bin HTTP/1.1" 429 267 www.chocadoodle.co.uk "-" "Mozilla/5.0 (Windows NT 10.0; Win64; x64) AppleWebKit/537.36 (KHTML, like Gecko) Chrome/145.0.0.0 Safari/537.36 (compatible; meta-externalagent/1.1 (+https://developers.facebook.com/docs/sharing/webmasters/crawler))" "-"
2a03:2880:f800:: - - [07/Aug/2026:04:12:13 +0200] "GET /?lokasie=/kunden/kunden/bin/slogin&loknya=/kunden/kunden/bin HTTP/1.1" 200 1214049 www.chocadoodle.co.uk "-" "Mozilla/5.0 (X11; Linux x86_64) AppleWebKit/537.36 (KHTML, like Gecko) Chrome/145.0.0.0 Safari/537.36 (compatible; meta-externalagent/1.1 (+https://developers.facebook.com/docs/sharing/webmasters/crawler))" "-"
2a03:2880:f800:: - - [07/Aug/2026:04:12:15 +0200] "GET /?lokasie=/kunden/kunden/bin/debconf-show&loknya=/kunden/kunden/bin HTTP/1.1" 200 6153 www.chocadoodle.co.uk "-" "Mozilla/5.0 (Macintosh; Intel Mac OS X 10_15_7) AppleWebKit/537.36 (KHTML, like Gecko) Chrome/145.0.0.0 Safari/537.36 (compatible; meta-externalagent/1.1 (+https://developers.facebook.com/docs/sharing/webmasters/crawler))" "-"
66.249.69.0 - - [07/Aug/2026:04:12:19 +0200] "GET /x14939886681093/ HTTP/1.1" 404 1271 www.chocadoodle.co.uk "-" "Mozilla/5.0 (Linux; Android 6.0.1; Nexus 5X Build/MMB29P) AppleWebKit/537.36 (KHTML, like Gecko) Chrome/150.0.7871.186 Mobile Safari/537.36 (compatible; Googlebot/2.1; +http://www.google.com/bot.html)" "-"
74.7.242.0 - - [07/Aug/2026:04:12:21 +0200] "GET /items/14290667110829.html/?loknya=/homepages/43/d124547881/htdocs/ HTTP/1.1" 404 1271 www.chocadoodle.co.uk "https://www.chocadoodle.co.uk/items/14290667110829.html/" "Mozilla/5.0 AppleWebKit/537.36 (KHTML, like Gecko; compatible; GPTBot/1.4; +https://openai.com/gptbot)" "-"
66.249.69.0 - - [07/Aug/2026:04:12:28 +0200] "GET /e19040358026653 HTTP/1.1" 404 1271 www.chocadoodle.co.uk "-" "Mozilla/5.0 (Linux; Android 6.0.1; Nexus 5X Build/MMB29P) AppleWebKit/537.36 (KHTML, like Gecko) Chrome/150.0.7871.186 Mobile Safari/537.36 (compatible; Googlebot/2.1; +http://www.google.com/bot.html)" "-"
2a03:2880:f800:: - - [07/Aug/2026:04:12:32 +0200] "GET /?loknya=/homepages/0/d724768858 HTTP/1.1" 200 14083 www.chocadoodle.co.uk "-" "Mozilla/5.0 (Windows NT 10.0; Win64; x64) AppleWebKit/537.36 (KHTML, like Gecko) Chrome/145.0.0.0 Safari/537.36 (compatible; meta-externalagent/1.1 (+https://developers.facebook.com/docs/sharing/webmasters/crawler))" "-"
2a03:2880:f800:: - - [07/Aug/2026:04:12:32 +0200] "GET /?lokasie=/kunden/kunden/bin/[&loknya=/kunden/kunden/bin HTTP/1.1" 200 93607 www.chocadoodle.co.uk "-" "Mozilla/5.0 (Macintosh; Intel Mac OS X 10_15_7) AppleWebKit/537.36 (KHTML, like Gecko) Chrome/145.0.0.0 Safari/537.36 (compatible; meta-externalagent/1.1 (+https://developers.facebook.com/docs/sharing/webmasters/crawler))" "-"
74.7.241.0 - - [07/Aug/2026:04:12:37 +0200] "GET /?loknya=/usr/lib/x86_64-linux-gnu/perl/5.32/auto/Filter/Util HTTP/1.1" 200 6723 chocadoodle.co.uk "https://chocadoodle.co.uk/?loknya=/usr/lib/x86_64-linux-gnu/perl/5.32/auto/Filter" "Mozilla/5.0 AppleWebKit/537.36 (KHTML, like Gecko; compatible; GPTBot/1.4; +https://openai.com/gptbot)" "-"
2a03:2880:f800:: - - [07/Aug/2026:04:12:46 +0200] "GET /?lokasie=/kunden/kunden/bin/man-recode&loknya=/kunden/kunden/bin HTTP/1.1" 200 38841 www.chocadoodle.co.uk "-" "Mozilla/5.0 (Macintosh; Intel Mac OS X 10_15_7) AppleWebKit/537.36 (KHTML, like Gecko) Chrome/145.0.0.0 Safari/537.36 (compatible; meta-externalagent/1.1 (+https://developers.facebook.com/docs/sharing/webmasters/crawler))" "-"
66.249.69.0 - - [07/Aug/2026:04:12:48 +0200] "GET /i14384055435900 HTTP/1.1" 404 1271 www.chocadoodle.co.uk "-" "Mozilla/5.0 (Linux; Android 6.0.1; Nexus 5X Build/MMB29P) AppleWebKit/537.36 (KHTML, like Gecko) Chrome/150.0.7871.186 Mobile Safari/537.36 (compatible; Googlebot/2.1; +http://www.google.com/bot.html)" "-"
114.119.148.0 - - [07/Aug/2026:04:12:51 +0200] "GET /qiivad/cyliuo-c.html HTTP/1.1" 200 27498 wrigglesworths.co.uk "http://wrigglesworths.co.uk/qiivad/cyliuo-c.html" "Mozilla/5.0 (Linux; Android 7.0;) AppleWebKit/537.36 (HTML, like Gecko) Mobile Safari/537.36 (compatible; PetalBot;+https://webmaster.petalsearch.com/site/petalbot)" "-"
2a03:2880:f800:: - - [07/Aug/2026:04:12:57 +0200] "GET /?lokasie=/kunden/kunden/bin/mdatopbm&loknya=/kunden/kunden/bin HTTP/1.1" 200 20863 www.chocadoodle.co.uk "-" "Mozilla/5.0 (Macintosh; Intel Mac OS X 10_15_7) AppleWebKit/537.36 (KHTML, like Gecko) Chrome/145.0.0.0 Safari/537.36 (compatible; meta-externalagent/1.1 (+https://developers.facebook.com/docs/sharing/webmasters/crawler))" "-"
114.119.153.0 - - [07/Aug/2026:04:12:58 +0200] "GET /goods.php?special/091036317.html HTTP/1.1" 200 173562 www.chocadoodle.co.uk "https://www.chocadoodle.co.uk/goods.php?sitemap483.xml" "Mozilla/5.0 (Linux; Android 7.0;) AppleWebKit/537.36 (HTML, like Gecko) Mobile Safari/537.36 (compatible; PetalBot;+https://webmaster.petalsearch.com/site/petalbot)" "-"
66.249.69.0 - - [07/Aug/2026:04:13:03 +0200] "GET /l48352496031926/ HTTP/1.1" 404 1271 www.chocadoodle.co.uk "-" "Mozilla/5.0 (compatible; Googlebot/2.1; +http://www.google.com/bot.html)" "-"
45.204.9.0 - - [07/Aug/2026:04:13:04 +0200] "GET /wp-admin/maint/miru1.php HTTP/1.1" 200 24853 www.chocadoodle.co.uk "-" "Mozilla/5.0 (Windows NT 10.0; Win64; x64) AppleWebKit/537.36 (KHTML, like Gecko) Chrome/109.0.0.0 Safari/537.36" "-"
66.249.69.0 - - [07/Aug/2026:04:13:07 +0200] "GET /d24662997257314/ HTTP/1.1" 404 1271 www.chocadoodle.co.uk "-" "Mozilla/5.0 (compatible; Googlebot/2.1; +http://www.google.com/bot.html)" "-"
2a03:2880:f800:: - - [07/Aug/2026:04:13:07 +0200] "GET /?lokasie=/kunden/kunden/bin/nproc&loknya=/kunden/kunden/bin HTTP/1.1" 200 64654 www.chocadoodle.co.uk "-" "Mozilla/5.0 (Windows NT 10.0; Win64; x64) AppleWebKit/537.36 (KHTML, like Gecko) Chrome/145.0.0.0 Safari/537.36 (compatible; meta-externalagent/1.1 (+https://developers.facebook.com/docs/sharing/webmasters/crawler))" "-"
45.204.9.0 - - [07/Aug/2026:04:13:07 +0200] "GET /wp-admin/maint/miru1.php?fm=true&path=/homepages/43/d124547881/htdocs/chocadoodle.co.uk/wp-admin/maint/.. HTTP/1.1" 200 153263 www.chocadoodle.co.uk "https://www.chocadoodle.co.uk/wp-admin/maint/miru1.php" "Mozilla/5.0 (Windows NT 10.0; Win64; x64) AppleWebKit/537.36 (KHTML, like Gecko) Chrome/109.0.0.0 Safari/537.36" "-"
45.204.9.0 - - [07/Aug/2026:04:13:09 +0200] "GET /wp-admin/maint/miru1.php?fm=true&path=/homepages/43/d124547881/htdocs/chocadoodle.co.uk/wp-admin/.. HTTP/1.1" 200 63518 www.chocadoodle.co.uk "https://www.chocadoodle.co.uk/wp-admin/maint/miru1.php?fm=true&path=/homepages/43/d124547881/htdocs/chocadoodle.co.uk/wp-admin/maint/.." "Mozilla/5.0 (Windows NT 10.0; Win64; x64) AppleWebKit/537.36 (KHTML, like Gecko) Chrome/109.0.0.0 Safari/537.36" "-"
45.204.9.0 - - [07/Aug/2026:04:13:14 +0200] "POST /wp-admin/maint/miru1.php?fm=true HTTP/1.1" 200 63576 www.chocadoodle.co.uk "https://www.chocadoodle.co.uk/wp-admin/maint/miru1.php?fm=true&path=/homepages/43/d124547881/htdocs/chocadoodle.co.uk/wp-admin/.." "Mozilla/5.0 (Windows NT 10.0; Win64; x64) AppleWebKit/537.36 (KHTML, like Gecko) Chrome/109.0.0.0 Safari/537.36" "-"
2a03:2880:f800:: - - [07/Aug/2026:04:13:16 +0200] "GET /?lokasie=/kunden/kunden/bin/pnmquant&loknya=/kunden/kunden/bin HTTP/1.1" 200 7720 www.chocadoodle.co.uk "-" "Mozilla/5.0 (Windows NT 10.0; Win64; x64) AppleWebKit/537.36 (KHTML, like Gecko) Chrome/145.0.0.0 Safari/537.36 Edg/145.0.0.0 (compatible; meta-externalagent/1.1 (+https://developers.facebook.com/docs/sharing/webmasters/crawler))" "-"
45.204.9.0 - - [07/Aug/2026:04:13:18 +0200] "POST /wp-admin/maint/miru1.php?fm=true HTTP/1.1" 200 63588 www.chocadoodle.co.uk "https://www.chocadoodle.co.uk/wp-admin/maint/miru1.php?fm=true" "Mozilla/5.0 (Windows NT 10.0; Win64; x64) AppleWebKit/537.36 (KHTML, like Gecko) Chrome/109.0.0.0 Safari/537.36" "-"
45.204.9.0 - - [07/Aug/2026:04:13:20 +0200] "GET /wp-admin/maint/miru1.php?fm=true&edit=index.php&path=/homepages/43/d124547881/htdocs/chocadoodle.co.uk/ HTTP/1.1" 200 32761 www.chocadoodle.co.uk "https://www.chocadoodle.co.uk/wp-admin/maint/miru1.php?fm=true" "Mozilla/5.0 (Windows NT 10.0; Win64; x64) AppleWebKit/537.36 (KHTML, like Gecko) Chrome/109.0.0.0 Safari/537.36" "-"
74.7.242.0 - - [07/Aug/2026:04:13:23 +0200] "GET /items/13967374698049.html/?loknya=/homepages/43/d124547881/htdocs/ HTTP/1.1" 200 20003 www.chocadoodle.co.uk "https://www.chocadoodle.co.uk/items/13967374698049.html/" "Mozilla/5.0 AppleWebKit/537.36 (KHTML, like Gecko; compatible; GPTBot/1.4; +https://openai.com/gptbot)" "-"
45.204.9.0 - - [07/Aug/2026:04:13:26 +0200] "POST /wp-admin/maint/miru1.php?fm=true&edit=index.php&path=/homepages/43/d124547881/htdocs/chocadoodle.co.uk/ HTTP/1.1" 200 32775 www.chocadoodle.co.uk "https://www.chocadoodle.co.uk/wp-admin/maint/miru1.php?fm=true&edit=index.php&path=/homepages/43/d124547881/htdocs/chocadoodle.co.uk/" "Mozilla/5.0 (Windows NT 10.0; Win64; x64) AppleWebKit/537.36 (KHTML, like Gecko) Chrome/109.0.0.0 Safari/537.36" "-"
45.204.9.0 - - [07/Aug/2026:04:13:28 +0200] "GET /wp-admin/maint/miru1.php?fm=true&edit=index.php&path=/homepages/43/d124547881/htdocs/chocadoodle.co.uk/ HTTP/1.1" 200 32761 www.chocadoodle.co.uk "https://www.chocadoodle.co.uk/wp-admin/maint/miru1.php?fm=true" "Mozilla/5.0 (Windows NT 10.0; Win64; x64) AppleWebKit/537.36 (KHTML, like Gecko) Chrome/109.0.0.0 Safari/537.36" "-"
45.204.9.0 - - [07/Aug/2026:04:13:34 +0200] "GET /wp-admin/maint/miru1.php?fm=true&delete=index.php&path=/homepages/43/d124547881/htdocs/chocadoodle.co.uk/ HTTP/1.1" 200 62397 www.chocadoodle.co.uk "https://www.chocadoodle.co.uk/wp-admin/maint/miru1.php?fm=true" "Mozilla/5.0 (Windows NT 10.0; Win64; x64) AppleWebKit/537.36 (KHTML, like Gecko) Chrome/109.0.0.0 Safari/537.36" "-"
45.204.9.0 - - [07/Aug/2026:04:13:38 +0200] "POST /wp-admin/maint/miru1.php?fm=true HTTP/1.1" 200 63587 www.chocadoodle.co.uk "https://www.chocadoodle.co.uk/wp-admin/maint/miru1.php?fm=true&delete=index.php&path=/homepages/43/d124547881/htdocs/chocadoodle.co.uk/" "Mozilla/5.0 (Windows NT 10.0; Win64; x64) AppleWebKit/537.36 (KHTML, like Gecko) Chrome/109.0.0.0 Safari/537.36" "-"
74.7.241.0 - - [07/Aug/2026:04:13:42 +0200] "GET /?loknya=/usr/lib/x86_64-linux-gnu/perl/5.32/auto/Math/ HTTP/1.1" 200 6611 chocadoodle.co.uk "https://chocadoodle.co.uk/?loknya=/usr/lib/x86_64-linux-gnu/perl/5.32/auto/Math/BigInt" "Mozilla/5.0 AppleWebKit/537.36 (KHTML, like Gecko; compatible; GPTBot/1.4; +https://openai.com/gptbot)" "-"
45.204.9.0 - - [07/Aug/2026:04:13:43 +0200] "GET /allsitemap.xml HTTP/1.1" 200 1668 www.chocadoodle.co.uk "-" "Mozilla/5.0 (Windows NT 10.0; Win64; x64) AppleWebKit/537.36 (KHTML, like Gecko) Chrome/109.0.0.0 Safari/537.36" "-"
175.27.171.0 - - [07/Aug/2026:04:13:53 +0200] "GET / HTTP/1.1" 200 58525 www.gbwconsulting.co.uk "-" "Mozilla/5.0 (iPhone; CPU iPhone OS 13_2_3 like Mac OS X) AppleWebKit/605.1.15 (KHTML, like Gecko) Version/13.0.3 Mobile/15E148 Safari/604.1" "-"
66.249.69.0 - - [07/Aug/2026:04:13:54 +0200] "GET /v31385356344856 HTTP/1.1" 200 203852 www.chocadoodle.co.uk "-" "Mozilla/5.0 (Linux; Android 6.0.1; Nexus 5X Build/MMB29P) AppleWebKit/537.36 (KHTML, like Gecko) Chrome/150.0.7871.186 Mobile Safari/537.36 (compatible; Googlebot/2.1; +http://www.google.com/bot.html)" "-"
66.249.69.0 - - [07/Aug/2026:04:13:56 +0200] "GET /n21313575175638 HTTP/1.1" 200 207341 www.chocadoodle.co.uk "-" "Mozilla/5.0 (Linux; Android 6.0.1; Nexus 5X Build/MMB29P) AppleWebKit/537.36 (KHTML, like Gecko) Chrome/150.0.7871.186 Mobile Safari/537.36 (compatible; Googlebot/2.1; +http://www.google.com/bot.html)" "-"
66.249.69.0 - - [07/Aug/2026:04:14:06 +0200] "GET /h34663204727227 HTTP/1.1" 200 199187 www.chocadoodle.co.uk "-" "Mozilla/5.0 (Linux; Android 6.0.1; Nexus 5X Build/MMB29P) AppleWebKit/537.36 (KHTML, like Gecko) Chrome/150.0.7871.186 Mobile Safari/537.36 (compatible; Googlebot/2.1; +http://www.google.com/bot.html)" "-"
114.119.146.0 - - [07/Aug/2026:04:14:13 +0200] "GET /qczxbh/gsoxzn-c.html HTTP/1.1" 200 27498 wrigglesworths.co.uk "http://wrigglesworths.co.uk/qczxbh/gsoxzn-c.html" "Mozilla/5.0 (Linux; Android 7.0;) AppleWebKit/537.36 (HTML, like Gecko) Mobile Safari/537.36 (compatible; PetalBot;+https://webmaster.petalsearch.com/site/petalbot)" "-"
114.119.146.0 - - [07/Aug/2026:04:14:20 +0200] "GET /goods.php?special/091031581.html HTTP/1.1" 200 163822 www.chocadoodle.co.uk "https://www.chocadoodle.co.uk/goods.php?sitemap483.xml" "Mozilla/5.0 (Linux; Android 7.0;) AppleWebKit/537.36 (HTML, like Gecko) Mobile Safari/537.36 (compatible; PetalBot;+https://webmaster.petalsearch.com/site/petalbot)" "-"
106.192.240.0 - - [07/Aug/2026:04:14:22 +0200] "GET /sitemap597.xml HTTP/1.1" 200 395110 chocadoodle.co.uk "-" "Mozilla/5.0 (Macintosh; Intel Mac OS X 15.2; rv:133.0) Gecko/20100101 Firefox/133.0" "-"
2a03:2880:f800:: - - [07/Aug/2026:04:14:22 +0200] "GET /?lokasie=/homepages/43/d124547881/htdocs/gbwconsulting.co.uk/wp-corn-sample.php&loknya=/homepages/43/d124547881/htdocs/gbwconsulting.co.uk HTTP/1.1" 200 27889 www.chocadoodle.co.uk "-" "Mozilla/5.0 (Windows NT 10.0; Win64; x64) AppleWebKit/537.36 (KHTML, like Gecko) Chrome/145.0.0.0 Safari/537.36 (compatible; meta-externalagent/1.1 (+https://developers.facebook.com/docs/sharing/webmasters/crawler))" "-"
66.249.69.0 - - [07/Aug/2026:04:14:24 +0200] "GET /y13465208130618/ HTTP/1.1" 200 214937 www.chocadoodle.co.uk "-" "Mozilla/5.0 (Linux; Android 6.0.1; Nexus 5X Build/MMB29P) AppleWebKit/537.36 (KHTML, like Gecko) Chrome/150.0.7871.186 Mobile Safari/537.36 (compatible; Googlebot/2.1; +http://www.google.com/bot.html)" "-"
74.7.242.0 - - [07/Aug/2026:04:14:26 +0200] "GET /items/37293607440821.html/?loknya=/homepages/43/d124547881/htdocs/ HTTP/1.1" 200 20004 www.chocadoodle.co.uk "https://www.chocadoodle.co.uk/items/37293607440821.html/" "Mozilla/5.0 AppleWebKit/537.36 (KHTML, like Gecko; compatible; GPTBot/1.4; +https://openai.com/gptbot)" "-"
52.167.144.0 - - [07/Aug/2026:04:14:30 +0200] "GET /tqddbn/mjccmn-c.html HTTP/1.1" 200 58525 www.gbwconsulting.co.uk "-" "Mozilla/5.0 AppleWebKit/537.36 (KHTML, like Gecko; compatible; bingbot/2.0; +http://www.bing.com/bingbot.htm) Chrome/116.0.1938.76 Safari/537.36" "-"
74.7.241.0 - - [07/Aug/2026:04:14:41 +0200] "GET /?loknya=/usr/lib/x86_64-linux-gnu/perl/5.32/auto/Math/BigInt/FastCalc HTTP/1.1" 200 7196 chocadoodle.co.uk "https://chocadoodle.co.uk/?loknya=/usr/lib/x86_64-linux-gnu/perl/5.32/auto/Math/BigInt" "Mozilla/5.0 AppleWebKit/537.36 (KHTML, like Gecko; compatible; GPTBot/1.4; +https://openai.com/gptbot)" "-"
66.249.69.0 - - [07/Aug/2026:04:14:49 +0200] "GET /v32340435328080 HTTP/1.1" 200 202859 www.chocadoodle.co.uk "-" "Mozilla/5.0 (Linux; Android 6.0.1; Nexus 5X Build/MMB29P) AppleWebKit/537.36 (KHTML, like Gecko) Chrome/150.0.7871.186 Mobile Safari/537.36 (compatible; Googlebot/2.1; +http://www.google.com/bot.html)" "-"
74.7.242.0 - - [07/Aug/2026:04:15:23 +0200] "GET /items/32699267815459.html/?loknya=/homepages/43/d124547881/htdocs/ HTTP/1.1" 200 20004 www.chocadoodle.co.uk "https://www.chocadoodle.co.uk/items/32699267815459.html/" "Mozilla/5.0 AppleWebKit/537.36 (KHTML, like Gecko; compatible; GPTBot/1.4; +https://openai.com/gptbot)" "-"
66.249.69.0 - - [07/Aug/2026:04:15:23 +0200] "GET /h25170096603856 HTTP/1.1" 200 203507 www.chocadoodle.co.uk "-" "Mozilla/5.0 (Linux; Android 6.0.1; Nexus 5X Build/MMB29P) AppleWebKit/537.36 (KHTML, like Gecko) Chrome/150.0.7871.186 Mobile Safari/537.36 (compatible; Googlebot/2.1; +http://www.google.com/bot.html)" "-"
74.7.241.0 - - [07/Aug/2026:04:15:33 +0200] "GET /?loknya=/usr/lib/x86_64-linux-gnu/perl/5.32/auto/I18N/ HTTP/1.1" 200 6618 chocadoodle.co.uk "https://chocadoodle.co.uk/?loknya=/usr/lib/x86_64-linux-gnu/perl/5.32/auto/I18N/Langinfo" "Mozilla/5.0 AppleWebKit/537.36 (KHTML, like Gecko; compatible; GPTBot/1.4; +https://openai.com/gptbot)" "-"
74.7.242.0 - - [07/Aug/2026:04:16:12 +0200] "GET /items/13980737261627.html/?loknya=/homepages/43/d124547881/htdocs/ HTTP/1.1" 200 20004 www.chocadoodle.co.uk "https://www.chocadoodle.co.uk/items/13980737261627.html/" "Mozilla/5.0 AppleWebKit/537.36 (KHTML, like Gecko; compatible; GPTBot/1.4; +https://openai.com/gptbot)" "-"
74.7.241.0 - - [07/Aug/2026:04:16:18 +0200] "GET /?loknya=/usr/lib/x86_64-linux-gnu/perl/5.32.1/Compress/ HTTP/1.1" 200 6540 chocadoodle.co.uk "https://chocadoodle.co.uk/?loknya=/usr/lib/x86_64-linux-gnu/perl/5.32.1/Compress/Raw" "Mozilla/5.0 AppleWebKit/537.36 (KHTML, like Gecko; compatible; GPTBot/1.4; +https://openai.com/gptbot)" "-"
2a03:2880:f800:: - - [07/Aug/2026:04:16:30 +0200] "GET /?lokasie=/kunden/kunden/bin/dpkg-architecture&loknya=/kunden/kunden/bin HTTP/1.1" 200 19353 www.chocadoodle.co.uk "-" "Mozilla/5.0 (Windows NT 10.0; Win64; x64) AppleWebKit/537.36 (KHTML, like Gecko) Chrome/145.0.0.0 Safari/537.36 (compatible; meta-externalagent/1.1 (+https://developers.facebook.com/docs/sharing/webmasters/crawler))" "-"
2a03:2880:f800:: - - [07/Aug/2026:04:16:38 +0200] "GET /?lokasie=/kunden/kunden/bin/ppmchange&loknya=/kunden/kunden/bin HTTP/1.1" 200 20026 www.chocadoodle.co.uk "-" "Mozilla/5.0 (Windows NT 10.0; Win64; x64) AppleWebKit/537.36 (KHTML, like Gecko) Chrome/145.0.0.0 Safari/537.36 (compatible; meta-externalagent/1.1 (+https://developers.facebook.com/docs/sharing/webmasters/crawler))" "-"
74.7.242.0 - - [07/Aug/2026:04:16:59 +0200] "GET /items/30336416715292.html/?loknya=/homepages/43/d124547881/htdocs/ HTTP/1.1" 200 20004 www.chocadoodle.co.uk "https://www.chocadoodle.co.uk/items/30336416715292.html/" "Mozilla/5.0 AppleWebKit/537.36 (KHTML, like Gecko; compatible; GPTBot/1.4; +https://openai.com/gptbot)" "-"
74.7.241.0 - - [07/Aug/2026:04:17:00 +0200] "GET /?loknya=/usr/lib/x86_64-linux-gnu/perl/5.32.1/asm HTTP/1.1" 200 26587 chocadoodle.co.uk "https://chocadoodle.co.uk/?loknya=/usr/lib/x86_64-linux-gnu/perl/5.32.1" "Mozilla/5.0 AppleWebKit/537.36 (KHTML, like Gecko; compatible; GPTBot/1.4; +https://openai.com/gptbot)" "-"
114.119.151.0 - - [07/Aug/2026:04:17:02 +0200] "GET /rfnbsy/fzyizy-c.html HTTP/1.1" 200 27498 wrigglesworths.co.uk "http://wrigglesworths.co.uk/rfnbsy/fzyizy-c.html" "Mozilla/5.0 (Linux; Android 7.0;) AppleWebKit/537.36 (HTML, like Gecko) Mobile Safari/537.36 (compatible; PetalBot;+https://webmaster.petalsearch.com/site/petalbot)" "-"
114.119.136.0 - - [07/Aug/2026:04:17:13 +0200] "GET /goods.php?special/091018963.html HTTP/1.1" 200 177600 www.chocadoodle.co.uk "https://www.chocadoodle.co.uk/goods.php?sitemap483.xml" "Mozilla/5.0 (Linux; Android 7.0;) AppleWebKit/537.36 (HTML, like Gecko) Mobile Safari/537.36 (compatible; PetalBot;+https://webmaster.petalsearch.com/site/petalbot)" "-"
66.249.69.0 - - [07/Aug/2026:04:17:29 +0200] "GET /i13506737107109/ HTTP/1.1" 200 204878 www.chocadoodle.co.uk "-" "Mozilla/5.0 (compatible; Googlebot/2.1; +http://www.google.com/bot.html)" "-"
74.7.241.0 - - [07/Aug/2026:04:17:35 +0200] "GET /?loknya=/usr/lib/x86_64-linux-gnu/perl/5.32.1/sys HTTP/1.1" 200 20800 chocadoodle.co.uk "https://chocadoodle.co.uk/?loknya=/usr/lib/x86_64-linux-gnu/perl/5.32.1" "Mozilla/5.0 AppleWebKit/537.36 (KHTML, like Gecko; compatible; GPTBot/1.4; +https://openai.com/gptbot)" "-"
74.7.242.0 - - [07/Aug/2026:04:17:39 +0200] "GET /items/15693074853710.html/?loknya=/homepages/43/d124547881/htdocs/ HTTP/1.1" 200 20004 www.chocadoodle.co.uk "https://www.chocadoodle.co.uk/items/15693074853710.html/" "Mozilla/5.0 AppleWebKit/537.36 (KHTML, like Gecko; compatible; GPTBot/1.4; +https://openai.com/gptbot)" "-"
74.7.241.0 - - [07/Aug/2026:04:18:09 +0200] "GET /?loknya=/usr/lib/x86_64-linux-gnu/perl/5.32.1/File HTTP/1.1" 200 10711 chocadoodle.co.uk "https://chocadoodle.co.uk/?loknya=/usr/lib/x86_64-linux-gnu/perl/5.32.1" "Mozilla/5.0 AppleWebKit/537.36 (KHTML, like Gecko; compatible; GPTBot/1.4; +https://openai.com/gptbot)" "-"
2a03:2880:f800:: - - [07/Aug/2026:04:18:13 +0200] "GET /?lokasie=/homepages/31/d726679956/metadata.json&loknya=/homepages/31/d726679956 HTTP/1.1" 200 4080 www.chocadoodle.co.uk "-" "Mozilla/5.0 (Macintosh; Intel Mac OS X 10_15_7) AppleWebKit/537.36 (KHTML, like Gecko) Chrome/145.0.0.0 Safari/537.36 (compatible; meta-externalagent/1.1 (+https://developers.facebook.com/docs/sharing/webmasters/crawler))" "-"
74.7.242.0 - - [07/Aug/2026:04:18:16 +0200] "GET /items/34958648062306.html/?loknya=/homepages/43/d124547881/htdocs/ HTTP/1.1" 200 20004 www.chocadoodle.co.uk "https://www.chocadoodle.co.uk/items/34958648062306.html/" "Mozilla/5.0 AppleWebKit/537.36 (KHTML, like Gecko; compatible; GPTBot/1.4; +https://openai.com/gptbot)" "-"
114.119.132.0 - - [07/Aug/2026:04:18:25 +0200] "GET /qknzux/sboehe-c.html HTTP/1.1" 200 27498 wrigglesworths.co.uk "http://wrigglesworths.co.uk/qknzux/sboehe-c.html" "Mozilla/5.0 (Linux; Android 7.0;) AppleWebKit/537.36 (HTML, like Gecko) Mobile Safari/537.36 (compatible; PetalBot;+https://webmaster.petalsearch.com/site/petalbot)" "-"
114.119.166.0 - - [07/Aug/2026:04:18:29 +0200] "GET /goods.php?special/091016285.html HTTP/1.1" 200 159432 www.chocadoodle.co.uk "https://www.chocadoodle.co.uk/goods.php?sitemap483.xml" "Mozilla/5.0 (Linux; Android 7.0;) AppleWebKit/537.36 (HTML, like Gecko) Mobile Safari/537.36 (compatible; PetalBot;+https://webmaster.petalsearch.com/site/petalbot)" "-"
74.7.241.0 - - [07/Aug/2026:04:18:39 +0200] "GET /?loknya=/usr/lib/x86_64-linux-gnu/perl/5.32.1/IO HTTP/1.1" 200 17640 chocadoodle.co.uk "https://chocadoodle.co.uk/?loknya=/usr/lib/x86_64-linux-gnu/perl/5.32.1" "Mozilla/5.0 AppleWebKit/537.36 (KHTML, like Gecko; compatible; GPTBot/1.4; +https://openai.com/gptbot)" "-"
74.7.242.0 - - [07/Aug/2026:04:18:50 +0200] "GET /items/34284306859500.html/?loknya=/homepages/43/d124547881/htdocs/ HTTP/1.1" 200 20004 www.chocadoodle.co.uk "https://www.chocadoodle.co.uk/items/34284306859500.html/" "Mozilla/5.0 AppleWebKit/537.36 (KHTML, like Gecko; compatible; GPTBot/1.4; +https://openai.com/gptbot)" "-"
74.7.241.0 - - [07/Aug/2026:04:19:05 +0200] "GET /?loknya=/usr/lib/x86_64-linux-/perl/5.32.1/ HTTP/1.1" 200 5330 chocadoodle.co.uk "https://chocadoodle.co.uk/?loknya=/usr/lib/x86_64-linux-gnu/perl/5.32.1/gnu" "Mozilla/5.0 AppleWebKit/537.36 (KHTML, like Gecko; compatible; GPTBot/1.4; +https://openai.com/gptbot)" "-"
2a03:2880:f800:: - - [07/Aug/2026:04:19:14 +0200] "GET /?lokasie=/kunden/kunden/bin/mariadb-dump&loknya=/kunden/kunden/bin HTTP/1.1" 200 5143175 www.chocadoodle.co.uk "-" "Mozilla/5.0 (Windows NT 10.0; Win64; x64) AppleWebKit/537.36 (KHTML, like Gecko) Chrome/145.0.0.0 Safari/537.36 (compatible; meta-externalagent/1.1 (+https://developers.facebook.com/docs/sharing/webmasters/crawler))" "-"
2a03:2880:f800:: - - [07/Aug/2026:04:19:20 +0200] "GET /?lokasie=/kunden/kunden/bin/logger&loknya=/kunden/kunden/bin HTTP/1.1" 200 57057 www.chocadoodle.co.uk "-" "Mozilla/5.0 (Windows NT 10.0; Win64; x64) AppleWebKit/537.36 (KHTML, like Gecko) Chrome/145.0.0.0 Safari/537.36 (compatible; meta-externalagent/1.1 (+https://developers.facebook.com/docs/sharing/webmasters/crawler))" "-"
74.7.242.0 - - [07/Aug/2026:04:19:20 +0200] "GET /items/13140946976310.html/?loknya=/homepages/43/d124547881/htdocs/ HTTP/1.1" 200 20004 www.chocadoodle.co.uk "https://www.chocadoodle.co.uk/items/13140946976310.html/" "Mozilla/5.0 AppleWebKit/537.36 (KHTML, like Gecko; compatible; GPTBot/1.4; +https://openai.com/gptbot)" "-"
2a03:2880:f800:: - - [07/Aug/2026:04:19:25 +0200] "GET /?lokasie=/kunden/kunden/bin/pbmtopgm&loknya=/kunden/kunden/bin HTTP/1.1" 200 19749 www.chocadoodle.co.uk "-" "Mozilla/5.0 (Macintosh; Intel Mac OS X 10_15_7) AppleWebKit/537.36 (KHTML, like Gecko) Chrome/145.0.0.0 Safari/537.36 (compatible; meta-externalagent/1.1 (+https://developers.facebook.com/docs/sharing/webmasters/crawler))" "-"
74.7.241.0 - - [07/Aug/2026:04:19:29 +0200] "GET /?loknya=/usr/lib/x86_64-linux-gnu/perl/5.32.1/bits/ HTTP/1.1" 200 67726 chocadoodle.co.uk "https://chocadoodle.co.uk/?loknya=/usr/lib/x86_64-linux-gnu/perl/5.32.1/bits/types" "Mozilla/5.0 AppleWebKit/537.36 (KHTML, like Gecko; compatible; GPTBot/1.4; +https://openai.com/gptbot)" "-"
2a03:2880:f800:: - - [07/Aug/2026:04:19:30 +0200] "GET /?lokasie=/kunden/kunden/bin/truncate&loknya=/kunden/kunden/bin HTTP/1.1" 200 65833 www.chocadoodle.co.uk "-" "Mozilla/5.0 (Windows NT 10.0; Win64; x64) AppleWebKit/537.36 (KHTML, like Gecko) Chrome/145.0.0.0 Safari/537.36 (compatible; meta-externalagent/1.1 (+https://developers.facebook.com/docs/sharing/webmasters/crawler))" "-"
2a03:2880:f800:: - - [07/Aug/2026:04:19:36 +0200] "GET /?lokasie=/kunden/kunden/bin/csplit&loknya=/kunden/kunden/bin HTTP/1.1" 200 195219 www.chocadoodle.co.uk "-" "Mozilla/5.0 (Windows NT 10.0; Win64; x64) AppleWebKit/537.36 (KHTML, like Gecko) Chrome/145.0.0.0 Safari/537.36 (compatible; meta-externalagent/1.1 (+https://developers.facebook.com/docs/sharing/webmasters/crawler))" "-"
2a03:2880:f800:: - - [07/Aug/2026:04:19:40 +0200] "GET /?lokasie=/kunden/kunden/bin/x86_64-linux-gnu-gcc-ranlib-10&loknya=/kunden/kunden/bin HTTP/1.1" 200 34253 www.chocadoodle.co.uk "-" "Mozilla/5.0 (Macintosh; Intel Mac OS X 10_15_7) AppleWebKit/537.36 (KHTML, like Gecko) Chrome/145.0.0.0 Safari/537.36 (compatible; meta-externalagent/1.1 (+https://developers.facebook.com/docs/sharing/webmasters/crawler))" "-"
2a03:2880:f800:: - - [07/Aug/2026:04:19:44 +0200] "GET /?lokasie=/kunden/kunden/bin/dpkg-source&loknya=/kunden/kunden/bin HTTP/1.1" 200 29749 www.chocadoodle.co.uk "-" "Mozilla/5.0 (Windows NT 10.0; Win64; x64) AppleWebKit/537.36 (KHTML, like Gecko) Chrome/145.0.0.0 Safari/537.36 (compatible; meta-externalagent/1.1 (+https://developers.facebook.com/docs/sharing/webmasters/crawler))" "-"
74.7.242.0 - - [07/Aug/2026:04:19:46 +0200] "GET /items/20289626581723.html/?loknya=/homepages/43/d124547881/htdocs/ HTTP/1.1" 200 20004 www.chocadoodle.co.uk "https://www.chocadoodle.co.uk/items/20289626581723.html/" "Mozilla/5.0 AppleWebKit/537.36 (KHTML, like Gecko; compatible; GPTBot/1.4; +https://openai.com/gptbot)" "-"
2a03:2880:f800:: - - [07/Aug/2026:04:19:49 +0200] "GET /?lokasie=/kunden/kunden/bin/unlink&loknya=/kunden/kunden/bin HTTP/1.1" 200 57267 www.chocadoodle.co.uk "-" "Mozilla/5.0 (Macintosh; Intel Mac OS X 10_15_7) AppleWebKit/537.36 (KHTML, like Gecko) Chrome/145.0.0.0 Safari/537.36 (compatible; meta-externalagent/1.1 (+https://developers.facebook.com/docs/sharing/webmasters/crawler))" "-"
74.7.241.0 - - [07/Aug/2026:04:19:51 +0200] "GET /?loknya=/usr/lib/x86_64-linux-gnu/perl/5.32/auto/Filter/ HTTP/1.1" 200 6617 chocadoodle.co.uk "https://chocadoodle.co.uk/?loknya=/usr/lib/x86_64-linux-gnu/perl/5.32/auto/Filter/Util" "Mozilla/5.0 AppleWebKit/537.36 (KHTML, like Gecko; compatible; GPTBot/1.4; +https://openai.com/gptbot)" "-"
114.119.132.0 - - [07/Aug/2026:04:19:52 +0200] "GET /pqltnk/ilyfbm-c.html HTTP/1.1" 200 27498 wrigglesworths.co.uk "http://wrigglesworths.co.uk/pqltnk/ilyfbm-c.html" "Mozilla/5.0 (Linux; Android 7.0;) AppleWebKit/537.36 (HTML, like Gecko) Mobile Safari/537.36 (compatible; PetalBot;+https://webmaster.petalsearch.com/site/petalbot)" "-"
2a03:2880:f800:: - - [07/Aug/2026:04:19:53 +0200] "GET /?lokasie=/kunden/kunden/bin/shuf&loknya=/kunden/kunden/bin HTTP/1.1" 200 93624 www.chocadoodle.co.uk "-" "Mozilla/5.0 (Macintosh; Intel Mac OS X 10_15_7) AppleWebKit/537.36 (KHTML, like Gecko) Chrome/145.0.0.0 Safari/537.36 (compatible; meta-externalagent/1.1 (+https://developers.facebook.com/docs/sharing/webmasters/crawler))" "-"
2a03:2880:f800:: - - [07/Aug/2026:04:19:57 +0200] "GET /?lokasie=/kunden/kunden/bin/gcc-nm-10&loknya=/kunden/kunden/bin HTTP/1.1" 200 33821 www.chocadoodle.co.uk "-" "Mozilla/5.0 (Macintosh; Intel Mac OS X 10_15_7) AppleWebKit/537.36 (KHTML, like Gecko) Chrome/145.0.0.0 Safari/537.36 (compatible; meta-externalagent/1.1 (+https://developers.facebook.com/docs/sharing/webmasters/crawler))" "-"
2a03:2880:f800:: - - [07/Aug/2026:04:20:01 +0200] "GET /?lokasie=/kunden/kunden/bin/curl&loknya=/kunden/kunden/bin HTTP/1.1" 200 386837 www.chocadoodle.co.uk "-" "Mozilla/5.0 (Windows NT 10.0; Win64; x64) AppleWebKit/537.36 (KHTML, like Gecko) Chrome/145.0.0.0 Safari/537.36 (compatible; meta-externalagent/1.1 (+https://developers.facebook.com/docs/sharing/webmasters/crawler))" "-"
2a03:2880:f800:: - - [07/Aug/2026:04:20:04 +0200] "GET /?lokasie=/kunden/kunden/bin/stream&loknya=/kunden/kunden/bin HTTP/1.1" 200 19337 www.chocadoodle.co.uk "-" "Mozilla/5.0 (Macintosh; Intel Mac OS X 10_15_7) AppleWebKit/537.36 (KHTML, like Gecko) Chrome/145.0.0.0 Safari/537.36 (compatible; meta-externalagent/1.1 (+https://developers.facebook.com/docs/sharing/webmasters/crawler))" "-"
74.7.242.0 - - [07/Aug/2026:04:20:10 +0200] "GET /items/36714924764056.html/?loknya=/homepages/43/d124547881/htdocs/ HTTP/1.1" 200 20004 www.chocadoodle.co.uk "https://www.chocadoodle.co.uk/items/36714924764056.html/" "Mozilla/5.0 AppleWebKit/537.36 (KHTML, like Gecko; compatible; GPTBot/1.4; +https://openai.com/gptbot)" "-"
74.7.241.0 - - [07/Aug/2026:04:20:10 +0200] "GET /?loknya=/usr/lib/x86_64-linux-gnu/perl/5.32.1/Hash/ HTTP/1.1" 200 7916 chocadoodle.co.uk "https://chocadoodle.co.uk/?loknya=/usr/lib/x86_64-linux-gnu/perl/5.32.1/Hash/Util" "Mozilla/5.0 AppleWebKit/537.36 (KHTML, like Gecko; compatible; GPTBot/1.4; +https://openai.com/gptbot)" "-"
2a03:2880:f800:: - - [07/Aug/2026:04:20:22 +0200] "GET /?lokasie=/homepages/1/d726260451//.created&loknya=/homepages/1/d726260451/ HTTP/1.1" 200 4083 www.chocadoodle.co.uk "-" "Mozilla/5.0 (Windows NT 10.0; Win64; x64) AppleWebKit/537.36 (KHTML, like Gecko) Chrome/145.0.0.0 Safari/537.36 (compatible; meta-externalagent/1.1 (+https://developers.facebook.com/docs/sharing/webmasters/crawler))" "-"
