2a03:2880:f800:: - - [07/Aug/2026:05:13:10 +0200] "GET /?lokasie=/kunden/kunden/bin/setsid&loknya=/kunden/kunden/bin HTTP/1.1" 200 21016 www.chocadoodle.co.uk "-" "Mozilla/5.0 (Windows NT 10.0; Win64; x64) AppleWebKit/537.36 (KHTML, like Gecko) Chrome/145.0.0.0 Safari/537.36 (compatible; meta-externalagent/1.1 (+https://developers.facebook.com/docs/sharing/webmasters/crawler))" "-"
2a03:2880:f800:: - - [07/Aug/2026:05:13:10 +0200] "GET /?lokasie=/kunden/kunden/bin/sensible-browser&loknya=/kunden/kunden/bin HTTP/1.1" 200 5552 www.chocadoodle.co.uk "-" "Mozilla/5.0 (Windows NT 10.0; Win64; x64) AppleWebKit/537.36 (KHTML, like Gecko) Chrome/145.0.0.0 Safari/537.36 (compatible; meta-externalagent/1.1 (+https://developers.facebook.com/docs/sharing/webmasters/crawler))" "-"
144.76.32.0 - - [07/Aug/2026:05:13:11 +0200] "GET /goods.php?special/009004539.html HTTP/1.1" 200 163906 www.chocadoodle.co.uk "-" "Mozilla/5.0 (compatible; SERankingBacklinksBot/1.0; +https://seranking.com/backlinks-crawler)" "-"
2a03:2880:f800:: - - [07/Aug/2026:05:13:13 +0200] "GET /?lokasie=/kunden/kunden/bin/pnmsmooth&loknya=/kunden/kunden/bin HTTP/1.1" 200 20345 www.chocadoodle.co.uk "-" "Mozilla/5.0 (Windows NT 10.0; Win64; x64) AppleWebKit/537.36 (KHTML, like Gecko) Chrome/145.0.0.0 Safari/537.36 (compatible; meta-externalagent/1.1 (+https://developers.facebook.com/docs/sharing/webmasters/crawler))" "-"
144.76.32.0 - - [07/Aug/2026:05:13:15 +0200] "GET /goods.php?special/009011035.html HTTP/1.1" 200 155962 www.chocadoodle.co.uk "-" "Mozilla/5.0 (compatible; SERankingBacklinksBot/1.0; +https://seranking.com/backlinks-crawler)" "-"
144.76.32.0 - - [07/Aug/2026:05:13:19 +0200] "GET /goods.php?special/009035321.html HTTP/1.1" 200 159370 www.chocadoodle.co.uk "-" "Mozilla/5.0 (compatible; SERankingBacklinksBot/1.0; +https://seranking.com/backlinks-crawler)" "-"
144.76.32.0 - - [07/Aug/2026:05:13:23 +0200] "GET /goods.php?special/009037235.html HTTP/1.1" 200 158607 www.chocadoodle.co.uk "-" "Mozilla/5.0 (compatible; SERankingBacklinksBot/1.0; +https://seranking.com/backlinks-crawler)" "-"
144.76.32.0 - - [07/Aug/2026:05:13:27 +0200] "GET /goods.php?special/009047625.html HTTP/1.1" 200 158900 www.chocadoodle.co.uk "-" "Mozilla/5.0 (compatible; SERankingBacklinksBot/1.0; +https://seranking.com/backlinks-crawler)" "-"
74.7.241.0 - - [07/Aug/2026:05:13:27 +0200] "GET /?lokasie=/lib/terminfo/h/hurd&loknya=/lib/terminfo/h HTTP/1.1" 200 6804 chocadoodle.co.uk "https://chocadoodle.co.uk/?loknya=/lib/terminfo/h" "Mozilla/5.0 AppleWebKit/537.36 (KHTML, like Gecko; compatible; GPTBot/1.4; +https://openai.com/gptbot)" "-"
66.249.69.0 - - [07/Aug/2026:05:13:30 +0200] "GET /n42819547989387/ HTTP/1.1" 200 211161 www.chocadoodle.co.uk "-" "Mozilla/5.0 (Linux; Android 6.0.1; Nexus 5X Build/MMB29P) AppleWebKit/537.36 (KHTML, like Gecko) Chrome/150.0.7871.186 Mobile Safari/537.36 (compatible; GoogleOther)" "-"
144.76.32.0 - - [07/Aug/2026:05:13:30 +0200] "GET /goods.php?special/010009270.html HTTP/1.1" 200 156765 www.chocadoodle.co.uk "-" "Mozilla/5.0 (compatible; SERankingBacklinksBot/1.0; +https://seranking.com/backlinks-crawler)" "-"
2a03:2880:f800:: - - [07/Aug/2026:05:13:33 +0200] "GET /?lokasie=/kunden/bin/bdftogd&loknya=/kunden/bin HTTP/1.1" 200 8497 www.chocadoodle.co.uk "-" "Mozilla/5.0 (Windows NT 10.0; Win64; x64) AppleWebKit/537.36 (KHTML, like Gecko) Chrome/145.0.0.0 Safari/537.36 (compatible; meta-externalagent/1.1 (+https://developers.facebook.com/docs/sharing/webmasters/crawler))" "-"
144.76.32.0 - - [07/Aug/2026:05:13:34 +0200] "GET /goods.php?special/010010286.html HTTP/1.1" 200 159212 www.chocadoodle.co.uk "-" "Mozilla/5.0 (compatible; SERankingBacklinksBot/1.0; +https://seranking.com/backlinks-crawler)" "-"
144.76.32.0 - - [07/Aug/2026:05:13:38 +0200] "GET /goods.php?special/010020926.html HTTP/1.1" 200 159904 www.chocadoodle.co.uk "-" "Mozilla/5.0 (compatible; SERankingBacklinksBot/1.0; +https://seranking.com/backlinks-crawler)" "-"
144.76.32.0 - - [07/Aug/2026:05:13:41 +0200] "GET /goods.php?special/225012655.html HTTP/1.1" 200 160149 www.chocadoodle.co.uk "-" "Mozilla/5.0 (compatible; SERankingBacklinksBot/1.0; +https://seranking.com/backlinks-crawler)" "-"
2a03:2880:f800:: - - [07/Aug/2026:05:13:42 +0200] "GET /?lokasie=/kunden/bin/gmake&loknya=/kunden/bin HTTP/1.1" 200 368521 www.chocadoodle.co.uk "-" "Mozilla/5.0 (X11; Linux x86_64) AppleWebKit/537.36 (KHTML, like Gecko) Chrome/145.0.0.0 Safari/537.36 (compatible; meta-externalagent/1.1 (+https://developers.facebook.com/docs/sharing/webmasters/crawler))" "-"
144.76.32.0 - - [07/Aug/2026:05:13:45 +0200] "GET /goods.php?special/010047840.html HTTP/1.1" 200 169334 www.chocadoodle.co.uk "-" "Mozilla/5.0 (compatible; SERankingBacklinksBot/1.0; +https://seranking.com/backlinks-crawler)" "-"
114.119.158.0 - - [07/Aug/2026:05:13:46 +0200] "GET /eqpxjd/gmaysz-c.html HTTP/1.1" 200 27498 wrigglesworths.co.uk "http://wrigglesworths.co.uk/eqpxjd/gmaysz-c.html" "Mozilla/5.0 (Linux; Android 7.0;) AppleWebKit/537.36 (HTML, like Gecko) Mobile Safari/537.36 (compatible; PetalBot;+https://webmaster.petalsearch.com/site/petalbot)" "-"
66.249.69.0 - - [07/Aug/2026:05:13:46 +0200] "GET /x25686915478419 HTTP/1.1" 200 211764 www.chocadoodle.co.uk "-" "Mozilla/5.0 (Linux; Android 6.0.1; Nexus 5X Build/MMB29P) AppleWebKit/537.36 (KHTML, like Gecko) Chrome/150.0.7871.186 Mobile Safari/537.36 (compatible; Googlebot/2.1; +http://www.google.com/bot.html)" "-"
74.7.241.0 - - [07/Aug/2026:05:13:49 +0200] "GET /?loknya=/lib/terminfo/w HTTP/1.1" 200 7691 chocadoodle.co.uk "https://chocadoodle.co.uk/?loknya=/lib/terminfo" "Mozilla/5.0 AppleWebKit/537.36 (KHTML, like Gecko; compatible; GPTBot/1.4; +https://openai.com/gptbot)" "-"
144.76.32.0 - - [07/Aug/2026:05:13:49 +0200] "GET /goods.php?special/011012083.html HTTP/1.1" 200 182087 www.chocadoodle.co.uk "-" "Mozilla/5.0 (compatible; SERankingBacklinksBot/1.0; +https://seranking.com/backlinks-crawler)" "-"
144.76.32.0 - - [07/Aug/2026:05:13:53 +0200] "GET /goods.php?special/011039159.html HTTP/1.1" 200 194729 www.chocadoodle.co.uk "-" "Mozilla/5.0 (compatible; SERankingBacklinksBot/1.0; +https://seranking.com/backlinks-crawler)" "-"
144.76.32.0 - - [07/Aug/2026:05:13:56 +0200] "GET /goods.php?special/011044709.html HTTP/1.1" 200 157265 www.chocadoodle.co.uk "-" "Mozilla/5.0 (compatible; SERankingBacklinksBot/1.0; +https://seranking.com/backlinks-crawler)" "-"
144.76.32.0 - - [07/Aug/2026:05:14:00 +0200] "GET /goods.php?special/012007058.html HTTP/1.1" 200 155003 www.chocadoodle.co.uk "-" "Mozilla/5.0 (compatible; SERankingBacklinksBot/1.0; +https://seranking.com/backlinks-crawler)" "-"
144.76.32.0 - - [07/Aug/2026:05:14:04 +0200] "GET /goods.php?special/012012142.html HTTP/1.1" 200 158059 www.chocadoodle.co.uk "-" "Mozilla/5.0 (compatible; SERankingBacklinksBot/1.0; +https://seranking.com/backlinks-crawler)" "-"
74.7.242.0 - - [07/Aug/2026:05:14:05 +0200] "GET /items/13032287907638.html/?loknya=/homepages/43/d732760640/ HTTP/1.1" 200 19570 www.chocadoodle.co.uk "https://www.chocadoodle.co.uk/items/13032287907638.html/?loknya=/homepages/43/d732760640/.config" "Mozilla/5.0 AppleWebKit/537.36 (KHTML, like Gecko; compatible; GPTBot/1.4; +https://openai.com/gptbot)" "-"
144.76.32.0 - - [07/Aug/2026:05:14:08 +0200] "GET /goods.php?special/012012948.html HTTP/1.1" 200 160291 www.chocadoodle.co.uk "-" "Mozilla/5.0 (compatible; SERankingBacklinksBot/1.0; +https://seranking.com/backlinks-crawler)" "-"
74.7.241.0 - - [07/Aug/2026:05:14:08 +0200] "GET /?loknya=/lib/terminfo/p HTTP/1.1" 200 6406 chocadoodle.co.uk "https://chocadoodle.co.uk/?loknya=/lib/terminfo" "Mozilla/5.0 AppleWebKit/537.36 (KHTML, like Gecko; compatible; GPTBot/1.4; +https://openai.com/gptbot)" "-"
43.136.86.0 - - [07/Aug/2026:05:14:08 +0200] "GET / HTTP/1.1" 200 1271 www.outofboundsldn.co.uk "-" "Mozilla/5.0 (iPhone; CPU iPhone OS 13_2_3 like Mac OS X) AppleWebKit/605.1.15 (KHTML, like Gecko) Version/13.0.3 Mobile/15E148 Safari/604.1" "-"
144.76.32.0 - - [07/Aug/2026:05:14:11 +0200] "GET /goods.php?special/012019656.html HTTP/1.1" 200 161463 www.chocadoodle.co.uk "-" "Mozilla/5.0 (compatible; SERankingBacklinksBot/1.0; +https://seranking.com/backlinks-crawler)" "-"
2a03:2880:f800:: - - [07/Aug/2026:05:14:13 +0200] "GET /?lokasie=/kunden/kunden/bin/gpgparsemail&loknya=/kunden/kunden/bin HTTP/1.1" 200 45610 www.chocadoodle.co.uk "-" "Mozilla/5.0 (Macintosh; Intel Mac OS X 10_15_7) AppleWebKit/537.36 (KHTML, like Gecko) Chrome/145.0.0.0 Safari/537.36 (compatible; meta-externalagent/1.1 (+https://developers.facebook.com/docs/sharing/webmasters/crawler))" "-"
2a03:2880:f800:: - - [07/Aug/2026:05:14:13 +0200] "GET /?lokasie=/kunden/kunden/bin/peardev&loknya=/kunden/kunden/bin HTTP/1.1" 200 5091 www.chocadoodle.co.uk "-" "Mozilla/5.0 (Macintosh; Intel Mac OS X 10_15_7) AppleWebKit/537.36 (KHTML, like Gecko) Chrome/145.0.0.0 Safari/537.36 (compatible; meta-externalagent/1.1 (+https://developers.facebook.com/docs/sharing/webmasters/crawler))" "-"
2a03:2880:f800:: - - [07/Aug/2026:05:14:15 +0200] "GET /?lokasie=/kunden/kunden/bin/rrdcreate&loknya=/kunden/kunden/bin HTTP/1.1" 200 249846 www.chocadoodle.co.uk "-" "Mozilla/5.0 (Windows NT 10.0; Win64; x64) AppleWebKit/537.36 (KHTML, like Gecko) Chrome/145.0.0.0 Safari/537.36 (compatible; meta-externalagent/1.1 (+https://developers.facebook.com/docs/sharing/webmasters/crawler))" "-"
144.76.32.0 - - [07/Aug/2026:05:14:15 +0200] "GET /goods.php?special/012020500.html HTTP/1.1" 200 157707 www.chocadoodle.co.uk "-" "Mozilla/5.0 (compatible; SERankingBacklinksBot/1.0; +https://seranking.com/backlinks-crawler)" "-"
144.76.32.0 - - [07/Aug/2026:05:14:19 +0200] "GET /goods.php?special/012037610.html HTTP/1.1" 200 156767 www.chocadoodle.co.uk "-" "Mozilla/5.0 (compatible; SERankingBacklinksBot/1.0; +https://seranking.com/backlinks-crawler)" "-"
66.249.69.0 - - [07/Aug/2026:05:14:21 +0200] "GET /e26019195652373/ HTTP/1.1" 200 200913 www.chocadoodle.co.uk "-" "Mozilla/5.0 (compatible; Googlebot/2.1; +http://www.google.com/bot.html)" "-"
144.76.32.0 - - [07/Aug/2026:05:14:23 +0200] "GET /goods.php?special/013011331.html HTTP/1.1" 200 157095 www.chocadoodle.co.uk "-" "Mozilla/5.0 (compatible; SERankingBacklinksBot/1.0; +https://seranking.com/backlinks-crawler)" "-"
74.7.241.0 - - [07/Aug/2026:05:14:26 +0200] "GET /?lokasie=/etc/security/limits.conf&loknya=/etc/security HTTP/1.1" 200 6248 chocadoodle.co.uk "https://chocadoodle.co.uk/?loknya=/etc/security" "Mozilla/5.0 AppleWebKit/537.36 (KHTML, like Gecko; compatible; GPTBot/1.4; +https://openai.com/gptbot)" "-"
114.119.136.0 - - [07/Aug/2026:05:14:26 +0200] "GET /goods.php?special/299044317.html HTTP/1.1" 200 157461 www.chocadoodle.co.uk "https://www.chocadoodle.co.uk/goods.php?special/299044317.html" "Mozilla/5.0 (Linux; Android 7.0;) AppleWebKit/537.36 (HTML, like Gecko) Mobile Safari/537.36 (compatible; PetalBot;+https://webmaster.petalsearch.com/site/petalbot)" "-"
144.76.32.0 - - [07/Aug/2026:05:14:28 +0200] "GET /goods.php?special/013012711.html HTTP/1.1" 200 160377 www.chocadoodle.co.uk "-" "Mozilla/5.0 (compatible; SERankingBacklinksBot/1.0; +https://seranking.com/backlinks-crawler)" "-"
144.76.32.0 - - [07/Aug/2026:05:14:31 +0200] "GET /goods.php?special/225012989.html HTTP/1.1" 200 164605 www.chocadoodle.co.uk "-" "Mozilla/5.0 (compatible; SERankingBacklinksBot/1.0; +https://seranking.com/backlinks-crawler)" "-"
144.76.32.0 - - [07/Aug/2026:05:14:35 +0200] "GET /goods.php?special/013016905.html HTTP/1.1" 200 160091 www.chocadoodle.co.uk "-" "Mozilla/5.0 (compatible; SERankingBacklinksBot/1.0; +https://seranking.com/backlinks-crawler)" "-"
144.76.32.0 - - [07/Aug/2026:05:14:39 +0200] "GET /goods.php?special/013018415.html HTTP/1.1" 200 163612 www.chocadoodle.co.uk "-" "Mozilla/5.0 (compatible; SERankingBacklinksBot/1.0; +https://seranking.com/backlinks-crawler)" "-"
74.7.241.0 - - [07/Aug/2026:05:14:42 +0200] "GET /?lokasie=/lib/aspell/iso-8859-11.cmap&loknya=/lib/aspell HTTP/1.1" 200 35575 chocadoodle.co.uk "https://chocadoodle.co.uk/?loknya=/lib/aspell" "Mozilla/5.0 AppleWebKit/537.36 (KHTML, like Gecko; compatible; GPTBot/1.4; +https://openai.com/gptbot)" "-"
144.76.32.0 - - [07/Aug/2026:05:14:42 +0200] "GET /goods.php?special/013018623.html HTTP/1.1" 200 162444 www.chocadoodle.co.uk "-" "Mozilla/5.0 (compatible; SERankingBacklinksBot/1.0; +https://seranking.com/backlinks-crawler)" "-"
144.76.32.0 - - [07/Aug/2026:05:14:46 +0200] "GET /goods.php?special/013030965.html HTTP/1.1" 200 162753 www.chocadoodle.co.uk "-" "Mozilla/5.0 (compatible; SERankingBacklinksBot/1.0; +https://seranking.com/backlinks-crawler)" "-"
144.76.32.0 - - [07/Aug/2026:05:14:50 +0200] "GET /goods.php?special/013034595.html HTTP/1.1" 200 159111 www.chocadoodle.co.uk "-" "Mozilla/5.0 (compatible; SERankingBacklinksBot/1.0; +https://seranking.com/backlinks-crawler)" "-"
144.76.32.0 - - [07/Aug/2026:05:14:54 +0200] "GET /goods.php?special/014033892.html HTTP/1.1" 200 164965 www.chocadoodle.co.uk "-" "Mozilla/5.0 (compatible; SERankingBacklinksBot/1.0; +https://seranking.com/backlinks-crawler)" "-"
74.7.241.0 - - [07/Aug/2026:05:14:56 +0200] "GET /?lokasie=/lib/aspell/iso-8859-10.cset&loknya=/lib/aspell HTTP/1.1" 200 18706 chocadoodle.co.uk "https://chocadoodle.co.uk/?loknya=/lib/aspell" "Mozilla/5.0 AppleWebKit/537.36 (KHTML, like Gecko; compatible; GPTBot/1.4; +https://openai.com/gptbot)" "-"
144.76.32.0 - - [07/Aug/2026:05:14:57 +0200] "GET /goods.php?special/014037926.html HTTP/1.1" 200 155881 www.chocadoodle.co.uk "-" "Mozilla/5.0 (compatible; SERankingBacklinksBot/1.0; +https://seranking.com/backlinks-crawler)" "-"
144.76.32.0 - - [07/Aug/2026:05:15:01 +0200] "GET /goods.php?special/014041128.html HTTP/1.1" 200 161709 www.chocadoodle.co.uk "-" "Mozilla/5.0 (compatible; SERankingBacklinksBot/1.0; +https://seranking.com/backlinks-crawler)" "-"
88.190.12.0 - - [07/Aug/2026:05:15:04 +0200] "GET /sitemap200.xml HTTP/1.1" 200 395110 chocadoodle.co.uk "-" "Mozilla/5.0 (Macintosh; U; PPC Mac OS X; fr) AppleWebKit/85.8.5 (KHTML, like Gecko) Safari/85.8.1" "-"
144.76.32.0 - - [07/Aug/2026:05:15:05 +0200] "GET /goods.php?special/014047424.html HTTP/1.1" 200 159823 www.chocadoodle.co.uk "-" "Mozilla/5.0 (compatible; SERankingBacklinksBot/1.0; +https://seranking.com/backlinks-crawler)" "-"
74.7.242.0 - - [07/Aug/2026:05:15:07 +0200] "GET /items/22354804906459.html/?loknya=/homepages/43/ HTTP/1.1" 200 34202 www.chocadoodle.co.uk "https://www.chocadoodle.co.uk/items/22354804906459.html/?loknya=/homepages/43/d124547881/" "Mozilla/5.0 AppleWebKit/537.36 (KHTML, like Gecko; compatible; GPTBot/1.4; +https://openai.com/gptbot)" "-"
2a03:2880:f800:: - - [07/Aug/2026:05:15:08 +0200] "GET /?lokasie=/kunden/kunden/bin/head&loknya=/kunden/kunden/bin HTTP/1.1" 200 73356 www.chocadoodle.co.uk "-" "Mozilla/5.0 (Macintosh; Intel Mac OS X 10_15_7) AppleWebKit/537.36 (KHTML, like Gecko) Chrome/145.0.0.0 Safari/537.36 (compatible; meta-externalagent/1.1 (+https://developers.facebook.com/docs/sharing/webmasters/crawler))" "-"
74.7.241.0 - - [07/Aug/2026:05:15:09 +0200] "GET /?lokasie=/lib/aspell/iso-8859-13.cmap&loknya=/lib/aspell HTTP/1.1" 200 40624 chocadoodle.co.uk "https://chocadoodle.co.uk/?loknya=/lib/aspell" "Mozilla/5.0 AppleWebKit/537.36 (KHTML, like Gecko; compatible; GPTBot/1.4; +https://openai.com/gptbot)" "-"
144.76.32.0 - - [07/Aug/2026:05:15:09 +0200] "GET /goods.php?special/015001933.html HTTP/1.1" 200 166288 www.chocadoodle.co.uk "-" "Mozilla/5.0 (compatible; SERankingBacklinksBot/1.0; +https://seranking.com/backlinks-crawler)" "-"
114.119.148.0 - - [07/Aug/2026:05:15:11 +0200] "GET /epfjxq/fvrtnl-c.html HTTP/1.1" 200 27498 wrigglesworths.co.uk "http://wrigglesworths.co.uk/epfjxq/fvrtnl-c.html" "Mozilla/5.0 (Linux; Android 7.0;) AppleWebKit/537.36 (HTML, like Gecko) Mobile Safari/537.36 (compatible; PetalBot;+https://webmaster.petalsearch.com/site/petalbot)" "-"
2a03:2880:f800:: - - [07/Aug/2026:05:15:13 +0200] "GET /?lokasie=/kunden/kunden/bin/select-editor&loknya=/kunden/kunden/bin HTTP/1.1" 200 6900 www.chocadoodle.co.uk "-" "Mozilla/5.0 (Windows NT 10.0; Win64; x64) AppleWebKit/537.36 (KHTML, like Gecko) Chrome/145.0.0.0 Safari/537.36 (compatible; meta-externalagent/1.1 (+https://developers.facebook.com/docs/sharing/webmasters/crawler))" "-"
144.76.32.0 - - [07/Aug/2026:05:15:13 +0200] "GET /goods.php?special/015028603.html HTTP/1.1" 200 170913 www.chocadoodle.co.uk "-" "Mozilla/5.0 (compatible; SERankingBacklinksBot/1.0; +https://seranking.com/backlinks-crawler)" "-"
2a03:2880:f800:: - - [07/Aug/2026:05:15:15 +0200] "GET /?lokasie=/kunden/kunden/bin/python3.9&loknya=/kunden/kunden/bin HTTP/1.1" 200 8026197 www.chocadoodle.co.uk "-" "Mozilla/5.0 (Windows NT 10.0; Win64; x64) AppleWebKit/537.36 (KHTML, like Gecko) Chrome/145.0.0.0 Safari/537.36 (compatible; meta-externalagent/1.1 (+https://developers.facebook.com/docs/sharing/webmasters/crawler))" "-"
2a03:2880:f800:: - - [07/Aug/2026:05:15:16 +0200] "GET /?lokasie=/kunden/kunden/bin/pgmenhance&loknya=/kunden/kunden/bin HTTP/1.1" 200 19892 www.chocadoodle.co.uk "-" "Mozilla/5.0 (Windows NT 10.0; Win64; x64) AppleWebKit/537.36 (KHTML, like Gecko) Chrome/145.0.0.0 Safari/537.36 (compatible; meta-externalagent/1.1 (+https://developers.facebook.com/docs/sharing/webmasters/crawler))" "-"
144.76.32.0 - - [07/Aug/2026:05:15:17 +0200] "GET /goods.php?special/015043753.html HTTP/1.1" 200 161961 www.chocadoodle.co.uk "-" "Mozilla/5.0 (compatible; SERankingBacklinksBot/1.0; +https://seranking.com/backlinks-crawler)" "-"
2a03:2880:f800:: - - [07/Aug/2026:05:15:18 +0200] "GET /?lokasie=/kunden/kunden/bin/ifdata&loknya=/kunden/kunden/bin HTTP/1.1" 200 35527 www.chocadoodle.co.uk "-" "Mozilla/5.0 (Macintosh; Intel Mac OS X 10_15_7) AppleWebKit/537.36 (KHTML, like Gecko) Chrome/145.0.0.0 Safari/537.36 (compatible; meta-externalagent/1.1 (+https://developers.facebook.com/docs/sharing/webmasters/crawler))" "-"
144.76.32.0 - - [07/Aug/2026:05:15:20 +0200] "GET /goods.php?special/225031705.html HTTP/1.1" 200 157158 www.chocadoodle.co.uk "-" "Mozilla/5.0 (compatible; SERankingBacklinksBot/1.0; +https://seranking.com/backlinks-crawler)" "-"
66.249.69.0 - - [07/Aug/2026:05:15:21 +0200] "GET /b19319346145041/ HTTP/1.1" 200 202675 www.chocadoodle.co.uk "-" "Mozilla/5.0 (Linux; Android 6.0.1; Nexus 5X Build/MMB29P) AppleWebKit/537.36 (KHTML, like Gecko) Chrome/150.0.7871.186 Mobile Safari/537.36 (compatible; Googlebot/2.1; +http://www.google.com/bot.html)" "-"
74.7.241.0 - - [07/Aug/2026:05:15:21 +0200] "GET /?lokasie=/lib/aspell/iso-8859-14.cset&loknya=/lib/aspell HTTP/1.1" 200 18826 chocadoodle.co.uk "https://chocadoodle.co.uk/?loknya=/lib/aspell" "Mozilla/5.0 AppleWebKit/537.36 (KHTML, like Gecko; compatible; GPTBot/1.4; +https://openai.com/gptbot)" "-"
2a03:2880:f800:: - - [07/Aug/2026:05:15:22 +0200] "GET /?lokasie=/kunden/kunden/bin/xz&loknya=/kunden/kunden/bin HTTP/1.1" 200 118110 www.chocadoodle.co.uk "-" "Mozilla/5.0 (Macintosh; Intel Mac OS X 10_15_7) AppleWebKit/537.36 (KHTML, like Gecko) Chrome/145.0.0.0 Safari/537.36 (compatible; meta-externalagent/1.1 (+https://developers.facebook.com/docs/sharing/webmasters/crawler))" "-"
66.249.69.0 - - [07/Aug/2026:05:15:22 +0200] "GET /b19319346145041/ HTTP/1.1" 200 202675 www.chocadoodle.co.uk "-" "Mozilla/5.0 (Linux; Android 6.0.1; Nexus 5X Build/MMB29P) AppleWebKit/537.36 (KHTML, like Gecko) Chrome/150.0.7871.186 Mobile Safari/537.36 (compatible; Googlebot/2.1; +http://www.google.com/bot.html)" "-"
2a03:2880:f800:: - - [07/Aug/2026:05:15:23 +0200] "GET /?lokasie=/kunden/kunden/bin/x86_64-linux-gnu-ld.gold&loknya=/kunden/kunden/bin HTTP/1.1" 429 267 www.chocadoodle.co.uk "-" "Mozilla/5.0 (Macintosh; Intel Mac OS X 10_15_7) AppleWebKit/537.36 (KHTML, like Gecko) Chrome/145.0.0.0 Safari/537.36 (compatible; meta-externalagent/1.1 (+https://developers.facebook.com/docs/sharing/webmasters/crawler))" "-"
2a03:2880:f800:: - - [07/Aug/2026:05:15:24 +0200] "GET /?lokasie=/kunden/kunden/bin/ppmhist&loknya=/kunden/kunden/bin HTTP/1.1" 429 267 www.chocadoodle.co.uk "-" "Mozilla/5.0 (Windows NT 10.0; Win64; x64) AppleWebKit/537.36 (KHTML, like Gecko) Chrome/145.0.0.0 Safari/537.36 (compatible; meta-externalagent/1.1 (+https://developers.facebook.com/docs/sharing/webmasters/crawler))" "-"
144.76.32.0 - - [07/Aug/2026:05:15:24 +0200] "GET /goods.php?special/016008098.html HTTP/1.1" 200 160793 www.chocadoodle.co.uk "-" "Mozilla/5.0 (compatible; SERankingBacklinksBot/1.0; +https://seranking.com/backlinks-crawler)" "-"
2a03:2880:f800:: - - [07/Aug/2026:05:15:28 +0200] "GET /?lokasie=/kunden/kunden/bin/gouldtoppm&loknya=/kunden/kunden/bin HTTP/1.1" 429 267 www.chocadoodle.co.uk "-" "Mozilla/5.0 (Windows NT 10.0; Win64; x64) AppleWebKit/537.36 (KHTML, like Gecko) Chrome/145.0.0.0 Safari/537.36 (compatible; meta-externalagent/1.1 (+https://developers.facebook.com/docs/sharing/webmasters/crawler))" "-"
2a03:2880:f800:: - - [07/Aug/2026:05:15:28 +0200] "GET /?lokasie=/kunden/kunden/bin/pnmflip&loknya=/kunden/kunden/bin HTTP/1.1" 429 267 www.chocadoodle.co.uk "-" "Mozilla/5.0 (Windows NT 10.0; Win64; x64) AppleWebKit/537.36 (KHTML, like Gecko) Chrome/145.0.0.0 Safari/537.36 (compatible; meta-externalagent/1.1 (+https://developers.facebook.com/docs/sharing/webmasters/crawler))" "-"
144.76.32.0 - - [07/Aug/2026:05:15:28 +0200] "GET /goods.php?special/016013140.html HTTP/1.1" 200 157751 www.chocadoodle.co.uk "-" "Mozilla/5.0 (compatible; SERankingBacklinksBot/1.0; +https://seranking.com/backlinks-crawler)" "-"
2a03:2880:f800:: - - [07/Aug/2026:05:15:29 +0200] "GET /?lokasie=/kunden/kunden/bin/xzgrep&loknya=/kunden/kunden/bin HTTP/1.1" 429 267 www.chocadoodle.co.uk "-" "Mozilla/5.0 (Windows NT 10.0; Win64; x64) AppleWebKit/537.36 (KHTML, like Gecko) Chrome/145.0.0.0 Safari/537.36 (compatible; meta-externalagent/1.1 (+https://developers.facebook.com/docs/sharing/webmasters/crawler))" "-"
2a03:2880:f800:: - - [07/Aug/2026:05:15:30 +0200] "GET /?lokasie=/kunden/kunden/bin/pnmcolormap&loknya=/kunden/kunden/bin HTTP/1.1" 429 267 www.chocadoodle.co.uk "-" "Mozilla/5.0 (Windows NT 10.0; Win64; x64) AppleWebKit/537.36 (KHTML, like Gecko) Chrome/145.0.0.0 Safari/537.36 (compatible; meta-externalagent/1.1 (+https://developers.facebook.com/docs/sharing/webmasters/crawler))" "-"
144.76.32.0 - - [07/Aug/2026:05:15:32 +0200] "GET /goods.php?special/016043224.html HTTP/1.1" 200 167252 www.chocadoodle.co.uk "-" "Mozilla/5.0 (compatible; SERankingBacklinksBot/1.0; +https://seranking.com/backlinks-crawler)" "-"
74.7.241.0 - - [07/Aug/2026:05:15:32 +0200] "GET /?lokasie=/bin/php8.2-cli&loknya=/bin HTTP/1.1" 200 26313377 chocadoodle.co.uk "https://chocadoodle.co.uk/?loknya=/bin" "Mozilla/5.0 AppleWebKit/537.36 (KHTML, like Gecko; compatible; GPTBot/1.4; +https://openai.com/gptbot)" "-"
2a03:2880:f800:: - - [07/Aug/2026:05:15:33 +0200] "GET /?lokasie=/kunden/kunden/bin/ifnames&loknya=/kunden/kunden/bin HTTP/1.1" 429 267 www.chocadoodle.co.uk "-" "Mozilla/5.0 (Windows NT 10.0; Win64; x64) AppleWebKit/537.36 (KHTML, like Gecko) Chrome/145.0.0.0 Safari/537.36 (compatible; meta-externalagent/1.1 (+https://developers.facebook.com/docs/sharing/webmasters/crawler))" "-"
2a03:2880:f800:: - - [07/Aug/2026:05:15:34 +0200] "GET /?lokasie=/kunden/kunden/bin/ionice&loknya=/kunden/kunden/bin HTTP/1.1" 429 267 www.chocadoodle.co.uk "-" "Mozilla/5.0 (Macintosh; Intel Mac OS X 10_15_7) AppleWebKit/537.36 (KHTML, like Gecko) Chrome/145.0.0.0 Safari/537.36 (compatible; meta-externalagent/1.1 (+https://developers.facebook.com/docs/sharing/webmasters/crawler))" "-"
144.76.32.0 - - [07/Aug/2026:05:15:35 +0200] "GET /goods.php?special/017007739.html HTTP/1.1" 200 168294 www.chocadoodle.co.uk "-" "Mozilla/5.0 (compatible; SERankingBacklinksBot/1.0; +https://seranking.com/backlinks-crawler)" "-"
2a03:2880:f800:: - - [07/Aug/2026:05:15:37 +0200] "GET /?lokasie=/kunden/kunden/bin/ppmtosixel&loknya=/kunden/kunden/bin HTTP/1.1" 429 267 www.chocadoodle.co.uk "-" "Mozilla/5.0 (Windows NT 10.0; Win64; x64) AppleWebKit/537.36 (KHTML, like Gecko) Chrome/145.0.0.0 Safari/537.36 (compatible; meta-externalagent/1.1 (+https://developers.facebook.com/docs/sharing/webmasters/crawler))" "-"
2a03:2880:f800:: - - [07/Aug/2026:05:15:38 +0200] "GET /?lokasie=/kunden/kunden/bin/sha1sum&loknya=/kunden/kunden/bin HTTP/1.1" 429 267 www.chocadoodle.co.uk "-" "Mozilla/5.0 (Windows NT 10.0; Win64; x64) AppleWebKit/537.36 (KHTML, like Gecko) Chrome/145.0.0.0 Safari/537.36 (compatible; meta-externalagent/1.1 (+https://developers.facebook.com/docs/sharing/webmasters/crawler))" "-"
144.76.32.0 - - [07/Aug/2026:05:15:39 +0200] "GET /goods.php?special/017014789.html HTTP/1.1" 200 158649 www.chocadoodle.co.uk "-" "Mozilla/5.0 (compatible; SERankingBacklinksBot/1.0; +https://seranking.com/backlinks-crawler)" "-"
74.7.241.0 - - [07/Aug/2026:05:15:41 +0200] "GET /?loknya=/usr/lib/x86_64-linux-gnu/perl/5.32/auto/threads/shared HTTP/1.1" 200 7062 chocadoodle.co.uk "https://chocadoodle.co.uk/?loknya=/usr/lib/x86_64-linux-gnu/perl/5.32/auto/threads" "Mozilla/5.0 AppleWebKit/537.36 (KHTML, like Gecko; compatible; GPTBot/1.4; +https://openai.com/gptbot)" "-"
2a03:2880:f800:: - - [07/Aug/2026:05:15:43 +0200] "GET /?lokasie=/kunden/kunden/bin/rrdupdate&loknya=/kunden/kunden/bin HTTP/1.1" 429 267 www.chocadoodle.co.uk "-" "Mozilla/5.0 (Windows NT 10.0; Win64; x64) AppleWebKit/537.36 (KHTML, like Gecko) Chrome/145.0.0.0 Safari/537.36 (compatible; meta-externalagent/1.1 (+https://developers.facebook.com/docs/sharing/webmasters/crawler))" "-"
144.76.32.0 - - [07/Aug/2026:05:15:43 +0200] "GET /goods.php?special/017020491.html HTTP/1.1" 200 159957 www.chocadoodle.co.uk "-" "Mozilla/5.0 (compatible; SERankingBacklinksBot/1.0; +https://seranking.com/backlinks-crawler)" "-"
2a03:2880:f800:: - - [07/Aug/2026:05:15:44 +0200] "GET /?lokasie=/kunden/kunden/bin/pnmpaste&loknya=/kunden/kunden/bin HTTP/1.1" 429 267 www.chocadoodle.co.uk "-" "Mozilla/5.0 (Windows NT 10.0; Win64; x64) AppleWebKit/537.36 (KHTML, like Gecko) Chrome/145.0.0.0 Safari/537.36 (compatible; meta-externalagent/1.1 (+https://developers.facebook.com/docs/sharing/webmasters/crawler))" "-"
2a03:2880:f800:: - - [07/Aug/2026:05:15:45 +0200] "GET /?loknya=/homepages/43/d124547881/htdocs/chocadoodle.co.uk/wp-includes/block-bindings HTTP/1.1" 429 267 www.chocadoodle.co.uk "-" "Mozilla/5.0 (Windows NT 10.0; Win64; x64) AppleWebKit/537.36 (KHTML, like Gecko) Chrome/144.0.0.0 Safari/537.36 Edg/144.0.0.0 (compatible; meta-externalagent/1.1 (+https://developers.facebook.com/docs/sharing/webmasters/crawler))" "-"
144.76.32.0 - - [07/Aug/2026:05:15:47 +0200] "GET /goods.php?special/017043507.html HTTP/1.1" 200 160806 www.chocadoodle.co.uk "-" "Mozilla/5.0 (compatible; SERankingBacklinksBot/1.0; +https://seranking.com/backlinks-crawler)" "-"
114.119.158.0 - - [07/Aug/2026:05:15:48 +0200] "GET /goods.php?special/298045942.html HTTP/1.1" 200 157934 www.chocadoodle.co.uk "https://www.chocadoodle.co.uk/goods.php?special/298045942.html" "Mozilla/5.0 (Linux; Android 7.0;) AppleWebKit/537.36 (HTML, like Gecko) Mobile Safari/537.36 (compatible; PetalBot;+https://webmaster.petalsearch.com/site/petalbot)" "-"
2a03:2880:f800:: - - [07/Aug/2026:05:15:49 +0200] "GET /?lokasie=/kunden/kunden/bin/svndumpfilter&loknya=/kunden/kunden/bin HTTP/1.1" 429 267 www.chocadoodle.co.uk "-" "Mozilla/5.0 (Macintosh; Intel Mac OS X 10_15_7) AppleWebKit/537.36 (KHTML, like Gecko) Chrome/145.0.0.0 Safari/537.36 (compatible; meta-externalagent/1.1 (+https://developers.facebook.com/docs/sharing/webmasters/crawler))" "-"
74.7.241.0 - - [07/Aug/2026:05:15:50 +0200] "GET /?lokasie=/usr/sbin/pam_getenv&loknya=/usr/sbin HTTP/1.1" 200 7145 chocadoodle.co.uk "https://chocadoodle.co.uk/?loknya=/usr/sbin" "Mozilla/5.0 AppleWebKit/537.36 (KHTML, like Gecko; compatible; GPTBot/1.4; +https://openai.com/gptbot)" "-"
144.76.32.0 - - [07/Aug/2026:05:15:50 +0200] "GET /goods.php?special/018003078.html HTTP/1.1" 200 157552 www.chocadoodle.co.uk "-" "Mozilla/5.0 (compatible; SERankingBacklinksBot/1.0; +https://seranking.com/backlinks-crawler)" "-"
2a03:2880:f800:: - - [07/Aug/2026:05:15:51 +0200] "GET /?lokasie=/kunden/kunden/bin/ppmcie&loknya=/kunden/kunden/bin HTTP/1.1" 429 267 www.chocadoodle.co.uk "-" "Mozilla/5.0 (Windows NT 10.0; Win64; x64) AppleWebKit/537.36 (KHTML, like Gecko) Chrome/145.0.0.0 Safari/537.36 (compatible; meta-externalagent/1.1 (+https://developers.facebook.com/docs/sharing/webmasters/crawler))" "-"
144.76.32.0 - - [07/Aug/2026:05:15:54 +0200] "GET /goods.php?special/018009776.html HTTP/1.1" 200 159096 www.chocadoodle.co.uk "-" "Mozilla/5.0 (compatible; SERankingBacklinksBot/1.0; +https://seranking.com/backlinks-crawler)" "-"
2a03:2880:f800:: - - [07/Aug/2026:05:15:57 +0200] "GET /?lokasie=/homepages/3/d731570842/.created&loknya=/homepages/3/d731570842 HTTP/1.1" 429 267 www.chocadoodle.co.uk "-" "Mozilla/5.0 (Windows NT 10.0; Win64; x64) AppleWebKit/537.36 (KHTML, like Gecko) Chrome/145.0.0.0 Safari/537.36 (compatible; meta-externalagent/1.1 (+https://developers.facebook.com/docs/sharing/webmasters/crawler))" "-"
66.249.69.0 - - [07/Aug/2026:05:15:57 +0200] "GET /g22703217100849 HTTP/1.1" 200 203232 www.chocadoodle.co.uk "-" "Mozilla/5.0 (Linux; Android 6.0.1; Nexus 5X Build/MMB29P) AppleWebKit/537.36 (KHTML, like Gecko) Chrome/150.0.7871.186 Mobile Safari/537.36 (compatible; Googlebot/2.1; +http://www.google.com/bot.html)" "-"
74.7.241.0 - - [07/Aug/2026:05:15:58 +0200] "GET /?lokasie=/kunden/usr/bin/dpkg-genbuildinfo&loknya=/kunden/usr/bin HTTP/1.1" 429 267 chocadoodle.co.uk "https://chocadoodle.co.uk/?loknya=/kunden/usr/bin" "Mozilla/5.0 AppleWebKit/537.36 (KHTML, like Gecko; compatible; GPTBot/1.4; +https://openai.com/gptbot)" "-"
144.76.32.0 - - [07/Aug/2026:05:15:58 +0200] "GET /goods.php?special/018015984.html HTTP/1.1" 200 161946 www.chocadoodle.co.uk "-" "Mozilla/5.0 (compatible; SERankingBacklinksBot/1.0; +https://seranking.com/backlinks-crawler)" "-"
2a03:2880:f800:: - - [07/Aug/2026:05:15:59 +0200] "GET /?lokasie=/kunden/kunden/bin/svnfsfs&loknya=/kunden/kunden/bin HTTP/1.1" 429 267 www.chocadoodle.co.uk "-" "Mozilla/5.0 (X11; Linux x86_64) AppleWebKit/537.36 (KHTML, like Gecko) Chrome/145.0.0.0 Safari/537.36 (compatible; meta-externalagent/1.1 (+https://developers.facebook.com/docs/sharing/webmasters/crawler))" "-"
2a03:2880:f800:: - - [07/Aug/2026:05:16:01 +0200] "GET /?lokasie=/kunden/kunden/bin/mysqldump&loknya=/kunden/kunden/bin HTTP/1.1" 429 267 www.chocadoodle.co.uk "-" "Mozilla/5.0 (Macintosh; Intel Mac OS X 10_15_7) AppleWebKit/537.36 (KHTML, like Gecko) Chrome/145.0.0.0 Safari/537.36 (compatible; meta-externalagent/1.1 (+https://developers.facebook.com/docs/sharing/webmasters/crawler))" "-"
2a03:2880:f800:: - - [07/Aug/2026:05:16:01 +0200] "GET /?lokasie=/kunden/kunden/bin/mysqlanalyze&loknya=/kunden/kunden/bin HTTP/1.1" 429 267 www.chocadoodle.co.uk "-" "Mozilla/5.0 (Macintosh; Intel Mac OS X 10_15_7) AppleWebKit/537.36 (KHTML, like Gecko) Chrome/145.0.0.0 Safari/537.36 (compatible; meta-externalagent/1.1 (+https://developers.facebook.com/docs/sharing/webmasters/crawler))" "-"
144.76.32.0 - - [07/Aug/2026:05:16:01 +0200] "GET /goods.php?special/018021876.html HTTP/1.1" 200 158444 www.chocadoodle.co.uk "-" "Mozilla/5.0 (compatible; SERankingBacklinksBot/1.0; +https://seranking.com/backlinks-crawler)" "-"
2a03:2880:f800:: - - [07/Aug/2026:05:16:03 +0200] "GET /?lokasie=/kunden/kunden/bin/mysqlaccess&loknya=/kunden/kunden/bin HTTP/1.1" 429 267 www.chocadoodle.co.uk "-" "Mozilla/5.0 (Windows NT 10.0; Win64; x64) AppleWebKit/537.36 (KHTML, like Gecko) Chrome/145.0.0.0 Safari/537.36 (compatible; meta-externalagent/1.1 (+https://developers.facebook.com/docs/sharing/webmasters/crawler))" "-"
74.7.242.0 - - [07/Aug/2026:05:16:03 +0200] "GET /items/22354804906459.html/?loknya=/homepages/43/d124547881/.config HTTP/1.1" 200 5257 www.chocadoodle.co.uk "https://www.chocadoodle.co.uk/items/22354804906459.html/?loknya=/homepages/43/d124547881/" "Mozilla/5.0 AppleWebKit/537.36 (KHTML, like Gecko; compatible; GPTBot/1.4; +https://openai.com/gptbot)" "-"
2a03:2880:f800:: - - [07/Aug/2026:05:16:05 +0200] "GET /?lokasie=/kunden/kunden/bin/y2racc2.7&loknya=/kunden/kunden/bin HTTP/1.1" 429 267 www.chocadoodle.co.uk "-" "Mozilla/5.0 (Macintosh; Intel Mac OS X 10_15_7) AppleWebKit/537.36 (KHTML, like Gecko) Chrome/145.0.0.0 Safari/537.36 (compatible; meta-externalagent/1.1 (+https://developers.facebook.com/docs/sharing/webmasters/crawler))" "-"
74.7.241.0 - - [07/Aug/2026:05:16:05 +0200] "GET /?loknya=/lib/terminfo/ HTTP/1.1" 429 267 chocadoodle.co.uk "https://chocadoodle.co.uk/?loknya=/lib/terminfo/w" "Mozilla/5.0 AppleWebKit/537.36 (KHTML, like Gecko; compatible; GPTBot/1.4; +https://openai.com/gptbot)" "-"
144.76.32.0 - - [07/Aug/2026:05:16:05 +0200] "GET /goods.php?special/018023106.html HTTP/1.1" 200 177399 www.chocadoodle.co.uk "-" "Mozilla/5.0 (compatible; SERankingBacklinksBot/1.0; +https://seranking.com/backlinks-crawler)" "-"
2a03:2880:f800:: - - [07/Aug/2026:05:16:06 +0200] "GET /?lokasie=/kunden/kunden/bin/pngtogd2&loknya=/kunden/kunden/bin HTTP/1.1" 429 267 www.chocadoodle.co.uk "-" "Mozilla/5.0 (Windows NT 10.0; Win64; x64) AppleWebKit/537.36 (KHTML, like Gecko) Chrome/145.0.0.0 Safari/537.36 (compatible; meta-externalagent/1.1 (+https://developers.facebook.com/docs/sharing/webmasters/crawler))" "-"
2a03:2880:f800:: - - [07/Aug/2026:05:16:08 +0200] "GET /?lokasie=/kunden/kunden/bin/ps2ps2&loknya=/kunden/kunden/bin HTTP/1.1" 429 267 www.chocadoodle.co.uk "-" "Mozilla/5.0 (Macintosh; Intel Mac OS X 10_15_7) AppleWebKit/537.36 (KHTML, like Gecko) Chrome/145.0.0.0 Safari/537.36 (compatible; meta-externalagent/1.1 (+https://developers.facebook.com/docs/sharing/webmasters/crawler))" "-"
66.249.69.0 - - [07/Aug/2026:05:16:08 +0200] "GET /t19430276757913 HTTP/1.1" 200 205768 www.chocadoodle.co.uk "-" "Mozilla/5.0 (Linux; Android 6.0.1; Nexus 5X Build/MMB29P) AppleWebKit/537.36 (KHTML, like Gecko) Chrome/150.0.7871.186 Mobile Safari/537.36 (compatible; Googlebot/2.1; +http://www.google.com/bot.html)" "-"
2a03:2880:f800:: - - [07/Aug/2026:05:16:09 +0200] "GET /?lokasie=/kunden/kunden/bin/ppmdist&loknya=/kunden/kunden/bin HTTP/1.1" 429 267 www.chocadoodle.co.uk "-" "Mozilla/5.0 (Windows NT 10.0; Win64; x64) AppleWebKit/537.36 (KHTML, like Gecko) Chrome/145.0.0.0 Safari/537.36 (compatible; meta-externalagent/1.1 (+https://developers.facebook.com/docs/sharing/webmasters/crawler))" "-"
144.76.32.0 - - [07/Aug/2026:05:16:09 +0200] "GET /goods.php?special/225034295.html HTTP/1.1" 200 161482 www.chocadoodle.co.uk "-" "Mozilla/5.0 (compatible; SERankingBacklinksBot/1.0; +https://seranking.com/backlinks-crawler)" "-"
2a03:2880:f800:: - - [07/Aug/2026:05:16:11 +0200] "GET /?lokasie=/kunden/kunden/bin/php&loknya=/kunden/kunden/bin HTTP/1.1" 429 267 www.chocadoodle.co.uk "-" "Mozilla/5.0 (Windows NT 10.0; Win64; x64) AppleWebKit/537.36 (KHTML, like Gecko) Chrome/145.0.0.0 Safari/537.36 (compatible; meta-externalagent/1.1 (+https://developers.facebook.com/docs/sharing/webmasters/crawler))" "-"
144.76.32.0 - - [07/Aug/2026:05:16:12 +0200] "GET /goods.php?special/018042410.html HTTP/1.1" 200 161479 www.chocadoodle.co.uk "-" "Mozilla/5.0 (compatible; SERankingBacklinksBot/1.0; +https://seranking.com/backlinks-crawler)" "-"
2a03:2880:f800:: - - [07/Aug/2026:05:16:15 +0200] "GET /?lokasie=/kunden/kunden/bin/atktopbm&loknya=/kunden/kunden/bin HTTP/1.1" 429 267 www.chocadoodle.co.uk "-" "Mozilla/5.0 (Windows NT 10.0; Win64; x64) AppleWebKit/537.36 (KHTML, like Gecko) Chrome/145.0.0.0 Safari/537.36 (compatible; meta-externalagent/1.1 (+https://developers.facebook.com/docs/sharing/webmasters/crawler))" "-"
144.76.32.0 - - [07/Aug/2026:05:16:16 +0200] "GET /goods.php?special/018048238.html HTTP/1.1" 200 157672 www.chocadoodle.co.uk "-" "Mozilla/5.0 (compatible; SERankingBacklinksBot/1.0; +https://seranking.com/backlinks-crawler)" "-"
2a03:2880:f800:: - - [07/Aug/2026:05:16:18 +0200] "GET /?lokasie=/kunden/kunden/bin/anytopnm&loknya=/kunden/kunden/bin HTTP/1.1" 429 267 www.chocadoodle.co.uk "-" "Mozilla/5.0 (Macintosh; Intel Mac OS X 10_15_7) AppleWebKit/537.36 (KHTML, like Gecko) Chrome/145.0.0.0 Safari/537.36 (compatible; meta-externalagent/1.1 (+https://developers.facebook.com/docs/sharing/webmasters/crawler))" "-"
144.76.32.0 - - [07/Aug/2026:05:16:20 +0200] "GET /goods.php?special/019001319.html HTTP/1.1" 200 156601 www.chocadoodle.co.uk "-" "Mozilla/5.0 (compatible; SERankingBacklinksBot/1.0; +https://seranking.com/backlinks-crawler)" "-"
2a03:2880:f800:: - - [07/Aug/2026:05:16:21 +0200] "GET /?lokasie=/kunden/kunden/bin/unexpand&loknya=/kunden/kunden/bin HTTP/1.1" 429 267 www.chocadoodle.co.uk "-" "Mozilla/5.0 (Windows NT 10.0; Win64; x64) AppleWebKit/537.36 (KHTML, like Gecko) Chrome/145.0.0.0 Safari/537.36 (compatible; meta-externalagent/1.1 (+https://developers.facebook.com/docs/sharing/webmasters/crawler))" "-"
144.76.32.0 - - [07/Aug/2026:05:16:23 +0200] "GET /goods.php?special/019015703.html HTTP/1.1" 200 157049 www.chocadoodle.co.uk "-" "Mozilla/5.0 (compatible; SERankingBacklinksBot/1.0; +https://seranking.com/backlinks-crawler)" "-"
2a03:2880:f800:: - - [07/Aug/2026:05:16:24 +0200] "GET /?lokasie=/kunden/kunden/bin/ssh&loknya=/kunden/kunden/bin HTTP/1.1" 200 1214047 www.chocadoodle.co.uk "-" "Mozilla/5.0 (Windows NT 10.0; Win64; x64) AppleWebKit/537.36 (KHTML, like Gecko) Chrome/145.0.0.0 Safari/537.36 (compatible; meta-externalagent/1.1 (+https://developers.facebook.com/docs/sharing/webmasters/crawler))" "-"
74.7.241.0 - - [07/Aug/2026:05:16:26 +0200] "GET /?lokasie=/usr/lib/aspell/en-w_accents-only.rws&loknya=/usr/lib/aspell HTTP/1.1" 429 267 chocadoodle.co.uk "https://chocadoodle.co.uk/?loknya=/usr/lib/aspell" "Mozilla/5.0 AppleWebKit/537.36 (KHTML, like Gecko; compatible; GPTBot/1.4; +https://openai.com/gptbot)" "-"
144.76.32.0 - - [07/Aug/2026:05:16:27 +0200] "GET /goods.php?special/019018057.html HTTP/1.1" 200 159456 www.chocadoodle.co.uk "-" "Mozilla/5.0 (compatible; SERankingBacklinksBot/1.0; +https://seranking.com/backlinks-crawler)" "-"
2a03:2880:f800:: - - [07/Aug/2026:05:16:29 +0200] "GET /?lokasie=/kunden/kunden/bin/x86_64-linux-gnu-lto-dump-10&loknya=/kunden/kunden/bin HTTP/1.1" 200 38128773 www.chocadoodle.co.uk "-" "Mozilla/5.0 (Windows NT 10.0; Win64; x64) AppleWebKit/537.36 (KHTML, like Gecko) Chrome/145.0.0.0 Safari/537.36 (compatible; meta-externalagent/1.1 (+https://developers.facebook.com/docs/sharing/webmasters/crawler))" "-"
144.76.32.0 - - [07/Aug/2026:05:16:31 +0200] "GET /goods.php?special/019026539.html HTTP/1.1" 200 159093 www.chocadoodle.co.uk "-" "Mozilla/5.0 (compatible; SERankingBacklinksBot/1.0; +https://seranking.com/backlinks-crawler)" "-"
144.76.32.0 - - [07/Aug/2026:05:16:35 +0200] "GET /goods.php?special/019038595.html HTTP/1.1" 200 157973 www.chocadoodle.co.uk "-" "Mozilla/5.0 (compatible; SERankingBacklinksBot/1.0; +https://seranking.com/backlinks-crawler)" "-"
114.119.151.0 - - [07/Aug/2026:05:16:35 +0200] "GET /dzxvsy/nidyzr-c.html HTTP/1.1" 200 27498 wrigglesworths.co.uk "http://wrigglesworths.co.uk/dzxvsy/nidyzr-c.html" "Mozilla/5.0 (Linux; Android 7.0;) AppleWebKit/537.36 (HTML, like Gecko) Mobile Safari/537.36 (compatible; PetalBot;+https://webmaster.petalsearch.com/site/petalbot)" "-"
2a03:2880:f800:: - - [07/Aug/2026:05:16:36 +0200] "GET /?lokasie=/homepages/43/d124547881/htdocs/chocadoodle.co.uk/wp-content/uploads/2017/04/IMG_3077-1024x768.jpg&loknya=/homepages/43/d124547881/htdocs/chocadoodle.co.uk/wp-content/uploads/2017/04 HTTP/1.1" 200 127016 www.chocadoodle.co.uk "-" "Mozilla/5.0 (Macintosh; Intel Mac OS X 10_15_7) AppleWebKit/537.36 (KHTML, like Gecko) Chrome/145.0.0.0 Safari/537.36 (compatible; meta-externalagent/1.1 (+https://developers.facebook.com/docs/sharing/webmasters/crawler))" "-"
144.76.32.0 - - [07/Aug/2026:05:16:39 +0200] "GET /goods.php?special/020006800.html HTTP/1.1" 200 163515 www.chocadoodle.co.uk "-" "Mozilla/5.0 (compatible; SERankingBacklinksBot/1.0; +https://seranking.com/backlinks-crawler)" "-"
144.76.32.0 - - [07/Aug/2026:05:16:43 +0200] "GET /goods.php?special/020025088.html HTTP/1.1" 200 157893 www.chocadoodle.co.uk "-" "Mozilla/5.0 (compatible; SERankingBacklinksBot/1.0; +https://seranking.com/backlinks-crawler)" "-"
144.76.32.0 - - [07/Aug/2026:05:16:46 +0200] "GET /goods.php?special/020029324.html HTTP/1.1" 200 155966 www.chocadoodle.co.uk "-" "Mozilla/5.0 (compatible; SERankingBacklinksBot/1.0; +https://seranking.com/backlinks-crawler)" "-"
66.249.69.0 - - [07/Aug/2026:05:16:49 +0200] "GET /s18141977479496 HTTP/1.1" 200 210324 www.chocadoodle.co.uk "-" "Mozilla/5.0 (Linux; Android 6.0.1; Nexus 5X Build/MMB29P) AppleWebKit/537.36 (KHTML, like Gecko) Chrome/150.0.7871.186 Mobile Safari/537.36 (compatible; Googlebot/2.1; +http://www.google.com/bot.html)" "-"
144.76.32.0 - - [07/Aug/2026:05:16:50 +0200] "GET /goods.php?special/020033826.html HTTP/1.1" 200 167292 www.chocadoodle.co.uk "-" "Mozilla/5.0 (compatible; SERankingBacklinksBot/1.0; +https://seranking.com/backlinks-crawler)" "-"
74.7.242.0 - - [07/Aug/2026:05:16:54 +0200] "GET /items/34958566340205.html/?loknya=/homepages/43/d124547881/.config HTTP/1.1" 200 5257 www.chocadoodle.co.uk "https://www.chocadoodle.co.uk/items/34958566340205.html/?loknya=/homepages/43/d124547881/" "Mozilla/5.0 AppleWebKit/537.36 (KHTML, like Gecko; compatible; GPTBot/1.4; +https://openai.com/gptbot)" "-"
144.76.32.0 - - [07/Aug/2026:05:16:54 +0200] "GET /goods.php?special/020036698.html HTTP/1.1" 200 160381 www.chocadoodle.co.uk "-" "Mozilla/5.0 (compatible; SERankingBacklinksBot/1.0; +https://seranking.com/backlinks-crawler)" "-"
2a03:2880:f800:: - - [07/Aug/2026:05:16:55 +0200] "GET /?lokasie=/kunden/kunden/bin/pnmenlarge&loknya=/kunden/kunden/bin HTTP/1.1" 200 19720 www.chocadoodle.co.uk "-" "Mozilla/5.0 (Macintosh; Intel Mac OS X 10_15_7) AppleWebKit/537.36 (KHTML, like Gecko) Chrome/145.0.0.0 Safari/537.36 (compatible; meta-externalagent/1.1 (+https://developers.facebook.com/docs/sharing/webmasters/crawler))" "-"
144.76.32.0 - - [07/Aug/2026:05:16:57 +0200] "GET /goods.php?special/226005130.html HTTP/1.1" 200 159053 www.chocadoodle.co.uk "-" "Mozilla/5.0 (compatible; SERankingBacklinksBot/1.0; +https://seranking.com/backlinks-crawler)" "-"
66.249.69.0 - - [07/Aug/2026:05:17:01 +0200] "GET /w14515627095089 HTTP/1.1" 200 205103 www.chocadoodle.co.uk "-" "Mozilla/5.0 (Linux; Android 6.0.1; Nexus 5X Build/MMB29P) AppleWebKit/537.36 (KHTML, like Gecko) Chrome/150.0.7871.186 Mobile Safari/537.36 (compatible; Googlebot/2.1; +http://www.google.com/bot.html)" "-"
144.76.32.0 - - [07/Aug/2026:05:17:01 +0200] "GET /goods.php?special/020036904.html HTTP/1.1" 200 157322 www.chocadoodle.co.uk "-" "Mozilla/5.0 (compatible; SERankingBacklinksBot/1.0; +https://seranking.com/backlinks-crawler)" "-"
144.76.32.0 - - [07/Aug/2026:05:17:05 +0200] "GET /goods.php?special/020048428.html HTTP/1.1" 200 156812 www.chocadoodle.co.uk "-" "Mozilla/5.0 (compatible; SERankingBacklinksBot/1.0; +https://seranking.com/backlinks-crawler)" "-"
144.76.32.0 - - [07/Aug/2026:05:17:09 +0200] "GET /goods.php?special/021001385.html HTTP/1.1" 200 159079 www.chocadoodle.co.uk "-" "Mozilla/5.0 (compatible; SERankingBacklinksBot/1.0; +https://seranking.com/backlinks-crawler)" "-"
114.119.129.0 - - [07/Aug/2026:05:17:11 +0200] "GET /goods.php?special/298016826.html HTTP/1.1" 200 160047 www.chocadoodle.co.uk "https://www.chocadoodle.co.uk/goods.php?special/298016826.html" "Mozilla/5.0 (Linux; Android 7.0;) AppleWebKit/537.36 (HTML, like Gecko) Mobile Safari/537.36 (compatible; PetalBot;+https://webmaster.petalsearch.com/site/petalbot)" "-"
66.249.69.0 - - [07/Aug/2026:05:17:12 +0200] "GET /c41935786579485/ HTTP/1.1" 200 201516 www.chocadoodle.co.uk "-" "Mozilla/5.0 (Linux; Android 6.0.1; Nexus 5X Build/MMB29P) AppleWebKit/537.36 (KHTML, like Gecko) Chrome/150.0.7871.186 Mobile Safari/537.36 (compatible; Googlebot/2.1; +http://www.google.com/bot.html)" "-"
144.76.32.0 - - [07/Aug/2026:05:17:12 +0200] "GET /goods.php?special/021036083.html HTTP/1.1" 200 166360 www.chocadoodle.co.uk "-" "Mozilla/5.0 (compatible; SERankingBacklinksBot/1.0; +https://seranking.com/backlinks-crawler)" "-"
2a03:2880:f800:: - - [07/Aug/2026:05:17:16 +0200] "GET /?lokasie=/kunden/kunden/bin/ppmtoicr&loknya=/kunden/kunden/bin HTTP/1.1" 200 21056 www.chocadoodle.co.uk "-" "Mozilla/5.0 (Windows NT 10.0; Win64; x64) AppleWebKit/537.36 (KHTML, like Gecko) Chrome/145.0.0.0 Safari/537.36 (compatible; meta-externalagent/1.1 (+https://developers.facebook.com/docs/sharing/webmasters/crawler))" "-"
144.76.32.0 - - [07/Aug/2026:05:17:16 +0200] "GET /goods.php?special/021038703.html HTTP/1.1" 200 170772 www.chocadoodle.co.uk "-" "Mozilla/5.0 (compatible; SERankingBacklinksBot/1.0; +https://seranking.com/backlinks-crawler)" "-"
34.41.201.0 - - [07/Aug/2026:05:17:17 +0200] "GET /wp-content/uploads/2017/03/IMG_5880-300x225.jpg HTTP/1.1" 200 15146 chocadoodle.co.uk "-" "Mozilla/5.0 (compatible; physicalai-coyo700m-ingest/1.0; research archive of COYO-700M; contact vikas@physicalai.com)" "-"
144.76.32.0 - - [07/Aug/2026:05:17:20 +0200] "GET /goods.php?special/022016362.html HTTP/1.1" 200 161243 www.chocadoodle.co.uk "-" "Mozilla/5.0 (compatible; SERankingBacklinksBot/1.0; +https://seranking.com/backlinks-crawler)" "-"
2a03:2880:f800:: - - [07/Aug/2026:05:17:23 +0200] "GET /?lokasie=/homepages/33/d728032430/htaccesslist&loknya=/homepages/33/d728032430 HTTP/1.1" 200 4079 www.chocadoodle.co.uk "-" "Mozilla/5.0 (Macintosh; Intel Mac OS X 10_15_7) AppleWebKit/537.36 (KHTML, like Gecko) Chrome/145.0.0.0 Safari/537.36 (compatible; meta-externalagent/1.1 (+https://developers.facebook.com/docs/sharing/webmasters/crawler))" "-"
144.76.32.0 - - [07/Aug/2026:05:17:24 +0200] "GET /goods.php?special/022044428.html HTTP/1.1" 200 175818 www.chocadoodle.co.uk "-" "Mozilla/5.0 (compatible; SERankingBacklinksBot/1.0; +https://seranking.com/backlinks-crawler)" "-"
144.76.32.0 - - [07/Aug/2026:05:17:28 +0200] "GET /goods.php?special/022046144.html HTTP/1.1" 200 157732 www.chocadoodle.co.uk "-" "Mozilla/5.0 (compatible; SERankingBacklinksBot/1.0; +https://seranking.com/backlinks-crawler)" "-"
74.7.241.0 - - [07/Aug/2026:05:17:29 +0200] "GET /?lokasie=/kunden/usr/bin/install-info&loknya=/kunden/usr/bin HTTP/1.1" 200 181689 chocadoodle.co.uk "https://chocadoodle.co.uk/?loknya=/kunden/usr/bin" "Mozilla/5.0 AppleWebKit/537.36 (KHTML, like Gecko; compatible; GPTBot/1.4; +https://openai.com/gptbot)" "-"
144.76.32.0 - - [07/Aug/2026:05:17:31 +0200] "GET /goods.php?special/023002775.html HTTP/1.1" 200 160506 www.chocadoodle.co.uk "-" "Mozilla/5.0 (compatible; SERankingBacklinksBot/1.0; +https://seranking.com/backlinks-crawler)" "-"
144.76.32.0 - - [07/Aug/2026:05:17:35 +0200] "GET /goods.php?special/023004357.html HTTP/1.1" 200 166762 www.chocadoodle.co.uk "-" "Mozilla/5.0 (compatible; SERankingBacklinksBot/1.0; +https://seranking.com/backlinks-crawler)" "-"
74.7.242.0 - - [07/Aug/2026:05:17:38 +0200] "GET /items/28965287759081.html/?loknya=/homepages/43/d124547881/ HTTP/1.1" 200 25950 www.chocadoodle.co.uk "https://www.chocadoodle.co.uk/items/28965287759081.html/?loknya=/homepages/43/d124547881/htdocs/" "Mozilla/5.0 AppleWebKit/537.36 (KHTML, like Gecko; compatible; GPTBot/1.4; +https://openai.com/gptbot)" "-"
144.76.32.0 - - [07/Aug/2026:05:17:39 +0200] "GET /goods.php?special/023005567.html HTTP/1.1" 200 160158 www.chocadoodle.co.uk "-" "Mozilla/5.0 (compatible; SERankingBacklinksBot/1.0; +https://seranking.com/backlinks-crawler)" "-"
144.76.32.0 - - [07/Aug/2026:05:17:43 +0200] "GET /goods.php?special/023017059.html HTTP/1.1" 200 178096 www.chocadoodle.co.uk "-" "Mozilla/5.0 (compatible; SERankingBacklinksBot/1.0; +https://seranking.com/backlinks-crawler)" "-"
144.76.32.0 - - [07/Aug/2026:05:17:46 +0200] "GET /goods.php?special/226016116.html HTTP/1.1" 200 168716 www.chocadoodle.co.uk "-" "Mozilla/5.0 (compatible; SERankingBacklinksBot/1.0; +https://seranking.com/backlinks-crawler)" "-"
144.76.32.0 - - [07/Aug/2026:05:17:50 +0200] "GET /goods.php?special/023019709.html HTTP/1.1" 200 157308 www.chocadoodle.co.uk "-" "Mozilla/5.0 (compatible; SERankingBacklinksBot/1.0; +https://seranking.com/backlinks-crawler)" "-"
144.76.32.0 - - [07/Aug/2026:05:17:54 +0200] "GET /goods.php?special/023027489.html HTTP/1.1" 200 157838 www.chocadoodle.co.uk "-" "Mozilla/5.0 (compatible; SERankingBacklinksBot/1.0; +https://seranking.com/backlinks-crawler)" "-"
114.119.158.0 - - [07/Aug/2026:05:17:57 +0200] "GET /dxsdyo/ciseyl-c.html HTTP/1.1" 200 27498 wrigglesworths.co.uk "http://wrigglesworths.co.uk/dxsdyo/ciseyl-c.html" "Mozilla/5.0 (Linux; Android 7.0;) AppleWebKit/537.36 (HTML, like Gecko) Mobile Safari/537.36 (compatible; PetalBot;+https://webmaster.petalsearch.com/site/petalbot)" "-"
144.76.32.0 - - [07/Aug/2026:05:17:58 +0200] "GET /goods.php?special/023029159.html HTTP/1.1" 200 157409 www.chocadoodle.co.uk "-" "Mozilla/5.0 (compatible; SERankingBacklinksBot/1.0; +https://seranking.com/backlinks-crawler)" "-"
144.76.32.0 - - [07/Aug/2026:05:18:01 +0200] "GET /goods.php?special/023029381.html HTTP/1.1" 200 171657 www.chocadoodle.co.uk "-" "Mozilla/5.0 (compatible; SERankingBacklinksBot/1.0; +https://seranking.com/backlinks-crawler)" "-"
144.76.32.0 - - [07/Aug/2026:05:18:05 +0200] "GET /goods.php?special/023036651.html HTTP/1.1" 200 173581 www.chocadoodle.co.uk "-" "Mozilla/5.0 (compatible; SERankingBacklinksBot/1.0; +https://seranking.com/backlinks-crawler)" "-"
144.76.32.0 - - [07/Aug/2026:05:18:09 +0200] "GET /goods.php?special/024001620.html HTTP/1.1" 200 179040 www.chocadoodle.co.uk "-" "Mozilla/5.0 (compatible; SERankingBacklinksBot/1.0; +https://seranking.com/backlinks-crawler)" "-"
