74.7.241.0 - - [07/Aug/2026:05:57:14 +0200] "GET /?lokasie=/kunden/lib/libnetpbm.so.10.0&loknya=/kunden/lib HTTP/1.1" 200 212883 chocadoodle.co.uk "https://chocadoodle.co.uk/?loknya=/kunden/lib" "Mozilla/5.0 AppleWebKit/537.36 (KHTML, like Gecko; compatible; GPTBot/1.4; +https://openai.com/gptbot)" "-"
144.76.32.0 - - [07/Aug/2026:05:57:17 +0200] "GET /goods.php?special/143022703.html HTTP/1.1" 200 162318 www.chocadoodle.co.uk "-" "Mozilla/5.0 (compatible; SERankingBacklinksBot/1.0; +https://seranking.com/backlinks-crawler)" "-"
144.76.32.0 - - [07/Aug/2026:05:57:21 +0200] "GET /goods.php?special/143030665.html HTTP/1.1" 200 157150 www.chocadoodle.co.uk "-" "Mozilla/5.0 (compatible; SERankingBacklinksBot/1.0; +https://seranking.com/backlinks-crawler)" "-"
144.76.32.0 - - [07/Aug/2026:05:57:25 +0200] "GET /goods.php?special/143031419.html HTTP/1.1" 200 162463 www.chocadoodle.co.uk "-" "Mozilla/5.0 (compatible; SERankingBacklinksBot/1.0; +https://seranking.com/backlinks-crawler)" "-"
144.76.32.0 - - [07/Aug/2026:05:57:28 +0200] "GET /goods.php?special/143039193.html HTTP/1.1" 200 161154 www.chocadoodle.co.uk "-" "Mozilla/5.0 (compatible; SERankingBacklinksBot/1.0; +https://seranking.com/backlinks-crawler)" "-"
66.249.69.0 - - [07/Aug/2026:05:57:29 +0200] "GET /t32533016990780/ HTTP/1.1" 200 202527 www.chocadoodle.co.uk "-" "Mozilla/5.0 (Linux; Android 6.0.1; Nexus 5X Build/MMB29P) AppleWebKit/537.36 (KHTML, like Gecko) Chrome/150.0.7871.186 Mobile Safari/537.36 (compatible; Googlebot/2.1; +http://www.google.com/bot.html)" "-"
144.76.32.0 - - [07/Aug/2026:05:57:32 +0200] "GET /goods.php?special/144002294.html HTTP/1.1" 200 157071 www.chocadoodle.co.uk "-" "Mozilla/5.0 (compatible; SERankingBacklinksBot/1.0; +https://seranking.com/backlinks-crawler)" "-"
74.7.241.0 - - [07/Aug/2026:05:57:34 +0200] "GET /?lokasie=/kunden/bin/db5.3_archive&loknya=/kunden/bin HTTP/1.1" 200 20455 chocadoodle.co.uk "https://chocadoodle.co.uk/?loknya=/kunden/bin" "Mozilla/5.0 AppleWebKit/537.36 (KHTML, like Gecko; compatible; GPTBot/1.4; +https://openai.com/gptbot)" "-"
144.76.32.0 - - [07/Aug/2026:05:57:37 +0200] "GET /goods.php?special/144006638.html HTTP/1.1" 200 172497 www.chocadoodle.co.uk "-" "Mozilla/5.0 (compatible; SERankingBacklinksBot/1.0; +https://seranking.com/backlinks-crawler)" "-"
144.76.32.0 - - [07/Aug/2026:05:57:43 +0200] "GET /goods.php?special/144007250.html HTTP/1.1" 200 162093 www.chocadoodle.co.uk "-" "Mozilla/5.0 (compatible; SERankingBacklinksBot/1.0; +https://seranking.com/backlinks-crawler)" "-"
114.119.129.0 - - [07/Aug/2026:05:57:45 +0200] "GET /goods.php?special/255034091.html HTTP/1.1" 200 160380 www.chocadoodle.co.uk "https://www.chocadoodle.co.uk/goods.php?special/255034091.html" "Mozilla/5.0 (Linux; Android 7.0;) AppleWebKit/537.36 (HTML, like Gecko) Mobile Safari/537.36 (compatible; PetalBot;+https://webmaster.petalsearch.com/site/petalbot)" "-"
144.76.32.0 - - [07/Aug/2026:05:57:46 +0200] "GET /goods.php?special/144021484.html HTTP/1.1" 200 204017 www.chocadoodle.co.uk "-" "Mozilla/5.0 (compatible; SERankingBacklinksBot/1.0; +https://seranking.com/backlinks-crawler)" "-"
144.76.32.0 - - [07/Aug/2026:05:57:50 +0200] "GET /goods.php?special/144035188.html HTTP/1.1" 200 159510 www.chocadoodle.co.uk "-" "Mozilla/5.0 (compatible; SERankingBacklinksBot/1.0; +https://seranking.com/backlinks-crawler)" "-"
74.7.241.0 - - [07/Aug/2026:05:57:51 +0200] "GET /?lokasie=/kunden/bin/db5.3_replicate&loknya=/kunden/bin HTTP/1.1" 200 21898 chocadoodle.co.uk "https://chocadoodle.co.uk/?loknya=/kunden/bin" "Mozilla/5.0 AppleWebKit/537.36 (KHTML, like Gecko; compatible; GPTBot/1.4; +https://openai.com/gptbot)" "-"
144.76.32.0 - - [07/Aug/2026:05:57:54 +0200] "GET /goods.php?special/145011385.html HTTP/1.1" 200 172328 www.chocadoodle.co.uk "-" "Mozilla/5.0 (compatible; SERankingBacklinksBot/1.0; +https://seranking.com/backlinks-crawler)" "-"
144.76.32.0 - - [07/Aug/2026:05:57:58 +0200] "GET /goods.php?special/145018923.html HTTP/1.1" 200 157321 www.chocadoodle.co.uk "-" "Mozilla/5.0 (compatible; SERankingBacklinksBot/1.0; +https://seranking.com/backlinks-crawler)" "-"
144.76.32.0 - - [07/Aug/2026:05:58:01 +0200] "GET /goods.php?special/145022545.html HTTP/1.1" 200 189929 www.chocadoodle.co.uk "-" "Mozilla/5.0 (compatible; SERankingBacklinksBot/1.0; +https://seranking.com/backlinks-crawler)" "-"
144.76.32.0 - - [07/Aug/2026:05:58:05 +0200] "GET /goods.php?special/145023435.html HTTP/1.1" 200 190519 www.chocadoodle.co.uk "-" "Mozilla/5.0 (compatible; SERankingBacklinksBot/1.0; +https://seranking.com/backlinks-crawler)" "-"
74.7.241.0 - - [07/Aug/2026:05:58:07 +0200] "GET /?lokasie=/kunden/bin/display-im6.q16&loknya=/kunden/bin HTTP/1.1" 200 19272 chocadoodle.co.uk "https://chocadoodle.co.uk/?loknya=/kunden/bin" "Mozilla/5.0 AppleWebKit/537.36 (KHTML, like Gecko; compatible; GPTBot/1.4; +https://openai.com/gptbot)" "-"
2a03:2880:f800:: - - [07/Aug/2026:05:58:09 +0200] "GET /?lokasie=/kunden/kunden/bin/x86_64-linux-gnu-objcopy&loknya=/kunden/kunden/bin HTTP/1.1" 200 438268 www.chocadoodle.co.uk "-" "Mozilla/5.0 (Windows NT 10.0; Win64; x64) AppleWebKit/537.36 (KHTML, like Gecko) Chrome/145.0.0.0 Safari/537.36 (compatible; meta-externalagent/1.1 (+https://developers.facebook.com/docs/sharing/webmasters/crawler))" "-"
144.76.32.0 - - [07/Aug/2026:05:58:09 +0200] "GET /goods.php?special/145039309.html HTTP/1.1" 200 163051 www.chocadoodle.co.uk "-" "Mozilla/5.0 (compatible; SERankingBacklinksBot/1.0; +https://seranking.com/backlinks-crawler)" "-"
74.7.242.0 - - [07/Aug/2026:05:58:13 +0200] "GET /items/48951317128800.html/?lokasie=/sbin/fstab-decode&loknya=/sbin HTTP/1.1" 200 19339 www.chocadoodle.co.uk "https://www.chocadoodle.co.uk/items/48951317128800.html/?loknya=/sbin" "Mozilla/5.0 AppleWebKit/537.36 (KHTML, like Gecko; compatible; GPTBot/1.4; +https://openai.com/gptbot)" "-"
144.76.32.0 - - [07/Aug/2026:05:58:13 +0200] "GET /goods.php?special/146031228.html HTTP/1.1" 200 162961 www.chocadoodle.co.uk "-" "Mozilla/5.0 (compatible; SERankingBacklinksBot/1.0; +https://seranking.com/backlinks-crawler)" "-"
109.122.18.0 - - [07/Aug/2026:05:58:14 +0200] "GET /wp-login.php HTTP/1.1" 200 55081 www.chocadoodle.co.uk "https://www.chocadoodle.co.uk" "Mozilla/5.0 (Windows NT 10.0; Win64; x64) AppleWebKit/537.36 (KHTML, like Gecko) Chrome/84.0.4147.105 Safari/537.36" "-"
144.76.32.0 - - [07/Aug/2026:05:58:17 +0200] "GET /goods.php?special/146038964.html HTTP/1.1" 200 155621 www.chocadoodle.co.uk "-" "Mozilla/5.0 (compatible; SERankingBacklinksBot/1.0; +https://seranking.com/backlinks-crawler)" "-"
92.222.108.0 - - [07/Aug/2026:05:58:19 +0200] "GET /goods.php?sitemap483.xml HTTP/1.1" 200 13 www.chocadoodle.co.uk "-" "Mozilla/5.0 (compatible; AhrefsBot/7.0; +http://ahrefs.com/robot/)" "-"
144.76.32.0 - - [07/Aug/2026:05:58:20 +0200] "GET /goods.php?special/146047902.html HTTP/1.1" 200 161907 www.chocadoodle.co.uk "-" "Mozilla/5.0 (compatible; SERankingBacklinksBot/1.0; +https://seranking.com/backlinks-crawler)" "-"
74.7.241.0 - - [07/Aug/2026:05:58:21 +0200] "GET /?loknya=/kunden/usr/lib/x86_64-linux-gnu/ruby/2.7.0/json/ HTTP/1.1" 200 6624 chocadoodle.co.uk "https://chocadoodle.co.uk/?loknya=/kunden/usr/lib/x86_64-linux-gnu/ruby/2.7.0/json/ext" "Mozilla/5.0 AppleWebKit/537.36 (KHTML, like Gecko; compatible; GPTBot/1.4; +https://openai.com/gptbot)" "-"
144.76.32.0 - - [07/Aug/2026:05:58:24 +0200] "GET /goods.php?special/147018097.html HTTP/1.1" 200 162703 www.chocadoodle.co.uk "-" "Mozilla/5.0 (compatible; SERankingBacklinksBot/1.0; +https://seranking.com/backlinks-crawler)" "-"
87.212.114.0 - - [07/Aug/2026:05:58:26 +0200] "GET /sitemap554.xml HTTP/1.1" 200 395110 chocadoodle.co.uk "-" "Mozilla/5.0 (Macintosh; Intel Mac OS X 12_1_0) AppleWebKit/537.36 (KHTML, like Gecko) Chrome/128.0.6613.137 Safari/537.36" "-"
144.76.32.0 - - [07/Aug/2026:05:58:28 +0200] "GET /goods.php?special/147022321.html HTTP/1.1" 200 159202 www.chocadoodle.co.uk "-" "Mozilla/5.0 (compatible; SERankingBacklinksBot/1.0; +https://seranking.com/backlinks-crawler)" "-"
144.76.32.0 - - [07/Aug/2026:05:58:32 +0200] "GET /goods.php?special/147039895.html HTTP/1.1" 200 163676 www.chocadoodle.co.uk "-" "Mozilla/5.0 (compatible; SERankingBacklinksBot/1.0; +https://seranking.com/backlinks-crawler)" "-"
74.7.241.0 - - [07/Aug/2026:05:58:34 +0200] "GET /?loknya=/kunden/usr/lib/x86_64-linux-gnu/ruby/2.7.0/enc/ HTTP/1.1" 200 64209 chocadoodle.co.uk "https://chocadoodle.co.uk/?loknya=/kunden/usr/lib/x86_64-linux-gnu/ruby/2.7.0/enc/trans" "Mozilla/5.0 AppleWebKit/537.36 (KHTML, like Gecko; compatible; GPTBot/1.4; +https://openai.com/gptbot)" "-"
144.76.32.0 - - [07/Aug/2026:05:58:35 +0200] "GET /goods.php?special/147041201.html HTTP/1.1" 200 172538 www.chocadoodle.co.uk "-" "Mozilla/5.0 (compatible; SERankingBacklinksBot/1.0; +https://seranking.com/backlinks-crawler)" "-"
144.76.32.0 - - [07/Aug/2026:05:58:39 +0200] "GET /goods.php?special/148009428.html HTTP/1.1" 200 162915 www.chocadoodle.co.uk "-" "Mozilla/5.0 (compatible; SERankingBacklinksBot/1.0; +https://seranking.com/backlinks-crawler)" "-"
144.76.32.0 - - [07/Aug/2026:05:58:43 +0200] "GET /goods.php?special/148010472.html HTTP/1.1" 200 196134 www.chocadoodle.co.uk "-" "Mozilla/5.0 (compatible; SERankingBacklinksBot/1.0; +https://seranking.com/backlinks-crawler)" "-"
74.7.241.0 - - [07/Aug/2026:05:58:45 +0200] "GET /?loknya=/kunden/usr/lib/x86_64-linux-gnu/ruby/vendor_ruby HTTP/1.1" 200 6565 chocadoodle.co.uk "https://chocadoodle.co.uk/?loknya=/kunden/usr/lib/x86_64-linux-gnu/ruby/" "Mozilla/5.0 AppleWebKit/537.36 (KHTML, like Gecko; compatible; GPTBot/1.4; +https://openai.com/gptbot)" "-"
144.76.32.0 - - [07/Aug/2026:05:58:47 +0200] "GET /goods.php?special/148038452.html HTTP/1.1" 200 180811 www.chocadoodle.co.uk "-" "Mozilla/5.0 (compatible; SERankingBacklinksBot/1.0; +https://seranking.com/backlinks-crawler)" "-"
144.76.32.0 - - [07/Aug/2026:05:58:50 +0200] "GET /goods.php?special/148045802.html HTTP/1.1" 200 176585 www.chocadoodle.co.uk "-" "Mozilla/5.0 (compatible; SERankingBacklinksBot/1.0; +https://seranking.com/backlinks-crawler)" "-"
144.76.32.0 - - [07/Aug/2026:05:58:54 +0200] "GET /goods.php?special/149000147.html HTTP/1.1" 200 168246 www.chocadoodle.co.uk "-" "Mozilla/5.0 (compatible; SERankingBacklinksBot/1.0; +https://seranking.com/backlinks-crawler)" "-"
74.7.241.0 - - [07/Aug/2026:05:58:55 +0200] "GET /?lokasie=/kunden/bin/db5.3_printlog&loknya=/kunden/bin HTTP/1.1" 429 267 chocadoodle.co.uk "https://chocadoodle.co.uk/?loknya=/kunden/bin" "Mozilla/5.0 AppleWebKit/537.36 (KHTML, like Gecko; compatible; GPTBot/1.4; +https://openai.com/gptbot)" "-"
144.76.32.0 - - [07/Aug/2026:05:58:58 +0200] "GET /goods.php?special/149018761.html HTTP/1.1" 200 164841 www.chocadoodle.co.uk "-" "Mozilla/5.0 (compatible; SERankingBacklinksBot/1.0; +https://seranking.com/backlinks-crawler)" "-"
144.76.32.0 - - [07/Aug/2026:05:59:02 +0200] "GET /goods.php?special/149030887.html HTTP/1.1" 200 158135 www.chocadoodle.co.uk "-" "Mozilla/5.0 (compatible; SERankingBacklinksBot/1.0; +https://seranking.com/backlinks-crawler)" "-"
74.7.241.0 - - [07/Aug/2026:05:59:05 +0200] "GET /?lokasie=/usr/bin/x86_64-linux-gnu-gcov-tool-10&loknya=/usr/bin HTTP/1.1" 429 267 chocadoodle.co.uk "https://chocadoodle.co.uk/?loknya=/usr/bin" "Mozilla/5.0 AppleWebKit/537.36 (KHTML, like Gecko; compatible; GPTBot/1.4; +https://openai.com/gptbot)" "-"
144.76.32.0 - - [07/Aug/2026:05:59:05 +0200] "GET /goods.php?special/149032311.html HTTP/1.1" 200 159890 www.chocadoodle.co.uk "-" "Mozilla/5.0 (compatible; SERankingBacklinksBot/1.0; +https://seranking.com/backlinks-crawler)" "-"
114.119.147.0 - - [07/Aug/2026:05:59:08 +0200] "GET /goods.php?special/252004516.html HTTP/1.1" 200 163623 www.chocadoodle.co.uk "https://www.chocadoodle.co.uk/goods.php?special/252004516.html" "Mozilla/5.0 (Linux; Android 7.0;) AppleWebKit/537.36 (HTML, like Gecko) Mobile Safari/537.36 (compatible; PetalBot;+https://webmaster.petalsearch.com/site/petalbot)" "-"
74.7.242.0 - - [07/Aug/2026:05:59:09 +0200] "GET /items/39773178042806.html/?lokasie=/homepages/43/d732516945//.created&loknya=/homepages/43/d732516945/ HTTP/1.1" 200 4079 www.chocadoodle.co.uk "https://www.chocadoodle.co.uk/items/39773178042806.html/?loknya=/homepages/43/d732516945/" "Mozilla/5.0 AppleWebKit/537.36 (KHTML, like Gecko; compatible; GPTBot/1.4; +https://openai.com/gptbot)" "-"
144.76.32.0 - - [07/Aug/2026:05:59:09 +0200] "GET /goods.php?special/149034651.html HTTP/1.1" 200 172033 www.chocadoodle.co.uk "-" "Mozilla/5.0 (compatible; SERankingBacklinksBot/1.0; +https://seranking.com/backlinks-crawler)" "-"
144.76.32.0 - - [07/Aug/2026:05:59:13 +0200] "GET /goods.php?special/149034743.html HTTP/1.1" 200 161293 www.chocadoodle.co.uk "-" "Mozilla/5.0 (compatible; SERankingBacklinksBot/1.0; +https://seranking.com/backlinks-crawler)" "-"
66.249.69.0 - - [07/Aug/2026:05:59:14 +0200] "GET /m15707176495648/ HTTP/1.1" 200 205939 www.chocadoodle.co.uk "-" "Mozilla/5.0 (compatible; Googlebot/2.1; +http://www.google.com/bot.html)" "-"
66.249.69.0 - - [07/Aug/2026:05:59:16 +0200] "GET /b34955987663107/ HTTP/1.1" 200 214416 www.chocadoodle.co.uk "-" "Mozilla/5.0 (compatible; Googlebot/2.1; +http://www.google.com/bot.html)" "-"
144.76.32.0 - - [07/Aug/2026:05:59:17 +0200] "GET /goods.php?special/150004182.html HTTP/1.1" 200 158523 www.chocadoodle.co.uk "-" "Mozilla/5.0 (compatible; SERankingBacklinksBot/1.0; +https://seranking.com/backlinks-crawler)" "-"
144.76.32.0 - - [07/Aug/2026:05:59:21 +0200] "GET /goods.php?special/150006024.html HTTP/1.1" 200 156474 www.chocadoodle.co.uk "-" "Mozilla/5.0 (compatible; SERankingBacklinksBot/1.0; +https://seranking.com/backlinks-crawler)" "-"
144.76.32.0 - - [07/Aug/2026:05:59:24 +0200] "GET /goods.php?special/150010840.html HTTP/1.1" 200 159131 www.chocadoodle.co.uk "-" "Mozilla/5.0 (compatible; SERankingBacklinksBot/1.0; +https://seranking.com/backlinks-crawler)" "-"
144.76.32.0 - - [07/Aug/2026:05:59:28 +0200] "GET /goods.php?special/150022646.html HTTP/1.1" 200 158822 www.chocadoodle.co.uk "-" "Mozilla/5.0 (compatible; SERankingBacklinksBot/1.0; +https://seranking.com/backlinks-crawler)" "-"
74.7.241.0 - - [07/Aug/2026:05:59:32 +0200] "GET /?loknya=/usr/lib/php8.2/doc/MDB2 HTTP/1.1" 429 267 chocadoodle.co.uk "https://chocadoodle.co.uk/?loknya=/usr/lib/php8.2/doc" "Mozilla/5.0 AppleWebKit/537.36 (KHTML, like Gecko; compatible; GPTBot/1.4; +https://openai.com/gptbot)" "-"
144.76.32.0 - - [07/Aug/2026:05:59:32 +0200] "GET /goods.php?special/150024096.html HTTP/1.1" 200 158898 www.chocadoodle.co.uk "-" "Mozilla/5.0 (compatible; SERankingBacklinksBot/1.0; +https://seranking.com/backlinks-crawler)" "-"
2a03:2880:f800:: - - [07/Aug/2026:05:59:35 +0200] "GET /?lokasie=/homepages/38/d725849426/.created&loknya=/homepages/38/d725849426 HTTP/1.1" 200 4086 www.chocadoodle.co.uk "-" "Mozilla/5.0 (Windows NT 10.0; Win64; x64) AppleWebKit/537.36 (KHTML, like Gecko) Chrome/145.0.0.0 Safari/537.36 Edg/145.0.0.0 (compatible; meta-externalagent/1.1 (+https://developers.facebook.com/docs/sharing/webmasters/crawler))" "-"
144.76.32.0 - - [07/Aug/2026:05:59:36 +0200] "GET /goods.php?special/150033320.html HTTP/1.1" 200 173051 www.chocadoodle.co.uk "-" "Mozilla/5.0 (compatible; SERankingBacklinksBot/1.0; +https://seranking.com/backlinks-crawler)" "-"
144.76.32.0 - - [07/Aug/2026:05:59:39 +0200] "GET /goods.php?special/151015175.html HTTP/1.1" 200 171702 www.chocadoodle.co.uk "-" "Mozilla/5.0 (compatible; SERankingBacklinksBot/1.0; +https://seranking.com/backlinks-crawler)" "-"
66.249.69.0 - - [07/Aug/2026:05:59:42 +0200] "GET /h23393405615478/ HTTP/1.1" 200 205417 www.chocadoodle.co.uk "-" "Mozilla/5.0 (Linux; Android 6.0.1; Nexus 5X Build/MMB29P) AppleWebKit/537.36 (KHTML, like Gecko) Chrome/150.0.7871.186 Mobile Safari/537.36 (compatible; GoogleOther)" "-"
144.76.32.0 - - [07/Aug/2026:05:59:43 +0200] "GET /goods.php?special/151017861.html HTTP/1.1" 200 158425 www.chocadoodle.co.uk "-" "Mozilla/5.0 (compatible; SERankingBacklinksBot/1.0; +https://seranking.com/backlinks-crawler)" "-"
144.76.32.0 - - [07/Aug/2026:05:59:47 +0200] "GET /goods.php?special/151020873.html HTTP/1.1" 200 158841 www.chocadoodle.co.uk "-" "Mozilla/5.0 (compatible; SERankingBacklinksBot/1.0; +https://seranking.com/backlinks-crawler)" "-"
144.76.32.0 - - [07/Aug/2026:05:59:51 +0200] "GET /goods.php?special/151023697.html HTTP/1.1" 200 157528 www.chocadoodle.co.uk "-" "Mozilla/5.0 (compatible; SERankingBacklinksBot/1.0; +https://seranking.com/backlinks-crawler)" "-"
144.76.32.0 - - [07/Aug/2026:05:59:55 +0200] "GET /goods.php?special/152010618.html HTTP/1.1" 200 157329 www.chocadoodle.co.uk "-" "Mozilla/5.0 (compatible; SERankingBacklinksBot/1.0; +https://seranking.com/backlinks-crawler)" "-"
144.76.32.0 - - [07/Aug/2026:05:59:58 +0200] "GET /goods.php?special/152024342.html HTTP/1.1" 200 169056 www.chocadoodle.co.uk "-" "Mozilla/5.0 (compatible; SERankingBacklinksBot/1.0; +https://seranking.com/backlinks-crawler)" "-"
74.7.242.0 - - [07/Aug/2026:06:00:01 +0200] "GET /items/12800486439154.html/?lokasie=/sbin/check_forensic&loknya=/sbin HTTP/1.1" 200 5010 www.chocadoodle.co.uk "https://www.chocadoodle.co.uk/items/12800486439154.html/?loknya=/sbin" "Mozilla/5.0 AppleWebKit/537.36 (KHTML, like Gecko; compatible; GPTBot/1.4; +https://openai.com/gptbot)" "-"
144.76.32.0 - - [07/Aug/2026:06:00:02 +0200] "GET /goods.php?special/152026480.html HTTP/1.1" 200 156784 www.chocadoodle.co.uk "-" "Mozilla/5.0 (compatible; SERankingBacklinksBot/1.0; +https://seranking.com/backlinks-crawler)" "-"
144.76.32.0 - - [07/Aug/2026:06:00:06 +0200] "GET /goods.php?special/152034756.html HTTP/1.1" 200 164331 www.chocadoodle.co.uk "-" "Mozilla/5.0 (compatible; SERankingBacklinksBot/1.0; +https://seranking.com/backlinks-crawler)" "-"
144.76.32.0 - - [07/Aug/2026:06:00:10 +0200] "GET /goods.php?special/152039152.html HTTP/1.1" 200 159450 www.chocadoodle.co.uk "-" "Mozilla/5.0 (compatible; SERankingBacklinksBot/1.0; +https://seranking.com/backlinks-crawler)" "-"
144.76.32.0 - - [07/Aug/2026:06:00:14 +0200] "GET /goods.php?special/152044934.html HTTP/1.1" 200 156393 www.chocadoodle.co.uk "-" "Mozilla/5.0 (compatible; SERankingBacklinksBot/1.0; +https://seranking.com/backlinks-crawler)" "-"
2a03:2880:f800:: - - [07/Aug/2026:06:00:16 +0200] "GET /?lokasie=/kunden/kunden/bin/json_xs&loknya=/kunden/kunden/bin HTTP/1.1" 200 12094 www.chocadoodle.co.uk "-" "Mozilla/5.0 (Windows NT 10.0; Win64; x64) AppleWebKit/537.36 (KHTML, like Gecko) Chrome/145.0.0.0 Safari/537.36 (compatible; meta-externalagent/1.1 (+https://developers.facebook.com/docs/sharing/webmasters/crawler))" "-"
144.76.32.0 - - [07/Aug/2026:06:00:17 +0200] "GET /goods.php?special/153004401.html HTTP/1.1" 200 169920 www.chocadoodle.co.uk "-" "Mozilla/5.0 (compatible; SERankingBacklinksBot/1.0; +https://seranking.com/backlinks-crawler)" "-"
2a03:2880:f800:: - - [07/Aug/2026:06:00:20 +0200] "GET /?lokasie=/kunden/kunden/bin/dpkg-vendor&loknya=/kunden/kunden/bin HTTP/1.1" 200 7686 www.chocadoodle.co.uk "-" "Mozilla/5.0 (Windows NT 10.0; Win64; x64) AppleWebKit/537.36 (KHTML, like Gecko) Chrome/145.0.0.0 Safari/537.36 (compatible; meta-externalagent/1.1 (+https://developers.facebook.com/docs/sharing/webmasters/crawler))" "-"
144.76.32.0 - - [07/Aug/2026:06:00:21 +0200] "GET /goods.php?special/153009121.html HTTP/1.1" 200 159462 www.chocadoodle.co.uk "-" "Mozilla/5.0 (compatible; SERankingBacklinksBot/1.0; +https://seranking.com/backlinks-crawler)" "-"
144.76.32.0 - - [07/Aug/2026:06:00:26 +0200] "GET /goods.php?special/153026433.html HTTP/1.1" 200 160841 www.chocadoodle.co.uk "-" "Mozilla/5.0 (compatible; SERankingBacklinksBot/1.0; +https://seranking.com/backlinks-crawler)" "-"
2a03:2880:f800:: - - [07/Aug/2026:06:00:26 +0200] "GET /?lokasie=/kunden/kunden/bin/ptargrep&loknya=/kunden/kunden/bin HTTP/1.1" 200 8833 www.chocadoodle.co.uk "-" "Mozilla/5.0 (Macintosh; Intel Mac OS X 10_15_7) AppleWebKit/537.36 (KHTML, like Gecko) Chrome/145.0.0.0 Safari/537.36 (compatible; meta-externalagent/1.1 (+https://developers.facebook.com/docs/sharing/webmasters/crawler))" "-"
144.76.32.0 - - [07/Aug/2026:06:00:29 +0200] "GET /goods.php?special/153049069.html HTTP/1.1" 200 175830 www.chocadoodle.co.uk "-" "Mozilla/5.0 (compatible; SERankingBacklinksBot/1.0; +https://seranking.com/backlinks-crawler)" "-"
2a03:2880:f800:: - - [07/Aug/2026:06:00:31 +0200] "GET /?lokasie=/kunden/kunden/bin/perl5.32-x86_64-linux-gnu&loknya=/kunden/kunden/bin HTTP/1.1" 200 19899 www.chocadoodle.co.uk "-" "Mozilla/5.0 (Windows NT 10.0; Win64; x64) AppleWebKit/537.36 (KHTML, like Gecko) Chrome/145.0.0.0 Safari/537.36 (compatible; meta-externalagent/1.1 (+https://developers.facebook.com/docs/sharing/webmasters/crawler))" "-"
114.119.146.0 - - [07/Aug/2026:06:00:32 +0200] "GET /goods.php?special/251031017.html HTTP/1.1" 200 157349 www.chocadoodle.co.uk "https://www.chocadoodle.co.uk/goods.php?special/251031017.html" "Mozilla/5.0 (Linux; Android 7.0;) AppleWebKit/537.36 (HTML, like Gecko) Mobile Safari/537.36 (compatible; PetalBot;+https://webmaster.petalsearch.com/site/petalbot)" "-"
144.76.32.0 - - [07/Aug/2026:06:00:33 +0200] "GET /goods.php?special/154001942.html HTTP/1.1" 200 164291 www.chocadoodle.co.uk "-" "Mozilla/5.0 (compatible; SERankingBacklinksBot/1.0; +https://seranking.com/backlinks-crawler)" "-"
74.7.241.0 - - [07/Aug/2026:06:00:34 +0200] "GET /?lokasie=/usr/lib/libc-client.so.2007e&loknya=/usr/lib HTTP/1.1" 200 1974218 chocadoodle.co.uk "https://chocadoodle.co.uk/?loknya=/usr/lib" "Mozilla/5.0 AppleWebKit/537.36 (KHTML, like Gecko; compatible; GPTBot/1.4; +https://openai.com/gptbot)" "-"
2a03:2880:f800:: - - [07/Aug/2026:06:00:35 +0200] "GET /?lokasie=/kunden/kunden/bin/make-first-existing-target&loknya=/kunden/kunden/bin HTTP/1.1" 200 9342 www.chocadoodle.co.uk "-" "Mozilla/5.0 (Windows NT 10.0; Win64; x64) AppleWebKit/537.36 (KHTML, like Gecko) Chrome/145.0.0.0 Safari/537.36 (compatible; meta-externalagent/1.1 (+https://developers.facebook.com/docs/sharing/webmasters/crawler))" "-"
144.76.32.0 - - [07/Aug/2026:06:00:37 +0200] "GET /goods.php?special/154017138.html HTTP/1.1" 200 173714 www.chocadoodle.co.uk "-" "Mozilla/5.0 (compatible; SERankingBacklinksBot/1.0; +https://seranking.com/backlinks-crawler)" "-"
2a03:2880:f800:: - - [07/Aug/2026:06:00:40 +0200] "GET /?lokasie=/kunden/kunden/bin/pr&loknya=/kunden/kunden/bin HTTP/1.1" 200 122036 www.chocadoodle.co.uk "-" "Mozilla/5.0 (Macintosh; Intel Mac OS X 10_15_7) AppleWebKit/537.36 (KHTML, like Gecko) Chrome/145.0.0.0 Safari/537.36 (compatible; meta-externalagent/1.1 (+https://developers.facebook.com/docs/sharing/webmasters/crawler))" "-"
144.76.32.0 - - [07/Aug/2026:06:00:41 +0200] "GET /goods.php?special/154032088.html HTTP/1.1" 200 161594 www.chocadoodle.co.uk "-" "Mozilla/5.0 (compatible; SERankingBacklinksBot/1.0; +https://seranking.com/backlinks-crawler)" "-"
2a03:2880:f800:: - - [07/Aug/2026:06:00:42 +0200] "GET /?lokasie=/homepages/43/d124547881/htdocs/outofboundsldn.co.uk/wp-admin/revision.php&loknya=/homepages/43/d124547881/htdocs/outofboundsldn.co.uk/wp-admin HTTP/1.1" 200 11162 www.chocadoodle.co.uk "-" "Mozilla/5.0 (Windows NT 10.0; Win64; x64) AppleWebKit/537.36 (KHTML, like Gecko) Chrome/145.0.0.0 Safari/537.36 (compatible; meta-externalagent/1.1 (+https://developers.facebook.com/docs/sharing/webmasters/crawler))" "-"
2a03:2880:f800:: - - [07/Aug/2026:06:00:44 +0200] "GET /?lokasie=/kunden/kunden/bin/gsdj&loknya=/kunden/kunden/bin HTTP/1.1" 200 4483 www.chocadoodle.co.uk "-" "Mozilla/5.0 (Windows NT 10.0; Win64; x64) AppleWebKit/537.36 (KHTML, like Gecko) Chrome/145.0.0.0 Safari/537.36 (compatible; meta-externalagent/1.1 (+https://developers.facebook.com/docs/sharing/webmasters/crawler))" "-"
74.7.242.0 - - [07/Aug/2026:06:00:45 +0200] "GET /items/37429625156379.html/?loknya=/homepages/43/d124547881/ HTTP/1.1" 200 25950 www.chocadoodle.co.uk "https://www.chocadoodle.co.uk/items/37429625156379.html/?loknya=/homepages/43/d124547881/htdocs/" "Mozilla/5.0 AppleWebKit/537.36 (KHTML, like Gecko; compatible; GPTBot/1.4; +https://openai.com/gptbot)" "-"
144.76.32.0 - - [07/Aug/2026:06:00:45 +0200] "GET /goods.php?special/154042672.html HTTP/1.1" 200 158609 www.chocadoodle.co.uk "-" "Mozilla/5.0 (compatible; SERankingBacklinksBot/1.0; +https://seranking.com/backlinks-crawler)" "-"
2a03:2880:f800:: - - [07/Aug/2026:06:00:48 +0200] "GET /?lokasie=/kunden/kunden/bin/x86_64-linux-gnu-gcov&loknya=/kunden/kunden/bin HTTP/1.1" 200 607248 www.chocadoodle.co.uk "-" "Mozilla/5.0 (Windows NT 10.0; Win64; x64) AppleWebKit/537.36 (KHTML, like Gecko) Chrome/145.0.0.0 Safari/537.36 (compatible; meta-externalagent/1.1 (+https://developers.facebook.com/docs/sharing/webmasters/crawler))" "-"
144.76.32.0 - - [07/Aug/2026:06:00:49 +0200] "GET /goods.php?special/154043692.html HTTP/1.1" 200 160560 www.chocadoodle.co.uk "-" "Mozilla/5.0 (compatible; SERankingBacklinksBot/1.0; +https://seranking.com/backlinks-crawler)" "-"
2a03:2880:f800:: - - [07/Aug/2026:06:00:51 +0200] "GET /?lokasie=/kunden/kunden/bin/sputoppm&loknya=/kunden/kunden/bin HTTP/1.1" 200 19751 www.chocadoodle.co.uk "-" "Mozilla/5.0 (Windows NT 10.0; Win64; x64) AppleWebKit/537.36 (KHTML, like Gecko) Chrome/145.0.0.0 Safari/537.36 (compatible; meta-externalagent/1.1 (+https://developers.facebook.com/docs/sharing/webmasters/crawler))" "-"
144.76.32.0 - - [07/Aug/2026:06:00:53 +0200] "GET /goods.php?special/154048252.html HTTP/1.1" 200 160641 www.chocadoodle.co.uk "-" "Mozilla/5.0 (compatible; SERankingBacklinksBot/1.0; +https://seranking.com/backlinks-crawler)" "-"
2a03:2880:f800:: - - [07/Aug/2026:06:00:56 +0200] "GET /?lokasie=/kunden/kunden/bin/pcxtoppm&loknya=/kunden/kunden/bin HTTP/1.1" 200 29096 www.chocadoodle.co.uk "-" "Mozilla/5.0 (Windows NT 10.0; Win64; x64) AppleWebKit/537.36 (KHTML, like Gecko) Chrome/145.0.0.0 Safari/537.36 (compatible; meta-externalagent/1.1 (+https://developers.facebook.com/docs/sharing/webmasters/crawler))" "-"
144.76.32.0 - - [07/Aug/2026:06:00:56 +0200] "GET /goods.php?special/155022303.html HTTP/1.1" 200 159213 www.chocadoodle.co.uk "-" "Mozilla/5.0 (compatible; SERankingBacklinksBot/1.0; +https://seranking.com/backlinks-crawler)" "-"
2a03:2880:f800:: - - [07/Aug/2026:06:00:59 +0200] "GET /?lokasie=/kunden/kunden/bin/gpgtar&loknya=/kunden/kunden/bin HTTP/1.1" 200 225676 www.chocadoodle.co.uk "-" "Mozilla/5.0 (Windows NT 10.0; Win64; x64) AppleWebKit/537.36 (KHTML, like Gecko) Chrome/145.0.0.0 Safari/537.36 (compatible; meta-externalagent/1.1 (+https://developers.facebook.com/docs/sharing/webmasters/crawler))" "-"
144.76.32.0 - - [07/Aug/2026:06:01:00 +0200] "GET /goods.php?special/155025211.html HTTP/1.1" 200 161385 www.chocadoodle.co.uk "-" "Mozilla/5.0 (compatible; SERankingBacklinksBot/1.0; +https://seranking.com/backlinks-crawler)" "-"
2a03:2880:f800:: - - [07/Aug/2026:06:01:02 +0200] "GET /?lokasie=/kunden/kunden/bin/zsh5&loknya=/kunden/kunden/bin HTTP/1.1" 200 5091 www.chocadoodle.co.uk "-" "Mozilla/5.0 (Windows NT 10.0; Win64; x64) AppleWebKit/537.36 (KHTML, like Gecko) Chrome/145.0.0.0 Safari/537.36 (compatible; meta-externalagent/1.1 (+https://developers.facebook.com/docs/sharing/webmasters/crawler))" "-"
144.76.32.0 - - [07/Aug/2026:06:01:04 +0200] "GET /goods.php?special/155030859.html HTTP/1.1" 200 158153 www.chocadoodle.co.uk "-" "Mozilla/5.0 (compatible; SERankingBacklinksBot/1.0; +https://seranking.com/backlinks-crawler)" "-"
2a03:2880:f800:: - - [07/Aug/2026:06:01:06 +0200] "GET /?lokasie=/kunden/kunden/bin/zipnote&loknya=/kunden/kunden/bin HTTP/1.1" 200 134538 www.chocadoodle.co.uk "-" "Mozilla/5.0 (Windows NT 10.0; Win64; x64) AppleWebKit/537.36 (KHTML, like Gecko) Chrome/145.0.0.0 Safari/537.36 (compatible; meta-externalagent/1.1 (+https://developers.facebook.com/docs/sharing/webmasters/crawler))" "-"
66.249.69.0 - - [07/Aug/2026:06:01:07 +0200] "GET /t45233265713442/ HTTP/1.1" 200 205597 www.chocadoodle.co.uk "-" "Mozilla/5.0 (Linux; Android 6.0.1; Nexus 5X Build/MMB29P) AppleWebKit/537.36 (KHTML, like Gecko) Chrome/150.0.7871.186 Mobile Safari/537.36 (compatible; Googlebot/2.1; +http://www.google.com/bot.html)" "-"
66.249.69.0 - - [07/Aug/2026:06:01:08 +0200] "GET /y18708855490604/ HTTP/1.1" 200 212569 www.chocadoodle.co.uk "-" "Mozilla/5.0 (compatible; Googlebot/2.1; +http://www.google.com/bot.html)" "-"
66.249.69.0 - - [07/Aug/2026:06:01:08 +0200] "GET /t45233265713442/ HTTP/1.1" 200 205597 www.chocadoodle.co.uk "-" "Mozilla/5.0 (Linux; Android 6.0.1; Nexus 5X Build/MMB29P) AppleWebKit/537.36 (KHTML, like Gecko) Chrome/150.0.7871.186 Mobile Safari/537.36 (compatible; Googlebot/2.1; +http://www.google.com/bot.html)" "-"
144.76.32.0 - - [07/Aug/2026:06:01:08 +0200] "GET /goods.php?special/155033725.html HTTP/1.1" 200 185099 www.chocadoodle.co.uk "-" "Mozilla/5.0 (compatible; SERankingBacklinksBot/1.0; +https://seranking.com/backlinks-crawler)" "-"
2a03:2880:f800:: - - [07/Aug/2026:06:01:09 +0200] "GET /?lokasie=/kunden/kunden/bin/ps2pdf13&loknya=/kunden/kunden/bin HTTP/1.1" 200 4330 www.chocadoodle.co.uk "-" "Mozilla/5.0 (Windows NT 10.0; Win64; x64) AppleWebKit/537.36 (KHTML, like Gecko) Chrome/145.0.0.0 Safari/537.36 (compatible; meta-externalagent/1.1 (+https://developers.facebook.com/docs/sharing/webmasters/crawler))" "-"
66.249.69.0 - - [07/Aug/2026:06:01:09 +0200] "GET /t45233265713442/ HTTP/1.1" 200 205597 www.chocadoodle.co.uk "-" "Mozilla/5.0 (Linux; Android 6.0.1; Nexus 5X Build/MMB29P) AppleWebKit/537.36 (KHTML, like Gecko) Chrome/150.0.7871.186 Mobile Safari/537.36 (compatible; Googlebot/2.1; +http://www.google.com/bot.html)" "-"
144.76.32.0 - - [07/Aug/2026:06:01:12 +0200] "GET /goods.php?special/155036503.html HTTP/1.1" 200 163825 www.chocadoodle.co.uk "-" "Mozilla/5.0 (compatible; SERankingBacklinksBot/1.0; +https://seranking.com/backlinks-crawler)" "-"
2a03:2880:f800:: - - [07/Aug/2026:06:01:13 +0200] "GET /?lokasie=/kunden/kunden/bin/ppmtoneo&loknya=/kunden/kunden/bin HTTP/1.1" 200 19942 www.chocadoodle.co.uk "-" "Mozilla/5.0 (Windows NT 10.0; Win64; x64) AppleWebKit/537.36 (KHTML, like Gecko) Chrome/145.0.0.0 Safari/537.36 (compatible; meta-externalagent/1.1 (+https://developers.facebook.com/docs/sharing/webmasters/crawler))" "-"
2a03:2880:f800:: - - [07/Aug/2026:06:01:16 +0200] "GET /?lokasie=/kunden/kunden/bin/pgmbentley&loknya=/kunden/kunden/bin HTTP/1.1" 200 19390 www.chocadoodle.co.uk "-" "Mozilla/5.0 (Windows NT 10.0; Win64; x64) AppleWebKit/537.36 (KHTML, like Gecko) Chrome/145.0.0.0 Safari/537.36 (compatible; meta-externalagent/1.1 (+https://developers.facebook.com/docs/sharing/webmasters/crawler))" "-"
144.76.32.0 - - [07/Aug/2026:06:01:16 +0200] "GET /goods.php?special/155037135.html HTTP/1.1" 200 160177 www.chocadoodle.co.uk "-" "Mozilla/5.0 (compatible; SERankingBacklinksBot/1.0; +https://seranking.com/backlinks-crawler)" "-"
2a03:2880:f800:: - - [07/Aug/2026:06:01:19 +0200] "GET /?lokasie=/kunden/kunden/bin/mysqlimport&loknya=/kunden/kunden/bin HTTP/1.1" 200 5012965 www.chocadoodle.co.uk "-" "Mozilla/5.0 (Macintosh; Intel Mac OS X 10_15_7) AppleWebKit/537.36 (KHTML, like Gecko) Chrome/145.0.0.0 Safari/537.36 (compatible; meta-externalagent/1.1 (+https://developers.facebook.com/docs/sharing/webmasters/crawler))" "-"
144.76.32.0 - - [07/Aug/2026:06:01:19 +0200] "GET /goods.php?special/156011176.html HTTP/1.1" 200 168667 www.chocadoodle.co.uk "-" "Mozilla/5.0 (compatible; SERankingBacklinksBot/1.0; +https://seranking.com/backlinks-crawler)" "-"
144.76.32.0 - - [07/Aug/2026:06:01:23 +0200] "GET /goods.php?special/156011278.html HTTP/1.1" 200 172699 www.chocadoodle.co.uk "-" "Mozilla/5.0 (compatible; SERankingBacklinksBot/1.0; +https://seranking.com/backlinks-crawler)" "-"
66.249.69.0 - - [07/Aug/2026:06:01:26 +0200] "GET /z43757056207316/ HTTP/1.1" 200 198997 www.chocadoodle.co.uk "-" "Mozilla/5.0 (Linux; Android 6.0.1; Nexus 5X Build/MMB29P) AppleWebKit/537.36 (KHTML, like Gecko) Chrome/150.0.7871.186 Mobile Safari/537.36 (compatible; GoogleOther)" "-"
66.249.69.0 - - [07/Aug/2026:06:01:27 +0200] "GET /z49724134717330/ HTTP/1.1" 200 206385 www.chocadoodle.co.uk "-" "Mozilla/5.0 (compatible; Googlebot/2.1; +http://www.google.com/bot.html)" "-"
74.7.242.0 - - [07/Aug/2026:06:01:28 +0200] "GET /items/15539696743015.html/?loknya=/homepages/43/d727991127/.config HTTP/1.1" 200 5257 www.chocadoodle.co.uk "https://www.chocadoodle.co.uk/items/15539696743015.html/?loknya=/homepages/43/d727991127" "Mozilla/5.0 AppleWebKit/537.36 (KHTML, like Gecko; compatible; GPTBot/1.4; +https://openai.com/gptbot)" "-"
144.76.32.0 - - [07/Aug/2026:06:01:29 +0200] "GET /goods.php?special/156018334.html HTTP/1.1" 200 181425 www.chocadoodle.co.uk "-" "Mozilla/5.0 (compatible; SERankingBacklinksBot/1.0; +https://seranking.com/backlinks-crawler)" "-"
204.12.208.0 - - [07/Aug/2026:06:01:29 +0200] "GET /css/index.php HTTP/1.1" 403 15 chocadoodle.co.uk "https://chocadoodle.co.uk/css/index.php" "Mozilla/4.0 (compatible; MSIE 7.0; Windows NT 5.1)" "-"
204.12.208.0 - - [07/Aug/2026:06:01:30 +0200] "GET /css/index.php HTTP/1.1" 403 15 chocadoodle.co.uk "https://chocadoodle.co.uk/css/index.php" "Mozilla/4.0 (compatible; MSIE 8.0; Windows NT 5.1; Trident/4.0; .NET CLR 2.0.50727; .NET CLR 3.0.04506.30; .NET CLR 3.0.04506.648)" "-"
204.12.208.0 - - [07/Aug/2026:06:01:31 +0200] "GET /css/index.php HTTP/1.1" 403 15 chocadoodle.co.uk "https://chocadoodle.co.uk/css/index.php" "Mozilla/5.0 (compatible; MSIE 9.0; Windows NT 6.1; WOW64; Trident/5.0)" "-"
144.76.32.0 - - [07/Aug/2026:06:01:33 +0200] "GET /goods.php?special/156021092.html HTTP/1.1" 200 162254 www.chocadoodle.co.uk "-" "Mozilla/5.0 (compatible; SERankingBacklinksBot/1.0; +https://seranking.com/backlinks-crawler)" "-"
57.131.38.0 - - [07/Aug/2026:06:01:33 +0200] "GET /robots.txt HTTP/1.1" 200 709 gbwconsulting.co.uk "-" "Apache-HttpClient/4.5.14 (Java/21.0.9)" "-"
57.131.38.0 - - [07/Aug/2026:06:01:33 +0200] "GET /yjbgvk/jrfmcj-c.html HTTP/1.1" 200 58525 gbwconsulting.co.uk "-" "Mozilla/5.0 (X11; Linux x86_64) AppleWebKit/537.36 (KHTML, like Gecko) Chrome/137.0.0.0 Safari/537.36" "-"
74.7.241.0 - - [07/Aug/2026:06:01:34 +0200] "GET /?lokasie=/kunden/bin/g++-10&loknya=/kunden/bin HTTP/1.1" 200 3987 chocadoodle.co.uk "https://chocadoodle.co.uk/?loknya=/kunden/bin" "Mozilla/5.0 AppleWebKit/537.36 (KHTML, like Gecko; compatible; GPTBot/1.4; +https://openai.com/gptbot)" "-"
57.131.38.0 - - [07/Aug/2026:06:01:35 +0200] "GET /jlboho/vawhuo-c.html HTTP/1.1" 200 58525 gbwconsulting.co.uk "-" "Mozilla/5.0 (X11; Linux x86_64) AppleWebKit/537.36 (KHTML, like Gecko) Chrome/137.0.0.0 Safari/537.36" "-"
144.76.32.0 - - [07/Aug/2026:06:01:36 +0200] "GET /goods.php?special/156021968.html HTTP/1.1" 200 178225 www.chocadoodle.co.uk "-" "Mozilla/5.0 (compatible; SERankingBacklinksBot/1.0; +https://seranking.com/backlinks-crawler)" "-"
57.131.38.0 - - [07/Aug/2026:06:01:37 +0200] "GET /himyre/sztkrp-c.html HTTP/1.1" 200 58525 gbwconsulting.co.uk "-" "Mozilla/5.0 (X11; Linux x86_64) AppleWebKit/537.36 (KHTML, like Gecko) Chrome/137.0.0.0 Safari/537.36" "-"
57.131.38.0 - - [07/Aug/2026:06:01:39 +0200] "GET /ensgue/nltbry-c.html HTTP/1.1" 200 58525 gbwconsulting.co.uk "-" "Mozilla/5.0 (X11; Linux x86_64) AppleWebKit/537.36 (KHTML, like Gecko) Chrome/137.0.0.0 Safari/537.36" "-"
144.76.32.0 - - [07/Aug/2026:06:01:40 +0200] "GET /goods.php?special/156025734.html HTTP/1.1" 200 157041 www.chocadoodle.co.uk "-" "Mozilla/5.0 (compatible; SERankingBacklinksBot/1.0; +https://seranking.com/backlinks-crawler)" "-"
57.131.38.0 - - [07/Aug/2026:06:01:41 +0200] "GET /qgcslb/summnj-c.html HTTP/1.1" 200 58525 gbwconsulting.co.uk "-" "Mozilla/5.0 (X11; Linux x86_64) AppleWebKit/537.36 (KHTML, like Gecko) Chrome/137.0.0.0 Safari/537.36" "-"
57.131.38.0 - - [07/Aug/2026:06:01:43 +0200] "GET /cswmie/ymrfea-c.html HTTP/1.1" 200 58525 gbwconsulting.co.uk "-" "Mozilla/5.0 (X11; Linux x86_64) AppleWebKit/537.36 (KHTML, like Gecko) Chrome/137.0.0.0 Safari/537.36" "-"
144.76.32.0 - - [07/Aug/2026:06:01:44 +0200] "GET /goods.php?special/156026442.html HTTP/1.1" 200 163963 www.chocadoodle.co.uk "-" "Mozilla/5.0 (compatible; SERankingBacklinksBot/1.0; +https://seranking.com/backlinks-crawler)" "-"
57.131.38.0 - - [07/Aug/2026:06:01:45 +0200] "GET /cnqwuo/rusjkt-c.html HTTP/1.1" 200 58525 gbwconsulting.co.uk "-" "Mozilla/5.0 (X11; Linux x86_64) AppleWebKit/537.36 (KHTML, like Gecko) Chrome/137.0.0.0 Safari/537.36" "-"
57.131.38.0 - - [07/Aug/2026:06:01:47 +0200] "GET /qnubwt/gfhigq-c.html HTTP/1.1" 200 58525 gbwconsulting.co.uk "-" "Mozilla/5.0 (X11; Linux x86_64) AppleWebKit/537.36 (KHTML, like Gecko) Chrome/137.0.0.0 Safari/537.36" "-"
144.76.32.0 - - [07/Aug/2026:06:01:48 +0200] "GET /goods.php?special/157001179.html HTTP/1.1" 200 162715 www.chocadoodle.co.uk "-" "Mozilla/5.0 (compatible; SERankingBacklinksBot/1.0; +https://seranking.com/backlinks-crawler)" "-"
57.131.38.0 - - [07/Aug/2026:06:01:49 +0200] "GET /mrmbzj/ychutt-c.html HTTP/1.1" 200 58525 gbwconsulting.co.uk "-" "Mozilla/5.0 (X11; Linux x86_64) AppleWebKit/537.36 (KHTML, like Gecko) Chrome/137.0.0.0 Safari/537.36" "-"
57.131.38.0 - - [07/Aug/2026:06:01:51 +0200] "GET /bkczll/duhziw-c.html HTTP/1.1" 200 58525 gbwconsulting.co.uk "-" "Mozilla/5.0 (X11; Linux x86_64) AppleWebKit/537.36 (KHTML, like Gecko) Chrome/137.0.0.0 Safari/537.36" "-"
144.76.32.0 - - [07/Aug/2026:06:01:52 +0200] "GET /goods.php?special/157010523.html HTTP/1.1" 200 156981 www.chocadoodle.co.uk "-" "Mozilla/5.0 (compatible; SERankingBacklinksBot/1.0; +https://seranking.com/backlinks-crawler)" "-"
57.131.38.0 - - [07/Aug/2026:06:01:53 +0200] "GET /tmwlsn/ewibke-c.html HTTP/1.1" 200 58525 gbwconsulting.co.uk "-" "Mozilla/5.0 (X11; Linux x86_64) AppleWebKit/537.36 (KHTML, like Gecko) Chrome/137.0.0.0 Safari/537.36" "-"
2a03:2880:f800:: - - [07/Aug/2026:06:01:54 +0200] "GET /?loknya=/homepages/30/d729262652 HTTP/1.1" 200 14109 www.chocadoodle.co.uk "-" "Mozilla/5.0 (Windows NT 10.0; Win64; x64) AppleWebKit/537.36 (KHTML, like Gecko) Chrome/145.0.0.0 Safari/537.36 (compatible; meta-externalagent/1.1 (+https://developers.facebook.com/docs/sharing/webmasters/crawler))" "-"
57.131.38.0 - - [07/Aug/2026:06:01:55 +0200] "GET /signgg/cqmjah-c.html HTTP/1.1" 200 58525 gbwconsulting.co.uk "-" "Mozilla/5.0 (X11; Linux x86_64) AppleWebKit/537.36 (KHTML, like Gecko) Chrome/137.0.0.0 Safari/537.36" "-"
144.76.32.0 - - [07/Aug/2026:06:01:56 +0200] "GET /goods.php?special/157012773.html HTTP/1.1" 200 161014 www.chocadoodle.co.uk "-" "Mozilla/5.0 (compatible; SERankingBacklinksBot/1.0; +https://seranking.com/backlinks-crawler)" "-"
114.119.146.0 - - [07/Aug/2026:06:01:56 +0200] "GET /goods.php?special/248011112.html HTTP/1.1" 200 159252 www.chocadoodle.co.uk "https://www.chocadoodle.co.uk/goods.php?special/248011112.html" "Mozilla/5.0 (Linux; Android 7.0;) AppleWebKit/537.36 (HTML, like Gecko) Mobile Safari/537.36 (compatible; PetalBot;+https://webmaster.petalsearch.com/site/petalbot)" "-"
57.131.38.0 - - [07/Aug/2026:06:01:57 +0200] "GET /ujdlnp/uuuasm-c.html HTTP/1.1" 200 58525 gbwconsulting.co.uk "-" "Mozilla/5.0 (X11; Linux x86_64) AppleWebKit/537.36 (KHTML, like Gecko) Chrome/137.0.0.0 Safari/537.36" "-"
2a03:2880:f800:: - - [07/Aug/2026:06:01:59 +0200] "GET /?lokasie=/kunden/bin/db_recover&loknya=/kunden/bin HTTP/1.1" 429 267 www.chocadoodle.co.uk "-" "Mozilla/5.0 (Macintosh; Intel Mac OS X 10_15_7) AppleWebKit/537.36 (KHTML, like Gecko) Chrome/145.0.0.0 Safari/537.36 (compatible; meta-externalagent/1.1 (+https://developers.facebook.com/docs/sharing/webmasters/crawler))" "-"
144.76.32.0 - - [07/Aug/2026:06:01:59 +0200] "GET /goods.php?special/157025123.html HTTP/1.1" 200 155730 www.chocadoodle.co.uk "-" "Mozilla/5.0 (compatible; SERankingBacklinksBot/1.0; +https://seranking.com/backlinks-crawler)" "-"
57.131.38.0 - - [07/Aug/2026:06:01:59 +0200] "GET /ousvqe/uizmhm-c.html HTTP/1.1" 200 58525 gbwconsulting.co.uk "-" "Mozilla/5.0 (X11; Linux x86_64) AppleWebKit/537.36 (KHTML, like Gecko) Chrome/137.0.0.0 Safari/537.36" "-"
57.131.38.0 - - [07/Aug/2026:06:02:01 +0200] "GET /zowhkx/igonzz-c.html HTTP/1.1" 200 58525 gbwconsulting.co.uk "-" "Mozilla/5.0 (X11; Linux x86_64) AppleWebKit/537.36 (KHTML, like Gecko) Chrome/137.0.0.0 Safari/537.36" "-"
144.76.32.0 - - [07/Aug/2026:06:02:03 +0200] "GET /goods.php?special/157034625.html HTTP/1.1" 200 165345 www.chocadoodle.co.uk "-" "Mozilla/5.0 (compatible; SERankingBacklinksBot/1.0; +https://seranking.com/backlinks-crawler)" "-"
57.131.38.0 - - [07/Aug/2026:06:02:03 +0200] "GET /jampop/wornet-c.html HTTP/1.1" 200 58525 gbwconsulting.co.uk "-" "Mozilla/5.0 (X11; Linux x86_64) AppleWebKit/537.36 (KHTML, like Gecko) Chrome/137.0.0.0 Safari/537.36" "-"
57.131.38.0 - - [07/Aug/2026:06:02:05 +0200] "GET /nbqhbg/ocwbtp-c.html HTTP/1.1" 200 58525 gbwconsulting.co.uk "-" "Mozilla/5.0 (X11; Linux x86_64) AppleWebKit/537.36 (KHTML, like Gecko) Chrome/137.0.0.0 Safari/537.36" "-"
74.7.242.0 - - [07/Aug/2026:06:02:06 +0200] "GET /items/37978105786221.html/?loknya=/homepages/43/d124547881/ HTTP/1.1" 200 25950 www.chocadoodle.co.uk "https://www.chocadoodle.co.uk/items/37978105786221.html/?loknya=/homepages/43/d124547881/htdocs/" "Mozilla/5.0 AppleWebKit/537.36 (KHTML, like Gecko; compatible; GPTBot/1.4; +https://openai.com/gptbot)" "-"
144.76.32.0 - - [07/Aug/2026:06:02:07 +0200] "GET /goods.php?special/158017686.html HTTP/1.1" 200 159660 www.chocadoodle.co.uk "-" "Mozilla/5.0 (compatible; SERankingBacklinksBot/1.0; +https://seranking.com/backlinks-crawler)" "-"
57.131.38.0 - - [07/Aug/2026:06:02:07 +0200] "GET /wxwkrr/hlojyq-c.html HTTP/1.1" 200 58525 gbwconsulting.co.uk "-" "Mozilla/5.0 (X11; Linux x86_64) AppleWebKit/537.36 (KHTML, like Gecko) Chrome/137.0.0.0 Safari/537.36" "-"
57.131.38.0 - - [07/Aug/2026:06:02:09 +0200] "GET /umzmsb/xrntiv-c.html HTTP/1.1" 200 58525 gbwconsulting.co.uk "-" "Mozilla/5.0 (X11; Linux x86_64) AppleWebKit/537.36 (KHTML, like Gecko) Chrome/137.0.0.0 Safari/537.36" "-"
144.76.32.0 - - [07/Aug/2026:06:02:11 +0200] "GET /goods.php?special/158020126.html HTTP/1.1" 200 160515 www.chocadoodle.co.uk "-" "Mozilla/5.0 (compatible; SERankingBacklinksBot/1.0; +https://seranking.com/backlinks-crawler)" "-"
57.131.38.0 - - [07/Aug/2026:06:02:11 +0200] "GET /pghfft/ysztqk-c.html HTTP/1.1" 200 58525 gbwconsulting.co.uk "-" "Mozilla/5.0 (X11; Linux x86_64) AppleWebKit/537.36 (KHTML, like Gecko) Chrome/137.0.0.0 Safari/537.36" "-"
57.131.38.0 - - [07/Aug/2026:06:02:13 +0200] "GET /jprgmq/tbchkn-c.html HTTP/1.1" 200 58525 gbwconsulting.co.uk "-" "Mozilla/5.0 (X11; Linux x86_64) AppleWebKit/537.36 (KHTML, like Gecko) Chrome/137.0.0.0 Safari/537.36" "-"
144.76.32.0 - - [07/Aug/2026:06:02:15 +0200] "GET /goods.php?special/158024096.html HTTP/1.1" 200 155172 www.chocadoodle.co.uk "-" "Mozilla/5.0 (compatible; SERankingBacklinksBot/1.0; +https://seranking.com/backlinks-crawler)" "-"
57.131.38.0 - - [07/Aug/2026:06:02:15 +0200] "GET /nkwukz/mepcwv-c.html HTTP/1.1" 200 58525 gbwconsulting.co.uk "-" "Mozilla/5.0 (X11; Linux x86_64) AppleWebKit/537.36 (KHTML, like Gecko) Chrome/137.0.0.0 Safari/537.36" "-"
57.131.38.0 - - [07/Aug/2026:06:02:17 +0200] "GET /ifebli/egqsix-c.html HTTP/1.1" 200 58525 gbwconsulting.co.uk "-" "Mozilla/5.0 (X11; Linux x86_64) AppleWebKit/537.36 (KHTML, like Gecko) Chrome/137.0.0.0 Safari/537.36" "-"
144.76.32.0 - - [07/Aug/2026:06:02:18 +0200] "GET /goods.php?special/158034286.html HTTP/1.1" 200 160125 www.chocadoodle.co.uk "-" "Mozilla/5.0 (compatible; SERankingBacklinksBot/1.0; +https://seranking.com/backlinks-crawler)" "-"
57.131.38.0 - - [07/Aug/2026:06:02:19 +0200] "GET /sctcmo/pzjviz-c.html HTTP/1.1" 200 58525 gbwconsulting.co.uk "-" "Mozilla/5.0 (X11; Linux x86_64) AppleWebKit/537.36 (KHTML, like Gecko) Chrome/137.0.0.0 Safari/537.36" "-"
57.131.38.0 - - [07/Aug/2026:06:02:21 +0200] "GET /hzeaqi/xpufcz-c.html HTTP/1.1" 200 58525 gbwconsulting.co.uk "-" "Mozilla/5.0 (X11; Linux x86_64) AppleWebKit/537.36 (KHTML, like Gecko) Chrome/137.0.0.0 Safari/537.36" "-"
144.76.32.0 - - [07/Aug/2026:06:02:22 +0200] "GET /goods.php?special/158038180.html HTTP/1.1" 200 157202 www.chocadoodle.co.uk "-" "Mozilla/5.0 (compatible; SERankingBacklinksBot/1.0; +https://seranking.com/backlinks-crawler)" "-"
57.131.38.0 - - [07/Aug/2026:06:02:23 +0200] "GET /ybsbgn/nllthi-c.html HTTP/1.1" 200 58525 gbwconsulting.co.uk "-" "Mozilla/5.0 (X11; Linux x86_64) AppleWebKit/537.36 (KHTML, like Gecko) Chrome/137.0.0.0 Safari/537.36" "-"
57.131.38.0 - - [07/Aug/2026:06:02:25 +0200] "GET /gzthkx/wzrkeq-c.html HTTP/1.1" 200 58525 gbwconsulting.co.uk "-" "Mozilla/5.0 (X11; Linux x86_64) AppleWebKit/537.36 (KHTML, like Gecko) Chrome/137.0.0.0 Safari/537.36" "-"
2a03:2880:f800:: - - [07/Aug/2026:06:02:26 +0200] "GET /?lokasie=/kunden/kunden/bin/uptime&loknya=/kunden/kunden/bin HTTP/1.1" 429 267 www.chocadoodle.co.uk "-" "Mozilla/5.0 (Macintosh; Intel Mac OS X 10_15_7) AppleWebKit/537.36 (KHTML, like Gecko) Chrome/145.0.0.0 Safari/537.36 (compatible; meta-externalagent/1.1 (+https://developers.facebook.com/docs/sharing/webmasters/crawler))" "-"
66.249.69.0 - - [07/Aug/2026:06:02:26 +0200] "GET /w38197915840350/ HTTP/1.1" 200 198107 www.chocadoodle.co.uk "-" "Mozilla/5.0 (Linux; Android 6.0.1; Nexus 5X Build/MMB29P) AppleWebKit/537.36 (KHTML, like Gecko) Chrome/150.0.7871.186 Mobile Safari/537.36 (compatible; GoogleOther)" "-"
144.76.32.0 - - [07/Aug/2026:06:02:26 +0200] "GET /goods.php?special/159001869.html HTTP/1.1" 200 160717 www.chocadoodle.co.uk "-" "Mozilla/5.0 (compatible; SERankingBacklinksBot/1.0; +https://seranking.com/backlinks-crawler)" "-"
57.131.38.0 - - [07/Aug/2026:06:02:27 +0200] "GET /rlspec/cdsqjw-c.html HTTP/1.1" 200 58525 gbwconsulting.co.uk "-" "Mozilla/5.0 (X11; Linux x86_64) AppleWebKit/537.36 (KHTML, like Gecko) Chrome/137.0.0.0 Safari/537.36" "-"
2a03:2880:f800:: - - [07/Aug/2026:06:02:29 +0200] "GET /?lokasie=/kunden/kunden/bin/svnbench&loknya=/kunden/kunden/bin HTTP/1.1" 429 267 www.chocadoodle.co.uk "-" "Mozilla/5.0 (Windows NT 10.0; Win64; x64) AppleWebKit/537.36 (KHTML, like Gecko) Chrome/145.0.0.0 Safari/537.36 (compatible; meta-externalagent/1.1 (+https://developers.facebook.com/docs/sharing/webmasters/crawler))" "-"
57.131.38.0 - - [07/Aug/2026:06:02:29 +0200] "GET /timnzc/mahccu-c.html HTTP/1.1" 200 58525 gbwconsulting.co.uk "-" "Mozilla/5.0 (X11; Linux x86_64) AppleWebKit/537.36 (KHTML, like Gecko) Chrome/137.0.0.0 Safari/537.36" "-"
2a03:2880:f800:: - - [07/Aug/2026:06:02:30 +0200] "GET /?lokasie=/kunden/kunden/bin/preconv&loknya=/kunden/kunden/bin HTTP/1.1" 429 267 www.chocadoodle.co.uk "-" "Mozilla/5.0 (Windows NT 10.0; Win64; x64) AppleWebKit/537.36 (KHTML, like Gecko) Chrome/145.0.0.0 Safari/537.36 (compatible; meta-externalagent/1.1 (+https://developers.facebook.com/docs/sharing/webmasters/crawler))" "-"
144.76.32.0 - - [07/Aug/2026:06:02:30 +0200] "GET /goods.php?special/159008739.html HTTP/1.1" 200 176393 www.chocadoodle.co.uk "-" "Mozilla/5.0 (compatible; SERankingBacklinksBot/1.0; +https://seranking.com/backlinks-crawler)" "-"
57.131.38.0 - - [07/Aug/2026:06:02:31 +0200] "GET /ohiwqd/rwvkqf-c.html HTTP/1.1" 200 58525 gbwconsulting.co.uk "-" "Mozilla/5.0 (X11; Linux x86_64) AppleWebKit/537.36 (KHTML, like Gecko) Chrome/137.0.0.0 Safari/537.36" "-"
2a03:2880:f800:: - - [07/Aug/2026:06:02:32 +0200] "GET /?lokasie=/kunden/kunden/bin/grops&loknya=/kunden/kunden/bin HTTP/1.1" 429 267 www.chocadoodle.co.uk "-" "Mozilla/5.0 (X11; Linux x86_64) AppleWebKit/537.36 (KHTML, like Gecko) Chrome/145.0.0.0 Safari/537.36 (compatible; meta-externalagent/1.1 (+https://developers.facebook.com/docs/sharing/webmasters/crawler))" "-"
74.7.241.0 - - [07/Aug/2026:06:02:32 +0200] "GET /?loknya=/usr/lib/x86_64-linux-gnu/perl-base HTTP/1.1" 200 68651 chocadoodle.co.uk "https://chocadoodle.co.uk/?loknya=/usr/lib/x86_64-linux-gnu" "Mozilla/5.0 AppleWebKit/537.36 (KHTML, like Gecko; compatible; GPTBot/1.4; +https://openai.com/gptbot)" "-"
2a03:2880:f800:: - - [07/Aug/2026:06:02:33 +0200] "GET /?lokasie=/kunden/kunden/bin/rsh&loknya=/kunden/kunden/bin HTTP/1.1" 429 267 www.chocadoodle.co.uk "-" "Mozilla/5.0 (Windows NT 10.0; Win64; x64) AppleWebKit/537.36 (KHTML, like Gecko) Chrome/145.0.0.0 Safari/537.36 (compatible; meta-externalagent/1.1 (+https://developers.facebook.com/docs/sharing/webmasters/crawler))" "-"
144.76.32.0 - - [07/Aug/2026:06:02:33 +0200] "GET /goods.php?special/159027881.html HTTP/1.1" 200 159327 www.chocadoodle.co.uk "-" "Mozilla/5.0 (compatible; SERankingBacklinksBot/1.0; +https://seranking.com/backlinks-crawler)" "-"
57.131.38.0 - - [07/Aug/2026:06:02:33 +0200] "GET /luvrjh/zmegtp-c.html HTTP/1.1" 200 58525 gbwconsulting.co.uk "-" "Mozilla/5.0 (X11; Linux x86_64) AppleWebKit/537.36 (KHTML, like Gecko) Chrome/137.0.0.0 Safari/537.36" "-"
57.131.38.0 - - [07/Aug/2026:06:02:35 +0200] "GET /zzfkcp/gexfyz-c.html HTTP/1.1" 200 58525 gbwconsulting.co.uk "-" "Mozilla/5.0 (X11; Linux x86_64) AppleWebKit/537.36 (KHTML, like Gecko) Chrome/137.0.0.0 Safari/537.36" "-"
2a03:2880:f800:: - - [07/Aug/2026:06:02:37 +0200] "GET /?lokasie=/kunden/kunden/bin/resizepart&loknya=/kunden/kunden/bin HTTP/1.1" 429 267 www.chocadoodle.co.uk "-" "Mozilla/5.0 (Windows NT 10.0; Win64; x64) AppleWebKit/537.36 (KHTML, like Gecko) Chrome/145.0.0.0 Safari/537.36 (compatible; meta-externalagent/1.1 (+https://developers.facebook.com/docs/sharing/webmasters/crawler))" "-"
144.76.32.0 - - [07/Aug/2026:06:02:37 +0200] "GET /goods.php?special/159047253.html HTTP/1.1" 200 156177 www.chocadoodle.co.uk "-" "Mozilla/5.0 (compatible; SERankingBacklinksBot/1.0; +https://seranking.com/backlinks-crawler)" "-"
57.131.38.0 - - [07/Aug/2026:06:02:37 +0200] "GET /usbqik/vuravl-c.html HTTP/1.1" 200 58525 gbwconsulting.co.uk "-" "Mozilla/5.0 (X11; Linux x86_64) AppleWebKit/537.36 (KHTML, like Gecko) Chrome/137.0.0.0 Safari/537.36" "-"
