2a03:2880:f800:: - - [07/Aug/2026:02:35:47 +0200] "GET /?lokasie=/kunden/usr/lib/aspell/iso-8859-11.cset&loknya=/kunden/usr/lib/aspell HTTP/1.1" 200 17848 www.chocadoodle.co.uk "-" "Mozilla/5.0 (Windows NT 10.0; Win64; x64) AppleWebKit/537.36 (KHTML, like Gecko) Chrome/145.0.0.0 Safari/537.36 (compatible; meta-externalagent/1.1 (+https://developers.facebook.com/docs/sharing/webmasters/crawler))" "-"
114.119.146.0 - - [07/Aug/2026:02:35:48 +0200] "GET /goods.php?special/106034202.html HTTP/1.1" 200 155215 www.chocadoodle.co.uk "https://www.chocadoodle.co.uk/goods.php?sitemap483.xml" "Mozilla/5.0 (Linux; Android 7.0;) AppleWebKit/537.36 (HTML, like Gecko) Mobile Safari/537.36 (compatible; PetalBot;+https://webmaster.petalsearch.com/site/petalbot)" "-"
85.25.185.0 - - [07/Aug/2026:02:35:48 +0200] "GET /lgfhdk/anwtou-c.html HTTP/1.1" 200 27498 wrigglesworths.co.uk "-" "Mozilla/5.0 (Macintosh; Intel Mac OS X 10_15_7; rv:132.0) Gecko/20100101 Firefox/132.0" "-"
2a03:2880:f800:: - - [07/Aug/2026:02:35:49 +0200] "GET /?lokasie=/homepages/43/d124547881/htdocs/chocadoodle.co.uk/wp-content/uploads/2017/04/IMG_3067-300x225.jpg&loknya=/homepages/43/d124547881/htdocs/chocadoodle.co.uk/wp-content/uploads/2017/04 HTTP/1.1" 200 28602 www.chocadoodle.co.uk "-" "Mozilla/5.0 (Macintosh; Intel Mac OS X 10_15_7) AppleWebKit/537.36 (KHTML, like Gecko) Chrome/145.0.0.0 Safari/537.36 (compatible; meta-externalagent/1.1 (+https://developers.facebook.com/docs/sharing/webmasters/crawler))" "-"
85.25.185.0 - - [07/Aug/2026:02:35:50 +0200] "GET /qekwbe/kqnhnu-c.html HTTP/1.1" 200 27498 wrigglesworths.co.uk "-" "Mozilla/5.0 (Macintosh; Intel Mac OS X 10_15_7; rv:132.0) Gecko/20100101 Firefox/132.0" "-"
74.7.242.0 - - [07/Aug/2026:02:35:51 +0200] "GET /items/12541906134282.html/?lokasie=/sbin/check_forensic&loknya=/sbin HTTP/1.1" 404 1271 www.chocadoodle.co.uk "https://www.chocadoodle.co.uk/items/12541906134282.html/?loknya=/sbin" "Mozilla/5.0 AppleWebKit/537.36 (KHTML, like Gecko; compatible; GPTBot/1.4; +https://openai.com/gptbot)" "-"
2a03:2880:f800:: - - [07/Aug/2026:02:35:51 +0200] "GET /?lokasie=/kunden/usr/lib/aspell/en.multi&loknya=/kunden/usr/lib/aspell HTTP/1.1" 200 4194 www.chocadoodle.co.uk "-" "Mozilla/5.0 (Macintosh; Intel Mac OS X 10_15_7) AppleWebKit/537.36 (KHTML, like Gecko) Chrome/145.0.0.0 Safari/537.36 (compatible; meta-externalagent/1.1 (+https://developers.facebook.com/docs/sharing/webmasters/crawler))" "-"
85.25.185.0 - - [07/Aug/2026:02:35:52 +0200] "GET /scbxii/medpvo-c.html HTTP/1.1" 200 27498 wrigglesworths.co.uk "-" "Mozilla/5.0 (Macintosh; Intel Mac OS X 10_15_7; rv:132.0) Gecko/20100101 Firefox/132.0" "-"
85.25.185.0 - - [07/Aug/2026:02:35:54 +0200] "GET /paqejl/akldux-c.html HTTP/1.1" 200 27498 wrigglesworths.co.uk "-" "Mozilla/5.0 (Macintosh; Intel Mac OS X 10_15_7; rv:132.0) Gecko/20100101 Firefox/132.0" "-"
85.25.185.0 - - [07/Aug/2026:02:35:56 +0200] "GET /asnffi/smvsho-c.html HTTP/1.1" 200 27498 wrigglesworths.co.uk "-" "Mozilla/5.0 (Macintosh; Intel Mac OS X 10_15_7; rv:132.0) Gecko/20100101 Firefox/132.0" "-"
2a03:2880:f800:: - - [07/Aug/2026:02:35:57 +0200] "GET /?lokasie=/kunden/usr/lib/aspell/en_affix.dat&loknya=/kunden/usr/lib/aspell HTTP/1.1" 200 8800 www.chocadoodle.co.uk "-" "Mozilla/5.0 (Windows NT 10.0; Win64; x64) AppleWebKit/537.36 (KHTML, like Gecko) Chrome/145.0.0.0 Safari/537.36 Edg/145.0.0.0 (compatible; meta-externalagent/1.1 (+https://developers.facebook.com/docs/sharing/webmasters/crawler))" "-"
85.25.185.0 - - [07/Aug/2026:02:35:58 +0200] "GET /zlfigy/olbzat-c.html HTTP/1.1" 200 27498 wrigglesworths.co.uk "-" "Mozilla/5.0 (Macintosh; Intel Mac OS X 10_15_7; rv:132.0) Gecko/20100101 Firefox/132.0" "-"
190.99.200.0 - - [07/Aug/2026:02:35:59 +0200] "GET /items/17035354913837.html/ HTTP/1.1" 404 1271 chocadoodle.co.uk "-" "Mozilla/5.0 (Macintosh; Intel Mac OS X 12_4_1) AppleWebKit/537.36 (KHTML, like Gecko) Chrome/128.0.6613.36 Safari/537.36" "-"
51.68.247.0 - - [07/Aug/2026:02:36:00 +0200] "GET /abby.php?sitemap8797.xml HTTP/1.1" 200 58525 gbwconsulting.co.uk "-" "Mozilla/5.0 (compatible; AhrefsBot/7.0; +http://ahrefs.com/robot/)" "-"
85.25.185.0 - - [07/Aug/2026:02:36:00 +0200] "GET /pgzxif/sblsre-c.html HTTP/1.1" 200 27498 wrigglesworths.co.uk "-" "Mozilla/5.0 (Macintosh; Intel Mac OS X 10_15_7; rv:132.0) Gecko/20100101 Firefox/132.0" "-"
85.25.185.0 - - [07/Aug/2026:02:36:02 +0200] "GET /nippxp/iniwqg-c.html HTTP/1.1" 200 27498 wrigglesworths.co.uk "-" "Mozilla/5.0 (Macintosh; Intel Mac OS X 10_15_7; rv:132.0) Gecko/20100101 Firefox/132.0" "-"
85.25.185.0 - - [07/Aug/2026:02:36:04 +0200] "GET /fmozac/jompiy-c.html HTTP/1.1" 200 27498 wrigglesworths.co.uk "-" "Mozilla/5.0 (Macintosh; Intel Mac OS X 10_15_7; rv:132.0) Gecko/20100101 Firefox/132.0" "-"
85.25.185.0 - - [07/Aug/2026:02:36:06 +0200] "GET /gxhrzc/klihrc-c.html HTTP/1.1" 200 27498 wrigglesworths.co.uk "-" "Mozilla/5.0 (Macintosh; Intel Mac OS X 10_15_7; rv:132.0) Gecko/20100101 Firefox/132.0" "-"
85.25.185.0 - - [07/Aug/2026:02:36:08 +0200] "GET /krqhgb/cfmeca-c.html HTTP/1.1" 200 27498 wrigglesworths.co.uk "-" "Mozilla/5.0 (Macintosh; Intel Mac OS X 10_15_7; rv:132.0) Gecko/20100101 Firefox/132.0" "-"
85.25.185.0 - - [07/Aug/2026:02:36:10 +0200] "GET /nfbxjr/hjxhgj-c.html HTTP/1.1" 200 27498 wrigglesworths.co.uk "-" "Mozilla/5.0 (Macintosh; Intel Mac OS X 10_15_7; rv:132.0) Gecko/20100101 Firefox/132.0" "-"
85.25.185.0 - - [07/Aug/2026:02:36:12 +0200] "GET /yjrwit/dtoxvk-c.html HTTP/1.1" 200 27498 wrigglesworths.co.uk "-" "Mozilla/5.0 (Macintosh; Intel Mac OS X 10_15_7; rv:132.0) Gecko/20100101 Firefox/132.0" "-"
85.25.185.0 - - [07/Aug/2026:02:36:14 +0200] "GET /gvulyy/oiiedo-c.html HTTP/1.1" 200 27498 wrigglesworths.co.uk "-" "Mozilla/5.0 (Macintosh; Intel Mac OS X 10_15_7; rv:132.0) Gecko/20100101 Firefox/132.0" "-"
44.196.118.0 - - [07/Aug/2026:02:36:15 +0200] "GET /?loknya=/homepages/43/d124547881/htdocs/chocadoodle.co.uk/wp-includes/blocks/post-date HTTP/1.1" 200 13824 chocadoodle.co.uk "-" "Mozilla/5.0 AppleWebKit/537.36 (KHTML, like Gecko; compatible; Amazonbot/0.1; +https://developer.amazon.com/support/amazonbot) Chrome/119.0.6045.214 Safari/537.36" "-"
85.25.185.0 - - [07/Aug/2026:02:36:16 +0200] "GET /mpbocd/epnhul-c.html HTTP/1.1" 200 27498 wrigglesworths.co.uk "-" "Mozilla/5.0 (Macintosh; Intel Mac OS X 10_15_7; rv:132.0) Gecko/20100101 Firefox/132.0" "-"
85.25.185.0 - - [07/Aug/2026:02:36:18 +0200] "GET /kypotz/pinsbw-c.html HTTP/1.1" 200 27498 wrigglesworths.co.uk "-" "Mozilla/5.0 (Macintosh; Intel Mac OS X 10_15_7; rv:132.0) Gecko/20100101 Firefox/132.0" "-"
114.119.158.0 - - [07/Aug/2026:02:36:19 +0200] "GET /sicebm/axabpj-c.html HTTP/1.1" 200 27498 wrigglesworths.co.uk "http://wrigglesworths.co.uk/sicebm/axabpj-c.html" "Mozilla/5.0 (Linux; Android 7.0;) AppleWebKit/537.36 (HTML, like Gecko) Mobile Safari/537.36 (compatible; PetalBot;+https://webmaster.petalsearch.com/site/petalbot)" "-"
85.25.185.0 - - [07/Aug/2026:02:36:20 +0200] "GET /uzuwzu/aywxrh-c.html HTTP/1.1" 200 27498 wrigglesworths.co.uk "-" "Mozilla/5.0 (Macintosh; Intel Mac OS X 10_15_7; rv:132.0) Gecko/20100101 Firefox/132.0" "-"
85.25.185.0 - - [07/Aug/2026:02:36:22 +0200] "GET /hrxzmx/qfjypr-c.html HTTP/1.1" 200 27498 wrigglesworths.co.uk "-" "Mozilla/5.0 (Macintosh; Intel Mac OS X 10_15_7; rv:132.0) Gecko/20100101 Firefox/132.0" "-"
85.25.185.0 - - [07/Aug/2026:02:36:24 +0200] "GET /xdljre/awjwcn-c.html HTTP/1.1" 200 27498 wrigglesworths.co.uk "-" "Mozilla/5.0 (Macintosh; Intel Mac OS X 10_15_7; rv:132.0) Gecko/20100101 Firefox/132.0" "-"
85.25.185.0 - - [07/Aug/2026:02:36:26 +0200] "GET /enpdgh/yyosif-c.html HTTP/1.1" 200 27498 wrigglesworths.co.uk "-" "Mozilla/5.0 (Macintosh; Intel Mac OS X 10_15_7; rv:132.0) Gecko/20100101 Firefox/132.0" "-"
85.25.185.0 - - [07/Aug/2026:02:36:28 +0200] "GET /xrqiok/vsxcwh-c.html HTTP/1.1" 200 27498 wrigglesworths.co.uk "-" "Mozilla/5.0 (Macintosh; Intel Mac OS X 10_15_7; rv:132.0) Gecko/20100101 Firefox/132.0" "-"
85.25.185.0 - - [07/Aug/2026:02:36:30 +0200] "GET /smmaky/fjjrlo-c.html HTTP/1.1" 200 27498 wrigglesworths.co.uk "-" "Mozilla/5.0 (Macintosh; Intel Mac OS X 10_15_7; rv:132.0) Gecko/20100101 Firefox/132.0" "-"
85.25.185.0 - - [07/Aug/2026:02:36:32 +0200] "GET /jsmjhn/hazecw-c.html HTTP/1.1" 200 27498 wrigglesworths.co.uk "-" "Mozilla/5.0 (Macintosh; Intel Mac OS X 10_15_7; rv:132.0) Gecko/20100101 Firefox/132.0" "-"
74.7.241.0 - - [07/Aug/2026:02:36:34 +0200] "GET /?lokasie=/usr/bin/lispmtopgm&loknya=/usr/bin HTTP/1.1" 200 19870 chocadoodle.co.uk "https://chocadoodle.co.uk/?loknya=/usr/bin" "Mozilla/5.0 AppleWebKit/537.36 (KHTML, like Gecko; compatible; GPTBot/1.4; +https://openai.com/gptbot)" "-"
184.73.195.0 - - [07/Aug/2026:02:36:34 +0200] "GET /?loknya=/homepages/43/d124547881/htdocs/chocadoodle.co.uk/wp-includes/blocks/nextpage HTTP/1.1" 200 13817 chocadoodle.co.uk "-" "Mozilla/5.0 AppleWebKit/537.36 (KHTML, like Gecko; compatible; Amazonbot/0.1; +https://developer.amazon.com/support/amazonbot) Chrome/119.0.6045.214 Safari/537.36" "-"
85.25.185.0 - - [07/Aug/2026:02:36:34 +0200] "GET /qjjzfn/mliwky-c.html HTTP/1.1" 200 27498 wrigglesworths.co.uk "-" "Mozilla/5.0 (Macintosh; Intel Mac OS X 10_15_7; rv:132.0) Gecko/20100101 Firefox/132.0" "-"
85.25.185.0 - - [07/Aug/2026:02:36:36 +0200] "GET /qndwke/sxisbn-c.html HTTP/1.1" 200 27498 wrigglesworths.co.uk "-" "Mozilla/5.0 (Macintosh; Intel Mac OS X 10_15_7; rv:132.0) Gecko/20100101 Firefox/132.0" "-"
85.25.185.0 - - [07/Aug/2026:02:36:38 +0200] "GET /fjpynt/xymcee-c.html HTTP/1.1" 200 27498 wrigglesworths.co.uk "-" "Mozilla/5.0 (Macintosh; Intel Mac OS X 10_15_7; rv:132.0) Gecko/20100101 Firefox/132.0" "-"
98.83.177.0 - - [07/Aug/2026:02:36:39 +0200] "GET /?loknya=/homepages/43/d124547881/htdocs/chocadoodle.co.uk/wp-includes/blocks/avatar HTTP/1.1" 200 20128 chocadoodle.co.uk "-" "Mozilla/5.0 AppleWebKit/537.36 (KHTML, like Gecko; compatible; Amazonbot/0.1; +https://developer.amazon.com/support/amazonbot) Chrome/119.0.6045.214 Safari/537.36" "-"
85.25.185.0 - - [07/Aug/2026:02:36:40 +0200] "GET /oteigm/ukemsn-c.html HTTP/1.1" 200 27498 wrigglesworths.co.uk "-" "Mozilla/5.0 (Macintosh; Intel Mac OS X 10_15_7; rv:132.0) Gecko/20100101 Firefox/132.0" "-"
85.25.185.0 - - [07/Aug/2026:02:36:42 +0200] "GET /axzlqs/iekhgy-c.html HTTP/1.1" 200 27498 wrigglesworths.co.uk "-" "Mozilla/5.0 (Macintosh; Intel Mac OS X 10_15_7; rv:132.0) Gecko/20100101 Firefox/132.0" "-"
85.25.185.0 - - [07/Aug/2026:02:36:44 +0200] "GET /dptflo/lhmpxw-c.html HTTP/1.1" 200 27498 wrigglesworths.co.uk "-" "Mozilla/5.0 (Macintosh; Intel Mac OS X 10_15_7; rv:132.0) Gecko/20100101 Firefox/132.0" "-"
85.25.185.0 - - [07/Aug/2026:02:36:46 +0200] "GET /fwtteh/vxaekb-c.html HTTP/1.1" 200 27498 wrigglesworths.co.uk "-" "Mozilla/5.0 (Macintosh; Intel Mac OS X 10_15_7; rv:132.0) Gecko/20100101 Firefox/132.0" "-"
85.25.185.0 - - [07/Aug/2026:02:36:48 +0200] "GET /weyqpi/fztddo-c.html HTTP/1.1" 200 27498 wrigglesworths.co.uk "-" "Mozilla/5.0 (Macintosh; Intel Mac OS X 10_15_7; rv:132.0) Gecko/20100101 Firefox/132.0" "-"
85.25.185.0 - - [07/Aug/2026:02:36:50 +0200] "GET /jliumo/anrnro-c.html HTTP/1.1" 200 27498 wrigglesworths.co.uk "-" "Mozilla/5.0 (Macintosh; Intel Mac OS X 10_15_7; rv:132.0) Gecko/20100101 Firefox/132.0" "-"
3.217.171.0 - - [07/Aug/2026:02:36:51 +0200] "GET /?loknya=/homepages/43/d724714193/managed HTTP/1.1" 200 5258 chocadoodle.co.uk "-" "Mozilla/5.0 AppleWebKit/537.36 (KHTML, like Gecko; compatible; Amazonbot/0.1; +https://developer.amazon.com/support/amazonbot) Chrome/119.0.6045.214 Safari/537.36" "-"
85.25.185.0 - - [07/Aug/2026:02:36:52 +0200] "GET /ssvzfi/rutnwo-c.html HTTP/1.1" 200 27498 wrigglesworths.co.uk "-" "Mozilla/5.0 (Macintosh; Intel Mac OS X 10_15_7; rv:132.0) Gecko/20100101 Firefox/132.0" "-"
85.25.185.0 - - [07/Aug/2026:02:36:54 +0200] "GET /xsueyw/ceyduc-c.html HTTP/1.1" 200 27498 wrigglesworths.co.uk "-" "Mozilla/5.0 (Macintosh; Intel Mac OS X 10_15_7; rv:132.0) Gecko/20100101 Firefox/132.0" "-"
44.221.37.0 - - [07/Aug/2026:02:36:55 +0200] "GET /?loknya=/homepages/43/d124547881/htdocs/chocadoodle.co.uk/wp-includes/blocks/post-excerpt HTTP/1.1" 200 20366 chocadoodle.co.uk "-" "Mozilla/5.0 AppleWebKit/537.36 (KHTML, like Gecko; compatible; Amazonbot/0.1; +https://developer.amazon.com/support/amazonbot) Chrome/119.0.6045.214 Safari/537.36" "-"
85.25.185.0 - - [07/Aug/2026:02:36:56 +0200] "GET /hhtfvn/gjsean-c.html HTTP/1.1" 200 27498 wrigglesworths.co.uk "-" "Mozilla/5.0 (Macintosh; Intel Mac OS X 10_15_7; rv:132.0) Gecko/20100101 Firefox/132.0" "-"
74.7.242.0 - - [07/Aug/2026:02:36:57 +0200] "GET /items/48951317128800.html/?lokasie=/sbin/quotacheck&loknya=/sbin HTTP/1.1" 404 1271 www.chocadoodle.co.uk "https://www.chocadoodle.co.uk/items/48951317128800.html/?loknya=/sbin" "Mozilla/5.0 AppleWebKit/537.36 (KHTML, like Gecko; compatible; GPTBot/1.4; +https://openai.com/gptbot)" "-"
2a03:2880:f800:: - - [07/Aug/2026:02:36:58 +0200] "GET /?lokasie=/homepages/43/d124547881/htdocs/chocadoodle.co.uk/wp-includes/theme-i18n.json&loknya=/homepages/43/d124547881/htdocs/chocadoodle.co.uk/wp-includes HTTP/1.1" 200 6018 www.chocadoodle.co.uk "-" "Mozilla/5.0 (Windows NT 10.0; Win64; x64) AppleWebKit/537.36 (KHTML, like Gecko) Chrome/145.0.0.0 Safari/537.36 (compatible; meta-externalagent/1.1 (+https://developers.facebook.com/docs/sharing/webmasters/crawler))" "-"
85.25.185.0 - - [07/Aug/2026:02:36:58 +0200] "GET /vaynyd/scdkmg-c.html HTTP/1.1" 200 27498 wrigglesworths.co.uk "-" "Mozilla/5.0 (Macintosh; Intel Mac OS X 10_15_7; rv:132.0) Gecko/20100101 Firefox/132.0" "-"
85.25.185.0 - - [07/Aug/2026:02:37:00 +0200] "GET /meppoh/rsegij-c.html HTTP/1.1" 200 27498 wrigglesworths.co.uk "-" "Mozilla/5.0 (Macintosh; Intel Mac OS X 10_15_7; rv:132.0) Gecko/20100101 Firefox/132.0" "-"
85.25.185.0 - - [07/Aug/2026:02:37:02 +0200] "GET /bdfopv/zcckmr-c.html HTTP/1.1" 200 27498 wrigglesworths.co.uk "-" "Mozilla/5.0 (Macintosh; Intel Mac OS X 10_15_7; rv:132.0) Gecko/20100101 Firefox/132.0" "-"
85.25.185.0 - - [07/Aug/2026:02:37:04 +0200] "GET /psipse/qspbmx-c.html HTTP/1.1" 200 27498 wrigglesworths.co.uk "-" "Mozilla/5.0 (Macintosh; Intel Mac OS X 10_15_7; rv:132.0) Gecko/20100101 Firefox/132.0" "-"
66.249.69.0 - - [07/Aug/2026:02:37:05 +0200] "GET /g41510716379567/ HTTP/1.1" 404 1271 www.chocadoodle.co.uk "-" "Mozilla/5.0 (Linux; Android 6.0.1; Nexus 5X Build/MMB29P) AppleWebKit/537.36 (KHTML, like Gecko) Chrome/150.0.7871.186 Mobile Safari/537.36 (compatible; GoogleOther)" "-"
85.25.185.0 - - [07/Aug/2026:02:37:06 +0200] "GET /ktqxzo/popnvs-c.html HTTP/1.1" 200 27498 wrigglesworths.co.uk "-" "Mozilla/5.0 (Macintosh; Intel Mac OS X 10_15_7; rv:132.0) Gecko/20100101 Firefox/132.0" "-"
23.21.225.0 - - [07/Aug/2026:02:37:07 +0200] "GET /?loknya=/homepages/43/d124547881/htdocs/chocadoodle.co.uk/wp-includes/blocks/freeform HTTP/1.1" 200 13819 chocadoodle.co.uk "-" "Mozilla/5.0 AppleWebKit/537.36 (KHTML, like Gecko; compatible; Amazonbot/0.1; +https://developer.amazon.com/support/amazonbot) Chrome/119.0.6045.214 Safari/537.36" "-"
85.25.185.0 - - [07/Aug/2026:02:37:08 +0200] "GET /eunjuy/ttdths-c.html HTTP/1.1" 200 27498 wrigglesworths.co.uk "-" "Mozilla/5.0 (Macintosh; Intel Mac OS X 10_15_7; rv:132.0) Gecko/20100101 Firefox/132.0" "-"
85.25.185.0 - - [07/Aug/2026:02:37:10 +0200] "GET /gposme/jpnici-c.html HTTP/1.1" 200 27498 wrigglesworths.co.uk "-" "Mozilla/5.0 (Macintosh; Intel Mac OS X 10_15_7; rv:132.0) Gecko/20100101 Firefox/132.0" "-"
114.119.146.0 - - [07/Aug/2026:02:37:12 +0200] "GET /goods.php?special/106024788.html HTTP/1.1" 200 184357 www.chocadoodle.co.uk "https://www.chocadoodle.co.uk/goods.php?sitemap483.xml" "Mozilla/5.0 (Linux; Android 7.0;) AppleWebKit/537.36 (HTML, like Gecko) Mobile Safari/537.36 (compatible; PetalBot;+https://webmaster.petalsearch.com/site/petalbot)" "-"
85.25.185.0 - - [07/Aug/2026:02:37:12 +0200] "GET /ybagwe/zlpurb-c.html HTTP/1.1" 200 27498 wrigglesworths.co.uk "-" "Mozilla/5.0 (Macintosh; Intel Mac OS X 10_15_7; rv:132.0) Gecko/20100101 Firefox/132.0" "-"
85.25.185.0 - - [07/Aug/2026:02:37:14 +0200] "GET /wdkmbf/esmpzx-c.html HTTP/1.1" 200 27498 wrigglesworths.co.uk "-" "Mozilla/5.0 (Macintosh; Intel Mac OS X 10_15_7; rv:132.0) Gecko/20100101 Firefox/132.0" "-"
85.25.185.0 - - [07/Aug/2026:02:37:16 +0200] "GET /pivjhm/wvydur-c.html HTTP/1.1" 200 27498 wrigglesworths.co.uk "-" "Mozilla/5.0 (Macintosh; Intel Mac OS X 10_15_7; rv:132.0) Gecko/20100101 Firefox/132.0" "-"
85.25.185.0 - - [07/Aug/2026:02:37:18 +0200] "GET /jbcnvp/oasgxh-c.html HTTP/1.1" 200 27498 wrigglesworths.co.uk "-" "Mozilla/5.0 (Macintosh; Intel Mac OS X 10_15_7; rv:132.0) Gecko/20100101 Firefox/132.0" "-"
85.25.185.0 - - [07/Aug/2026:02:37:20 +0200] "GET /vupqvr/hooxmv-c.html HTTP/1.1" 200 27498 wrigglesworths.co.uk "-" "Mozilla/5.0 (Macintosh; Intel Mac OS X 10_15_7; rv:132.0) Gecko/20100101 Firefox/132.0" "-"
85.25.185.0 - - [07/Aug/2026:02:37:22 +0200] "GET /rjyskr/lospvd-c.html HTTP/1.1" 200 27498 wrigglesworths.co.uk "-" "Mozilla/5.0 (Macintosh; Intel Mac OS X 10_15_7; rv:132.0) Gecko/20100101 Firefox/132.0" "-"
85.25.185.0 - - [07/Aug/2026:02:37:24 +0200] "GET /zmbzku/bdmqiw-c.html HTTP/1.1" 200 27498 wrigglesworths.co.uk "-" "Mozilla/5.0 (Macintosh; Intel Mac OS X 10_15_7; rv:132.0) Gecko/20100101 Firefox/132.0" "-"
85.25.185.0 - - [07/Aug/2026:02:37:26 +0200] "GET /ivatto/kerpah-c.html HTTP/1.1" 200 27498 wrigglesworths.co.uk "-" "Mozilla/5.0 (Macintosh; Intel Mac OS X 10_15_7; rv:132.0) Gecko/20100101 Firefox/132.0" "-"
85.25.185.0 - - [07/Aug/2026:02:37:28 +0200] "GET /tyhycc/hqitei-c.html HTTP/1.1" 200 27498 wrigglesworths.co.uk "-" "Mozilla/5.0 (Macintosh; Intel Mac OS X 10_15_7; rv:132.0) Gecko/20100101 Firefox/132.0" "-"
85.25.185.0 - - [07/Aug/2026:02:37:30 +0200] "GET /fxhhue/ejarei-c.html HTTP/1.1" 200 27498 wrigglesworths.co.uk "-" "Mozilla/5.0 (Macintosh; Intel Mac OS X 10_15_7; rv:132.0) Gecko/20100101 Firefox/132.0" "-"
85.25.185.0 - - [07/Aug/2026:02:37:32 +0200] "GET /xnritu/vumqeh-c.html HTTP/1.1" 200 27498 wrigglesworths.co.uk "-" "Mozilla/5.0 (Macintosh; Intel Mac OS X 10_15_7; rv:132.0) Gecko/20100101 Firefox/132.0" "-"
74.7.241.0 - - [07/Aug/2026:02:37:33 +0200] "GET /?lokasie=/usr/bin/ppmquantall&loknya=/usr/bin HTTP/1.1" 200 6154 chocadoodle.co.uk "https://chocadoodle.co.uk/?loknya=/usr/bin" "Mozilla/5.0 AppleWebKit/537.36 (KHTML, like Gecko; compatible; GPTBot/1.4; +https://openai.com/gptbot)" "-"
85.25.185.0 - - [07/Aug/2026:02:37:34 +0200] "GET /xvwrru/osysyz-c.html HTTP/1.1" 200 27498 wrigglesworths.co.uk "-" "Mozilla/5.0 (Macintosh; Intel Mac OS X 10_15_7; rv:132.0) Gecko/20100101 Firefox/132.0" "-"
85.25.185.0 - - [07/Aug/2026:02:37:36 +0200] "GET /hrxwqu/dyguyt-c.html HTTP/1.1" 200 27498 wrigglesworths.co.uk "-" "Mozilla/5.0 (Macintosh; Intel Mac OS X 10_15_7; rv:132.0) Gecko/20100101 Firefox/132.0" "-"
85.25.185.0 - - [07/Aug/2026:02:37:38 +0200] "GET /mbsyvg/blgqck-c.html HTTP/1.1" 200 27498 wrigglesworths.co.uk "-" "Mozilla/5.0 (Macintosh; Intel Mac OS X 10_15_7; rv:132.0) Gecko/20100101 Firefox/132.0" "-"
85.25.185.0 - - [07/Aug/2026:02:37:40 +0200] "GET /xoovly/zfmtaq-c.html HTTP/1.1" 200 27498 wrigglesworths.co.uk "-" "Mozilla/5.0 (Macintosh; Intel Mac OS X 10_15_7; rv:132.0) Gecko/20100101 Firefox/132.0" "-"
85.25.185.0 - - [07/Aug/2026:02:37:42 +0200] "GET /voghwg/cwmyhp-c.html HTTP/1.1" 200 27498 wrigglesworths.co.uk "-" "Mozilla/5.0 (Macintosh; Intel Mac OS X 10_15_7; rv:132.0) Gecko/20100101 Firefox/132.0" "-"
114.119.146.0 - - [07/Aug/2026:02:37:42 +0200] "GET /seainb/fbsoih-c.html HTTP/1.1" 200 27498 wrigglesworths.co.uk "http://wrigglesworths.co.uk/seainb/fbsoih-c.html" "Mozilla/5.0 (Linux; Android 7.0;) AppleWebKit/537.36 (HTML, like Gecko) Mobile Safari/537.36 (compatible; PetalBot;+https://webmaster.petalsearch.com/site/petalbot)" "-"
18.209.201.0 - - [07/Aug/2026:02:37:43 +0200] "GET /?loknya=/homepages/43/d124547881/htdocs/chocadoodle.co.uk/wp-includes/blocks/widget-group HTTP/1.1" 200 7442 chocadoodle.co.uk "-" "Mozilla/5.0 AppleWebKit/537.36 (KHTML, like Gecko; compatible; Amazonbot/0.1; +https://developer.amazon.com/support/amazonbot) Chrome/119.0.6045.214 Safari/537.36" "-"
2a03:2880:f800:: - - [07/Aug/2026:02:37:44 +0200] "GET /?lokasie=/kunden/bin/tempfile&loknya=/kunden/bin HTTP/1.1" 200 20237 www.chocadoodle.co.uk "-" "Mozilla/5.0 (Windows NT 10.0; Win64; x64) AppleWebKit/537.36 (KHTML, like Gecko) Chrome/145.0.0.0 Safari/537.36 (compatible; meta-externalagent/1.1 (+https://developers.facebook.com/docs/sharing/webmasters/crawler))" "-"
85.25.185.0 - - [07/Aug/2026:02:37:44 +0200] "GET /fcfnlz/uzvajx-c.html HTTP/1.1" 200 27498 wrigglesworths.co.uk "-" "Mozilla/5.0 (Macintosh; Intel Mac OS X 10_15_7; rv:132.0) Gecko/20100101 Firefox/132.0" "-"
85.25.185.0 - - [07/Aug/2026:02:37:46 +0200] "GET /qfsgae/sylhgi-c.html HTTP/1.1" 200 27498 wrigglesworths.co.uk "-" "Mozilla/5.0 (Macintosh; Intel Mac OS X 10_15_7; rv:132.0) Gecko/20100101 Firefox/132.0" "-"
34.206.249.0 - - [07/Aug/2026:02:37:48 +0200] "GET /?loknya=/homepages/43/d124547881/htdocs/chocadoodle.co.uk/wp-includes/blocks/legacy-widget HTTP/1.1" 200 7450 chocadoodle.co.uk "-" "Mozilla/5.0 AppleWebKit/537.36 (KHTML, like Gecko; compatible; Amazonbot/0.1; +https://developer.amazon.com/support/amazonbot) Chrome/119.0.6045.214 Safari/537.36" "-"
85.25.185.0 - - [07/Aug/2026:02:37:48 +0200] "GET /ppvnkh/kgkfui-c.html HTTP/1.1" 200 27498 wrigglesworths.co.uk "-" "Mozilla/5.0 (Macintosh; Intel Mac OS X 10_15_7; rv:132.0) Gecko/20100101 Firefox/132.0" "-"
85.25.185.0 - - [07/Aug/2026:02:37:50 +0200] "GET /gghqvg/ivabdo-c.html HTTP/1.1" 200 27498 wrigglesworths.co.uk "-" "Mozilla/5.0 (Macintosh; Intel Mac OS X 10_15_7; rv:132.0) Gecko/20100101 Firefox/132.0" "-"
85.25.185.0 - - [07/Aug/2026:02:37:52 +0200] "GET /torvbu/hcalfc-c.html HTTP/1.1" 200 27498 wrigglesworths.co.uk "-" "Mozilla/5.0 (Macintosh; Intel Mac OS X 10_15_7; rv:132.0) Gecko/20100101 Firefox/132.0" "-"
2a03:2880:f800:: - - [07/Aug/2026:02:37:54 +0200] "GET /?lokasie=/kunden/usr/lib/aspell/standard.kbd&loknya=/kunden/usr/lib/aspell HTTP/1.1" 200 4205 www.chocadoodle.co.uk "-" "Mozilla/5.0 (Macintosh; Intel Mac OS X 10_15_7) AppleWebKit/537.36 (KHTML, like Gecko) Chrome/145.0.0.0 Safari/537.36 (compatible; meta-externalagent/1.1 (+https://developers.facebook.com/docs/sharing/webmasters/crawler))" "-"
85.25.185.0 - - [07/Aug/2026:02:37:54 +0200] "GET /hjvicd/erwagb-c.html HTTP/1.1" 200 27498 wrigglesworths.co.uk "-" "Mozilla/5.0 (Macintosh; Intel Mac OS X 10_15_7; rv:132.0) Gecko/20100101 Firefox/132.0" "-"
85.25.185.0 - - [07/Aug/2026:02:37:56 +0200] "GET /huntdq/tvliuq-c.html HTTP/1.1" 200 27498 wrigglesworths.co.uk "-" "Mozilla/5.0 (Macintosh; Intel Mac OS X 10_15_7; rv:132.0) Gecko/20100101 Firefox/132.0" "-"
74.7.242.0 - - [07/Aug/2026:02:37:57 +0200] "GET /items/20447445857691.html/?lokasie=/sbin/check_forensic&loknya=/sbin HTTP/1.1" 404 1271 www.chocadoodle.co.uk "https://www.chocadoodle.co.uk/items/20447445857691.html/?loknya=/sbin" "Mozilla/5.0 AppleWebKit/537.36 (KHTML, like Gecko; compatible; GPTBot/1.4; +https://openai.com/gptbot)" "-"
2a03:2880:f800:: - - [07/Aug/2026:02:37:57 +0200] "GET /?lokasie=/kunden/usr/lib/aspell/iso-8859-10.cset&loknya=/kunden/usr/lib/aspell HTTP/1.1" 200 18821 www.chocadoodle.co.uk "-" "Mozilla/5.0 (Windows NT 10.0; Win64; x64) AppleWebKit/537.36 (KHTML, like Gecko) Chrome/145.0.0.0 Safari/537.36 (compatible; meta-externalagent/1.1 (+https://developers.facebook.com/docs/sharing/webmasters/crawler))" "-"
85.25.185.0 - - [07/Aug/2026:02:37:58 +0200] "GET /reneml/vcczuj-c.html HTTP/1.1" 200 27498 wrigglesworths.co.uk "-" "Mozilla/5.0 (Macintosh; Intel Mac OS X 10_15_7; rv:132.0) Gecko/20100101 Firefox/132.0" "-"
85.25.185.0 - - [07/Aug/2026:02:38:00 +0200] "GET /qttagh/hadztj-c.html HTTP/1.1" 200 27498 wrigglesworths.co.uk "-" "Mozilla/5.0 (Macintosh; Intel Mac OS X 10_15_7; rv:132.0) Gecko/20100101 Firefox/132.0" "-"
85.25.185.0 - - [07/Aug/2026:02:38:02 +0200] "GET /ojophk/xlpjmp-c.html HTTP/1.1" 200 27498 wrigglesworths.co.uk "-" "Mozilla/5.0 (Macintosh; Intel Mac OS X 10_15_7; rv:132.0) Gecko/20100101 Firefox/132.0" "-"
85.25.185.0 - - [07/Aug/2026:02:38:04 +0200] "GET /scriwr/gpzvhy-c.html HTTP/1.1" 200 27498 wrigglesworths.co.uk "-" "Mozilla/5.0 (Macintosh; Intel Mac OS X 10_15_7; rv:132.0) Gecko/20100101 Firefox/132.0" "-"
85.25.185.0 - - [07/Aug/2026:02:38:06 +0200] "GET /fkqmmz/vlpurq-c.html HTTP/1.1" 200 27498 wrigglesworths.co.uk "-" "Mozilla/5.0 (Macintosh; Intel Mac OS X 10_15_7; rv:132.0) Gecko/20100101 Firefox/132.0" "-"
85.25.185.0 - - [07/Aug/2026:02:38:08 +0200] "GET /znrjhw/esmyla-c.html HTTP/1.1" 200 27498 wrigglesworths.co.uk "-" "Mozilla/5.0 (Macintosh; Intel Mac OS X 10_15_7; rv:132.0) Gecko/20100101 Firefox/132.0" "-"
85.25.185.0 - - [07/Aug/2026:02:38:10 +0200] "GET /juhcsg/pcwhca-c.html HTTP/1.1" 200 27498 wrigglesworths.co.uk "-" "Mozilla/5.0 (Macintosh; Intel Mac OS X 10_15_7; rv:132.0) Gecko/20100101 Firefox/132.0" "-"
85.25.185.0 - - [07/Aug/2026:02:38:12 +0200] "GET /ffpkwa/iqotay-c.html HTTP/1.1" 200 27498 wrigglesworths.co.uk "-" "Mozilla/5.0 (Macintosh; Intel Mac OS X 10_15_7; rv:132.0) Gecko/20100101 Firefox/132.0" "-"
85.25.185.0 - - [07/Aug/2026:02:38:14 +0200] "GET /cccqve/kbgvld-c.html HTTP/1.1" 200 27498 wrigglesworths.co.uk "-" "Mozilla/5.0 (Macintosh; Intel Mac OS X 10_15_7; rv:132.0) Gecko/20100101 Firefox/132.0" "-"
85.25.185.0 - - [07/Aug/2026:02:38:16 +0200] "GET /jrtbqj/spwghv-c.html HTTP/1.1" 200 27498 wrigglesworths.co.uk "-" "Mozilla/5.0 (Macintosh; Intel Mac OS X 10_15_7; rv:132.0) Gecko/20100101 Firefox/132.0" "-"
85.25.185.0 - - [07/Aug/2026:02:38:18 +0200] "GET /twcrjp/grtmsy-c.html HTTP/1.1" 200 27498 wrigglesworths.co.uk "-" "Mozilla/5.0 (Macintosh; Intel Mac OS X 10_15_7; rv:132.0) Gecko/20100101 Firefox/132.0" "-"
85.25.185.0 - - [07/Aug/2026:02:38:20 +0200] "GET /shrxtu/jutirh-c.html HTTP/1.1" 200 27498 wrigglesworths.co.uk "-" "Mozilla/5.0 (Macintosh; Intel Mac OS X 10_15_7; rv:132.0) Gecko/20100101 Firefox/132.0" "-"
85.25.185.0 - - [07/Aug/2026:02:38:22 +0200] "GET /stzqrg/uznbmy-c.html HTTP/1.1" 200 27498 wrigglesworths.co.uk "-" "Mozilla/5.0 (Macintosh; Intel Mac OS X 10_15_7; rv:132.0) Gecko/20100101 Firefox/132.0" "-"
2a03:2880:f800:: - - [07/Aug/2026:02:38:24 +0200] "GET /?loknya=/etc/dpkg/dpkg.cfg.d HTTP/1.1" 200 6500 www.chocadoodle.co.uk "-" "Mozilla/5.0 (X11; Linux x86_64) AppleWebKit/537.36 (KHTML, like Gecko) Chrome/145.0.0.0 Safari/537.36 (compatible; meta-externalagent/1.1 (+https://developers.facebook.com/docs/sharing/webmasters/crawler))" "-"
74.7.241.0 - - [07/Aug/2026:02:38:24 +0200] "GET /?lokasie=/usr/bin/isutf8&loknya=/usr/bin HTTP/1.1" 200 21052 chocadoodle.co.uk "https://chocadoodle.co.uk/?loknya=/usr/bin" "Mozilla/5.0 AppleWebKit/537.36 (KHTML, like Gecko; compatible; GPTBot/1.4; +https://openai.com/gptbot)" "-"
85.25.185.0 - - [07/Aug/2026:02:38:24 +0200] "GET /gmdscj/twckue-c.html HTTP/1.1" 200 27498 wrigglesworths.co.uk "-" "Mozilla/5.0 (Macintosh; Intel Mac OS X 10_15_7; rv:132.0) Gecko/20100101 Firefox/132.0" "-"
85.25.185.0 - - [07/Aug/2026:02:38:26 +0200] "GET /zmbnqw/gqzkel-c.html HTTP/1.1" 200 27498 wrigglesworths.co.uk "-" "Mozilla/5.0 (Macintosh; Intel Mac OS X 10_15_7; rv:132.0) Gecko/20100101 Firefox/132.0" "-"
85.25.185.0 - - [07/Aug/2026:02:38:28 +0200] "GET /kvxszl/tilwba-c.html HTTP/1.1" 200 27498 wrigglesworths.co.uk "-" "Mozilla/5.0 (Macintosh; Intel Mac OS X 10_15_7; rv:132.0) Gecko/20100101 Firefox/132.0" "-"
66.249.69.0 - - [07/Aug/2026:02:38:30 +0200] "GET /i30279365310578/ HTTP/1.1" 404 1271 www.chocadoodle.co.uk "-" "Mozilla/5.0 (compatible; Googlebot/2.1; +http://www.google.com/bot.html)" "-"
85.25.185.0 - - [07/Aug/2026:02:38:30 +0200] "GET /sibiay/syphvo-c.html HTTP/1.1" 200 27498 wrigglesworths.co.uk "-" "Mozilla/5.0 (Macintosh; Intel Mac OS X 10_15_7; rv:132.0) Gecko/20100101 Firefox/132.0" "-"
85.25.185.0 - - [07/Aug/2026:02:38:32 +0200] "GET /prdjjv/yokdlf-c.html HTTP/1.1" 200 27498 wrigglesworths.co.uk "-" "Mozilla/5.0 (Macintosh; Intel Mac OS X 10_15_7; rv:132.0) Gecko/20100101 Firefox/132.0" "-"
85.25.185.0 - - [07/Aug/2026:02:38:34 +0200] "GET /kebdvj/qwssth-c.html HTTP/1.1" 200 27498 wrigglesworths.co.uk "-" "Mozilla/5.0 (Macintosh; Intel Mac OS X 10_15_7; rv:132.0) Gecko/20100101 Firefox/132.0" "-"
66.249.69.0 - - [07/Aug/2026:02:38:35 +0200] "GET /i15832945606922/ HTTP/1.1" 404 1271 www.chocadoodle.co.uk "-" "Mozilla/5.0 (Linux; Android 6.0.1; Nexus 5X Build/MMB29P) AppleWebKit/537.36 (KHTML, like Gecko) Chrome/150.0.7871.186 Mobile Safari/537.36 (compatible; GoogleOther)" "-"
114.119.147.0 - - [07/Aug/2026:02:38:35 +0200] "GET /goods.php?special/106023084.html HTTP/1.1" 200 157972 www.chocadoodle.co.uk "https://www.chocadoodle.co.uk/goods.php?sitemap483.xml" "Mozilla/5.0 (Linux; Android 7.0;) AppleWebKit/537.36 (HTML, like Gecko) Mobile Safari/537.36 (compatible; PetalBot;+https://webmaster.petalsearch.com/site/petalbot)" "-"
85.25.185.0 - - [07/Aug/2026:02:38:36 +0200] "GET /doixfw/zixduz-c.html HTTP/1.1" 200 27498 wrigglesworths.co.uk "-" "Mozilla/5.0 (Macintosh; Intel Mac OS X 10_15_7; rv:132.0) Gecko/20100101 Firefox/132.0" "-"
85.25.185.0 - - [07/Aug/2026:02:38:38 +0200] "GET /lcsrru/vwqrxy-c.html HTTP/1.1" 200 27498 wrigglesworths.co.uk "-" "Mozilla/5.0 (Macintosh; Intel Mac OS X 10_15_7; rv:132.0) Gecko/20100101 Firefox/132.0" "-"
85.25.185.0 - - [07/Aug/2026:02:38:40 +0200] "GET /qrkpae/pxhqen-c.html HTTP/1.1" 200 27498 wrigglesworths.co.uk "-" "Mozilla/5.0 (Macintosh; Intel Mac OS X 10_15_7; rv:132.0) Gecko/20100101 Firefox/132.0" "-"
85.25.185.0 - - [07/Aug/2026:02:38:42 +0200] "GET /txwiri/taepha-c.html HTTP/1.1" 200 27498 wrigglesworths.co.uk "-" "Mozilla/5.0 (Macintosh; Intel Mac OS X 10_15_7; rv:132.0) Gecko/20100101 Firefox/132.0" "-"
85.25.185.0 - - [07/Aug/2026:02:38:44 +0200] "GET /jgjawp/duwrcs-c.html HTTP/1.1" 200 27498 wrigglesworths.co.uk "-" "Mozilla/5.0 (Macintosh; Intel Mac OS X 10_15_7; rv:132.0) Gecko/20100101 Firefox/132.0" "-"
85.25.185.0 - - [07/Aug/2026:02:38:46 +0200] "GET /ftuiaw/dxxoff-c.html HTTP/1.1" 200 27498 wrigglesworths.co.uk "-" "Mozilla/5.0 (Macintosh; Intel Mac OS X 10_15_7; rv:132.0) Gecko/20100101 Firefox/132.0" "-"
85.25.185.0 - - [07/Aug/2026:02:38:48 +0200] "GET /kzhfay/egsyhp-c.html HTTP/1.1" 200 27498 wrigglesworths.co.uk "-" "Mozilla/5.0 (Macintosh; Intel Mac OS X 10_15_7; rv:132.0) Gecko/20100101 Firefox/132.0" "-"
85.25.185.0 - - [07/Aug/2026:02:38:50 +0200] "GET /umybei/nxckbm-c.html HTTP/1.1" 200 27498 wrigglesworths.co.uk "-" "Mozilla/5.0 (Macintosh; Intel Mac OS X 10_15_7; rv:132.0) Gecko/20100101 Firefox/132.0" "-"
85.25.185.0 - - [07/Aug/2026:02:38:52 +0200] "GET /kckmaq/ferxcz-c.html HTTP/1.1" 200 27498 wrigglesworths.co.uk "-" "Mozilla/5.0 (Macintosh; Intel Mac OS X 10_15_7; rv:132.0) Gecko/20100101 Firefox/132.0" "-"
85.25.185.0 - - [07/Aug/2026:02:38:54 +0200] "GET /yvskdr/yitcuk-c.html HTTP/1.1" 200 27498 wrigglesworths.co.uk "-" "Mozilla/5.0 (Macintosh; Intel Mac OS X 10_15_7; rv:132.0) Gecko/20100101 Firefox/132.0" "-"
66.249.69.0 - - [07/Aug/2026:02:38:55 +0200] "GET /r42514727971325/ HTTP/1.1" 404 1271 www.chocadoodle.co.uk "-" "Mozilla/5.0 (Linux; Android 6.0.1; Nexus 5X Build/MMB29P) AppleWebKit/537.36 (KHTML, like Gecko) Chrome/150.0.7871.186 Mobile Safari/537.36 (compatible; GoogleOther)" "-"
85.25.185.0 - - [07/Aug/2026:02:38:56 +0200] "GET /yqbgsk/gzraqw-c.html HTTP/1.1" 200 27498 wrigglesworths.co.uk "-" "Mozilla/5.0 (Macintosh; Intel Mac OS X 10_15_7; rv:132.0) Gecko/20100101 Firefox/132.0" "-"
85.25.185.0 - - [07/Aug/2026:02:38:58 +0200] "GET /rmhrrs/gheoef-c.html HTTP/1.1" 200 27498 wrigglesworths.co.uk "-" "Mozilla/5.0 (Macintosh; Intel Mac OS X 10_15_7; rv:132.0) Gecko/20100101 Firefox/132.0" "-"
85.25.185.0 - - [07/Aug/2026:02:39:00 +0200] "GET /pwcxuf/uqwxee-c.html HTTP/1.1" 200 27498 wrigglesworths.co.uk "-" "Mozilla/5.0 (Macintosh; Intel Mac OS X 10_15_7; rv:132.0) Gecko/20100101 Firefox/132.0" "-"
74.7.242.0 - - [07/Aug/2026:02:39:02 +0200] "GET /items/12800486439154.html/?lokasie=/proc/partitions&loknya=/proc HTTP/1.1" 404 1271 www.chocadoodle.co.uk "https://www.chocadoodle.co.uk/items/12800486439154.html/?loknya=/proc" "Mozilla/5.0 AppleWebKit/537.36 (KHTML, like Gecko; compatible; GPTBot/1.4; +https://openai.com/gptbot)" "-"
85.25.185.0 - - [07/Aug/2026:02:39:02 +0200] "GET /vffhwj/cshwct-c.html HTTP/1.1" 200 27498 wrigglesworths.co.uk "-" "Mozilla/5.0 (Macintosh; Intel Mac OS X 10_15_7; rv:132.0) Gecko/20100101 Firefox/132.0" "-"
85.25.185.0 - - [07/Aug/2026:02:39:04 +0200] "GET /rvzfli/fzmerr-c.html HTTP/1.1" 200 27498 wrigglesworths.co.uk "-" "Mozilla/5.0 (Macintosh; Intel Mac OS X 10_15_7; rv:132.0) Gecko/20100101 Firefox/132.0" "-"
85.25.185.0 - - [07/Aug/2026:02:39:06 +0200] "GET /fntxca/lnmlzj-c.html HTTP/1.1" 200 27498 wrigglesworths.co.uk "-" "Mozilla/5.0 (Macintosh; Intel Mac OS X 10_15_7; rv:132.0) Gecko/20100101 Firefox/132.0" "-"
114.119.151.0 - - [07/Aug/2026:02:39:06 +0200] "GET /rijncl/zsflpe-c.html HTTP/1.1" 200 27498 wrigglesworths.co.uk "http://wrigglesworths.co.uk/rijncl/zsflpe-c.html" "Mozilla/5.0 (Linux; Android 7.0;) AppleWebKit/537.36 (HTML, like Gecko) Mobile Safari/537.36 (compatible; PetalBot;+https://webmaster.petalsearch.com/site/petalbot)" "-"
74.7.241.0 - - [07/Aug/2026:02:39:08 +0200] "GET /?lokasie=/usr/bin/ps2txt&loknya=/usr/bin HTTP/1.1" 200 4655 chocadoodle.co.uk "https://chocadoodle.co.uk/?loknya=/usr/bin" "Mozilla/5.0 AppleWebKit/537.36 (KHTML, like Gecko; compatible; GPTBot/1.4; +https://openai.com/gptbot)" "-"
85.25.185.0 - - [07/Aug/2026:02:39:08 +0200] "GET /lcqzyf/tlssyt-c.html HTTP/1.1" 200 27498 wrigglesworths.co.uk "-" "Mozilla/5.0 (Macintosh; Intel Mac OS X 10_15_7; rv:132.0) Gecko/20100101 Firefox/132.0" "-"
85.25.185.0 - - [07/Aug/2026:02:39:10 +0200] "GET /fsmcfc/aiqjhv-c.html HTTP/1.1" 200 27498 wrigglesworths.co.uk "-" "Mozilla/5.0 (Macintosh; Intel Mac OS X 10_15_7; rv:132.0) Gecko/20100101 Firefox/132.0" "-"
85.25.185.0 - - [07/Aug/2026:02:39:12 +0200] "GET /wumbun/axkozl-c.html HTTP/1.1" 200 27498 wrigglesworths.co.uk "-" "Mozilla/5.0 (Macintosh; Intel Mac OS X 10_15_7; rv:132.0) Gecko/20100101 Firefox/132.0" "-"
85.25.185.0 - - [07/Aug/2026:02:39:14 +0200] "GET /dgmnpn/xkahub-c.html HTTP/1.1" 200 27498 wrigglesworths.co.uk "-" "Mozilla/5.0 (Macintosh; Intel Mac OS X 10_15_7; rv:132.0) Gecko/20100101 Firefox/132.0" "-"
66.249.69.0 - - [07/Aug/2026:02:39:15 +0200] "GET /b48957316461348/ HTTP/1.1" 404 1271 www.chocadoodle.co.uk "-" "Mozilla/5.0 (compatible; Googlebot/2.1; +http://www.google.com/bot.html)" "-"
85.25.185.0 - - [07/Aug/2026:02:39:16 +0200] "GET /ttvnby/atudxz-c.html HTTP/1.1" 200 27498 wrigglesworths.co.uk "-" "Mozilla/5.0 (Macintosh; Intel Mac OS X 10_15_7; rv:132.0) Gecko/20100101 Firefox/132.0" "-"
85.25.185.0 - - [07/Aug/2026:02:39:18 +0200] "GET /tmlnzv/gamaaj-c.html HTTP/1.1" 200 27498 wrigglesworths.co.uk "-" "Mozilla/5.0 (Macintosh; Intel Mac OS X 10_15_7; rv:132.0) Gecko/20100101 Firefox/132.0" "-"
85.25.185.0 - - [07/Aug/2026:02:39:20 +0200] "GET /payeyv/cngdbd-c.html HTTP/1.1" 200 27498 wrigglesworths.co.uk "-" "Mozilla/5.0 (Macintosh; Intel Mac OS X 10_15_7; rv:132.0) Gecko/20100101 Firefox/132.0" "-"
2a03:2880:f800:: - - [07/Aug/2026:02:39:22 +0200] "GET /?lokasie=/lib/x86_64-linux-gnu/liblsan.so.0.0.0&loknya=/lib/x86_64-linux-gnu HTTP/1.1" 200 4024897 www.chocadoodle.co.uk "-" "Mozilla/5.0 (X11; Linux x86_64) AppleWebKit/537.36 (KHTML, like Gecko) Chrome/145.0.0.0 Safari/537.36 (compatible; meta-externalagent/1.1 (+https://developers.facebook.com/docs/sharing/webmasters/crawler))" "-"
85.25.185.0 - - [07/Aug/2026:02:39:22 +0200] "GET /qjdkiv/saaqpg-c.html HTTP/1.1" 200 27498 wrigglesworths.co.uk "-" "Mozilla/5.0 (Macintosh; Intel Mac OS X 10_15_7; rv:132.0) Gecko/20100101 Firefox/132.0" "-"
85.25.185.0 - - [07/Aug/2026:02:39:24 +0200] "GET /ouaakq/sfmihs-c.html HTTP/1.1" 200 27498 wrigglesworths.co.uk "-" "Mozilla/5.0 (Macintosh; Intel Mac OS X 10_15_7; rv:132.0) Gecko/20100101 Firefox/132.0" "-"
2a03:2880:f800:: - - [07/Aug/2026:02:39:26 +0200] "GET /?lokasie=/kunden/usr/lib/aspell/cp1253.cset&loknya=/kunden/usr/lib/aspell HTTP/1.1" 200 18154 www.chocadoodle.co.uk "-" "Mozilla/5.0 (Macintosh; Intel Mac OS X 10_15_7) AppleWebKit/537.36 (KHTML, like Gecko) Chrome/145.0.0.0 Safari/537.36 (compatible; meta-externalagent/1.1 (+https://developers.facebook.com/docs/sharing/webmasters/crawler))" "-"
85.25.185.0 - - [07/Aug/2026:02:39:26 +0200] "GET /szvmym/zoilia-c.html HTTP/1.1" 200 27498 wrigglesworths.co.uk "-" "Mozilla/5.0 (Macintosh; Intel Mac OS X 10_15_7; rv:132.0) Gecko/20100101 Firefox/132.0" "-"
85.25.185.0 - - [07/Aug/2026:02:39:28 +0200] "GET /pmtdqp/nokyif-c.html HTTP/1.1" 200 27498 wrigglesworths.co.uk "-" "Mozilla/5.0 (Macintosh; Intel Mac OS X 10_15_7; rv:132.0) Gecko/20100101 Firefox/132.0" "-"
85.25.185.0 - - [07/Aug/2026:02:39:30 +0200] "GET /fnmwxm/obmoyg-c.html HTTP/1.1" 200 27498 wrigglesworths.co.uk "-" "Mozilla/5.0 (Macintosh; Intel Mac OS X 10_15_7; rv:132.0) Gecko/20100101 Firefox/132.0" "-"
2a03:2880:f800:: - - [07/Aug/2026:02:39:31 +0200] "GET /?lokasie=/kunden/usr/lib/aspell/en_AU-w_accents-only.rws&loknya=/kunden/usr/lib/aspell HTTP/1.1" 200 125636 www.chocadoodle.co.uk "-" "Mozilla/5.0 (Macintosh; Intel Mac OS X 10_15_7) AppleWebKit/537.36 (KHTML, like Gecko) Chrome/145.0.0.0 Safari/537.36 (compatible; meta-externalagent/1.1 (+https://developers.facebook.com/docs/sharing/webmasters/crawler))" "-"
85.25.185.0 - - [07/Aug/2026:02:39:32 +0200] "GET /dpyuvz/mfmpgj-c.html HTTP/1.1" 200 27498 wrigglesworths.co.uk "-" "Mozilla/5.0 (Macintosh; Intel Mac OS X 10_15_7; rv:132.0) Gecko/20100101 Firefox/132.0" "-"
85.25.185.0 - - [07/Aug/2026:02:39:34 +0200] "GET /xcgshe/hxjuba-c.html HTTP/1.1" 200 27498 wrigglesworths.co.uk "-" "Mozilla/5.0 (Macintosh; Intel Mac OS X 10_15_7; rv:132.0) Gecko/20100101 Firefox/132.0" "-"
85.25.185.0 - - [07/Aug/2026:02:39:36 +0200] "GET /febgnb/kwipgx-c.html HTTP/1.1" 200 27498 wrigglesworths.co.uk "-" "Mozilla/5.0 (Macintosh; Intel Mac OS X 10_15_7; rv:132.0) Gecko/20100101 Firefox/132.0" "-"
85.25.185.0 - - [07/Aug/2026:02:39:38 +0200] "GET /vqednk/uprnuw-c.html HTTP/1.1" 200 27498 wrigglesworths.co.uk "-" "Mozilla/5.0 (Macintosh; Intel Mac OS X 10_15_7; rv:132.0) Gecko/20100101 Firefox/132.0" "-"
85.25.185.0 - - [07/Aug/2026:02:39:40 +0200] "GET /ljguxs/pyhxez-c.html HTTP/1.1" 200 27498 wrigglesworths.co.uk "-" "Mozilla/5.0 (Macintosh; Intel Mac OS X 10_15_7; rv:132.0) Gecko/20100101 Firefox/132.0" "-"
85.25.185.0 - - [07/Aug/2026:02:39:42 +0200] "GET /ogdsyk/mosask-c.html HTTP/1.1" 200 27498 wrigglesworths.co.uk "-" "Mozilla/5.0 (Macintosh; Intel Mac OS X 10_15_7; rv:132.0) Gecko/20100101 Firefox/132.0" "-"
85.25.185.0 - - [07/Aug/2026:02:39:44 +0200] "GET /loapup/vzuhqm-c.html HTTP/1.1" 200 27498 wrigglesworths.co.uk "-" "Mozilla/5.0 (Macintosh; Intel Mac OS X 10_15_7; rv:132.0) Gecko/20100101 Firefox/132.0" "-"
85.25.185.0 - - [07/Aug/2026:02:39:46 +0200] "GET /avncso/hknatj-c.html HTTP/1.1" 200 27498 wrigglesworths.co.uk "-" "Mozilla/5.0 (Macintosh; Intel Mac OS X 10_15_7; rv:132.0) Gecko/20100101 Firefox/132.0" "-"
85.25.185.0 - - [07/Aug/2026:02:39:48 +0200] "GET /bcfsrd/hzjftr-c.html HTTP/1.1" 200 27498 wrigglesworths.co.uk "-" "Mozilla/5.0 (Macintosh; Intel Mac OS X 10_15_7; rv:132.0) Gecko/20100101 Firefox/132.0" "-"
85.25.185.0 - - [07/Aug/2026:02:39:50 +0200] "GET /elrfyk/mvmstu-c.html HTTP/1.1" 200 27498 wrigglesworths.co.uk "-" "Mozilla/5.0 (Macintosh; Intel Mac OS X 10_15_7; rv:132.0) Gecko/20100101 Firefox/132.0" "-"
74.7.241.0 - - [07/Aug/2026:02:39:51 +0200] "GET /?lokasie=/usr/bin/pod2text&loknya=/usr/bin HTTP/1.1" 200 15961 chocadoodle.co.uk "https://chocadoodle.co.uk/?loknya=/usr/bin" "Mozilla/5.0 AppleWebKit/537.36 (KHTML, like Gecko; compatible; GPTBot/1.4; +https://openai.com/gptbot)" "-"
85.25.185.0 - - [07/Aug/2026:02:39:52 +0200] "GET /lbdezo/axedvb-c.html HTTP/1.1" 200 27498 wrigglesworths.co.uk "-" "Mozilla/5.0 (Macintosh; Intel Mac OS X 10_15_7; rv:132.0) Gecko/20100101 Firefox/132.0" "-"
85.25.185.0 - - [07/Aug/2026:02:39:54 +0200] "GET /lkhptc/rtsqyj-c.html HTTP/1.1" 200 27498 wrigglesworths.co.uk "-" "Mozilla/5.0 (Macintosh; Intel Mac OS X 10_15_7; rv:132.0) Gecko/20100101 Firefox/132.0" "-"
85.25.185.0 - - [07/Aug/2026:02:39:56 +0200] "GET /bsmube/wfhvgs-c.html HTTP/1.1" 200 27498 wrigglesworths.co.uk "-" "Mozilla/5.0 (Macintosh; Intel Mac OS X 10_15_7; rv:132.0) Gecko/20100101 Firefox/132.0" "-"
85.25.185.0 - - [07/Aug/2026:02:39:58 +0200] "GET /mxwwwp/whfweu-c.html HTTP/1.1" 200 27498 wrigglesworths.co.uk "-" "Mozilla/5.0 (Macintosh; Intel Mac OS X 10_15_7; rv:132.0) Gecko/20100101 Firefox/132.0" "-"
114.119.136.0 - - [07/Aug/2026:02:39:59 +0200] "GET /goods.php?special/106005644.html HTTP/1.1" 200 158514 www.chocadoodle.co.uk "https://www.chocadoodle.co.uk/goods.php?sitemap483.xml" "Mozilla/5.0 (Linux; Android 7.0;) AppleWebKit/537.36 (HTML, like Gecko) Mobile Safari/537.36 (compatible; PetalBot;+https://webmaster.petalsearch.com/site/petalbot)" "-"
85.25.185.0 - - [07/Aug/2026:02:40:00 +0200] "GET /ohrmbr/nntciy-c.html HTTP/1.1" 200 27498 wrigglesworths.co.uk "-" "Mozilla/5.0 (Macintosh; Intel Mac OS X 10_15_7; rv:132.0) Gecko/20100101 Firefox/132.0" "-"
85.25.185.0 - - [07/Aug/2026:02:40:02 +0200] "GET /zwnsnj/tinbre-c.html HTTP/1.1" 200 27498 wrigglesworths.co.uk "-" "Mozilla/5.0 (Macintosh; Intel Mac OS X 10_15_7; rv:132.0) Gecko/20100101 Firefox/132.0" "-"
85.25.185.0 - - [07/Aug/2026:02:40:04 +0200] "GET /pvmbkj/dsyvsm-c.html HTTP/1.1" 200 27498 wrigglesworths.co.uk "-" "Mozilla/5.0 (Macintosh; Intel Mac OS X 10_15_7; rv:132.0) Gecko/20100101 Firefox/132.0" "-"
85.25.185.0 - - [07/Aug/2026:02:40:06 +0200] "GET /ychcxj/jvnhrm-c.html HTTP/1.1" 200 27498 wrigglesworths.co.uk "-" "Mozilla/5.0 (Macintosh; Intel Mac OS X 10_15_7; rv:132.0) Gecko/20100101 Firefox/132.0" "-"
74.7.242.0 - - [07/Aug/2026:02:40:07 +0200] "GET /items/10100726488092.html/?lokasie=/sbin/plipconfig&loknya=/sbin HTTP/1.1" 404 1271 www.chocadoodle.co.uk "https://www.chocadoodle.co.uk/items/10100726488092.html/?loknya=/sbin" "Mozilla/5.0 AppleWebKit/537.36 (KHTML, like Gecko; compatible; GPTBot/1.4; +https://openai.com/gptbot)" "-"
85.25.185.0 - - [07/Aug/2026:02:40:08 +0200] "GET /dnpxeu/wralmn-c.html HTTP/1.1" 200 27498 wrigglesworths.co.uk "-" "Mozilla/5.0 (Macintosh; Intel Mac OS X 10_15_7; rv:132.0) Gecko/20100101 Firefox/132.0" "-"
85.25.185.0 - - [07/Aug/2026:02:40:10 +0200] "GET /fbkxxp/zsyssx-c.html HTTP/1.1" 200 27498 wrigglesworths.co.uk "-" "Mozilla/5.0 (Macintosh; Intel Mac OS X 10_15_7; rv:132.0) Gecko/20100101 Firefox/132.0" "-"
85.25.185.0 - - [07/Aug/2026:02:40:12 +0200] "GET /gxzfzm/tohchz-c.html HTTP/1.1" 200 27498 wrigglesworths.co.uk "-" "Mozilla/5.0 (Macintosh; Intel Mac OS X 10_15_7; rv:132.0) Gecko/20100101 Firefox/132.0" "-"
85.25.185.0 - - [07/Aug/2026:02:40:14 +0200] "GET /bhvlox/rqmcap-c.html HTTP/1.1" 200 27498 wrigglesworths.co.uk "-" "Mozilla/5.0 (Macintosh; Intel Mac OS X 10_15_7; rv:132.0) Gecko/20100101 Firefox/132.0" "-"
85.25.185.0 - - [07/Aug/2026:02:40:16 +0200] "GET /waqmdy/ckmzdt-c.html HTTP/1.1" 200 27498 wrigglesworths.co.uk "-" "Mozilla/5.0 (Macintosh; Intel Mac OS X 10_15_7; rv:132.0) Gecko/20100101 Firefox/132.0" "-"
85.25.185.0 - - [07/Aug/2026:02:40:18 +0200] "GET /tatduo/bsicdx-c.html HTTP/1.1" 200 27498 wrigglesworths.co.uk "-" "Mozilla/5.0 (Macintosh; Intel Mac OS X 10_15_7; rv:132.0) Gecko/20100101 Firefox/132.0" "-"
2a03:2880:f800:: - - [07/Aug/2026:02:40:20 +0200] "GET /?lokasie=/etc/timezone&loknya=/etc HTTP/1.1" 200 3959 www.chocadoodle.co.uk "-" "Mozilla/5.0 (Macintosh; Intel Mac OS X 10_15_7) AppleWebKit/537.36 (KHTML, like Gecko) Chrome/145.0.0.0 Safari/537.36 (compatible; meta-externalagent/1.1 (+https://developers.facebook.com/docs/sharing/webmasters/crawler))" "-"
85.25.185.0 - - [07/Aug/2026:02:40:20 +0200] "GET /btnypc/bsztkr-c.html HTTP/1.1" 200 27498 wrigglesworths.co.uk "-" "Mozilla/5.0 (Macintosh; Intel Mac OS X 10_15_7; rv:132.0) Gecko/20100101 Firefox/132.0" "-"
85.25.185.0 - - [07/Aug/2026:02:40:22 +0200] "GET /pxfpnh/yldnlr-c.html HTTP/1.1" 200 27498 wrigglesworths.co.uk "-" "Mozilla/5.0 (Macintosh; Intel Mac OS X 10_15_7; rv:132.0) Gecko/20100101 Firefox/132.0" "-"
85.25.185.0 - - [07/Aug/2026:02:40:24 +0200] "GET /oaamxo/sofhip-c.html HTTP/1.1" 200 27498 wrigglesworths.co.uk "-" "Mozilla/5.0 (Macintosh; Intel Mac OS X 10_15_7; rv:132.0) Gecko/20100101 Firefox/132.0" "-"
85.25.185.0 - - [07/Aug/2026:02:40:26 +0200] "GET /oaocwk/yglcgs-c.html HTTP/1.1" 200 27498 wrigglesworths.co.uk "-" "Mozilla/5.0 (Macintosh; Intel Mac OS X 10_15_7; rv:132.0) Gecko/20100101 Firefox/132.0" "-"
74.7.241.0 - - [07/Aug/2026:02:40:27 +0200] "GET /?lokasie=/usr/bin/base32&loknya=/usr/bin HTTP/1.1" 200 66209 chocadoodle.co.uk "https://chocadoodle.co.uk/?loknya=/usr/bin" "Mozilla/5.0 AppleWebKit/537.36 (KHTML, like Gecko; compatible; GPTBot/1.4; +https://openai.com/gptbot)" "-"
85.25.185.0 - - [07/Aug/2026:02:40:28 +0200] "GET /fovioz/xaiftr-c.html HTTP/1.1" 200 27498 wrigglesworths.co.uk "-" "Mozilla/5.0 (Macintosh; Intel Mac OS X 10_15_7; rv:132.0) Gecko/20100101 Firefox/132.0" "-"
114.119.151.0 - - [07/Aug/2026:02:40:29 +0200] "GET /prhqmd/wvjola-c.html HTTP/1.1" 200 27498 wrigglesworths.co.uk "http://wrigglesworths.co.uk/prhqmd/wvjola-c.html" "Mozilla/5.0 (Linux; Android 7.0;) AppleWebKit/537.36 (HTML, like Gecko) Mobile Safari/537.36 (compatible; PetalBot;+https://webmaster.petalsearch.com/site/petalbot)" "-"
85.25.185.0 - - [07/Aug/2026:02:40:30 +0200] "GET /skpqtu/snbyas-c.html HTTP/1.1" 200 27498 wrigglesworths.co.uk "-" "Mozilla/5.0 (Macintosh; Intel Mac OS X 10_15_7; rv:132.0) Gecko/20100101 Firefox/132.0" "-"
85.25.185.0 - - [07/Aug/2026:02:40:32 +0200] "GET /lzsibt/yhsmwd-c.html HTTP/1.1" 200 27498 wrigglesworths.co.uk "-" "Mozilla/5.0 (Macintosh; Intel Mac OS X 10_15_7; rv:132.0) Gecko/20100101 Firefox/132.0" "-"
85.25.185.0 - - [07/Aug/2026:02:40:34 +0200] "GET /fdrdth/bymlur-c.html HTTP/1.1" 200 27498 wrigglesworths.co.uk "-" "Mozilla/5.0 (Macintosh; Intel Mac OS X 10_15_7; rv:132.0) Gecko/20100101 Firefox/132.0" "-"
85.25.185.0 - - [07/Aug/2026:02:40:36 +0200] "GET /ncebyp/jwnuvs-c.html HTTP/1.1" 200 27498 wrigglesworths.co.uk "-" "Mozilla/5.0 (Macintosh; Intel Mac OS X 10_15_7; rv:132.0) Gecko/20100101 Firefox/132.0" "-"
66.249.69.0 - - [07/Aug/2026:02:40:37 +0200] "GET /t44853206405425/ HTTP/1.1" 404 1271 www.chocadoodle.co.uk "-" "Mozilla/5.0 (compatible; Googlebot/2.1; +http://www.google.com/bot.html)" "-"
85.25.185.0 - - [07/Aug/2026:02:40:38 +0200] "GET /ubcrew/tmevzf-c.html HTTP/1.1" 200 27498 wrigglesworths.co.uk "-" "Mozilla/5.0 (Macintosh; Intel Mac OS X 10_15_7; rv:132.0) Gecko/20100101 Firefox/132.0" "-"
85.25.185.0 - - [07/Aug/2026:02:40:40 +0200] "GET /fjhrsp/gjhdpc-c.html HTTP/1.1" 200 27498 wrigglesworths.co.uk "-" "Mozilla/5.0 (Macintosh; Intel Mac OS X 10_15_7; rv:132.0) Gecko/20100101 Firefox/132.0" "-"
85.25.185.0 - - [07/Aug/2026:02:40:42 +0200] "GET /lizjqu/voagdk-c.html HTTP/1.1" 200 27498 wrigglesworths.co.uk "-" "Mozilla/5.0 (Macintosh; Intel Mac OS X 10_15_7; rv:132.0) Gecko/20100101 Firefox/132.0" "-"
85.25.185.0 - - [07/Aug/2026:02:40:44 +0200] "GET /hcpmtb/nvvlwe-c.html HTTP/1.1" 200 27498 wrigglesworths.co.uk "-" "Mozilla/5.0 (Macintosh; Intel Mac OS X 10_15_7; rv:132.0) Gecko/20100101 Firefox/132.0" "-"
85.25.185.0 - - [07/Aug/2026:02:40:46 +0200] "GET /vyczsn/amkzpg-c.html HTTP/1.1" 200 27498 wrigglesworths.co.uk "-" "Mozilla/5.0 (Macintosh; Intel Mac OS X 10_15_7; rv:132.0) Gecko/20100101 Firefox/132.0" "-"
85.25.185.0 - - [07/Aug/2026:02:40:48 +0200] "GET /todojx/jlblct-c.html HTTP/1.1" 200 27498 wrigglesworths.co.uk "-" "Mozilla/5.0 (Macintosh; Intel Mac OS X 10_15_7; rv:132.0) Gecko/20100101 Firefox/132.0" "-"
85.25.185.0 - - [07/Aug/2026:02:40:50 +0200] "GET /fhwznr/hzeydz-c.html HTTP/1.1" 200 27498 wrigglesworths.co.uk "-" "Mozilla/5.0 (Macintosh; Intel Mac OS X 10_15_7; rv:132.0) Gecko/20100101 Firefox/132.0" "-"
85.25.185.0 - - [07/Aug/2026:02:40:52 +0200] "GET /qxcbho/lpmcni-c.html HTTP/1.1" 200 27498 wrigglesworths.co.uk "-" "Mozilla/5.0 (Macintosh; Intel Mac OS X 10_15_7; rv:132.0) Gecko/20100101 Firefox/132.0" "-"
2a03:2880:f800:: - - [07/Aug/2026:02:40:53 +0200] "GET /?lokasie=/kunden/usr/lib/aspell/british-ize-wo_accents.alias&loknya=/kunden/usr/lib/aspell HTTP/1.1" 200 4220 www.chocadoodle.co.uk "-" "Mozilla/5.0 (Macintosh; Intel Mac OS X 10_15_7) AppleWebKit/537.36 (KHTML, like Gecko) Chrome/145.0.0.0 Safari/537.36 (compatible; meta-externalagent/1.1 (+https://developers.facebook.com/docs/sharing/webmasters/crawler))" "-"
2a03:2880:f800:: - - [07/Aug/2026:02:40:53 +0200] "GET /?lokasie=/homepages/43/d124547881/htdocs/wp-includes//class-wp-feed-cache.php&loknya=/homepages/43/d124547881/htdocs/wp-includes/ HTTP/1.1" 200 5272 www.chocadoodle.co.uk "-" "Mozilla/5.0 (Macintosh; Intel Mac OS X 10_15_7) AppleWebKit/537.36 (KHTML, like Gecko) Chrome/145.0.0.0 Safari/537.36 (compatible; meta-externalagent/1.1 (+https://developers.facebook.com/docs/sharing/webmasters/crawler))" "-"
85.25.185.0 - - [07/Aug/2026:02:40:54 +0200] "GET /nsqytf/durqdp-c.html HTTP/1.1" 200 27498 wrigglesworths.co.uk "-" "Mozilla/5.0 (Macintosh; Intel Mac OS X 10_15_7; rv:132.0) Gecko/20100101 Firefox/132.0" "-"
2a03:2880:f800:: - - [07/Aug/2026:02:40:56 +0200] "GET /?lokasie=/kunden/usr/lib/aspell/iso-8859-13.cset&loknya=/kunden/usr/lib/aspell HTTP/1.1" 200 18551 www.chocadoodle.co.uk "-" "Mozilla/5.0 (Windows NT 10.0; Win64; x64) AppleWebKit/537.36 (KHTML, like Gecko) Chrome/145.0.0.0 Safari/537.36 (compatible; meta-externalagent/1.1 (+https://developers.facebook.com/docs/sharing/webmasters/crawler))" "-"
85.25.185.0 - - [07/Aug/2026:02:40:56 +0200] "GET /iqbrfs/urejag-c.html HTTP/1.1" 200 27498 wrigglesworths.co.uk "-" "Mozilla/5.0 (Macintosh; Intel Mac OS X 10_15_7; rv:132.0) Gecko/20100101 Firefox/132.0" "-"
