2a03:2880:f800:: - - [07/Aug/2026:05:44:45 +0200] "GET /?lokasie=/kunden/kunden/bin/ucf&loknya=/kunden/kunden/bin HTTP/1.1" 429 267 www.chocadoodle.co.uk "-" "Mozilla/5.0 (Windows NT 10.0; Win64; x64) AppleWebKit/537.36 (KHTML, like Gecko) Chrome/145.0.0.0 Safari/537.36 (compatible; meta-externalagent/1.1 (+https://developers.facebook.com/docs/sharing/webmasters/crawler))" "-"
144.76.32.0 - - [07/Aug/2026:05:44:45 +0200] "GET /goods.php?special/105021737.html HTTP/1.1" 200 158109 www.chocadoodle.co.uk "-" "Mozilla/5.0 (compatible; SERankingBacklinksBot/1.0; +https://seranking.com/backlinks-crawler)" "-"
144.76.32.0 - - [07/Aug/2026:05:44:49 +0200] "GET /goods.php?special/105027819.html HTTP/1.1" 200 157816 www.chocadoodle.co.uk "-" "Mozilla/5.0 (compatible; SERankingBacklinksBot/1.0; +https://seranking.com/backlinks-crawler)" "-"
2a03:2880:f800:: - - [07/Aug/2026:05:44:50 +0200] "GET /?lokasie=/kunden/kunden/bin/co&loknya=/kunden/kunden/bin HTTP/1.1" 429 267 www.chocadoodle.co.uk "-" "Mozilla/5.0 (Windows NT 10.0; Win64; x64) AppleWebKit/537.36 (KHTML, like Gecko) Chrome/145.0.0.0 Safari/537.36 (compatible; meta-externalagent/1.1 (+https://developers.facebook.com/docs/sharing/webmasters/crawler))" "-"
74.7.242.0 - - [07/Aug/2026:05:44:50 +0200] "GET /items/15539696743015.html/?loknya=/homepages/43/d124547881/ HTTP/1.1" 200 25950 www.chocadoodle.co.uk "https://www.chocadoodle.co.uk/items/15539696743015.html/?loknya=/homepages/43/d124547881/htdocs/" "Mozilla/5.0 AppleWebKit/537.36 (KHTML, like Gecko; compatible; GPTBot/1.4; +https://openai.com/gptbot)" "-"
2a03:2880:f800:: - - [07/Aug/2026:05:44:51 +0200] "GET /?lokasie=/kunden/kunden/bin/compare&loknya=/kunden/kunden/bin HTTP/1.1" 429 267 www.chocadoodle.co.uk "-" "Mozilla/5.0 (X11; Linux x86_64) AppleWebKit/537.36 (KHTML, like Gecko) Chrome/145.0.0.0 Safari/537.36 (compatible; meta-externalagent/1.1 (+https://developers.facebook.com/docs/sharing/webmasters/crawler))" "-"
144.76.32.0 - - [07/Aug/2026:05:44:53 +0200] "GET /goods.php?special/105043695.html HTTP/1.1" 200 157315 www.chocadoodle.co.uk "-" "Mozilla/5.0 (compatible; SERankingBacklinksBot/1.0; +https://seranking.com/backlinks-crawler)" "-"
144.76.32.0 - - [07/Aug/2026:05:44:56 +0200] "GET /goods.php?special/105048531.html HTTP/1.1" 200 160932 www.chocadoodle.co.uk "-" "Mozilla/5.0 (compatible; SERankingBacklinksBot/1.0; +https://seranking.com/backlinks-crawler)" "-"
2a03:2880:f800:: - - [07/Aug/2026:05:44:57 +0200] "GET /?lokasie=/kunden/kunden/bin/peardev8.2&loknya=/kunden/kunden/bin HTTP/1.1" 429 267 www.chocadoodle.co.uk "-" "Mozilla/5.0 (X11; Linux x86_64) AppleWebKit/537.36 (KHTML, like Gecko) Chrome/145.0.0.0 Safari/537.36 (compatible; meta-externalagent/1.1 (+https://developers.facebook.com/docs/sharing/webmasters/crawler))" "-"
74.7.242.0 - - [07/Aug/2026:05:44:57 +0200] "GET /items/18535907286559.html/?loknya=/homepages/43/d124547881/ HTTP/1.1" 429 267 www.chocadoodle.co.uk "https://www.chocadoodle.co.uk/items/18535907286559.html/?loknya=/homepages/43/d124547881/htdocs/" "Mozilla/5.0 AppleWebKit/537.36 (KHTML, like Gecko; compatible; GPTBot/1.4; +https://openai.com/gptbot)" "-"
2a03:2880:f800:: - - [07/Aug/2026:05:44:59 +0200] "GET /?lokasie=/kunden/kunden/bin/diff3&loknya=/kunden/kunden/bin HTTP/1.1" 429 267 www.chocadoodle.co.uk "-" "Mozilla/5.0 (Windows NT 10.0; Win64; x64) AppleWebKit/537.36 (KHTML, like Gecko) Chrome/145.0.0.0 Safari/537.36 (compatible; meta-externalagent/1.1 (+https://developers.facebook.com/docs/sharing/webmasters/crawler))" "-"
144.76.32.0 - - [07/Aug/2026:05:45:00 +0200] "GET /goods.php?special/106003838.html HTTP/1.1" 200 171678 www.chocadoodle.co.uk "-" "Mozilla/5.0 (compatible; SERankingBacklinksBot/1.0; +https://seranking.com/backlinks-crawler)" "-"
74.7.242.0 - - [07/Aug/2026:05:45:04 +0200] "GET /items/13091456272626.html/?loknya=/homepages/43/d124547881/ HTTP/1.1" 429 267 www.chocadoodle.co.uk "https://www.chocadoodle.co.uk/items/13091456272626.html/?loknya=/homepages/43/d124547881/htdocs/" "Mozilla/5.0 AppleWebKit/537.36 (KHTML, like Gecko; compatible; GPTBot/1.4; +https://openai.com/gptbot)" "-"
144.76.32.0 - - [07/Aug/2026:05:45:04 +0200] "GET /goods.php?special/106007798.html HTTP/1.1" 200 166142 www.chocadoodle.co.uk "-" "Mozilla/5.0 (compatible; SERankingBacklinksBot/1.0; +https://seranking.com/backlinks-crawler)" "-"
2a03:2880:f800:: - - [07/Aug/2026:05:45:06 +0200] "GET /?lokasie=/kunden/kunden/bin/pnmmontage&loknya=/kunden/kunden/bin HTTP/1.1" 429 267 www.chocadoodle.co.uk "-" "Mozilla/5.0 (Macintosh; Intel Mac OS X 10_15_7) AppleWebKit/537.36 (KHTML, like Gecko) Chrome/145.0.0.0 Safari/537.36 (compatible; meta-externalagent/1.1 (+https://developers.facebook.com/docs/sharing/webmasters/crawler))" "-"
74.7.241.0 - - [07/Aug/2026:05:45:06 +0200] "GET /?lokasie=/kunden/lib/emacsen-common//emacs-install&loknya=/kunden/lib/emacsen-common/ HTTP/1.1" 200 6076 chocadoodle.co.uk "https://chocadoodle.co.uk/?loknya=/kunden/lib/emacsen-common/" "Mozilla/5.0 AppleWebKit/537.36 (KHTML, like Gecko; compatible; GPTBot/1.4; +https://openai.com/gptbot)" "-"
2a03:2880:f800:: - - [07/Aug/2026:05:45:08 +0200] "GET /?lokasie=/kunden/kunden/bin/pgmkernel&loknya=/kunden/kunden/bin HTTP/1.1" 429 267 www.chocadoodle.co.uk "-" "Mozilla/5.0 (Macintosh; Intel Mac OS X 10_15_7) AppleWebKit/537.36 (KHTML, like Gecko) Chrome/145.0.0.0 Safari/537.36 (compatible; meta-externalagent/1.1 (+https://developers.facebook.com/docs/sharing/webmasters/crawler))" "-"
144.76.32.0 - - [07/Aug/2026:05:45:08 +0200] "GET /goods.php?special/106010462.html HTTP/1.1" 200 159297 www.chocadoodle.co.uk "-" "Mozilla/5.0 (compatible; SERankingBacklinksBot/1.0; +https://seranking.com/backlinks-crawler)" "-"
114.119.147.0 - - [07/Aug/2026:05:45:08 +0200] "GET /goods.php?special/267049529.html HTTP/1.1" 200 174618 www.chocadoodle.co.uk "https://www.chocadoodle.co.uk/goods.php?special/267049529.html" "Mozilla/5.0 (Linux; Android 7.0;) AppleWebKit/537.36 (HTML, like Gecko) Mobile Safari/537.36 (compatible; PetalBot;+https://webmaster.petalsearch.com/site/petalbot)" "-"
144.76.32.0 - - [07/Aug/2026:05:45:12 +0200] "GET /goods.php?special/106016974.html HTTP/1.1" 200 160789 www.chocadoodle.co.uk "-" "Mozilla/5.0 (compatible; SERankingBacklinksBot/1.0; +https://seranking.com/backlinks-crawler)" "-"
2a03:2880:f800:: - - [07/Aug/2026:05:45:16 +0200] "GET /?lokasie=/kunden/kunden/bin/bdftogd&loknya=/kunden/kunden/bin HTTP/1.1" 429 267 www.chocadoodle.co.uk "-" "Mozilla/5.0 (Windows NT 10.0; Win64; x64) AppleWebKit/537.36 (KHTML, like Gecko) Chrome/145.0.0.0 Safari/537.36 Edg/145.0.0.0 (compatible; meta-externalagent/1.1 (+https://developers.facebook.com/docs/sharing/webmasters/crawler))" "-"
144.76.32.0 - - [07/Aug/2026:05:45:16 +0200] "GET /goods.php?special/106018948.html HTTP/1.1" 200 154401 www.chocadoodle.co.uk "-" "Mozilla/5.0 (compatible; SERankingBacklinksBot/1.0; +https://seranking.com/backlinks-crawler)" "-"
2a03:2880:f800:: - - [07/Aug/2026:05:45:19 +0200] "GET /?lokasie=/kunden/kunden/bin/sqldiff&loknya=/kunden/kunden/bin HTTP/1.1" 429 267 www.chocadoodle.co.uk "-" "Mozilla/5.0 (Windows NT 10.0; Win64; x64) AppleWebKit/537.36 (KHTML, like Gecko) Chrome/145.0.0.0 Safari/537.36 Edg/145.0.0.0 (compatible; meta-externalagent/1.1 (+https://developers.facebook.com/docs/sharing/webmasters/crawler))" "-"
2a03:2880:f800:: - - [07/Aug/2026:05:45:20 +0200] "GET /?lokasie=/kunden/kunden/bin/uuencode&loknya=/kunden/kunden/bin HTTP/1.1" 429 267 www.chocadoodle.co.uk "-" "Mozilla/5.0 (Windows NT 10.0; Win64; x64) AppleWebKit/537.36 (KHTML, like Gecko) Chrome/145.0.0.0 Safari/537.36 (compatible; meta-externalagent/1.1 (+https://developers.facebook.com/docs/sharing/webmasters/crawler))" "-"
144.76.32.0 - - [07/Aug/2026:05:45:20 +0200] "GET /goods.php?special/106020774.html HTTP/1.1" 200 159695 www.chocadoodle.co.uk "-" "Mozilla/5.0 (compatible; SERankingBacklinksBot/1.0; +https://seranking.com/backlinks-crawler)" "-"
144.76.32.0 - - [07/Aug/2026:05:45:23 +0200] "GET /goods.php?special/107006091.html HTTP/1.1" 200 157566 www.chocadoodle.co.uk "-" "Mozilla/5.0 (compatible; SERankingBacklinksBot/1.0; +https://seranking.com/backlinks-crawler)" "-"
74.7.242.0 - - [07/Aug/2026:05:45:26 +0200] "GET /items/12507057416916.html/?loknya=/homepages/43/d124547881/.config HTTP/1.1" 429 267 www.chocadoodle.co.uk "https://www.chocadoodle.co.uk/items/12507057416916.html/?loknya=/homepages/43/d124547881/" "Mozilla/5.0 AppleWebKit/537.36 (KHTML, like Gecko; compatible; GPTBot/1.4; +https://openai.com/gptbot)" "-"
144.76.32.0 - - [07/Aug/2026:05:45:27 +0200] "GET /goods.php?special/107024011.html HTTP/1.1" 200 161891 www.chocadoodle.co.uk "-" "Mozilla/5.0 (compatible; SERankingBacklinksBot/1.0; +https://seranking.com/backlinks-crawler)" "-"
144.76.32.0 - - [07/Aug/2026:05:45:31 +0200] "GET /goods.php?special/107031735.html HTTP/1.1" 200 158592 www.chocadoodle.co.uk "-" "Mozilla/5.0 (compatible; SERankingBacklinksBot/1.0; +https://seranking.com/backlinks-crawler)" "-"
2a03:2880:f800:: - - [07/Aug/2026:05:45:32 +0200] "GET /?lokasie=/kunden/kunden/bin/strings&loknya=/kunden/kunden/bin HTTP/1.1" 429 267 www.chocadoodle.co.uk "-" "Mozilla/5.0 (Windows NT 10.0; Win64; x64) AppleWebKit/537.36 (KHTML, like Gecko) Chrome/145.0.0.0 Safari/537.36 (compatible; meta-externalagent/1.1 (+https://developers.facebook.com/docs/sharing/webmasters/crawler))" "-"
74.7.241.0 - - [07/Aug/2026:05:45:33 +0200] "GET /?loknya=/kunden/usr/lib/x86_64-linux-gnu/ruby/2.7.0/cgi HTTP/1.1" 200 6926 chocadoodle.co.uk "https://chocadoodle.co.uk/?loknya=/kunden/usr/lib/x86_64-linux-gnu/ruby/2.7.0" "Mozilla/5.0 AppleWebKit/537.36 (KHTML, like Gecko; compatible; GPTBot/1.4; +https://openai.com/gptbot)" "-"
144.76.32.0 - - [07/Aug/2026:05:45:34 +0200] "GET /goods.php?special/107034113.html HTTP/1.1" 200 158984 www.chocadoodle.co.uk "-" "Mozilla/5.0 (compatible; SERankingBacklinksBot/1.0; +https://seranking.com/backlinks-crawler)" "-"
2a03:2880:f800:: - - [07/Aug/2026:05:45:35 +0200] "GET /?lokasie=/kunden/kunden/bin/pnmtoddif&loknya=/kunden/kunden/bin HTTP/1.1" 200 26839 www.chocadoodle.co.uk "-" "Mozilla/5.0 (Windows NT 10.0; Win64; x64) AppleWebKit/537.36 (KHTML, like Gecko) Chrome/144.0.0.0 Safari/537.36 Edg/144.0.0.0 (compatible; meta-externalagent/1.1 (+https://developers.facebook.com/docs/sharing/webmasters/crawler))" "-"
2a03:2880:f800:: - - [07/Aug/2026:05:45:37 +0200] "GET /?lokasie=/kunden/kunden/bin/factor&loknya=/kunden/kunden/bin HTTP/1.1" 200 128294 www.chocadoodle.co.uk "-" "Mozilla/5.0 (Macintosh; Intel Mac OS X 10_15_7) AppleWebKit/537.36 (KHTML, like Gecko) Chrome/145.0.0.0 Safari/537.36 (compatible; meta-externalagent/1.1 (+https://developers.facebook.com/docs/sharing/webmasters/crawler))" "-"
144.76.32.0 - - [07/Aug/2026:05:45:38 +0200] "GET /goods.php?special/107034977.html HTTP/1.1" 200 172767 www.chocadoodle.co.uk "-" "Mozilla/5.0 (compatible; SERankingBacklinksBot/1.0; +https://seranking.com/backlinks-crawler)" "-"
144.76.32.0 - - [07/Aug/2026:05:45:42 +0200] "GET /goods.php?special/107043211.html HTTP/1.1" 200 158269 www.chocadoodle.co.uk "-" "Mozilla/5.0 (compatible; SERankingBacklinksBot/1.0; +https://seranking.com/backlinks-crawler)" "-"
144.76.32.0 - - [07/Aug/2026:05:45:46 +0200] "GET /goods.php?special/107048949.html HTTP/1.1" 200 158003 www.chocadoodle.co.uk "-" "Mozilla/5.0 (compatible; SERankingBacklinksBot/1.0; +https://seranking.com/backlinks-crawler)" "-"
2a03:2880:f800:: - - [07/Aug/2026:05:45:47 +0200] "GET /?loknya=/homepages/24/d728611132/.config HTTP/1.1" 200 5265 www.chocadoodle.co.uk "-" "Mozilla/5.0 (Windows NT 10.0; Win64; x64) AppleWebKit/537.36 (KHTML, like Gecko) Chrome/145.0.0.0 Safari/537.36 (compatible; meta-externalagent/1.1 (+https://developers.facebook.com/docs/sharing/webmasters/crawler))" "-"
144.76.32.0 - - [07/Aug/2026:05:45:50 +0200] "GET /goods.php?special/108009718.html HTTP/1.1" 200 158310 www.chocadoodle.co.uk "-" "Mozilla/5.0 (compatible; SERankingBacklinksBot/1.0; +https://seranking.com/backlinks-crawler)" "-"
144.76.32.0 - - [07/Aug/2026:05:45:54 +0200] "GET /goods.php?special/108024194.html HTTP/1.1" 200 169091 www.chocadoodle.co.uk "-" "Mozilla/5.0 (compatible; SERankingBacklinksBot/1.0; +https://seranking.com/backlinks-crawler)" "-"
2a03:2880:f800:: - - [07/Aug/2026:05:45:55 +0200] "GET /?lokasie=/kunden/kunden/bin/x86_64-linux-gnu-gcov-tool-10&loknya=/kunden/kunden/bin HTTP/1.1" 200 418581 www.chocadoodle.co.uk "-" "Mozilla/5.0 (X11; Linux x86_64) AppleWebKit/537.36 (KHTML, like Gecko) Chrome/145.0.0.0 Safari/537.36 (compatible; meta-externalagent/1.1 (+https://developers.facebook.com/docs/sharing/webmasters/crawler))" "-"
144.76.32.0 - - [07/Aug/2026:05:45:57 +0200] "GET /goods.php?special/108027150.html HTTP/1.1" 200 159174 www.chocadoodle.co.uk "-" "Mozilla/5.0 (compatible; SERankingBacklinksBot/1.0; +https://seranking.com/backlinks-crawler)" "-"
114.119.149.0 - - [07/Aug/2026:05:45:57 +0200] "GET /bmewtp/btqhcc-c.html HTTP/1.1" 200 27498 wrigglesworths.co.uk "http://wrigglesworths.co.uk/bmewtp/btqhcc-c.html" "Mozilla/5.0 (Linux; Android 7.0;) AppleWebKit/537.36 (HTML, like Gecko) Mobile Safari/537.36 (compatible; PetalBot;+https://webmaster.petalsearch.com/site/petalbot)" "-"
74.7.241.0 - - [07/Aug/2026:05:45:58 +0200] "GET /?loknya=/kunden/usr/lib/x86_64-linux-gnu/ruby/2.7.0/enc HTTP/1.1" 200 64045 chocadoodle.co.uk "https://chocadoodle.co.uk/?loknya=/kunden/usr/lib/x86_64-linux-gnu/ruby/2.7.0" "Mozilla/5.0 AppleWebKit/537.36 (KHTML, like Gecko; compatible; GPTBot/1.4; +https://openai.com/gptbot)" "-"
144.76.32.0 - - [07/Aug/2026:05:46:01 +0200] "GET /goods.php?special/108038456.html HTTP/1.1" 200 159126 www.chocadoodle.co.uk "-" "Mozilla/5.0 (compatible; SERankingBacklinksBot/1.0; +https://seranking.com/backlinks-crawler)" "-"
144.76.32.0 - - [07/Aug/2026:05:46:05 +0200] "GET /goods.php?special/108040218.html HTTP/1.1" 200 162166 www.chocadoodle.co.uk "-" "Mozilla/5.0 (compatible; SERankingBacklinksBot/1.0; +https://seranking.com/backlinks-crawler)" "-"
2a03:2880:f800:: - - [07/Aug/2026:05:46:07 +0200] "GET /?lokasie=/kunden/kunden/bin/tjbench&loknya=/kunden/kunden/bin HTTP/1.1" 200 68420 www.chocadoodle.co.uk "-" "Mozilla/5.0 (Windows NT 10.0; Win64; x64) AppleWebKit/537.36 (KHTML, like Gecko) Chrome/145.0.0.0 Safari/537.36 (compatible; meta-externalagent/1.1 (+https://developers.facebook.com/docs/sharing/webmasters/crawler))" "-"
144.76.32.0 - - [07/Aug/2026:05:46:09 +0200] "GET /goods.php?special/108045716.html HTTP/1.1" 200 157758 www.chocadoodle.co.uk "-" "Mozilla/5.0 (compatible; SERankingBacklinksBot/1.0; +https://seranking.com/backlinks-crawler)" "-"
144.76.32.0 - - [07/Aug/2026:05:46:13 +0200] "GET /goods.php?special/109004319.html HTTP/1.1" 200 158273 www.chocadoodle.co.uk "-" "Mozilla/5.0 (compatible; SERankingBacklinksBot/1.0; +https://seranking.com/backlinks-crawler)" "-"
2a03:2880:f800:: - - [07/Aug/2026:05:46:17 +0200] "GET /?lokasie=/kunden/kunden/bin/rmksh&loknya=/kunden/kunden/bin HTTP/1.1" 200 476359 www.chocadoodle.co.uk "-" "Mozilla/5.0 (Windows NT 10.0; Win64; x64) AppleWebKit/537.36 (KHTML, like Gecko) Chrome/145.0.0.0 Safari/537.36 (compatible; meta-externalagent/1.1 (+https://developers.facebook.com/docs/sharing/webmasters/crawler))" "-"
144.76.32.0 - - [07/Aug/2026:05:46:17 +0200] "GET /goods.php?special/109004417.html HTTP/1.1" 200 163958 www.chocadoodle.co.uk "-" "Mozilla/5.0 (compatible; SERankingBacklinksBot/1.0; +https://seranking.com/backlinks-crawler)" "-"
74.7.241.0 - - [07/Aug/2026:05:46:19 +0200] "GET /?loknya=/kunden/usr/lib/x86_64-linux-gnu/ruby/2.7.0/io HTTP/1.1" 200 9761 chocadoodle.co.uk "https://chocadoodle.co.uk/?loknya=/kunden/usr/lib/x86_64-linux-gnu/ruby/2.7.0" "Mozilla/5.0 AppleWebKit/537.36 (KHTML, like Gecko; compatible; GPTBot/1.4; +https://openai.com/gptbot)" "-"
144.76.32.0 - - [07/Aug/2026:05:46:21 +0200] "GET /goods.php?special/109012795.html HTTP/1.1" 200 158684 www.chocadoodle.co.uk "-" "Mozilla/5.0 (compatible; SERankingBacklinksBot/1.0; +https://seranking.com/backlinks-crawler)" "-"
144.76.32.0 - - [07/Aug/2026:05:46:25 +0200] "GET /goods.php?special/109015435.html HTTP/1.1" 200 158312 www.chocadoodle.co.uk "-" "Mozilla/5.0 (compatible; SERankingBacklinksBot/1.0; +https://seranking.com/backlinks-crawler)" "-"
2a03:2880:f800:: - - [07/Aug/2026:05:46:26 +0200] "GET /?lokasie=/kunden/kunden/bin/pnmtile&loknya=/kunden/kunden/bin HTTP/1.1" 200 19544 www.chocadoodle.co.uk "-" "Mozilla/5.0 (Windows NT 10.0; Win64; x64) AppleWebKit/537.36 (KHTML, like Gecko) Chrome/145.0.0.0 Safari/537.36 (compatible; meta-externalagent/1.1 (+https://developers.facebook.com/docs/sharing/webmasters/crawler))" "-"
94.23.188.0 - - [07/Aug/2026:05:46:26 +0200] "GET /abby.php?sitemap8797.xml HTTP/1.1" 200 58525 gbwconsulting.co.uk "-" "Mozilla/5.0 (compatible; AhrefsBot/7.0; +http://ahrefs.com/robot/)" "-"
144.76.32.0 - - [07/Aug/2026:05:46:29 +0200] "GET /goods.php?special/109023515.html HTTP/1.1" 200 158596 www.chocadoodle.co.uk "-" "Mozilla/5.0 (compatible; SERankingBacklinksBot/1.0; +https://seranking.com/backlinks-crawler)" "-"
74.7.242.0 - - [07/Aug/2026:05:46:30 +0200] "GET /items/31356637920234.html/?loknya=/homepages/43/d732785362/ HTTP/1.1" 200 12748 www.chocadoodle.co.uk "https://www.chocadoodle.co.uk/items/31356637920234.html/?loknya=/homepages/43/d732785362/.config" "Mozilla/5.0 AppleWebKit/537.36 (KHTML, like Gecko; compatible; GPTBot/1.4; +https://openai.com/gptbot)" "-"
114.119.132.0 - - [07/Aug/2026:05:46:32 +0200] "GET /goods.php?special/267041105.html HTTP/1.1" 200 163979 www.chocadoodle.co.uk "https://www.chocadoodle.co.uk/goods.php?special/267041105.html" "Mozilla/5.0 (Linux; Android 7.0;) AppleWebKit/537.36 (HTML, like Gecko) Mobile Safari/537.36 (compatible; PetalBot;+https://webmaster.petalsearch.com/site/petalbot)" "-"
144.76.32.0 - - [07/Aug/2026:05:46:32 +0200] "GET /goods.php?special/109035091.html HTTP/1.1" 200 177866 www.chocadoodle.co.uk "-" "Mozilla/5.0 (compatible; SERankingBacklinksBot/1.0; +https://seranking.com/backlinks-crawler)" "-"
2a03:2880:f800:: - - [07/Aug/2026:05:46:35 +0200] "GET /?lokasie=/kunden/kunden/bin/lwp-mirror&loknya=/kunden/kunden/bin HTTP/1.1" 200 6694 www.chocadoodle.co.uk "-" "Mozilla/5.0 (Windows NT 10.0; Win64; x64) AppleWebKit/537.36 (KHTML, like Gecko) Chrome/145.0.0.0 Safari/537.36 (compatible; meta-externalagent/1.1 (+https://developers.facebook.com/docs/sharing/webmasters/crawler))" "-"
144.76.32.0 - - [07/Aug/2026:05:46:36 +0200] "GET /goods.php?special/110009784.html HTTP/1.1" 200 163079 www.chocadoodle.co.uk "-" "Mozilla/5.0 (compatible; SERankingBacklinksBot/1.0; +https://seranking.com/backlinks-crawler)" "-"
74.7.241.0 - - [07/Aug/2026:05:46:38 +0200] "GET /?loknya=/kunden/usr/lib/x86_64-linux-gnu/ruby/2.7.0/racc HTTP/1.1" 200 6933 chocadoodle.co.uk "https://chocadoodle.co.uk/?loknya=/kunden/usr/lib/x86_64-linux-gnu/ruby/2.7.0" "Mozilla/5.0 AppleWebKit/537.36 (KHTML, like Gecko; compatible; GPTBot/1.4; +https://openai.com/gptbot)" "-"
144.76.32.0 - - [07/Aug/2026:05:46:40 +0200] "GET /goods.php?special/110027304.html HTTP/1.1" 200 157425 www.chocadoodle.co.uk "-" "Mozilla/5.0 (compatible; SERankingBacklinksBot/1.0; +https://seranking.com/backlinks-crawler)" "-"
66.249.69.0 - - [07/Aug/2026:05:46:42 +0200] "GET /c14781784612756/ HTTP/1.1" 200 207813 www.chocadoodle.co.uk "-" "Mozilla/5.0 (Linux; Android 6.0.1; Nexus 5X Build/MMB29P) AppleWebKit/537.36 (KHTML, like Gecko) Chrome/150.0.7871.186 Mobile Safari/537.36 (compatible; Googlebot/2.1; +http://www.google.com/bot.html)" "-"
2a03:2880:f800:: - - [07/Aug/2026:05:46:43 +0200] "GET /?lokasie=/kunden/kunden/bin/tiffcmp&loknya=/kunden/kunden/bin HTTP/1.1" 200 28481 www.chocadoodle.co.uk "-" "Mozilla/5.0 (Windows NT 10.0; Win64; x64) AppleWebKit/537.36 (KHTML, like Gecko) Chrome/145.0.0.0 Safari/537.36 (compatible; meta-externalagent/1.1 (+https://developers.facebook.com/docs/sharing/webmasters/crawler))" "-"
144.76.32.0 - - [07/Aug/2026:05:46:44 +0200] "GET /goods.php?special/110027462.html HTTP/1.1" 200 163279 www.chocadoodle.co.uk "-" "Mozilla/5.0 (compatible; SERankingBacklinksBot/1.0; +https://seranking.com/backlinks-crawler)" "-"
144.76.32.0 - - [07/Aug/2026:05:46:47 +0200] "GET /goods.php?special/110045672.html HTTP/1.1" 200 162090 www.chocadoodle.co.uk "-" "Mozilla/5.0 (compatible; SERankingBacklinksBot/1.0; +https://seranking.com/backlinks-crawler)" "-"
2a03:2880:f800:: - - [07/Aug/2026:05:46:50 +0200] "GET /?lokasie=/kunden/kunden/bin/rrdinfo&loknya=/kunden/kunden/bin HTTP/1.1" 200 249844 www.chocadoodle.co.uk "-" "Mozilla/5.0 (X11; Linux x86_64) AppleWebKit/537.36 (KHTML, like Gecko) Chrome/145.0.0.0 Safari/537.36 (compatible; meta-externalagent/1.1 (+https://developers.facebook.com/docs/sharing/webmasters/crawler))" "-"
144.76.32.0 - - [07/Aug/2026:05:46:51 +0200] "GET /goods.php?special/111004549.html HTTP/1.1" 200 170535 www.chocadoodle.co.uk "-" "Mozilla/5.0 (compatible; SERankingBacklinksBot/1.0; +https://seranking.com/backlinks-crawler)" "-"
144.76.32.0 - - [07/Aug/2026:05:46:55 +0200] "GET /goods.php?special/111012159.html HTTP/1.1" 200 170978 www.chocadoodle.co.uk "-" "Mozilla/5.0 (compatible; SERankingBacklinksBot/1.0; +https://seranking.com/backlinks-crawler)" "-"
74.7.241.0 - - [07/Aug/2026:05:46:56 +0200] "GET /?loknya=/kunden/usr/lib/x86_64-linux-gnu/ruby/2.7.0/json HTTP/1.1" 200 6620 chocadoodle.co.uk "https://chocadoodle.co.uk/?loknya=/kunden/usr/lib/x86_64-linux-gnu/ruby/2.7.0" "Mozilla/5.0 AppleWebKit/537.36 (KHTML, like Gecko; compatible; GPTBot/1.4; +https://openai.com/gptbot)" "-"
2a03:2880:f800:: - - [07/Aug/2026:05:46:56 +0200] "GET /?lokasie=/kunden/kunden/bin/mysql_find_rows&loknya=/kunden/kunden/bin HTTP/1.1" 200 7712 www.chocadoodle.co.uk "-" "Mozilla/5.0 (Macintosh; Intel Mac OS X 10_15_7) AppleWebKit/537.36 (KHTML, like Gecko) Chrome/145.0.0.0 Safari/537.36 (compatible; meta-externalagent/1.1 (+https://developers.facebook.com/docs/sharing/webmasters/crawler))" "-"
144.76.32.0 - - [07/Aug/2026:05:46:58 +0200] "GET /goods.php?special/111015551.html HTTP/1.1" 200 160624 www.chocadoodle.co.uk "-" "Mozilla/5.0 (compatible; SERankingBacklinksBot/1.0; +https://seranking.com/backlinks-crawler)" "-"
2a03:2880:f800:: - - [07/Aug/2026:05:47:02 +0200] "GET /?lokasie=/kunden/kunden/bin/cp&loknya=/kunden/kunden/bin HTTP/1.1" 200 239239 www.chocadoodle.co.uk "-" "Mozilla/5.0 (Macintosh; Intel Mac OS X 10_15_7) AppleWebKit/537.36 (KHTML, like Gecko) Chrome/145.0.0.0 Safari/537.36 (compatible; meta-externalagent/1.1 (+https://developers.facebook.com/docs/sharing/webmasters/crawler))" "-"
144.76.32.0 - - [07/Aug/2026:05:47:02 +0200] "GET /goods.php?special/111019659.html HTTP/1.1" 200 155737 www.chocadoodle.co.uk "-" "Mozilla/5.0 (compatible; SERankingBacklinksBot/1.0; +https://seranking.com/backlinks-crawler)" "-"
144.76.32.0 - - [07/Aug/2026:05:47:06 +0200] "GET /goods.php?special/112002350.html HTTP/1.1" 200 160761 www.chocadoodle.co.uk "-" "Mozilla/5.0 (compatible; SERankingBacklinksBot/1.0; +https://seranking.com/backlinks-crawler)" "-"
144.76.32.0 - - [07/Aug/2026:05:47:09 +0200] "GET /goods.php?special/112031796.html HTTP/1.1" 200 157958 www.chocadoodle.co.uk "-" "Mozilla/5.0 (compatible; SERankingBacklinksBot/1.0; +https://seranking.com/backlinks-crawler)" "-"
2a03:2880:f800:: - - [07/Aug/2026:05:47:10 +0200] "GET /?lokasie=/kunden/kunden/bin/install&loknya=/kunden/kunden/bin HTTP/1.1" 200 253465 www.chocadoodle.co.uk "-" "Mozilla/5.0 (Windows NT 10.0; Win64; x64) AppleWebKit/537.36 (KHTML, like Gecko) Chrome/145.0.0.0 Safari/537.36 (compatible; meta-externalagent/1.1 (+https://developers.facebook.com/docs/sharing/webmasters/crawler))" "-"
74.7.241.0 - - [07/Aug/2026:05:47:13 +0200] "GET /?lokasie=/usr/lib/aspell//australian-wo_accents.alias&loknya=/usr/lib/aspell/ HTTP/1.1" 200 4145 chocadoodle.co.uk "https://chocadoodle.co.uk/?loknya=/usr/lib/aspell/" "Mozilla/5.0 AppleWebKit/537.36 (KHTML, like Gecko; compatible; GPTBot/1.4; +https://openai.com/gptbot)" "-"
144.76.32.0 - - [07/Aug/2026:05:47:13 +0200] "GET /goods.php?special/112034660.html HTTP/1.1" 200 155799 www.chocadoodle.co.uk "-" "Mozilla/5.0 (compatible; SERankingBacklinksBot/1.0; +https://seranking.com/backlinks-crawler)" "-"
2a03:2880:f800:: - - [07/Aug/2026:05:47:15 +0200] "GET /?lokasie=/kunden/kunden/bin/fc-scan&loknya=/kunden/kunden/bin HTTP/1.1" 200 20384 www.chocadoodle.co.uk "-" "Mozilla/5.0 (X11; Linux x86_64) AppleWebKit/537.36 (KHTML, like Gecko) Chrome/145.0.0.0 Safari/537.36 (compatible; meta-externalagent/1.1 (+https://developers.facebook.com/docs/sharing/webmasters/crawler))" "-"
144.76.32.0 - - [07/Aug/2026:05:47:17 +0200] "GET /goods.php?special/112047382.html HTTP/1.1" 200 156037 www.chocadoodle.co.uk "-" "Mozilla/5.0 (compatible; SERankingBacklinksBot/1.0; +https://seranking.com/backlinks-crawler)" "-"
2a03:2880:f800:: - - [07/Aug/2026:05:47:20 +0200] "GET /?lokasie=/kunden/kunden/bin/pod2man&loknya=/kunden/kunden/bin HTTP/1.1" 200 20787 www.chocadoodle.co.uk "-" "Mozilla/5.0 (Windows NT 10.0; Win64; x64) AppleWebKit/537.36 (KHTML, like Gecko) Chrome/145.0.0.0 Safari/537.36 (compatible; meta-externalagent/1.1 (+https://developers.facebook.com/docs/sharing/webmasters/crawler))" "-"
144.76.32.0 - - [07/Aug/2026:05:47:20 +0200] "GET /goods.php?special/113004847.html HTTP/1.1" 200 157195 www.chocadoodle.co.uk "-" "Mozilla/5.0 (compatible; SERankingBacklinksBot/1.0; +https://seranking.com/backlinks-crawler)" "-"
114.119.149.0 - - [07/Aug/2026:05:47:21 +0200] "GET /bjpmte/qreyee-c.html HTTP/1.1" 200 27498 wrigglesworths.co.uk "http://wrigglesworths.co.uk/bjpmte/qreyee-c.html" "Mozilla/5.0 (Linux; Android 7.0;) AppleWebKit/537.36 (HTML, like Gecko) Mobile Safari/537.36 (compatible; PetalBot;+https://webmaster.petalsearch.com/site/petalbot)" "-"
144.76.32.0 - - [07/Aug/2026:05:47:24 +0200] "GET /goods.php?special/113037207.html HTTP/1.1" 200 162919 www.chocadoodle.co.uk "-" "Mozilla/5.0 (compatible; SERankingBacklinksBot/1.0; +https://seranking.com/backlinks-crawler)" "-"
2a03:2880:f800:: - - [07/Aug/2026:05:47:26 +0200] "GET /?lokasie=/kunden/kunden/bin/gcc-ranlib&loknya=/kunden/kunden/bin HTTP/1.1" 200 34233 www.chocadoodle.co.uk "-" "Mozilla/5.0 (Windows NT 10.0; Win64; x64) AppleWebKit/537.36 (KHTML, like Gecko) Chrome/145.0.0.0 Safari/537.36 (compatible; meta-externalagent/1.1 (+https://developers.facebook.com/docs/sharing/webmasters/crawler))" "-"
74.7.241.0 - - [07/Aug/2026:05:47:27 +0200] "GET /?lokasie=/usr/lib/aspell//american-w_accents.alias&loknya=/usr/lib/aspell/ HTTP/1.1" 200 4141 chocadoodle.co.uk "https://chocadoodle.co.uk/?loknya=/usr/lib/aspell/" "Mozilla/5.0 AppleWebKit/537.36 (KHTML, like Gecko; compatible; GPTBot/1.4; +https://openai.com/gptbot)" "-"
144.76.32.0 - - [07/Aug/2026:05:47:28 +0200] "GET /goods.php?special/114006632.html HTTP/1.1" 200 178513 www.chocadoodle.co.uk "-" "Mozilla/5.0 (compatible; SERankingBacklinksBot/1.0; +https://seranking.com/backlinks-crawler)" "-"
2a03:2880:f800:: - - [07/Aug/2026:05:47:29 +0200] "GET /?lokasie=/kunden/kunden/bin/setterm&loknya=/kunden/kunden/bin HTTP/1.1" 200 69526 www.chocadoodle.co.uk "-" "Mozilla/5.0 (Windows NT 10.0; Win64; x64) AppleWebKit/537.36 (KHTML, like Gecko) Chrome/145.0.0.0 Safari/537.36 (compatible; meta-externalagent/1.1 (+https://developers.facebook.com/docs/sharing/webmasters/crawler))" "-"
74.7.242.0 - - [07/Aug/2026:05:47:31 +0200] "GET /items/16305865256219.html/?loknya=/homepages/43/d124547881/ HTTP/1.1" 200 25950 www.chocadoodle.co.uk "https://www.chocadoodle.co.uk/items/16305865256219.html/?loknya=/homepages/43/d124547881/htdocs/" "Mozilla/5.0 AppleWebKit/537.36 (KHTML, like Gecko; compatible; GPTBot/1.4; +https://openai.com/gptbot)" "-"
144.76.32.0 - - [07/Aug/2026:05:47:32 +0200] "GET /goods.php?special/114010676.html HTTP/1.1" 200 175006 www.chocadoodle.co.uk "-" "Mozilla/5.0 (compatible; SERankingBacklinksBot/1.0; +https://seranking.com/backlinks-crawler)" "-"
2a03:2880:f800:: - - [07/Aug/2026:05:47:34 +0200] "GET /?lokasie=/kunden/kunden/bin/Mail&loknya=/kunden/kunden/bin HTTP/1.1" 200 172816 www.chocadoodle.co.uk "-" "Mozilla/5.0 (Windows NT 10.0; Win64; x64) AppleWebKit/537.36 (KHTML, like Gecko) Chrome/145.0.0.0 Safari/537.36 (compatible; meta-externalagent/1.1 (+https://developers.facebook.com/docs/sharing/webmasters/crawler))" "-"
144.76.32.0 - - [07/Aug/2026:05:47:36 +0200] "GET /goods.php?special/114014004.html HTTP/1.1" 200 166803 www.chocadoodle.co.uk "-" "Mozilla/5.0 (compatible; SERankingBacklinksBot/1.0; +https://seranking.com/backlinks-crawler)" "-"
2a03:2880:f800:: - - [07/Aug/2026:05:47:39 +0200] "GET /?lokasie=/kunden/kunden/bin/htdbm&loknya=/kunden/kunden/bin HTTP/1.1" 200 36146 www.chocadoodle.co.uk "-" "Mozilla/5.0 (X11; Linux x86_64) AppleWebKit/537.36 (KHTML, like Gecko) Chrome/145.0.0.0 Safari/537.36 (compatible; meta-externalagent/1.1 (+https://developers.facebook.com/docs/sharing/webmasters/crawler))" "-"
144.76.32.0 - - [07/Aug/2026:05:47:39 +0200] "GET /goods.php?special/114035920.html HTTP/1.1" 200 158175 www.chocadoodle.co.uk "-" "Mozilla/5.0 (compatible; SERankingBacklinksBot/1.0; +https://seranking.com/backlinks-crawler)" "-"
74.7.241.0 - - [07/Aug/2026:05:47:41 +0200] "GET /?lokasie=/usr/lib/aspell//british-ise-w_accents.alias&loknya=/usr/lib/aspell/ HTTP/1.1" 200 4148 chocadoodle.co.uk "https://chocadoodle.co.uk/?loknya=/usr/lib/aspell/" "Mozilla/5.0 AppleWebKit/537.36 (KHTML, like Gecko; compatible; GPTBot/1.4; +https://openai.com/gptbot)" "-"
2a03:2880:f800:: - - [07/Aug/2026:05:47:43 +0200] "GET /?lokasie=/kunden/kunden/bin/zipinfo&loknya=/kunden/kunden/bin HTTP/1.1" 200 263267 www.chocadoodle.co.uk "-" "Mozilla/5.0 (Macintosh; Intel Mac OS X 10_15_7) AppleWebKit/537.36 (KHTML, like Gecko) Chrome/145.0.0.0 Safari/537.36 (compatible; meta-externalagent/1.1 (+https://developers.facebook.com/docs/sharing/webmasters/crawler))" "-"
144.76.32.0 - - [07/Aug/2026:05:47:43 +0200] "GET /goods.php?special/114037618.html HTTP/1.1" 200 160183 www.chocadoodle.co.uk "-" "Mozilla/5.0 (compatible; SERankingBacklinksBot/1.0; +https://seranking.com/backlinks-crawler)" "-"
2a03:2880:f800:: - - [07/Aug/2026:05:47:47 +0200] "GET /?lokasie=/kunden/kunden/bin/printf&loknya=/kunden/kunden/bin HTTP/1.1" 429 267 www.chocadoodle.co.uk "-" "Mozilla/5.0 (Windows NT 10.0; Win64; x64) AppleWebKit/537.36 (KHTML, like Gecko) Chrome/145.0.0.0 Safari/537.36 (compatible; meta-externalagent/1.1 (+https://developers.facebook.com/docs/sharing/webmasters/crawler))" "-"
144.76.32.0 - - [07/Aug/2026:05:47:47 +0200] "GET /goods.php?special/114039800.html HTTP/1.1" 200 170545 www.chocadoodle.co.uk "-" "Mozilla/5.0 (compatible; SERankingBacklinksBot/1.0; +https://seranking.com/backlinks-crawler)" "-"
2a03:2880:f800:: - - [07/Aug/2026:05:47:51 +0200] "GET /?lokasie=/kunden/kunden/bin/mysql_fix_extensions&loknya=/kunden/kunden/bin HTTP/1.1" 429 267 www.chocadoodle.co.uk "-" "Mozilla/5.0 (Windows NT 10.0; Win64; x64) AppleWebKit/537.36 (KHTML, like Gecko) Chrome/145.0.0.0 Safari/537.36 (compatible; meta-externalagent/1.1 (+https://developers.facebook.com/docs/sharing/webmasters/crawler))" "-"
144.76.32.0 - - [07/Aug/2026:05:47:51 +0200] "GET /goods.php?special/114049182.html HTTP/1.1" 200 157777 www.chocadoodle.co.uk "-" "Mozilla/5.0 (compatible; SERankingBacklinksBot/1.0; +https://seranking.com/backlinks-crawler)" "-"
2a03:2880:f800:: - - [07/Aug/2026:05:47:52 +0200] "GET /?lokasie=/kunden/kunden/bin/migrate-pubring-from-classic-gpg&loknya=/kunden/kunden/bin HTTP/1.1" 429 267 www.chocadoodle.co.uk "-" "Mozilla/5.0 (Windows NT 10.0; Win64; x64) AppleWebKit/537.36 (KHTML, like Gecko) Chrome/145.0.0.0 Safari/537.36 (compatible; meta-externalagent/1.1 (+https://developers.facebook.com/docs/sharing/webmasters/crawler))" "-"
74.7.241.0 - - [07/Aug/2026:05:47:52 +0200] "GET /?lokasie=/usr/lib/aspell//british-ise-wo_accents.alias&loknya=/usr/lib/aspell/ HTTP/1.1" 200 4150 chocadoodle.co.uk "https://chocadoodle.co.uk/?loknya=/usr/lib/aspell/" "Mozilla/5.0 AppleWebKit/537.36 (KHTML, like Gecko; compatible; GPTBot/1.4; +https://openai.com/gptbot)" "-"
144.76.32.0 - - [07/Aug/2026:05:47:54 +0200] "GET /goods.php?special/115002017.html HTTP/1.1" 200 162059 www.chocadoodle.co.uk "-" "Mozilla/5.0 (compatible; SERankingBacklinksBot/1.0; +https://seranking.com/backlinks-crawler)" "-"
2a03:2880:f800:: - - [07/Aug/2026:05:47:55 +0200] "GET /?lokasie=/kunden/kunden/bin/mcview&loknya=/kunden/kunden/bin HTTP/1.1" 429 267 www.chocadoodle.co.uk "-" "Mozilla/5.0 (Macintosh; Intel Mac OS X 10.15; rv:147.0) Gecko/20100101 Firefox/147.0 (compatible; meta-externalagent/1.1 (+https://developers.facebook.com/docs/sharing/webmasters/crawler))" "-"
114.119.132.0 - - [07/Aug/2026:05:47:55 +0200] "GET /goods.php?special/265011705.html HTTP/1.1" 200 156242 www.chocadoodle.co.uk "https://www.chocadoodle.co.uk/goods.php?special/265011705.html" "Mozilla/5.0 (Linux; Android 7.0;) AppleWebKit/537.36 (HTML, like Gecko) Mobile Safari/537.36 (compatible; PetalBot;+https://webmaster.petalsearch.com/site/petalbot)" "-"
66.249.69.0 - - [07/Aug/2026:05:47:56 +0200] "GET /t12707786530769/ HTTP/1.1" 200 210833 www.chocadoodle.co.uk "-" "Mozilla/5.0 (Linux; Android 6.0.1; Nexus 5X Build/MMB29P) AppleWebKit/537.36 (KHTML, like Gecko) Chrome/150.0.7871.186 Mobile Safari/537.36 (compatible; Googlebot/2.1; +http://www.google.com/bot.html)" "-"
2a03:2880:f800:: - - [07/Aug/2026:05:47:57 +0200] "GET /?lokasie=/kunden/kunden/bin/dbiprof&loknya=/kunden/kunden/bin HTTP/1.1" 429 267 www.chocadoodle.co.uk "-" "Mozilla/5.0 (Macintosh; Intel Mac OS X 10_15_7) AppleWebKit/537.36 (KHTML, like Gecko) Chrome/145.0.0.0 Safari/537.36 (compatible; meta-externalagent/1.1 (+https://developers.facebook.com/docs/sharing/webmasters/crawler))" "-"
144.76.32.0 - - [07/Aug/2026:05:47:58 +0200] "GET /goods.php?special/115003893.html HTTP/1.1" 200 160405 www.chocadoodle.co.uk "-" "Mozilla/5.0 (compatible; SERankingBacklinksBot/1.0; +https://seranking.com/backlinks-crawler)" "-"
2a03:2880:f800:: - - [07/Aug/2026:05:48:02 +0200] "GET /?lokasie=/kunden/kunden/bin/pftp&loknya=/kunden/kunden/bin HTTP/1.1" 429 267 www.chocadoodle.co.uk "-" "Mozilla/5.0 (X11; Linux x86_64) AppleWebKit/537.36 (KHTML, like Gecko) Chrome/145.0.0.0 Safari/537.36 (compatible; meta-externalagent/1.1 (+https://developers.facebook.com/docs/sharing/webmasters/crawler))" "-"
144.76.32.0 - - [07/Aug/2026:05:48:02 +0200] "GET /goods.php?special/115017563.html HTTP/1.1" 200 162971 www.chocadoodle.co.uk "-" "Mozilla/5.0 (compatible; SERankingBacklinksBot/1.0; +https://seranking.com/backlinks-crawler)" "-"
74.7.241.0 - - [07/Aug/2026:05:48:03 +0200] "GET /?lokasie=/usr/lib/aspell//canadian-wo_accents.alias&loknya=/usr/lib/aspell/ HTTP/1.1" 200 4143 chocadoodle.co.uk "https://chocadoodle.co.uk/?loknya=/usr/lib/aspell/" "Mozilla/5.0 AppleWebKit/537.36 (KHTML, like Gecko; compatible; GPTBot/1.4; +https://openai.com/gptbot)" "-"
2a03:2880:f800:: - - [07/Aug/2026:05:48:03 +0200] "GET /?lokasie=/kunden/kunden/bin/ppmtopj&loknya=/kunden/kunden/bin HTTP/1.1" 429 267 www.chocadoodle.co.uk "-" "Mozilla/5.0 (Windows NT 10.0; Win64; x64) AppleWebKit/537.36 (KHTML, like Gecko) Chrome/145.0.0.0 Safari/537.36 (compatible; meta-externalagent/1.1 (+https://developers.facebook.com/docs/sharing/webmasters/crawler))" "-"
144.76.32.0 - - [07/Aug/2026:05:48:06 +0200] "GET /goods.php?special/115019943.html HTTP/1.1" 200 157454 www.chocadoodle.co.uk "-" "Mozilla/5.0 (compatible; SERankingBacklinksBot/1.0; +https://seranking.com/backlinks-crawler)" "-"
2a03:2880:f800:: - - [07/Aug/2026:05:48:09 +0200] "GET /?lokasie=/kunden/kunden/bin/bzfgrep&loknya=/kunden/kunden/bin HTTP/1.1" 429 267 www.chocadoodle.co.uk "-" "Mozilla/5.0 (Macintosh; Intel Mac OS X 10_15_7) AppleWebKit/537.36 (KHTML, like Gecko) Chrome/145.0.0.0 Safari/537.36 (compatible; meta-externalagent/1.1 (+https://developers.facebook.com/docs/sharing/webmasters/crawler))" "-"
144.76.32.0 - - [07/Aug/2026:05:48:09 +0200] "GET /goods.php?special/115027899.html HTTP/1.1" 200 158111 www.chocadoodle.co.uk "-" "Mozilla/5.0 (compatible; SERankingBacklinksBot/1.0; +https://seranking.com/backlinks-crawler)" "-"
2a03:2880:f800:: - - [07/Aug/2026:05:48:11 +0200] "GET /?lokasie=/kunden/kunden/bin/chgrp&loknya=/kunden/kunden/bin HTTP/1.1" 429 267 www.chocadoodle.co.uk "-" "Mozilla/5.0 (Windows NT 10.0; Win64; x64) AppleWebKit/537.36 (KHTML, like Gecko) Chrome/145.0.0.0 Safari/537.36 Edg/145.0.0.0 (compatible; meta-externalagent/1.1 (+https://developers.facebook.com/docs/sharing/webmasters/crawler))" "-"
74.7.241.0 - - [07/Aug/2026:05:48:12 +0200] "GET /?lokasie=/usr/lib/aspell//english-wo_accents.alias&loknya=/usr/lib/aspell/ HTTP/1.1" 200 4139 chocadoodle.co.uk "https://chocadoodle.co.uk/?loknya=/usr/lib/aspell/" "Mozilla/5.0 AppleWebKit/537.36 (KHTML, like Gecko; compatible; GPTBot/1.4; +https://openai.com/gptbot)" "-"
144.76.32.0 - - [07/Aug/2026:05:48:13 +0200] "GET /goods.php?special/116002376.html HTTP/1.1" 200 160208 www.chocadoodle.co.uk "-" "Mozilla/5.0 (compatible; SERankingBacklinksBot/1.0; +https://seranking.com/backlinks-crawler)" "-"
144.76.32.0 - - [07/Aug/2026:05:48:17 +0200] "GET /goods.php?special/116004340.html HTTP/1.1" 200 158293 www.chocadoodle.co.uk "-" "Mozilla/5.0 (compatible; SERankingBacklinksBot/1.0; +https://seranking.com/backlinks-crawler)" "-"
2a03:2880:f800:: - - [07/Aug/2026:05:48:19 +0200] "GET /?lokasie=/kunden/kunden/bin/jpegtran&loknya=/kunden/kunden/bin HTTP/1.1" 429 267 www.chocadoodle.co.uk "-" "Mozilla/5.0 (Windows NT 10.0; Win64; x64) AppleWebKit/537.36 (KHTML, like Gecko) Chrome/145.0.0.0 Safari/537.36 (compatible; meta-externalagent/1.1 (+https://developers.facebook.com/docs/sharing/webmasters/crawler))" "-"
66.249.69.0 - - [07/Aug/2026:05:48:19 +0200] "GET /x12120066324997/ HTTP/1.1" 200 204180 www.chocadoodle.co.uk "-" "Mozilla/5.0 (Linux; Android 6.0.1; Nexus 5X Build/MMB29P) AppleWebKit/537.36 (KHTML, like Gecko) Chrome/150.0.7871.186 Mobile Safari/537.36 (compatible; Googlebot/2.1; +http://www.google.com/bot.html)" "-"
74.7.241.0 - - [07/Aug/2026:05:48:20 +0200] "GET /?loknya=/kunden/usr/lib/x86_64-linux-gnu/ruby/2.7.0/ HTTP/1.1" 200 51301 chocadoodle.co.uk "https://chocadoodle.co.uk/?loknya=/kunden/usr/lib/x86_64-linux-gnu/ruby/2.7.0/cgi" "Mozilla/5.0 AppleWebKit/537.36 (KHTML, like Gecko; compatible; GPTBot/1.4; +https://openai.com/gptbot)" "-"
144.76.32.0 - - [07/Aug/2026:05:48:21 +0200] "GET /goods.php?special/116010898.html HTTP/1.1" 200 159915 www.chocadoodle.co.uk "-" "Mozilla/5.0 (compatible; SERankingBacklinksBot/1.0; +https://seranking.com/backlinks-crawler)" "-"
2a03:2880:f800:: - - [07/Aug/2026:05:48:21 +0200] "GET /?lokasie=/kunden/kunden/bin/dpkg-name&loknya=/kunden/kunden/bin HTTP/1.1" 429 267 www.chocadoodle.co.uk "-" "Mozilla/5.0 (Windows NT 10.0; Win64; x64) AppleWebKit/537.36 (KHTML, like Gecko) Chrome/145.0.0.0 Safari/537.36 (compatible; meta-externalagent/1.1 (+https://developers.facebook.com/docs/sharing/webmasters/crawler))" "-"
2a03:2880:f800:: - - [07/Aug/2026:05:48:22 +0200] "GET /?lokasie=/kunden/kunden/bin/x86_64-linux-gnu-strip&loknya=/kunden/kunden/bin HTTP/1.1" 429 267 www.chocadoodle.co.uk "-" "Mozilla/5.0 (X11; Linux x86_64) AppleWebKit/537.36 (KHTML, like Gecko) Chrome/145.0.0.0 Safari/537.36 (compatible; meta-externalagent/1.1 (+https://developers.facebook.com/docs/sharing/webmasters/crawler))" "-"
144.76.32.0 - - [07/Aug/2026:05:48:24 +0200] "GET /goods.php?special/116012346.html HTTP/1.1" 200 163869 www.chocadoodle.co.uk "-" "Mozilla/5.0 (compatible; SERankingBacklinksBot/1.0; +https://seranking.com/backlinks-crawler)" "-"
74.7.242.0 - - [07/Aug/2026:05:48:26 +0200] "GET /items/36304195061467.html/?loknya=/homepages/43/d729328136/ HTTP/1.1" 200 19596 www.chocadoodle.co.uk "https://www.chocadoodle.co.uk/items/36304195061467.html/?loknya=/homepages/43/d729328136/.config" "Mozilla/5.0 AppleWebKit/537.36 (KHTML, like Gecko; compatible; GPTBot/1.4; +https://openai.com/gptbot)" "-"
74.7.241.0 - - [07/Aug/2026:05:48:28 +0200] "GET /?lokasie=/usr/lib/aspell//british-wo_accents.alias&loknya=/usr/lib/aspell/ HTTP/1.1" 429 267 chocadoodle.co.uk "https://chocadoodle.co.uk/?loknya=/usr/lib/aspell/" "Mozilla/5.0 AppleWebKit/537.36 (KHTML, like Gecko; compatible; GPTBot/1.4; +https://openai.com/gptbot)" "-"
144.76.32.0 - - [07/Aug/2026:05:48:28 +0200] "GET /goods.php?special/116029912.html HTTP/1.1" 200 156209 www.chocadoodle.co.uk "-" "Mozilla/5.0 (compatible; SERankingBacklinksBot/1.0; +https://seranking.com/backlinks-crawler)" "-"
144.76.32.0 - - [07/Aug/2026:05:48:32 +0200] "GET /goods.php?special/116033098.html HTTP/1.1" 200 156821 www.chocadoodle.co.uk "-" "Mozilla/5.0 (compatible; SERankingBacklinksBot/1.0; +https://seranking.com/backlinks-crawler)" "-"
2a03:2880:f800:: - - [07/Aug/2026:05:48:33 +0200] "GET /?lokasie=/kunden/kunden/bin/pbmtoplot&loknya=/kunden/kunden/bin HTTP/1.1" 429 267 www.chocadoodle.co.uk "-" "Mozilla/5.0 (Macintosh; Intel Mac OS X 10_15_7) AppleWebKit/537.36 (KHTML, like Gecko) Chrome/145.0.0.0 Safari/537.36 (compatible; meta-externalagent/1.1 (+https://developers.facebook.com/docs/sharing/webmasters/crawler))" "-"
74.7.241.0 - - [07/Aug/2026:05:48:35 +0200] "GET /?lokasie=/usr/lib/aspell//english-w_accents.alias&loknya=/usr/lib/aspell/ HTTP/1.1" 429 267 chocadoodle.co.uk "https://chocadoodle.co.uk/?loknya=/usr/lib/aspell/" "Mozilla/5.0 AppleWebKit/537.36 (KHTML, like Gecko; compatible; GPTBot/1.4; +https://openai.com/gptbot)" "-"
2a03:2880:f800:: - - [07/Aug/2026:05:48:35 +0200] "GET /?lokasie=/kunden/kunden/bin/dc&loknya=/kunden/kunden/bin HTTP/1.1" 429 267 www.chocadoodle.co.uk "-" "Mozilla/5.0 (Windows NT 10.0; Win64; x64) AppleWebKit/537.36 (KHTML, like Gecko) Chrome/145.0.0.0 Safari/537.36 (compatible; meta-externalagent/1.1 (+https://developers.facebook.com/docs/sharing/webmasters/crawler))" "-"
144.76.32.0 - - [07/Aug/2026:05:48:36 +0200] "GET /goods.php?special/116049112.html HTTP/1.1" 200 159773 www.chocadoodle.co.uk "-" "Mozilla/5.0 (compatible; SERankingBacklinksBot/1.0; +https://seranking.com/backlinks-crawler)" "-"
2a03:2880:f800:: - - [07/Aug/2026:05:48:37 +0200] "GET /?lokasie=/kunden/kunden/bin/c99&loknya=/kunden/kunden/bin HTTP/1.1" 429 267 www.chocadoodle.co.uk "-" "Mozilla/5.0 (Windows NT 10.0; Win64; x64) AppleWebKit/537.36 (KHTML, like Gecko) Chrome/145.0.0.0 Safari/537.36 Edg/145.0.0.0 (compatible; meta-externalagent/1.1 (+https://developers.facebook.com/docs/sharing/webmasters/crawler))" "-"
2a03:2880:f800:: - - [07/Aug/2026:05:48:39 +0200] "GET /?lokasie=/kunden/kunden/bin/gpgv&loknya=/kunden/kunden/bin HTTP/1.1" 429 267 www.chocadoodle.co.uk "-" "Mozilla/5.0 (X11; Linux x86_64) AppleWebKit/537.36 (KHTML, like Gecko) Chrome/145.0.0.0 Safari/537.36 (compatible; meta-externalagent/1.1 (+https://developers.facebook.com/docs/sharing/webmasters/crawler))" "-"
144.76.32.0 - - [07/Aug/2026:05:48:39 +0200] "GET /goods.php?special/117020415.html HTTP/1.1" 200 161797 www.chocadoodle.co.uk "-" "Mozilla/5.0 (compatible; SERankingBacklinksBot/1.0; +https://seranking.com/backlinks-crawler)" "-"
2a03:2880:f800:: - - [07/Aug/2026:05:48:41 +0200] "GET /?lokasie=/kunden/kunden/bin/bzgrep&loknya=/kunden/kunden/bin HTTP/1.1" 429 267 www.chocadoodle.co.uk "-" "Mozilla/5.0 (Windows NT 10.0; Win64; x64) AppleWebKit/537.36 (KHTML, like Gecko) Chrome/145.0.0.0 Safari/537.36 (compatible; meta-externalagent/1.1 (+https://developers.facebook.com/docs/sharing/webmasters/crawler))" "-"
144.76.32.0 - - [07/Aug/2026:05:48:43 +0200] "GET /goods.php?special/117026455.html HTTP/1.1" 200 160676 www.chocadoodle.co.uk "-" "Mozilla/5.0 (compatible; SERankingBacklinksBot/1.0; +https://seranking.com/backlinks-crawler)" "-"
114.119.158.0 - - [07/Aug/2026:05:48:45 +0200] "GET /bexlqt/qgsuta-c.html HTTP/1.1" 200 27498 wrigglesworths.co.uk "http://wrigglesworths.co.uk/bexlqt/qgsuta-c.html" "Mozilla/5.0 (Linux; Android 7.0;) AppleWebKit/537.36 (HTML, like Gecko) Mobile Safari/537.36 (compatible; PetalBot;+https://webmaster.petalsearch.com/site/petalbot)" "-"
144.76.32.0 - - [07/Aug/2026:05:48:47 +0200] "GET /goods.php?special/117030031.html HTTP/1.1" 200 156432 www.chocadoodle.co.uk "-" "Mozilla/5.0 (compatible; SERankingBacklinksBot/1.0; +https://seranking.com/backlinks-crawler)" "-"
144.76.32.0 - - [07/Aug/2026:05:48:51 +0200] "GET /goods.php?special/117036813.html HTTP/1.1" 200 163561 www.chocadoodle.co.uk "-" "Mozilla/5.0 (compatible; SERankingBacklinksBot/1.0; +https://seranking.com/backlinks-crawler)" "-"
144.76.32.0 - - [07/Aug/2026:05:48:54 +0200] "GET /goods.php?special/117037335.html HTTP/1.1" 200 179052 www.chocadoodle.co.uk "-" "Mozilla/5.0 (compatible; SERankingBacklinksBot/1.0; +https://seranking.com/backlinks-crawler)" "-"
74.7.241.0 - - [07/Aug/2026:05:48:56 +0200] "GET /?lokasie=/usr/lib/aspell//british-w_accents.alias&loknya=/usr/lib/aspell/ HTTP/1.1" 429 267 chocadoodle.co.uk "https://chocadoodle.co.uk/?loknya=/usr/lib/aspell/" "Mozilla/5.0 AppleWebKit/537.36 (KHTML, like Gecko; compatible; GPTBot/1.4; +https://openai.com/gptbot)" "-"
144.76.32.0 - - [07/Aug/2026:05:48:58 +0200] "GET /goods.php?special/117039839.html HTTP/1.1" 200 172241 www.chocadoodle.co.uk "-" "Mozilla/5.0 (compatible; SERankingBacklinksBot/1.0; +https://seranking.com/backlinks-crawler)" "-"
2a03:2880:f800:: - - [07/Aug/2026:05:49:00 +0200] "GET /?lokasie=/kunden/kunden/bin/shasum&loknya=/kunden/kunden/bin HTTP/1.1" 200 15168 www.chocadoodle.co.uk "-" "Mozilla/5.0 (Macintosh; Intel Mac OS X 10_15_7) AppleWebKit/537.36 (KHTML, like Gecko) Chrome/145.0.0.0 Safari/537.36 (compatible; meta-externalagent/1.1 (+https://developers.facebook.com/docs/sharing/webmasters/crawler))" "-"
144.76.32.0 - - [07/Aug/2026:05:49:02 +0200] "GET /goods.php?special/118019838.html HTTP/1.1" 200 165604 www.chocadoodle.co.uk "-" "Mozilla/5.0 (compatible; SERankingBacklinksBot/1.0; +https://seranking.com/backlinks-crawler)" "-"
2a03:2880:f800:: - - [07/Aug/2026:05:49:04 +0200] "GET /?lokasie=/kunden/kunden/bin/rmdir&loknya=/kunden/kunden/bin HTTP/1.1" 200 80115 www.chocadoodle.co.uk "-" "Mozilla/5.0 (Windows NT 10.0; Win64; x64) AppleWebKit/537.36 (KHTML, like Gecko) Chrome/145.0.0.0 Safari/537.36 (compatible; meta-externalagent/1.1 (+https://developers.facebook.com/docs/sharing/webmasters/crawler))" "-"
144.76.32.0 - - [07/Aug/2026:05:49:06 +0200] "GET /goods.php?special/118020456.html HTTP/1.1" 200 159603 www.chocadoodle.co.uk "-" "Mozilla/5.0 (compatible; SERankingBacklinksBot/1.0; +https://seranking.com/backlinks-crawler)" "-"
144.76.32.0 - - [07/Aug/2026:05:49:09 +0200] "GET /goods.php?special/118037056.html HTTP/1.1" 200 193546 www.chocadoodle.co.uk "-" "Mozilla/5.0 (compatible; SERankingBacklinksBot/1.0; +https://seranking.com/backlinks-crawler)" "-"
144.76.32.0 - - [07/Aug/2026:05:49:13 +0200] "GET /goods.php?special/118044642.html HTTP/1.1" 200 157295 www.chocadoodle.co.uk "-" "Mozilla/5.0 (compatible; SERankingBacklinksBot/1.0; +https://seranking.com/backlinks-crawler)" "-"
66.249.69.0 - - [07/Aug/2026:05:49:14 +0200] "GET /g47708607941451/ HTTP/1.1" 200 212661 www.chocadoodle.co.uk "-" "Mozilla/5.0 (Linux; Android 6.0.1; Nexus 5X Build/MMB29P) AppleWebKit/537.36 (KHTML, like Gecko) Chrome/150.0.7871.186 Mobile Safari/537.36 (compatible; GoogleOther)" "-"
74.7.242.0 - - [07/Aug/2026:05:49:17 +0200] "GET /items/24344896906505.html/?loknya=/homepages/43/d124547881/ HTTP/1.1" 200 25950 www.chocadoodle.co.uk "https://www.chocadoodle.co.uk/items/24344896906505.html/?loknya=/homepages/43/d124547881/htdocs/" "Mozilla/5.0 AppleWebKit/537.36 (KHTML, like Gecko; compatible; GPTBot/1.4; +https://openai.com/gptbot)" "-"
144.76.32.0 - - [07/Aug/2026:05:49:17 +0200] "GET /goods.php?special/118047304.html HTTP/1.1" 200 185191 www.chocadoodle.co.uk "-" "Mozilla/5.0 (compatible; SERankingBacklinksBot/1.0; +https://seranking.com/backlinks-crawler)" "-"
114.119.158.0 - - [07/Aug/2026:05:49:20 +0200] "GET /goods.php?special/263040595.html HTTP/1.1" 200 176149 www.chocadoodle.co.uk "https://www.chocadoodle.co.uk/goods.php?special/263040595.html" "Mozilla/5.0 (Linux; Android 7.0;) AppleWebKit/537.36 (HTML, like Gecko) Mobile Safari/537.36 (compatible; PetalBot;+https://webmaster.petalsearch.com/site/petalbot)" "-"
144.76.32.0 - - [07/Aug/2026:05:49:21 +0200] "GET /goods.php?special/119001715.html HTTP/1.1" 200 158352 www.chocadoodle.co.uk "-" "Mozilla/5.0 (compatible; SERankingBacklinksBot/1.0; +https://seranking.com/backlinks-crawler)" "-"
2a03:2880:f800:: - - [07/Aug/2026:05:49:24 +0200] "GET /?lokasie=/kunden/kunden/bin/htdigest&loknya=/kunden/kunden/bin HTTP/1.1" 200 21282 www.chocadoodle.co.uk "-" "Mozilla/5.0 (Windows NT 10.0; Win64; x64) AppleWebKit/537.36 (KHTML, like Gecko) Chrome/145.0.0.0 Safari/537.36 (compatible; meta-externalagent/1.1 (+https://developers.facebook.com/docs/sharing/webmasters/crawler))" "-"
144.76.32.0 - - [07/Aug/2026:05:49:24 +0200] "GET /goods.php?special/119004677.html HTTP/1.1" 200 169834 www.chocadoodle.co.uk "-" "Mozilla/5.0 (compatible; SERankingBacklinksBot/1.0; +https://seranking.com/backlinks-crawler)" "-"
144.76.32.0 - - [07/Aug/2026:05:49:28 +0200] "GET /goods.php?special/119005731.html HTTP/1.1" 200 161562 www.chocadoodle.co.uk "-" "Mozilla/5.0 (compatible; SERankingBacklinksBot/1.0; +https://seranking.com/backlinks-crawler)" "-"
144.76.32.0 - - [07/Aug/2026:05:49:32 +0200] "GET /goods.php?special/119013005.html HTTP/1.1" 200 166346 www.chocadoodle.co.uk "-" "Mozilla/5.0 (compatible; SERankingBacklinksBot/1.0; +https://seranking.com/backlinks-crawler)" "-"
144.76.32.0 - - [07/Aug/2026:05:49:36 +0200] "GET /goods.php?special/119014647.html HTTP/1.1" 200 162074 www.chocadoodle.co.uk "-" "Mozilla/5.0 (compatible; SERankingBacklinksBot/1.0; +https://seranking.com/backlinks-crawler)" "-"
154.192.169.0 - - [07/Aug/2026:05:49:37 +0200] "GET /sitemap623.xml HTTP/1.1" 200 395110 chocadoodle.co.uk "-" "Mozilla/5.0 (Macintosh; Intel Mac OS X 14.4; rv:127.0) Gecko/20100101 Firefox/127.0" "-"
