2a03:2880:f800:: - - [07/Aug/2026:05:18:11 +0200] "GET /?lokasie=/homepages/43/d124547881/htdocs/chocadoodle.co.uk//license.txt&loknya=/homepages/43/d124547881/htdocs/chocadoodle.co.uk/ HTTP/1.1" 200 24351 www.chocadoodle.co.uk "-" "Mozilla/5.0 (Macintosh; Intel Mac OS X 10_15_7) AppleWebKit/537.36 (KHTML, like Gecko) Chrome/145.0.0.0 Safari/537.36 (compatible; meta-externalagent/1.1 (+https://developers.facebook.com/docs/sharing/webmasters/crawler))" "-"
144.76.32.0 - - [07/Aug/2026:05:18:12 +0200] "GET /goods.php?special/024002616.html HTTP/1.1" 200 158957 www.chocadoodle.co.uk "-" "Mozilla/5.0 (compatible; SERankingBacklinksBot/1.0; +https://seranking.com/backlinks-crawler)" "-"
144.76.32.0 - - [07/Aug/2026:05:18:16 +0200] "GET /goods.php?special/024004170.html HTTP/1.1" 200 158012 www.chocadoodle.co.uk "-" "Mozilla/5.0 (compatible; SERankingBacklinksBot/1.0; +https://seranking.com/backlinks-crawler)" "-"
74.7.242.0 - - [07/Aug/2026:05:18:17 +0200] "GET /items/11680076794022.html/?loknya=/homepages/43/d731827079/.config HTTP/1.1" 200 5257 www.chocadoodle.co.uk "https://www.chocadoodle.co.uk/items/11680076794022.html/?loknya=/homepages/43/d731827079" "Mozilla/5.0 AppleWebKit/537.36 (KHTML, like Gecko; compatible; GPTBot/1.4; +https://openai.com/gptbot)" "-"
144.76.32.0 - - [07/Aug/2026:05:18:20 +0200] "GET /goods.php?special/024026808.html HTTP/1.1" 200 158042 www.chocadoodle.co.uk "-" "Mozilla/5.0 (compatible; SERankingBacklinksBot/1.0; +https://seranking.com/backlinks-crawler)" "-"
144.76.32.0 - - [07/Aug/2026:05:18:24 +0200] "GET /goods.php?special/024033268.html HTTP/1.1" 200 157052 www.chocadoodle.co.uk "-" "Mozilla/5.0 (compatible; SERankingBacklinksBot/1.0; +https://seranking.com/backlinks-crawler)" "-"
144.76.32.0 - - [07/Aug/2026:05:18:28 +0200] "GET /goods.php?special/024042752.html HTTP/1.1" 200 156550 www.chocadoodle.co.uk "-" "Mozilla/5.0 (compatible; SERankingBacklinksBot/1.0; +https://seranking.com/backlinks-crawler)" "-"
144.76.32.0 - - [07/Aug/2026:05:18:31 +0200] "GET /goods.php?special/025001739.html HTTP/1.1" 200 157156 www.chocadoodle.co.uk "-" "Mozilla/5.0 (compatible; SERankingBacklinksBot/1.0; +https://seranking.com/backlinks-crawler)" "-"
74.7.241.0 - - [07/Aug/2026:05:18:34 +0200] "GET /?loknya=/etc/perl/XML HTTP/1.1" 200 6119 chocadoodle.co.uk "https://chocadoodle.co.uk/?loknya=/etc/perl" "Mozilla/5.0 AppleWebKit/537.36 (KHTML, like Gecko; compatible; GPTBot/1.4; +https://openai.com/gptbot)" "-"
114.119.166.0 - - [07/Aug/2026:05:18:35 +0200] "GET /goods.php?special/295021827.html HTTP/1.1" 200 155715 www.chocadoodle.co.uk "https://www.chocadoodle.co.uk/goods.php?special/295021827.html" "Mozilla/5.0 (Linux; Android 7.0;) AppleWebKit/537.36 (HTML, like Gecko) Mobile Safari/537.36 (compatible; PetalBot;+https://webmaster.petalsearch.com/site/petalbot)" "-"
144.76.32.0 - - [07/Aug/2026:05:18:35 +0200] "GET /goods.php?special/226032528.html HTTP/1.1" 200 156312 www.chocadoodle.co.uk "-" "Mozilla/5.0 (compatible; SERankingBacklinksBot/1.0; +https://seranking.com/backlinks-crawler)" "-"
66.249.69.0 - - [07/Aug/2026:05:18:38 +0200] "GET /c46506505287126/ HTTP/1.1" 200 203044 www.chocadoodle.co.uk "-" "Mozilla/5.0 (compatible; Googlebot/2.1; +http://www.google.com/bot.html)" "-"
144.76.32.0 - - [07/Aug/2026:05:18:39 +0200] "GET /goods.php?special/025006851.html HTTP/1.1" 200 157366 www.chocadoodle.co.uk "-" "Mozilla/5.0 (compatible; SERankingBacklinksBot/1.0; +https://seranking.com/backlinks-crawler)" "-"
144.76.32.0 - - [07/Aug/2026:05:18:42 +0200] "GET /goods.php?special/025013153.html HTTP/1.1" 200 159054 www.chocadoodle.co.uk "-" "Mozilla/5.0 (compatible; SERankingBacklinksBot/1.0; +https://seranking.com/backlinks-crawler)" "-"
2a03:2880:f800:: - - [07/Aug/2026:05:18:45 +0200] "GET /?lokasie=/lib/python3.9/glob.py&loknya=/lib/python3.9 HTTP/1.1" 200 10044 www.chocadoodle.co.uk "-" "Mozilla/5.0 (Macintosh; Intel Mac OS X 10_15_7) AppleWebKit/537.36 (KHTML, like Gecko) Chrome/145.0.0.0 Safari/537.36 (compatible; meta-externalagent/1.1 (+https://developers.facebook.com/docs/sharing/webmasters/crawler))" "-"
144.76.32.0 - - [07/Aug/2026:05:18:46 +0200] "GET /goods.php?special/025015661.html HTTP/1.1" 200 168237 www.chocadoodle.co.uk "-" "Mozilla/5.0 (compatible; SERankingBacklinksBot/1.0; +https://seranking.com/backlinks-crawler)" "-"
144.76.32.0 - - [07/Aug/2026:05:18:50 +0200] "GET /goods.php?special/025025791.html HTTP/1.1" 200 159246 www.chocadoodle.co.uk "-" "Mozilla/5.0 (compatible; SERankingBacklinksBot/1.0; +https://seranking.com/backlinks-crawler)" "-"
144.76.32.0 - - [07/Aug/2026:05:18:54 +0200] "GET /goods.php?special/025046807.html HTTP/1.1" 200 156677 www.chocadoodle.co.uk "-" "Mozilla/5.0 (compatible; SERankingBacklinksBot/1.0; +https://seranking.com/backlinks-crawler)" "-"
74.7.242.0 - - [07/Aug/2026:05:18:55 +0200] "GET /items/34958566340205.html/?loknya=/homepages/43/d727324150 HTTP/1.1" 200 14101 www.chocadoodle.co.uk "https://www.chocadoodle.co.uk/items/34958566340205.html/?loknya=/homepages/43/" "Mozilla/5.0 AppleWebKit/537.36 (KHTML, like Gecko; compatible; GPTBot/1.4; +https://openai.com/gptbot)" "-"
144.76.32.0 - - [07/Aug/2026:05:18:57 +0200] "GET /goods.php?special/026011782.html HTTP/1.1" 200 159428 www.chocadoodle.co.uk "-" "Mozilla/5.0 (compatible; SERankingBacklinksBot/1.0; +https://seranking.com/backlinks-crawler)" "-"
144.76.32.0 - - [07/Aug/2026:05:19:01 +0200] "GET /goods.php?special/026025484.html HTTP/1.1" 200 157767 www.chocadoodle.co.uk "-" "Mozilla/5.0 (compatible; SERankingBacklinksBot/1.0; +https://seranking.com/backlinks-crawler)" "-"
144.76.32.0 - - [07/Aug/2026:05:19:05 +0200] "GET /goods.php?special/026026114.html HTTP/1.1" 200 159266 www.chocadoodle.co.uk "-" "Mozilla/5.0 (compatible; SERankingBacklinksBot/1.0; +https://seranking.com/backlinks-crawler)" "-"
144.76.32.0 - - [07/Aug/2026:05:19:09 +0200] "GET /goods.php?special/026049828.html HTTP/1.1" 200 157759 www.chocadoodle.co.uk "-" "Mozilla/5.0 (compatible; SERankingBacklinksBot/1.0; +https://seranking.com/backlinks-crawler)" "-"
144.76.32.0 - - [07/Aug/2026:05:19:12 +0200] "GET /goods.php?special/027003145.html HTTP/1.1" 200 164613 www.chocadoodle.co.uk "-" "Mozilla/5.0 (compatible; SERankingBacklinksBot/1.0; +https://seranking.com/backlinks-crawler)" "-"
66.249.69.0 - - [07/Aug/2026:05:19:16 +0200] "GET /h36918774710847 HTTP/1.1" 200 200074 www.chocadoodle.co.uk "-" "Mozilla/5.0 (Linux; Android 6.0.1; Nexus 5X Build/MMB29P) AppleWebKit/537.36 (KHTML, like Gecko) Chrome/150.0.7871.186 Mobile Safari/537.36 (compatible; Googlebot/2.1; +http://www.google.com/bot.html)" "-"
144.76.32.0 - - [07/Aug/2026:05:19:16 +0200] "GET /goods.php?special/027005307.html HTTP/1.1" 200 155921 www.chocadoodle.co.uk "-" "Mozilla/5.0 (compatible; SERankingBacklinksBot/1.0; +https://seranking.com/backlinks-crawler)" "-"
144.76.32.0 - - [07/Aug/2026:05:19:20 +0200] "GET /goods.php?special/027015287.html HTTP/1.1" 200 160100 www.chocadoodle.co.uk "-" "Mozilla/5.0 (compatible; SERankingBacklinksBot/1.0; +https://seranking.com/backlinks-crawler)" "-"
114.119.144.0 - - [07/Aug/2026:05:19:20 +0200] "GET /dvsblz/uobvyp-c.html HTTP/1.1" 200 27498 wrigglesworths.co.uk "http://wrigglesworths.co.uk/dvsblz/uobvyp-c.html" "Mozilla/5.0 (Linux; Android 7.0;) AppleWebKit/537.36 (HTML, like Gecko) Mobile Safari/537.36 (compatible; PetalBot;+https://webmaster.petalsearch.com/site/petalbot)" "-"
144.76.32.0 - - [07/Aug/2026:05:19:23 +0200] "GET /goods.php?special/226032654.html HTTP/1.1" 200 159329 www.chocadoodle.co.uk "-" "Mozilla/5.0 (compatible; SERankingBacklinksBot/1.0; +https://seranking.com/backlinks-crawler)" "-"
144.76.32.0 - - [07/Aug/2026:05:19:27 +0200] "GET /goods.php?special/027019599.html HTTP/1.1" 200 167248 www.chocadoodle.co.uk "-" "Mozilla/5.0 (compatible; SERankingBacklinksBot/1.0; +https://seranking.com/backlinks-crawler)" "-"
74.7.242.0 - - [07/Aug/2026:05:19:29 +0200] "GET /items/11680076794022.html/?loknya=/homepages/43/ HTTP/1.1" 200 34202 www.chocadoodle.co.uk "https://www.chocadoodle.co.uk/items/11680076794022.html/?loknya=/homepages/43/d124547881/" "Mozilla/5.0 AppleWebKit/537.36 (KHTML, like Gecko; compatible; GPTBot/1.4; +https://openai.com/gptbot)" "-"
74.7.241.0 - - [07/Aug/2026:05:19:29 +0200] "GET /?loknya=/usr/lib/x86_64-linux-gnu/perl/5.32/Encode/MIME/Header HTTP/1.1" 200 7074 chocadoodle.co.uk "https://chocadoodle.co.uk/?loknya=/usr/lib/x86_64-linux-gnu/perl/5.32/Encode/MIME" "Mozilla/5.0 AppleWebKit/537.36 (KHTML, like Gecko; compatible; GPTBot/1.4; +https://openai.com/gptbot)" "-"
144.76.32.0 - - [07/Aug/2026:05:19:31 +0200] "GET /goods.php?special/027025859.html HTTP/1.1" 200 168003 www.chocadoodle.co.uk "-" "Mozilla/5.0 (compatible; SERankingBacklinksBot/1.0; +https://seranking.com/backlinks-crawler)" "-"
144.76.32.0 - - [07/Aug/2026:05:19:35 +0200] "GET /goods.php?special/027034293.html HTTP/1.1" 200 163727 www.chocadoodle.co.uk "-" "Mozilla/5.0 (compatible; SERankingBacklinksBot/1.0; +https://seranking.com/backlinks-crawler)" "-"
144.76.32.0 - - [07/Aug/2026:05:19:39 +0200] "GET /goods.php?special/028003058.html HTTP/1.1" 200 156391 www.chocadoodle.co.uk "-" "Mozilla/5.0 (compatible; SERankingBacklinksBot/1.0; +https://seranking.com/backlinks-crawler)" "-"
144.76.32.0 - - [07/Aug/2026:05:19:42 +0200] "GET /goods.php?special/028005632.html HTTP/1.1" 200 165218 www.chocadoodle.co.uk "-" "Mozilla/5.0 (compatible; SERankingBacklinksBot/1.0; +https://seranking.com/backlinks-crawler)" "-"
144.76.32.0 - - [07/Aug/2026:05:19:46 +0200] "GET /goods.php?special/028009360.html HTTP/1.1" 200 157734 www.chocadoodle.co.uk "-" "Mozilla/5.0 (compatible; SERankingBacklinksBot/1.0; +https://seranking.com/backlinks-crawler)" "-"
144.76.32.0 - - [07/Aug/2026:05:19:50 +0200] "GET /goods.php?special/028011080.html HTTP/1.1" 200 158409 www.chocadoodle.co.uk "-" "Mozilla/5.0 (compatible; SERankingBacklinksBot/1.0; +https://seranking.com/backlinks-crawler)" "-"
144.76.32.0 - - [07/Aug/2026:05:19:55 +0200] "GET /goods.php?special/028023500.html HTTP/1.1" 200 181903 www.chocadoodle.co.uk "-" "Mozilla/5.0 (compatible; SERankingBacklinksBot/1.0; +https://seranking.com/backlinks-crawler)" "-"
144.76.32.0 - - [07/Aug/2026:05:19:58 +0200] "GET /goods.php?special/028040966.html HTTP/1.1" 200 157245 www.chocadoodle.co.uk "-" "Mozilla/5.0 (compatible; SERankingBacklinksBot/1.0; +https://seranking.com/backlinks-crawler)" "-"
74.7.242.0 - - [07/Aug/2026:05:19:59 +0200] "GET /items/10685935425590.html/?loknya=/homepages/43/d124547881/htdocs/ HTTP/1.1" 200 20004 www.chocadoodle.co.uk "https://www.chocadoodle.co.uk/items/10685935425590.html/" "Mozilla/5.0 AppleWebKit/537.36 (KHTML, like Gecko; compatible; GPTBot/1.4; +https://openai.com/gptbot)" "-"
144.76.32.0 - - [07/Aug/2026:05:20:02 +0200] "GET /goods.php?special/028042744.html HTTP/1.1" 200 157687 www.chocadoodle.co.uk "-" "Mozilla/5.0 (compatible; SERankingBacklinksBot/1.0; +https://seranking.com/backlinks-crawler)" "-"
114.119.153.0 - - [07/Aug/2026:05:20:03 +0200] "GET /goods.php?special/289029201.html HTTP/1.1" 200 157849 www.chocadoodle.co.uk "https://www.chocadoodle.co.uk/goods.php?special/289029201.html" "Mozilla/5.0 (Linux; Android 7.0;) AppleWebKit/537.36 (HTML, like Gecko) Mobile Safari/537.36 (compatible; PetalBot;+https://webmaster.petalsearch.com/site/petalbot)" "-"
144.76.32.0 - - [07/Aug/2026:05:20:06 +0200] "GET /goods.php?special/028047002.html HTTP/1.1" 200 171685 www.chocadoodle.co.uk "-" "Mozilla/5.0 (compatible; SERankingBacklinksBot/1.0; +https://seranking.com/backlinks-crawler)" "-"
144.76.32.0 - - [07/Aug/2026:05:20:10 +0200] "GET /goods.php?special/029007889.html HTTP/1.1" 200 158770 www.chocadoodle.co.uk "-" "Mozilla/5.0 (compatible; SERankingBacklinksBot/1.0; +https://seranking.com/backlinks-crawler)" "-"
2a03:2880:f800:: - - [07/Aug/2026:05:20:13 +0200] "GET /?loknya=/homepages/30/d729985324 HTTP/1.1" 200 14109 www.chocadoodle.co.uk "-" "Mozilla/5.0 (Macintosh; Intel Mac OS X 10_15_7) AppleWebKit/537.36 (KHTML, like Gecko) Chrome/145.0.0.0 Safari/537.36 (compatible; meta-externalagent/1.1 (+https://developers.facebook.com/docs/sharing/webmasters/crawler))" "-"
2a03:2880:f800:: - - [07/Aug/2026:05:20:13 +0200] "GET /?lokasie=/kunden/bin/toe&loknya=/kunden/bin HTTP/1.1" 200 30831 www.chocadoodle.co.uk "-" "Mozilla/5.0 (X11; Linux x86_64) AppleWebKit/537.36 (KHTML, like Gecko) Chrome/145.0.0.0 Safari/537.36 (compatible; meta-externalagent/1.1 (+https://developers.facebook.com/docs/sharing/webmasters/crawler))" "-"
144.76.32.0 - - [07/Aug/2026:05:20:14 +0200] "GET /goods.php?special/226033730.html HTTP/1.1" 200 157562 www.chocadoodle.co.uk "-" "Mozilla/5.0 (compatible; SERankingBacklinksBot/1.0; +https://seranking.com/backlinks-crawler)" "-"
144.76.32.0 - - [07/Aug/2026:05:20:17 +0200] "GET /goods.php?special/030012688.html HTTP/1.1" 200 158925 www.chocadoodle.co.uk "-" "Mozilla/5.0 (compatible; SERankingBacklinksBot/1.0; +https://seranking.com/backlinks-crawler)" "-"
74.7.241.0 - - [07/Aug/2026:05:20:20 +0200] "GET /?loknya=/usr/lib/x86_64-linux-gnu/perl/5.32/Unicode/Collate HTTP/1.1" 200 6958 chocadoodle.co.uk "https://chocadoodle.co.uk/?loknya=/usr/lib/x86_64-linux-gnu/perl/5.32/Unicode" "Mozilla/5.0 AppleWebKit/537.36 (KHTML, like Gecko; compatible; GPTBot/1.4; +https://openai.com/gptbot)" "-"
144.76.32.0 - - [07/Aug/2026:05:20:21 +0200] "GET /goods.php?special/030025986.html HTTP/1.1" 200 156736 www.chocadoodle.co.uk "-" "Mozilla/5.0 (compatible; SERankingBacklinksBot/1.0; +https://seranking.com/backlinks-crawler)" "-"
144.76.32.0 - - [07/Aug/2026:05:20:25 +0200] "GET /goods.php?special/030030034.html HTTP/1.1" 200 158357 www.chocadoodle.co.uk "-" "Mozilla/5.0 (compatible; SERankingBacklinksBot/1.0; +https://seranking.com/backlinks-crawler)" "-"
74.7.242.0 - - [07/Aug/2026:05:20:25 +0200] "GET /items/21203136995855.html/?loknya=/homepages/43/d124547881/htdocs/ HTTP/1.1" 200 20004 www.chocadoodle.co.uk "https://www.chocadoodle.co.uk/items/21203136995855.html/" "Mozilla/5.0 AppleWebKit/537.36 (KHTML, like Gecko; compatible; GPTBot/1.4; +https://openai.com/gptbot)" "-"
144.76.32.0 - - [07/Aug/2026:05:20:28 +0200] "GET /goods.php?special/030031428.html HTTP/1.1" 200 158381 www.chocadoodle.co.uk "-" "Mozilla/5.0 (compatible; SERankingBacklinksBot/1.0; +https://seranking.com/backlinks-crawler)" "-"
144.76.32.0 - - [07/Aug/2026:05:20:33 +0200] "GET /goods.php?special/030046006.html HTTP/1.1" 200 161408 www.chocadoodle.co.uk "-" "Mozilla/5.0 (compatible; SERankingBacklinksBot/1.0; +https://seranking.com/backlinks-crawler)" "-"
144.76.32.0 - - [07/Aug/2026:05:20:36 +0200] "GET /goods.php?special/030047612.html HTTP/1.1" 200 157505 www.chocadoodle.co.uk "-" "Mozilla/5.0 (compatible; SERankingBacklinksBot/1.0; +https://seranking.com/backlinks-crawler)" "-"
144.76.32.0 - - [07/Aug/2026:05:20:40 +0200] "GET /goods.php?special/030048176.html HTTP/1.1" 200 157200 www.chocadoodle.co.uk "-" "Mozilla/5.0 (compatible; SERankingBacklinksBot/1.0; +https://seranking.com/backlinks-crawler)" "-"
114.119.158.0 - - [07/Aug/2026:05:20:43 +0200] "GET /drtpuz/dhupfg-c.html HTTP/1.1" 200 27498 wrigglesworths.co.uk "http://wrigglesworths.co.uk/drtpuz/dhupfg-c.html" "Mozilla/5.0 (Linux; Android 7.0;) AppleWebKit/537.36 (HTML, like Gecko) Mobile Safari/537.36 (compatible; PetalBot;+https://webmaster.petalsearch.com/site/petalbot)" "-"
144.76.32.0 - - [07/Aug/2026:05:20:44 +0200] "GET /goods.php?special/031004193.html HTTP/1.1" 200 163504 www.chocadoodle.co.uk "-" "Mozilla/5.0 (compatible; SERankingBacklinksBot/1.0; +https://seranking.com/backlinks-crawler)" "-"
144.76.32.0 - - [07/Aug/2026:05:20:48 +0200] "GET /goods.php?special/031005899.html HTTP/1.1" 200 158297 www.chocadoodle.co.uk "-" "Mozilla/5.0 (compatible; SERankingBacklinksBot/1.0; +https://seranking.com/backlinks-crawler)" "-"
74.7.242.0 - - [07/Aug/2026:05:20:49 +0200] "GET /items/17839305705643.html/?loknya=/homepages/43/d124547881/htdocs/ HTTP/1.1" 200 20004 www.chocadoodle.co.uk "https://www.chocadoodle.co.uk/items/17839305705643.html/" "Mozilla/5.0 AppleWebKit/537.36 (KHTML, like Gecko; compatible; GPTBot/1.4; +https://openai.com/gptbot)" "-"
144.76.32.0 - - [07/Aug/2026:05:20:51 +0200] "GET /goods.php?special/031006447.html HTTP/1.1" 200 158271 www.chocadoodle.co.uk "-" "Mozilla/5.0 (compatible; SERankingBacklinksBot/1.0; +https://seranking.com/backlinks-crawler)" "-"
144.76.32.0 - - [07/Aug/2026:05:20:55 +0200] "GET /goods.php?special/031016459.html HTTP/1.1" 200 157646 www.chocadoodle.co.uk "-" "Mozilla/5.0 (compatible; SERankingBacklinksBot/1.0; +https://seranking.com/backlinks-crawler)" "-"
144.76.32.0 - - [07/Aug/2026:05:20:59 +0200] "GET /goods.php?special/031020727.html HTTP/1.1" 200 160073 www.chocadoodle.co.uk "-" "Mozilla/5.0 (compatible; SERankingBacklinksBot/1.0; +https://seranking.com/backlinks-crawler)" "-"
144.76.32.0 - - [07/Aug/2026:05:21:03 +0200] "GET /goods.php?special/031021453.html HTTP/1.1" 200 160443 www.chocadoodle.co.uk "-" "Mozilla/5.0 (compatible; SERankingBacklinksBot/1.0; +https://seranking.com/backlinks-crawler)" "-"
74.7.241.0 - - [07/Aug/2026:05:21:04 +0200] "GET /?lokasie=/usr/bin/x86_64-linux-gnu-pkg-config&loknya=/usr/bin HTTP/1.1" 200 6139 chocadoodle.co.uk "https://chocadoodle.co.uk/?loknya=/usr/bin" "Mozilla/5.0 AppleWebKit/537.36 (KHTML, like Gecko; compatible; GPTBot/1.4; +https://openai.com/gptbot)" "-"
144.76.32.0 - - [07/Aug/2026:05:21:07 +0200] "GET /goods.php?special/031032575.html HTTP/1.1" 200 156590 www.chocadoodle.co.uk "-" "Mozilla/5.0 (compatible; SERankingBacklinksBot/1.0; +https://seranking.com/backlinks-crawler)" "-"
74.7.242.0 - - [07/Aug/2026:05:21:10 +0200] "GET /items/13032287907638.html/?lokasie=/homepages/43/d732760640//phpinilist&loknya=/homepages/43/d732760640/ HTTP/1.1" 200 4070 www.chocadoodle.co.uk "https://www.chocadoodle.co.uk/items/13032287907638.html/?loknya=/homepages/43/d732760640/" "Mozilla/5.0 AppleWebKit/537.36 (KHTML, like Gecko; compatible; GPTBot/1.4; +https://openai.com/gptbot)" "-"
144.76.32.0 - - [07/Aug/2026:05:21:11 +0200] "GET /goods.php?special/032015018.html HTTP/1.1" 200 163684 www.chocadoodle.co.uk "-" "Mozilla/5.0 (compatible; SERankingBacklinksBot/1.0; +https://seranking.com/backlinks-crawler)" "-"
144.76.32.0 - - [07/Aug/2026:05:21:15 +0200] "GET /goods.php?special/032020276.html HTTP/1.1" 200 167927 www.chocadoodle.co.uk "-" "Mozilla/5.0 (compatible; SERankingBacklinksBot/1.0; +https://seranking.com/backlinks-crawler)" "-"
66.249.69.0 - - [07/Aug/2026:05:21:16 +0200] "GET /k30971315399422/ HTTP/1.1" 200 213650 www.chocadoodle.co.uk "-" "Mozilla/5.0 (Linux; Android 6.0.1; Nexus 5X Build/MMB29P) AppleWebKit/537.36 (KHTML, like Gecko) Chrome/150.0.7871.186 Mobile Safari/537.36 (compatible; Googlebot/2.1; +http://www.google.com/bot.html)" "-"
66.249.69.0 - - [07/Aug/2026:05:21:18 +0200] "GET /g13181975660103/ HTTP/1.1" 200 197391 www.chocadoodle.co.uk "-" "Mozilla/5.0 (compatible; Googlebot/2.1; +http://www.google.com/bot.html)" "-"
144.76.32.0 - - [07/Aug/2026:05:21:18 +0200] "GET /goods.php?special/032029100.html HTTP/1.1" 200 157733 www.chocadoodle.co.uk "-" "Mozilla/5.0 (compatible; SERankingBacklinksBot/1.0; +https://seranking.com/backlinks-crawler)" "-"
144.76.32.0 - - [07/Aug/2026:05:21:22 +0200] "GET /goods.php?special/032031756.html HTTP/1.1" 200 165837 www.chocadoodle.co.uk "-" "Mozilla/5.0 (compatible; SERankingBacklinksBot/1.0; +https://seranking.com/backlinks-crawler)" "-"
114.119.147.0 - - [07/Aug/2026:05:21:23 +0200] "GET /goods.php?special/287003991.html HTTP/1.1" 200 157257 www.chocadoodle.co.uk "https://www.chocadoodle.co.uk/goods.php?special/287003991.html" "Mozilla/5.0 (Linux; Android 7.0;) AppleWebKit/537.36 (HTML, like Gecko) Mobile Safari/537.36 (compatible; PetalBot;+https://webmaster.petalsearch.com/site/petalbot)" "-"
144.76.32.0 - - [07/Aug/2026:05:21:26 +0200] "GET /goods.php?special/032038388.html HTTP/1.1" 200 166795 www.chocadoodle.co.uk "-" "Mozilla/5.0 (compatible; SERankingBacklinksBot/1.0; +https://seranking.com/backlinks-crawler)" "-"
66.249.69.0 - - [07/Aug/2026:05:21:29 +0200] "GET /j30869455522427/ HTTP/1.1" 200 211571 www.chocadoodle.co.uk "-" "Mozilla/5.0 (compatible; Googlebot/2.1; +http://www.google.com/bot.html)" "-"
66.249.69.0 - - [07/Aug/2026:05:21:30 +0200] "GET /d19502567738433/ HTTP/1.1" 200 204974 www.chocadoodle.co.uk "-" "Mozilla/5.0 (Linux; Android 6.0.1; Nexus 5X Build/MMB29P) AppleWebKit/537.36 (KHTML, like Gecko) Chrome/150.0.7871.186 Mobile Safari/537.36 (compatible; Googlebot/2.1; +http://www.google.com/bot.html)" "-"
144.76.32.0 - - [07/Aug/2026:05:21:30 +0200] "GET /goods.php?special/032040848.html HTTP/1.1" 200 158156 www.chocadoodle.co.uk "-" "Mozilla/5.0 (compatible; SERankingBacklinksBot/1.0; +https://seranking.com/backlinks-crawler)" "-"
74.7.242.0 - - [07/Aug/2026:05:21:30 +0200] "GET /items/37505776285319.html/?loknya=/homepages/43/d124547881/htdocs/ HTTP/1.1" 200 20004 www.chocadoodle.co.uk "https://www.chocadoodle.co.uk/items/37505776285319.html/" "Mozilla/5.0 AppleWebKit/537.36 (KHTML, like Gecko; compatible; GPTBot/1.4; +https://openai.com/gptbot)" "-"
144.76.32.0 - - [07/Aug/2026:05:21:34 +0200] "GET /goods.php?special/033021459.html HTTP/1.1" 200 156638 www.chocadoodle.co.uk "-" "Mozilla/5.0 (compatible; SERankingBacklinksBot/1.0; +https://seranking.com/backlinks-crawler)" "-"
144.76.32.0 - - [07/Aug/2026:05:21:38 +0200] "GET /goods.php?special/033031753.html HTTP/1.1" 200 174980 www.chocadoodle.co.uk "-" "Mozilla/5.0 (compatible; SERankingBacklinksBot/1.0; +https://seranking.com/backlinks-crawler)" "-"
66.249.69.0 - - [07/Aug/2026:05:21:39 +0200] "GET /j30869455522427/ HTTP/1.1" 200 211571 www.chocadoodle.co.uk "-" "Mozilla/5.0 (compatible; Googlebot/2.1; +http://www.google.com/bot.html)" "-"
144.76.32.0 - - [07/Aug/2026:05:21:41 +0200] "GET /goods.php?special/033035667.html HTTP/1.1" 200 176005 www.chocadoodle.co.uk "-" "Mozilla/5.0 (compatible; SERankingBacklinksBot/1.0; +https://seranking.com/backlinks-crawler)" "-"
144.76.32.0 - - [07/Aug/2026:05:21:45 +0200] "GET /goods.php?special/034004244.html HTTP/1.1" 200 164839 www.chocadoodle.co.uk "-" "Mozilla/5.0 (compatible; SERankingBacklinksBot/1.0; +https://seranking.com/backlinks-crawler)" "-"
74.7.241.0 - - [07/Aug/2026:05:21:46 +0200] "GET /?lokasie=/usr/sbin/dpkg-preconfigure&loknya=/usr/sbin HTTP/1.1" 200 8160 chocadoodle.co.uk "https://chocadoodle.co.uk/?loknya=/usr/sbin" "Mozilla/5.0 AppleWebKit/537.36 (KHTML, like Gecko; compatible; GPTBot/1.4; +https://openai.com/gptbot)" "-"
74.7.242.0 - - [07/Aug/2026:05:21:49 +0200] "GET /items/31356637920234.html/?loknya=/homepages/43/d124547881/htdocs/ HTTP/1.1" 200 20004 www.chocadoodle.co.uk "https://www.chocadoodle.co.uk/items/31356637920234.html/" "Mozilla/5.0 AppleWebKit/537.36 (KHTML, like Gecko; compatible; GPTBot/1.4; +https://openai.com/gptbot)" "-"
144.76.32.0 - - [07/Aug/2026:05:21:49 +0200] "GET /goods.php?special/034005816.html HTTP/1.1" 200 155736 www.chocadoodle.co.uk "-" "Mozilla/5.0 (compatible; SERankingBacklinksBot/1.0; +https://seranking.com/backlinks-crawler)" "-"
144.76.32.0 - - [07/Aug/2026:05:21:53 +0200] "GET /goods.php?special/034006990.html HTTP/1.1" 200 164620 www.chocadoodle.co.uk "-" "Mozilla/5.0 (compatible; SERankingBacklinksBot/1.0; +https://seranking.com/backlinks-crawler)" "-"
2a03:2880:f800:: - - [07/Aug/2026:05:21:55 +0200] "GET /?lokasie=/lib/x86_64-linux-gnu/libdatrie.so.1&loknya=/lib/x86_64-linux-gnu HTTP/1.1" 200 51999 www.chocadoodle.co.uk "-" "Mozilla/5.0 (Windows NT 10.0; Win64; x64) AppleWebKit/537.36 (KHTML, like Gecko) Chrome/145.0.0.0 Safari/537.36 Edg/145.0.0.0 (compatible; meta-externalagent/1.1 (+https://developers.facebook.com/docs/sharing/webmasters/crawler))" "-"
144.76.32.0 - - [07/Aug/2026:05:21:57 +0200] "GET /goods.php?special/034009686.html HTTP/1.1" 200 157192 www.chocadoodle.co.uk "-" "Mozilla/5.0 (compatible; SERankingBacklinksBot/1.0; +https://seranking.com/backlinks-crawler)" "-"
204.12.208.0 - - [07/Aug/2026:05:22:00 +0200] "GET /css/index.php HTTP/1.1" 403 15 chocadoodle.co.uk "https://chocadoodle.co.uk/css/index.php" "Mozilla/5.0 (compatible; MSIE 10.0; Windows NT 6.1; Trident/6.0)" "-"
204.12.208.0 - - [07/Aug/2026:05:22:00 +0200] "GET /css/index.php HTTP/1.1" 403 15 chocadoodle.co.uk "https://chocadoodle.co.uk/css/index.php" "Mozilla/5.0 (Windows; U; Windows NT 5.1; en-US) AppleWebKit/534.16 (KHTML, like Gecko) Chrome/10.0.648.151 Safari/534.16" "-"
144.76.32.0 - - [07/Aug/2026:05:22:00 +0200] "GET /goods.php?special/034013766.html HTTP/1.1" 200 165117 www.chocadoodle.co.uk "-" "Mozilla/5.0 (compatible; SERankingBacklinksBot/1.0; +https://seranking.com/backlinks-crawler)" "-"
204.12.208.0 - - [07/Aug/2026:05:22:01 +0200] "GET /css/index.php HTTP/1.1" 403 15 chocadoodle.co.uk "https://chocadoodle.co.uk/css/index.php" "Mozilla/5.0 (Windows NT 6.1) AppleWebKit/535.1 (KHTML, like Gecko) Chrome/13.0.782.107 Safari/535.1" "-"
144.76.32.0 - - [07/Aug/2026:05:22:04 +0200] "GET /goods.php?special/034028754.html HTTP/1.1" 200 157778 www.chocadoodle.co.uk "-" "Mozilla/5.0 (compatible; SERankingBacklinksBot/1.0; +https://seranking.com/backlinks-crawler)" "-"
74.7.242.0 - - [07/Aug/2026:05:22:05 +0200] "GET /items/36304195061467.html/?loknya=/homepages/43/d124547881/htdocs/ HTTP/1.1" 200 20004 www.chocadoodle.co.uk "https://www.chocadoodle.co.uk/items/36304195061467.html/" "Mozilla/5.0 AppleWebKit/537.36 (KHTML, like Gecko; compatible; GPTBot/1.4; +https://openai.com/gptbot)" "-"
114.119.130.0 - - [07/Aug/2026:05:22:08 +0200] "GET /douddp/rgqzjp-c.html HTTP/1.1" 200 27498 wrigglesworths.co.uk "http://wrigglesworths.co.uk/douddp/rgqzjp-c.html" "Mozilla/5.0 (Linux; Android 7.0;) AppleWebKit/537.36 (HTML, like Gecko) Mobile Safari/537.36 (compatible; PetalBot;+https://webmaster.petalsearch.com/site/petalbot)" "-"
144.76.32.0 - - [07/Aug/2026:05:22:08 +0200] "GET /goods.php?special/034028812.html HTTP/1.1" 200 156616 www.chocadoodle.co.uk "-" "Mozilla/5.0 (compatible; SERankingBacklinksBot/1.0; +https://seranking.com/backlinks-crawler)" "-"
144.76.32.0 - - [07/Aug/2026:05:22:11 +0200] "GET /goods.php?special/034037472.html HTTP/1.1" 200 169803 www.chocadoodle.co.uk "-" "Mozilla/5.0 (compatible; SERankingBacklinksBot/1.0; +https://seranking.com/backlinks-crawler)" "-"
144.76.32.0 - - [07/Aug/2026:05:22:15 +0200] "GET /goods.php?special/035011717.html HTTP/1.1" 200 160260 www.chocadoodle.co.uk "-" "Mozilla/5.0 (compatible; SERankingBacklinksBot/1.0; +https://seranking.com/backlinks-crawler)" "-"
74.7.242.0 - - [07/Aug/2026:05:22:19 +0200] "GET /items/28965287759081.html/?loknya=/homepages/43/d124547881/.config HTTP/1.1" 200 5257 www.chocadoodle.co.uk "https://www.chocadoodle.co.uk/items/28965287759081.html/?loknya=/homepages/43/d124547881/" "Mozilla/5.0 AppleWebKit/537.36 (KHTML, like Gecko; compatible; GPTBot/1.4; +https://openai.com/gptbot)" "-"
144.76.32.0 - - [07/Aug/2026:05:22:19 +0200] "GET /goods.php?special/035012595.html HTTP/1.1" 200 155201 www.chocadoodle.co.uk "-" "Mozilla/5.0 (compatible; SERankingBacklinksBot/1.0; +https://seranking.com/backlinks-crawler)" "-"
144.76.32.0 - - [07/Aug/2026:05:22:23 +0200] "GET /goods.php?special/035021101.html HTTP/1.1" 200 156490 www.chocadoodle.co.uk "-" "Mozilla/5.0 (compatible; SERankingBacklinksBot/1.0; +https://seranking.com/backlinks-crawler)" "-"
66.249.69.0 - - [07/Aug/2026:05:22:23 +0200] "GET /z26456046477420/ HTTP/1.1" 200 212207 www.chocadoodle.co.uk "-" "Mozilla/5.0 (Linux; Android 6.0.1; Nexus 5X Build/MMB29P) AppleWebKit/537.36 (KHTML, like Gecko) Chrome/150.0.7871.186 Mobile Safari/537.36 (compatible; Googlebot/2.1; +http://www.google.com/bot.html)" "-"
74.7.241.0 - - [07/Aug/2026:05:22:23 +0200] "GET /?loknya=/usr/lib/x86_64-linux-gnu/perl/5.32/auto/threads/ HTTP/1.1" 200 8067 chocadoodle.co.uk "https://chocadoodle.co.uk/?loknya=/usr/lib/x86_64-linux-gnu/perl/5.32/auto/threads/shared" "Mozilla/5.0 AppleWebKit/537.36 (KHTML, like Gecko; compatible; GPTBot/1.4; +https://openai.com/gptbot)" "-"
144.76.32.0 - - [07/Aug/2026:05:22:26 +0200] "GET /goods.php?special/035022837.html HTTP/1.1" 200 159171 www.chocadoodle.co.uk "-" "Mozilla/5.0 (compatible; SERankingBacklinksBot/1.0; +https://seranking.com/backlinks-crawler)" "-"
144.76.32.0 - - [07/Aug/2026:05:22:30 +0200] "GET /goods.php?special/035032367.html HTTP/1.1" 200 159376 www.chocadoodle.co.uk "-" "Mozilla/5.0 (compatible; SERankingBacklinksBot/1.0; +https://seranking.com/backlinks-crawler)" "-"
74.7.242.0 - - [07/Aug/2026:05:22:33 +0200] "GET /items/11680076794022.html/?loknya=/homepages/43/d731827079/ HTTP/1.1" 200 14127 www.chocadoodle.co.uk "https://www.chocadoodle.co.uk/items/11680076794022.html/?loknya=/homepages/43/d731827079/.config" "Mozilla/5.0 AppleWebKit/537.36 (KHTML, like Gecko; compatible; GPTBot/1.4; +https://openai.com/gptbot)" "-"
144.76.32.0 - - [07/Aug/2026:05:22:34 +0200] "GET /goods.php?special/036005694.html HTTP/1.1" 200 175115 www.chocadoodle.co.uk "-" "Mozilla/5.0 (compatible; SERankingBacklinksBot/1.0; +https://seranking.com/backlinks-crawler)" "-"
144.76.32.0 - - [07/Aug/2026:05:22:38 +0200] "GET /goods.php?special/036018846.html HTTP/1.1" 200 158312 www.chocadoodle.co.uk "-" "Mozilla/5.0 (compatible; SERankingBacklinksBot/1.0; +https://seranking.com/backlinks-crawler)" "-"
144.76.32.0 - - [07/Aug/2026:05:22:41 +0200] "GET /goods.php?special/036021684.html HTTP/1.1" 200 162292 www.chocadoodle.co.uk "-" "Mozilla/5.0 (compatible; SERankingBacklinksBot/1.0; +https://seranking.com/backlinks-crawler)" "-"
74.7.242.0 - - [07/Aug/2026:05:22:45 +0200] "GET /items/34958566340205.html/?loknya=/homepages/43/d727324150/.config HTTP/1.1" 200 5257 www.chocadoodle.co.uk "https://www.chocadoodle.co.uk/items/34958566340205.html/?loknya=/homepages/43/d727324150" "Mozilla/5.0 AppleWebKit/537.36 (KHTML, like Gecko; compatible; GPTBot/1.4; +https://openai.com/gptbot)" "-"
144.76.32.0 - - [07/Aug/2026:05:22:45 +0200] "GET /goods.php?special/036039626.html HTTP/1.1" 200 163639 www.chocadoodle.co.uk "-" "Mozilla/5.0 (compatible; SERankingBacklinksBot/1.0; +https://seranking.com/backlinks-crawler)" "-"
114.119.136.0 - - [07/Aug/2026:05:22:48 +0200] "GET /goods.php?special/286041074.html HTTP/1.1" 200 155770 www.chocadoodle.co.uk "https://www.chocadoodle.co.uk/goods.php?special/286041074.html" "Mozilla/5.0 (Linux; Android 7.0;) AppleWebKit/537.36 (HTML, like Gecko) Mobile Safari/537.36 (compatible; PetalBot;+https://webmaster.petalsearch.com/site/petalbot)" "-"
144.76.32.0 - - [07/Aug/2026:05:22:49 +0200] "GET /goods.php?special/036044634.html HTTP/1.1" 200 159869 www.chocadoodle.co.uk "-" "Mozilla/5.0 (compatible; SERankingBacklinksBot/1.0; +https://seranking.com/backlinks-crawler)" "-"
144.76.32.0 - - [07/Aug/2026:05:22:52 +0200] "GET /goods.php?special/037016033.html HTTP/1.1" 200 161964 www.chocadoodle.co.uk "-" "Mozilla/5.0 (compatible; SERankingBacklinksBot/1.0; +https://seranking.com/backlinks-crawler)" "-"
74.7.242.0 - - [07/Aug/2026:05:22:55 +0200] "GET /items/12306945852665.html/?loknya=/homepages/43/d124547881/htdocs/ HTTP/1.1" 200 20004 www.chocadoodle.co.uk "https://www.chocadoodle.co.uk/items/12306945852665.html/" "Mozilla/5.0 AppleWebKit/537.36 (KHTML, like Gecko; compatible; GPTBot/1.4; +https://openai.com/gptbot)" "-"
144.76.32.0 - - [07/Aug/2026:05:22:56 +0200] "GET /goods.php?special/037019831.html HTTP/1.1" 200 162139 www.chocadoodle.co.uk "-" "Mozilla/5.0 (compatible; SERankingBacklinksBot/1.0; +https://seranking.com/backlinks-crawler)" "-"
74.7.241.0 - - [07/Aug/2026:05:22:57 +0200] "GET /?lokasie=/usr/bin/debconf-communicate&loknya=/usr/bin HTTP/1.1" 200 4643 chocadoodle.co.uk "https://chocadoodle.co.uk/?loknya=/usr/bin" "Mozilla/5.0 AppleWebKit/537.36 (KHTML, like Gecko; compatible; GPTBot/1.4; +https://openai.com/gptbot)" "-"
144.76.32.0 - - [07/Aug/2026:05:23:00 +0200] "GET /goods.php?special/037025559.html HTTP/1.1" 200 161821 www.chocadoodle.co.uk "-" "Mozilla/5.0 (compatible; SERankingBacklinksBot/1.0; +https://seranking.com/backlinks-crawler)" "-"
74.7.242.0 - - [07/Aug/2026:05:23:04 +0200] "GET /items/10685935425590.html/?loknya=/homepages/43/d124547881/ HTTP/1.1" 200 25950 www.chocadoodle.co.uk "https://www.chocadoodle.co.uk/items/10685935425590.html/?loknya=/homepages/43/d124547881/htdocs/" "Mozilla/5.0 AppleWebKit/537.36 (KHTML, like Gecko; compatible; GPTBot/1.4; +https://openai.com/gptbot)" "-"
144.76.32.0 - - [07/Aug/2026:05:23:04 +0200] "GET /goods.php?special/037028683.html HTTP/1.1" 200 174272 www.chocadoodle.co.uk "-" "Mozilla/5.0 (compatible; SERankingBacklinksBot/1.0; +https://seranking.com/backlinks-crawler)" "-"
144.76.32.0 - - [07/Aug/2026:05:23:07 +0200] "GET /goods.php?special/037037239.html HTTP/1.1" 200 195438 www.chocadoodle.co.uk "-" "Mozilla/5.0 (compatible; SERankingBacklinksBot/1.0; +https://seranking.com/backlinks-crawler)" "-"
144.76.32.0 - - [07/Aug/2026:05:23:11 +0200] "GET /goods.php?special/037038795.html HTTP/1.1" 200 160274 www.chocadoodle.co.uk "-" "Mozilla/5.0 (compatible; SERankingBacklinksBot/1.0; +https://seranking.com/backlinks-crawler)" "-"
74.7.242.0 - - [07/Aug/2026:05:23:13 +0200] "GET /items/21203136995855.html/?loknya=/homepages/43/d124547881/ HTTP/1.1" 200 25950 www.chocadoodle.co.uk "https://www.chocadoodle.co.uk/items/21203136995855.html/?loknya=/homepages/43/d124547881/htdocs/" "Mozilla/5.0 AppleWebKit/537.36 (KHTML, like Gecko; compatible; GPTBot/1.4; +https://openai.com/gptbot)" "-"
144.76.32.0 - - [07/Aug/2026:05:23:15 +0200] "GET /goods.php?special/037043675.html HTTP/1.1" 200 159412 www.chocadoodle.co.uk "-" "Mozilla/5.0 (compatible; SERankingBacklinksBot/1.0; +https://seranking.com/backlinks-crawler)" "-"
66.249.69.0 - - [07/Aug/2026:05:23:17 +0200] "GET /c27978294767513/ HTTP/1.1" 200 205435 www.chocadoodle.co.uk "-" "Mozilla/5.0 (compatible; Googlebot/2.1; +http://www.google.com/bot.html)" "-"
144.76.32.0 - - [07/Aug/2026:05:23:19 +0200] "GET /goods.php?special/037049815.html HTTP/1.1" 200 157365 www.chocadoodle.co.uk "-" "Mozilla/5.0 (compatible; SERankingBacklinksBot/1.0; +https://seranking.com/backlinks-crawler)" "-"
74.7.242.0 - - [07/Aug/2026:05:23:20 +0200] "GET /items/17839305705643.html/?loknya=/homepages/43/d124547881/ HTTP/1.1" 429 267 www.chocadoodle.co.uk "https://www.chocadoodle.co.uk/items/17839305705643.html/?loknya=/homepages/43/d124547881/htdocs/" "Mozilla/5.0 AppleWebKit/537.36 (KHTML, like Gecko; compatible; GPTBot/1.4; +https://openai.com/gptbot)" "-"
144.76.32.0 - - [07/Aug/2026:05:23:22 +0200] "GET /goods.php?special/038023280.html HTTP/1.1" 200 156996 www.chocadoodle.co.uk "-" "Mozilla/5.0 (compatible; SERankingBacklinksBot/1.0; +https://seranking.com/backlinks-crawler)" "-"
144.76.32.0 - - [07/Aug/2026:05:23:26 +0200] "GET /goods.php?special/038031130.html HTTP/1.1" 200 159421 www.chocadoodle.co.uk "-" "Mozilla/5.0 (compatible; SERankingBacklinksBot/1.0; +https://seranking.com/backlinks-crawler)" "-"
74.7.241.0 - - [07/Aug/2026:05:23:27 +0200] "GET /?loknya=/usr/lib/x86_64--gnu/perl/5.32.1/ HTTP/1.1" 200 5316 chocadoodle.co.uk "https://chocadoodle.co.uk/?loknya=/usr/lib/x86_64-linux-gnu/perl/5.32.1/linux" "Mozilla/5.0 AppleWebKit/537.36 (KHTML, like Gecko; compatible; GPTBot/1.4; +https://openai.com/gptbot)" "-"
74.7.242.0 - - [07/Aug/2026:05:23:27 +0200] "GET /items/27404768092543.html/?loknya=/homepages/43/d124547881/htdocs/ HTTP/1.1" 429 267 www.chocadoodle.co.uk "https://www.chocadoodle.co.uk/items/27404768092543.html/" "Mozilla/5.0 AppleWebKit/537.36 (KHTML, like Gecko; compatible; GPTBot/1.4; +https://openai.com/gptbot)" "-"
144.76.32.0 - - [07/Aug/2026:05:23:30 +0200] "GET /goods.php?special/038044756.html HTTP/1.1" 200 165755 www.chocadoodle.co.uk "-" "Mozilla/5.0 (compatible; SERankingBacklinksBot/1.0; +https://seranking.com/backlinks-crawler)" "-"
114.119.146.0 - - [07/Aug/2026:05:23:31 +0200] "GET /doixfw/zixduz-c.html HTTP/1.1" 200 27498 wrigglesworths.co.uk "http://wrigglesworths.co.uk/doixfw/zixduz-c.html" "Mozilla/5.0 (Linux; Android 7.0;) AppleWebKit/537.36 (HTML, like Gecko) Mobile Safari/537.36 (compatible; PetalBot;+https://webmaster.petalsearch.com/site/petalbot)" "-"
144.76.32.0 - - [07/Aug/2026:05:23:34 +0200] "GET /goods.php?special/038048142.html HTTP/1.1" 200 159636 www.chocadoodle.co.uk "-" "Mozilla/5.0 (compatible; SERankingBacklinksBot/1.0; +https://seranking.com/backlinks-crawler)" "-"
144.76.32.0 - - [07/Aug/2026:05:23:38 +0200] "GET /goods.php?special/038048674.html HTTP/1.1" 200 172867 www.chocadoodle.co.uk "-" "Mozilla/5.0 (compatible; SERankingBacklinksBot/1.0; +https://seranking.com/backlinks-crawler)" "-"
2a03:2880:f800:: - - [07/Aug/2026:05:23:39 +0200] "GET /?loknya=/lib/python3.9/unittest HTTP/1.1" 200 23454 www.chocadoodle.co.uk "-" "Mozilla/5.0 (Windows NT 10.0; Win64; x64) AppleWebKit/537.36 (KHTML, like Gecko) Chrome/145.0.0.0 Safari/537.36 (compatible; meta-externalagent/1.1 (+https://developers.facebook.com/docs/sharing/webmasters/crawler))" "-"
144.76.32.0 - - [07/Aug/2026:05:23:41 +0200] "GET /goods.php?special/039001391.html HTTP/1.1" 200 163015 www.chocadoodle.co.uk "-" "Mozilla/5.0 (compatible; SERankingBacklinksBot/1.0; +https://seranking.com/backlinks-crawler)" "-"
144.76.32.0 - - [07/Aug/2026:05:23:45 +0200] "GET /goods.php?special/039020803.html HTTP/1.1" 200 172202 www.chocadoodle.co.uk "-" "Mozilla/5.0 (compatible; SERankingBacklinksBot/1.0; +https://seranking.com/backlinks-crawler)" "-"
74.7.242.0 - - [07/Aug/2026:05:23:47 +0200] "GET /items/37505776285319.html/?loknya=/homepages/43/d124547881/ HTTP/1.1" 429 267 www.chocadoodle.co.uk "https://www.chocadoodle.co.uk/items/37505776285319.html/?loknya=/homepages/43/d124547881/htdocs/" "Mozilla/5.0 AppleWebKit/537.36 (KHTML, like Gecko; compatible; GPTBot/1.4; +https://openai.com/gptbot)" "-"
173.208.236.0 - - [07/Aug/2026:05:23:47 +0200] "GET /product001 HTTP/1.1" 200 209319 chocadoodle.co.uk "-" "Mozilla/5.0 (compatible; Googlebot/2.1; +http://www.google.com/bot.html)" "-"
173.208.236.0 - - [07/Aug/2026:05:23:48 +0200] "GET / HTTP/1.1" 200 198857 chocadoodle.co.uk "-" "Mozilla/5.0 (compatible; Googlebot/2.1; +http://www.google.com/bot.html)" "-"
144.76.32.0 - - [07/Aug/2026:05:23:49 +0200] "GET /goods.php?special/039022385.html HTTP/1.1" 200 172332 www.chocadoodle.co.uk "-" "Mozilla/5.0 (compatible; SERankingBacklinksBot/1.0; +https://seranking.com/backlinks-crawler)" "-"
144.76.32.0 - - [07/Aug/2026:05:23:53 +0200] "GET /goods.php?special/039025235.html HTTP/1.1" 200 157681 www.chocadoodle.co.uk "-" "Mozilla/5.0 (compatible; SERankingBacklinksBot/1.0; +https://seranking.com/backlinks-crawler)" "-"
74.7.241.0 - - [07/Aug/2026:05:23:53 +0200] "GET /?loknya=/usr/lib/x86_64-linux-gnu/perl/5.32/auto/Filter/Util/Call HTTP/1.1" 200 7150 chocadoodle.co.uk "https://chocadoodle.co.uk/?loknya=/usr/lib/x86_64-linux-gnu/perl/5.32/auto/Filter/Util" "Mozilla/5.0 AppleWebKit/537.36 (KHTML, like Gecko; compatible; GPTBot/1.4; +https://openai.com/gptbot)" "-"
144.76.32.0 - - [07/Aug/2026:05:23:56 +0200] "GET /goods.php?special/039036855.html HTTP/1.1" 200 158314 www.chocadoodle.co.uk "-" "Mozilla/5.0 (compatible; SERankingBacklinksBot/1.0; +https://seranking.com/backlinks-crawler)" "-"
144.76.32.0 - - [07/Aug/2026:05:24:00 +0200] "GET /goods.php?special/039041111.html HTTP/1.1" 200 157408 www.chocadoodle.co.uk "-" "Mozilla/5.0 (compatible; SERankingBacklinksBot/1.0; +https://seranking.com/backlinks-crawler)" "-"
144.76.32.0 - - [07/Aug/2026:05:24:04 +0200] "GET /goods.php?special/039043249.html HTTP/1.1" 200 160871 www.chocadoodle.co.uk "-" "Mozilla/5.0 (compatible; SERankingBacklinksBot/1.0; +https://seranking.com/backlinks-crawler)" "-"
144.76.32.0 - - [07/Aug/2026:05:24:07 +0200] "GET /goods.php?special/040002784.html HTTP/1.1" 200 167201 www.chocadoodle.co.uk "-" "Mozilla/5.0 (compatible; SERankingBacklinksBot/1.0; +https://seranking.com/backlinks-crawler)" "-"
2a03:2880:f800:: - - [07/Aug/2026:05:24:10 +0200] "GET /?lokasie=/kunden/kunden/bin/pgmedge&loknya=/kunden/kunden/bin HTTP/1.1" 200 19926 www.chocadoodle.co.uk "-" "Mozilla/5.0 (Windows NT 10.0; Win64; x64) AppleWebKit/537.36 (KHTML, like Gecko) Chrome/145.0.0.0 Safari/537.36 (compatible; meta-externalagent/1.1 (+https://developers.facebook.com/docs/sharing/webmasters/crawler))" "-"
144.76.32.0 - - [07/Aug/2026:05:24:11 +0200] "GET /goods.php?special/040002830.html HTTP/1.1" 200 164534 www.chocadoodle.co.uk "-" "Mozilla/5.0 (compatible; SERankingBacklinksBot/1.0; +https://seranking.com/backlinks-crawler)" "-"
114.119.158.0 - - [07/Aug/2026:05:24:12 +0200] "GET /goods.php?special/286030716.html HTTP/1.1" 200 171587 www.chocadoodle.co.uk "https://www.chocadoodle.co.uk/goods.php?special/286030716.html" "Mozilla/5.0 (Linux; Android 7.0;) AppleWebKit/537.36 (HTML, like Gecko) Mobile Safari/537.36 (compatible; PetalBot;+https://webmaster.petalsearch.com/site/petalbot)" "-"
144.76.32.0 - - [07/Aug/2026:05:24:15 +0200] "GET /goods.php?special/040004736.html HTTP/1.1" 200 168099 www.chocadoodle.co.uk "-" "Mozilla/5.0 (compatible; SERankingBacklinksBot/1.0; +https://seranking.com/backlinks-crawler)" "-"
74.7.241.0 - - [07/Aug/2026:05:24:18 +0200] "GET /?loknya=/ib/ HTTP/1.1" 200 5003 chocadoodle.co.uk "https://chocadoodle.co.uk/?loknya=/ib/terminfo/" "Mozilla/5.0 AppleWebKit/537.36 (KHTML, like Gecko; compatible; GPTBot/1.4; +https://openai.com/gptbot)" "-"
2a03:2880:f800:: - - [07/Aug/2026:05:24:19 +0200] "GET /?lokasie=/kunden/kunden/bin/dircolors&loknya=/kunden/kunden/bin HTTP/1.1" 200 70642 www.chocadoodle.co.uk "-" "Mozilla/5.0 (Windows NT 10.0; Win64; x64) AppleWebKit/537.36 (KHTML, like Gecko) Chrome/145.0.0.0 Safari/537.36 (compatible; meta-externalagent/1.1 (+https://developers.facebook.com/docs/sharing/webmasters/crawler))" "-"
144.76.32.0 - - [07/Aug/2026:05:24:19 +0200] "GET /goods.php?special/040010550.html HTTP/1.1" 200 158911 www.chocadoodle.co.uk "-" "Mozilla/5.0 (compatible; SERankingBacklinksBot/1.0; +https://seranking.com/backlinks-crawler)" "-"
144.76.32.0 - - [07/Aug/2026:05:24:23 +0200] "GET /goods.php?special/040015796.html HTTP/1.1" 200 159049 www.chocadoodle.co.uk "-" "Mozilla/5.0 (compatible; SERankingBacklinksBot/1.0; +https://seranking.com/backlinks-crawler)" "-"
2a03:2880:f800:: - - [07/Aug/2026:05:24:25 +0200] "GET /?lokasie=/kunden/kunden/bin/zless&loknya=/kunden/kunden/bin HTTP/1.1" 200 6582 www.chocadoodle.co.uk "-" "Mozilla/5.0 (Macintosh; Intel Mac OS X 10_15_7) AppleWebKit/537.36 (KHTML, like Gecko) Chrome/145.0.0.0 Safari/537.36 (compatible; meta-externalagent/1.1 (+https://developers.facebook.com/docs/sharing/webmasters/crawler))" "-"
144.76.32.0 - - [07/Aug/2026:05:24:26 +0200] "GET /goods.php?special/040029334.html HTTP/1.1" 200 170548 www.chocadoodle.co.uk "-" "Mozilla/5.0 (compatible; SERankingBacklinksBot/1.0; +https://seranking.com/backlinks-crawler)" "-"
144.76.32.0 - - [07/Aug/2026:05:24:30 +0200] "GET /goods.php?special/040032698.html HTTP/1.1" 200 158775 www.chocadoodle.co.uk "-" "Mozilla/5.0 (compatible; SERankingBacklinksBot/1.0; +https://seranking.com/backlinks-crawler)" "-"
2a03:2880:f800:: - - [07/Aug/2026:05:24:31 +0200] "GET /?lokasie=/kunden/kunden/bin/pydoc3.9&loknya=/kunden/kunden/bin HTTP/1.1" 200 4143 www.chocadoodle.co.uk "-" "Mozilla/5.0 (Windows NT 10.0; Win64; x64) AppleWebKit/537.36 (KHTML, like Gecko) Chrome/145.0.0.0 Safari/537.36 Edg/145.0.0.0 (compatible; meta-externalagent/1.1 (+https://developers.facebook.com/docs/sharing/webmasters/crawler))" "-"
144.76.32.0 - - [07/Aug/2026:05:24:34 +0200] "GET /goods.php?special/041010421.html HTTP/1.1" 200 156762 www.chocadoodle.co.uk "-" "Mozilla/5.0 (compatible; SERankingBacklinksBot/1.0; +https://seranking.com/backlinks-crawler)" "-"
144.76.32.0 - - [07/Aug/2026:05:24:37 +0200] "GET /goods.php?special/041019553.html HTTP/1.1" 200 161245 www.chocadoodle.co.uk "-" "Mozilla/5.0 (compatible; SERankingBacklinksBot/1.0; +https://seranking.com/backlinks-crawler)" "-"
2a03:2880:f800:: - - [07/Aug/2026:05:24:38 +0200] "GET /?lokasie=/kunden/kunden/bin/py3versions&loknya=/kunden/kunden/bin HTTP/1.1" 200 17049 www.chocadoodle.co.uk "-" "Mozilla/5.0 (Macintosh; Intel Mac OS X 10_15_7) AppleWebKit/537.36 (KHTML, like Gecko) Chrome/145.0.0.0 Safari/537.36 (compatible; meta-externalagent/1.1 (+https://developers.facebook.com/docs/sharing/webmasters/crawler))" "-"
74.7.241.0 - - [07/Aug/2026:05:24:40 +0200] "GET /?lokasie=/bin/db5.3_dump&loknya=/bin HTTP/1.1" 200 26418 chocadoodle.co.uk "https://chocadoodle.co.uk/?loknya=/bin" "Mozilla/5.0 AppleWebKit/537.36 (KHTML, like Gecko; compatible; GPTBot/1.4; +https://openai.com/gptbot)" "-"
144.76.32.0 - - [07/Aug/2026:05:24:41 +0200] "GET /goods.php?special/041023531.html HTTP/1.1" 200 157383 www.chocadoodle.co.uk "-" "Mozilla/5.0 (compatible; SERankingBacklinksBot/1.0; +https://seranking.com/backlinks-crawler)" "-"
2a03:2880:f800:: - - [07/Aug/2026:05:24:43 +0200] "GET /?lokasie=/kunden/kunden/bin/pbmreduce&loknya=/kunden/kunden/bin HTTP/1.1" 200 20707 www.chocadoodle.co.uk "-" "Mozilla/5.0 (Macintosh; Intel Mac OS X 10_15_7) AppleWebKit/537.36 (KHTML, like Gecko) Chrome/145.0.0.0 Safari/537.36 (compatible; meta-externalagent/1.1 (+https://developers.facebook.com/docs/sharing/webmasters/crawler))" "-"
66.249.69.0 - - [07/Aug/2026:05:24:45 +0200] "GET /p45596487716190/ HTTP/1.1" 200 214392 www.chocadoodle.co.uk "-" "Mozilla/5.0 (Linux; Android 6.0.1; Nexus 5X Build/MMB29P) AppleWebKit/537.36 (KHTML, like Gecko) Chrome/150.0.7871.186 Mobile Safari/537.36 (compatible; Googlebot/2.1; +http://www.google.com/bot.html)" "-"
144.76.32.0 - - [07/Aug/2026:05:24:45 +0200] "GET /goods.php?special/042003664.html HTTP/1.1" 200 158176 www.chocadoodle.co.uk "-" "Mozilla/5.0 (compatible; SERankingBacklinksBot/1.0; +https://seranking.com/backlinks-crawler)" "-"
2a03:2880:f800:: - - [07/Aug/2026:05:24:49 +0200] "GET /?lokasie=/kunden/kunden/bin/lwp-dump&loknya=/kunden/kunden/bin HTTP/1.1" 200 7191 www.chocadoodle.co.uk "-" "Mozilla/5.0 (Windows NT 10.0; Win64; x64) AppleWebKit/537.36 (KHTML, like Gecko) Chrome/145.0.0.0 Safari/537.36 (compatible; meta-externalagent/1.1 (+https://developers.facebook.com/docs/sharing/webmasters/crawler))" "-"
144.76.32.0 - - [07/Aug/2026:05:24:49 +0200] "GET /goods.php?special/042004024.html HTTP/1.1" 200 165805 www.chocadoodle.co.uk "-" "Mozilla/5.0 (compatible; SERankingBacklinksBot/1.0; +https://seranking.com/backlinks-crawler)" "-"
74.7.242.0 - - [07/Aug/2026:05:24:51 +0200] "GET /items/31356637920234.html/?loknya=/homepages/43/d124547881/ HTTP/1.1" 200 25950 www.chocadoodle.co.uk "https://www.chocadoodle.co.uk/items/31356637920234.html/?loknya=/homepages/43/d124547881/htdocs/" "Mozilla/5.0 AppleWebKit/537.36 (KHTML, like Gecko; compatible; GPTBot/1.4; +https://openai.com/gptbot)" "-"
144.76.32.0 - - [07/Aug/2026:05:24:52 +0200] "GET /goods.php?special/042019830.html HTTP/1.1" 200 159029 www.chocadoodle.co.uk "-" "Mozilla/5.0 (compatible; SERankingBacklinksBot/1.0; +https://seranking.com/backlinks-crawler)" "-"
2a03:2880:f800:: - - [07/Aug/2026:05:24:53 +0200] "GET /?lokasie=/kunden/kunden/bin/nslookup&loknya=/kunden/kunden/bin HTTP/1.1" 200 162606 www.chocadoodle.co.uk "-" "Mozilla/5.0 (Windows NT 10.0; Win64; x64) AppleWebKit/537.36 (KHTML, like Gecko) Chrome/145.0.0.0 Safari/537.36 (compatible; meta-externalagent/1.1 (+https://developers.facebook.com/docs/sharing/webmasters/crawler))" "-"
114.119.158.0 - - [07/Aug/2026:05:24:55 +0200] "GET /djzjgb/dkxler-c.html HTTP/1.1" 200 27498 wrigglesworths.co.uk "http://wrigglesworths.co.uk/djzjgb/dkxler-c.html" "Mozilla/5.0 (Linux; Android 7.0;) AppleWebKit/537.36 (HTML, like Gecko) Mobile Safari/537.36 (compatible; PetalBot;+https://webmaster.petalsearch.com/site/petalbot)" "-"
144.76.32.0 - - [07/Aug/2026:05:24:56 +0200] "GET /goods.php?special/042038314.html HTTP/1.1" 200 158831 www.chocadoodle.co.uk "-" "Mozilla/5.0 (compatible; SERankingBacklinksBot/1.0; +https://seranking.com/backlinks-crawler)" "-"
74.7.241.0 - - [07/Aug/2026:05:24:59 +0200] "GET /?lokasie=/bin/peardev8.2&loknya=/bin HTTP/1.1" 200 4977 chocadoodle.co.uk "https://chocadoodle.co.uk/?loknya=/bin" "Mozilla/5.0 AppleWebKit/537.36 (KHTML, like Gecko; compatible; GPTBot/1.4; +https://openai.com/gptbot)" "-"
144.76.32.0 - - [07/Aug/2026:05:25:00 +0200] "GET /goods.php?special/042038622.html HTTP/1.1" 200 167188 www.chocadoodle.co.uk "-" "Mozilla/5.0 (compatible; SERankingBacklinksBot/1.0; +https://seranking.com/backlinks-crawler)" "-"
144.76.32.0 - - [07/Aug/2026:05:25:04 +0200] "GET /goods.php?special/043010163.html HTTP/1.1" 200 156840 www.chocadoodle.co.uk "-" "Mozilla/5.0 (compatible; SERankingBacklinksBot/1.0; +https://seranking.com/backlinks-crawler)" "-"
144.76.32.0 - - [07/Aug/2026:05:25:07 +0200] "GET /goods.php?special/043025655.html HTTP/1.1" 200 167688 www.chocadoodle.co.uk "-" "Mozilla/5.0 (compatible; SERankingBacklinksBot/1.0; +https://seranking.com/backlinks-crawler)" "-"
144.76.32.0 - - [07/Aug/2026:05:25:11 +0200] "GET /goods.php?special/043027529.html HTTP/1.1" 200 158753 www.chocadoodle.co.uk "-" "Mozilla/5.0 (compatible; SERankingBacklinksBot/1.0; +https://seranking.com/backlinks-crawler)" "-"
144.76.32.0 - - [07/Aug/2026:05:25:15 +0200] "GET /goods.php?special/043030691.html HTTP/1.1" 200 159350 www.chocadoodle.co.uk "-" "Mozilla/5.0 (compatible; SERankingBacklinksBot/1.0; +https://seranking.com/backlinks-crawler)" "-"
74.7.241.0 - - [07/Aug/2026:05:25:16 +0200] "GET /?loknya=/usr/lib/x86_64-linux-gnu/perl/5.32/Encode/MIME/ HTTP/1.1" 200 9474 chocadoodle.co.uk "https://chocadoodle.co.uk/?loknya=/usr/lib/x86_64-linux-gnu/perl/5.32/Encode/MIME/Header" "Mozilla/5.0 AppleWebKit/537.36 (KHTML, like Gecko; compatible; GPTBot/1.4; +https://openai.com/gptbot)" "-"
144.76.32.0 - - [07/Aug/2026:05:25:18 +0200] "GET /goods.php?special/043036071.html HTTP/1.1" 200 162200 www.chocadoodle.co.uk "-" "Mozilla/5.0 (compatible; SERankingBacklinksBot/1.0; +https://seranking.com/backlinks-crawler)" "-"
