2a03:2880:f800:: - - [07/Aug/2026:00:47:42 +0200] "GET /?loknya=/kunden/usr/lib/locale/ga_IE HTTP/1.1" 200 21220 www.chocadoodle.co.uk "-" "Mozilla/5.0 (Windows NT 10.0; Win64; x64) AppleWebKit/537.36 (KHTML, like Gecko) Chrome/145.0.0.0 Safari/537.36 (compatible; meta-externalagent/1.1 (+https://developers.facebook.com/docs/sharing/webmasters/crawler))" "-"
74.7.241.0 - - [07/Aug/2026:00:47:44 +0200] "GET /?lokasie=/usr/bin/checkgid&loknya=/usr/bin HTTP/1.1" 200 19331 chocadoodle.co.uk "https://chocadoodle.co.uk/?loknya=/usr/bin" "Mozilla/5.0 AppleWebKit/537.36 (KHTML, like Gecko; compatible; GPTBot/1.4; +https://openai.com/gptbot)" "-"
2a03:2880:f800:: - - [07/Aug/2026:00:47:46 +0200] "GET /?loknya=/kunden/usr/lib/locale/es_DO HTTP/1.1" 200 21220 www.chocadoodle.co.uk "-" "Mozilla/5.0 (Macintosh; Intel Mac OS X 10_15_7) AppleWebKit/537.36 (KHTML, like Gecko) Chrome/145.0.0.0 Safari/537.36 (compatible; meta-externalagent/1.1 (+https://developers.facebook.com/docs/sharing/webmasters/crawler))" "-"
66.249.69.0 - - [07/Aug/2026:00:47:49 +0200] "GET /n28160217415308/ HTTP/1.1" 404 1271 www.chocadoodle.co.uk "-" "Mozilla/5.0 (Linux; Android 6.0.1; Nexus 5X Build/MMB29P) AppleWebKit/537.36 (KHTML, like Gecko) Chrome/150.0.7871.186 Mobile Safari/537.36 (compatible; GoogleOther)" "-"
2a03:2880:f800:: - - [07/Aug/2026:00:47:50 +0200] "GET /?loknya=/kunden/usr/lib/locale/en_US.utf8 HTTP/1.1" 200 21470 www.chocadoodle.co.uk "-" "Mozilla/5.0 (Macintosh; Intel Mac OS X 10_15_7) AppleWebKit/537.36 (KHTML, like Gecko) Chrome/145.0.0.0 Safari/537.36 (compatible; meta-externalagent/1.1 (+https://developers.facebook.com/docs/sharing/webmasters/crawler))" "-"
2a03:2880:f800:: - - [07/Aug/2026:00:47:54 +0200] "GET /?loknya=/kunden/usr/lib/locale/brx_IN HTTP/1.1" 200 21266 www.chocadoodle.co.uk "-" "Mozilla/5.0 (Windows NT 10.0; Win64; x64) AppleWebKit/537.36 (KHTML, like Gecko) Chrome/145.0.0.0 Safari/537.36 (compatible; meta-externalagent/1.1 (+https://developers.facebook.com/docs/sharing/webmasters/crawler))" "-"
66.249.69.0 - - [07/Aug/2026:00:47:56 +0200] "GET /f33649917872125/ HTTP/1.1" 404 1271 www.chocadoodle.co.uk "-" "Mozilla/5.0 (Linux; Android 6.0.1; Nexus 5X Build/MMB29P) AppleWebKit/537.36 (KHTML, like Gecko) Chrome/150.0.7871.186 Mobile Safari/537.36 (compatible; Googlebot/2.1; +http://www.google.com/bot.html)" "-"
66.249.69.0 - - [07/Aug/2026:00:47:56 +0200] "GET /i29686595805679/ HTTP/1.1" 404 1271 www.chocadoodle.co.uk "-" "Mozilla/5.0 (Linux; Android 6.0.1; Nexus 5X Build/MMB29P) AppleWebKit/537.36 (KHTML, like Gecko) Chrome/150.0.7871.186 Mobile Safari/537.36 (compatible; GoogleOther)" "-"
2a03:2880:f800:: - - [07/Aug/2026:00:47:57 +0200] "GET /?loknya=/kunden/usr/lib/locale/gl_ES HTTP/1.1" 200 21219 www.chocadoodle.co.uk "-" "Mozilla/5.0 (Windows NT 10.0; Win64; x64) AppleWebKit/537.36 (KHTML, like Gecko) Chrome/145.0.0.0 Safari/537.36 (compatible; meta-externalagent/1.1 (+https://developers.facebook.com/docs/sharing/webmasters/crawler))" "-"
2a03:2880:f800:: - - [07/Aug/2026:00:48:00 +0200] "GET /?loknya=/kunden/usr/lib/locale/yue_HK HTTP/1.1" 200 21267 www.chocadoodle.co.uk "-" "Mozilla/5.0 (Windows NT 10.0; Win64; x64) AppleWebKit/537.36 (KHTML, like Gecko) Chrome/145.0.0.0 Safari/537.36 (compatible; meta-externalagent/1.1 (+https://developers.facebook.com/docs/sharing/webmasters/crawler))" "-"
66.249.69.0 - - [07/Aug/2026:00:48:04 +0200] "GET /t24810807299789 HTTP/1.1" 404 1271 www.chocadoodle.co.uk "-" "Mozilla/5.0 (Linux; Android 6.0.1; Nexus 5X Build/MMB29P) AppleWebKit/537.36 (KHTML, like Gecko) Chrome/150.0.7871.186 Mobile Safari/537.36 (compatible; Googlebot/2.1; +http://www.google.com/bot.html)" "-"
2a03:2880:f800:: - - [07/Aug/2026:00:48:04 +0200] "GET /?loknya=/kunden/usr/lib/locale/sc_IT HTTP/1.1" 200 21216 www.chocadoodle.co.uk "-" "Mozilla/5.0 (Macintosh; Intel Mac OS X 10_15_7) AppleWebKit/537.36 (KHTML, like Gecko) Chrome/145.0.0.0 Safari/537.36 (compatible; meta-externalagent/1.1 (+https://developers.facebook.com/docs/sharing/webmasters/crawler))" "-"
2a03:2880:f800:: - - [07/Aug/2026:00:48:07 +0200] "GET /?loknya=/kunden/usr/lib/locale/fo_FO HTTP/1.1" 200 21219 www.chocadoodle.co.uk "-" "Mozilla/5.0 (Windows NT 10.0; Win64; x64) AppleWebKit/537.36 (KHTML, like Gecko) Chrome/145.0.0.0 Safari/537.36 (compatible; meta-externalagent/1.1 (+https://developers.facebook.com/docs/sharing/webmasters/crawler))" "-"
2a03:2880:f800:: - - [07/Aug/2026:00:48:10 +0200] "GET /?loknya=/kunden/usr/lib/locale/es_VE HTTP/1.1" 200 21220 www.chocadoodle.co.uk "-" "Mozilla/5.0 (Macintosh; Intel Mac OS X 10_15_7) AppleWebKit/537.36 (KHTML, like Gecko) Chrome/145.0.0.0 Safari/537.36 (compatible; meta-externalagent/1.1 (+https://developers.facebook.com/docs/sharing/webmasters/crawler))" "-"
216.73.216.0 - - [07/Aug/2026:00:48:10 +0200] "GET /?lokasie=%2Flib%2Flocale%2Fug_CN%2F%2FLC_PAPER&loknya=%2Flib%2Flocale%2Fug_CN%2F HTTP/1.1" 200 4076 chocadoodle.co.uk "-" "Mozilla/5.0 AppleWebKit/537.36 (KHTML, like Gecko; compatible; ClaudeBot/1.0; +claudebot@anthropic.com)" "-"
216.73.216.0 - - [07/Aug/2026:00:48:10 +0200] "GET /?lokasie=%2Flib%2Flocale%2Fug_CN%2F%2FLC_NAME&loknya=%2Flib%2Flocale%2Fug_CN%2F HTTP/1.1" 200 4124 chocadoodle.co.uk "-" "Mozilla/5.0 AppleWebKit/537.36 (KHTML, like Gecko; compatible; ClaudeBot/1.0; +claudebot@anthropic.com)" "-"
2a03:2880:f800:: - - [07/Aug/2026:00:48:14 +0200] "GET /?loknya=/kunden/usr/lib/locale/kk_KZ HTTP/1.1" 200 21220 www.chocadoodle.co.uk "-" "Mozilla/5.0 (Macintosh; Intel Mac OS X 10_15_7) AppleWebKit/537.36 (KHTML, like Gecko) Chrome/145.0.0.0 Safari/537.36 (compatible; meta-externalagent/1.1 (+https://developers.facebook.com/docs/sharing/webmasters/crawler))" "-"
2a03:2880:f800:: - - [07/Aug/2026:00:48:16 +0200] "GET /?loknya=/kunden/usr/lib/locale/fy_NL HTTP/1.1" 200 21213 www.chocadoodle.co.uk "-" "Mozilla/5.0 (Windows NT 10.0; Win64; x64) AppleWebKit/537.36 (KHTML, like Gecko) Chrome/145.0.0.0 Safari/537.36 (compatible; meta-externalagent/1.1 (+https://developers.facebook.com/docs/sharing/webmasters/crawler))" "-"
2a03:2880:f800:: - - [07/Aug/2026:00:48:18 +0200] "GET /?lokasie=/homepages/28/d727383731//metadata.json&loknya=/homepages/28/d727383731/ HTTP/1.1" 200 4080 www.chocadoodle.co.uk "-" "Mozilla/5.0 (Windows NT 10.0; Win64; x64) AppleWebKit/537.36 (KHTML, like Gecko) Chrome/145.0.0.0 Safari/537.36 (compatible; meta-externalagent/1.1 (+https://developers.facebook.com/docs/sharing/webmasters/crawler))" "-"
2a03:2880:f800:: - - [07/Aug/2026:00:48:22 +0200] "GET /?loknya=/kunden/usr/lib/locale/ru_RU.utf8 HTTP/1.1" 200 21471 www.chocadoodle.co.uk "-" "Mozilla/5.0 (Macintosh; Intel Mac OS X 10_15_7) AppleWebKit/537.36 (KHTML, like Gecko) Chrome/145.0.0.0 Safari/537.36 (compatible; meta-externalagent/1.1 (+https://developers.facebook.com/docs/sharing/webmasters/crawler))" "-"
2a03:2880:f800:: - - [07/Aug/2026:00:48:25 +0200] "GET /?loknya=/kunden/usr/lib/locale/es_MX HTTP/1.1" 200 21220 www.chocadoodle.co.uk "-" "Mozilla/5.0 (Windows NT 10.0; Win64; x64) AppleWebKit/537.36 (KHTML, like Gecko) Chrome/145.0.0.0 Safari/537.36 (compatible; meta-externalagent/1.1 (+https://developers.facebook.com/docs/sharing/webmasters/crawler))" "-"
2a03:2880:f800:: - - [07/Aug/2026:00:48:27 +0200] "GET /?loknya=/kunden/usr/lib/locale/bs_BA HTTP/1.1" 200 21215 www.chocadoodle.co.uk "-" "Mozilla/5.0 (Windows NT 10.0; Win64; x64) AppleWebKit/537.36 (KHTML, like Gecko) Chrome/145.0.0.0 Safari/537.36 (compatible; meta-externalagent/1.1 (+https://developers.facebook.com/docs/sharing/webmasters/crawler))" "-"
114.119.147.0 - - [07/Aug/2026:00:48:29 +0200] "GET /goods.php?special/124005608.html HTTP/1.1" 200 157894 www.chocadoodle.co.uk "https://www.chocadoodle.co.uk/goods.php?sitemap483.xml" "Mozilla/5.0 (Linux; Android 7.0;) AppleWebKit/537.36 (HTML, like Gecko) Mobile Safari/537.36 (compatible; PetalBot;+https://webmaster.petalsearch.com/site/petalbot)" "-"
2a03:2880:f800:: - - [07/Aug/2026:00:48:32 +0200] "GET /?loknya=/kunden/usr/lib/locale/sgs_LT HTTP/1.1" 429 267 www.chocadoodle.co.uk "-" "Mozilla/5.0 (Windows NT 10.0; Win64; x64) AppleWebKit/537.36 (KHTML, like Gecko) Chrome/145.0.0.0 Safari/537.36 Edg/145.0.0.0 (compatible; meta-externalagent/1.1 (+https://developers.facebook.com/docs/sharing/webmasters/crawler))" "-"
2a03:2880:f800:: - - [07/Aug/2026:00:48:33 +0200] "GET /?loknya=/kunden/usr/lib/locale/tt_RU HTTP/1.1" 429 267 www.chocadoodle.co.uk "-" "Mozilla/5.0 (Macintosh; Intel Mac OS X 10_15_7) AppleWebKit/537.36 (KHTML, like Gecko) Chrome/145.0.0.0 Safari/537.36 (compatible; meta-externalagent/1.1 (+https://developers.facebook.com/docs/sharing/webmasters/crawler))" "-"
66.249.69.0 - - [07/Aug/2026:00:48:36 +0200] "GET /b14766448178647/ HTTP/1.1" 404 1271 www.chocadoodle.co.uk "-" "Mozilla/5.0 (Linux; Android 6.0.1; Nexus 5X Build/MMB29P) AppleWebKit/537.36 (KHTML, like Gecko) Chrome/150.0.7871.186 Mobile Safari/537.36 (compatible; GoogleOther)" "-"
216.73.216.0 - - [07/Aug/2026:00:48:36 +0200] "GET /?lokasie=%2Fhomepages%2F39%2Fd732900931%2F%2F.htaccess&loknya=%2Fhomepages%2F39%2Fd732900931%2F HTTP/1.1" 200 4125 chocadoodle.co.uk "-" "Mozilla/5.0 AppleWebKit/537.36 (KHTML, like Gecko; compatible; ClaudeBot/1.0; +claudebot@anthropic.com)" "-"
216.73.216.0 - - [07/Aug/2026:00:48:36 +0200] "GET /?lokasie=%2Fhomepages%2F39%2Fd732900931%2F%2F.created&loknya=%2Fhomepages%2F39%2Fd732900931%2F HTTP/1.1" 200 4080 chocadoodle.co.uk "-" "Mozilla/5.0 AppleWebKit/537.36 (KHTML, like Gecko; compatible; ClaudeBot/1.0; +claudebot@anthropic.com)" "-"
216.73.216.0 - - [07/Aug/2026:00:48:37 +0200] "GET /?lokasie=%2Flib%2Flocale%2Fug_CN%2F%2FLC_NUMERIC&loknya=%2Flib%2Flocale%2Fug_CN%2F HTTP/1.1" 200 4101 chocadoodle.co.uk "-" "Mozilla/5.0 AppleWebKit/537.36 (KHTML, like Gecko; compatible; ClaudeBot/1.0; +claudebot@anthropic.com)" "-"
74.7.241.0 - - [07/Aug/2026:00:48:37 +0200] "GET /?lokasie=/usr/bin/pbmreduce&loknya=/usr/bin HTTP/1.1" 200 20628 chocadoodle.co.uk "https://chocadoodle.co.uk/?loknya=/usr/bin" "Mozilla/5.0 AppleWebKit/537.36 (KHTML, like Gecko; compatible; GPTBot/1.4; +https://openai.com/gptbot)" "-"
2a03:2880:f800:: - - [07/Aug/2026:00:48:37 +0200] "GET /?loknya=/kunden/usr/lib/locale/en_HK HTTP/1.1" 429 267 www.chocadoodle.co.uk "-" "Mozilla/5.0 (Windows NT 10.0; Win64; x64) AppleWebKit/537.36 (KHTML, like Gecko) Chrome/145.0.0.0 Safari/537.36 (compatible; meta-externalagent/1.1 (+https://developers.facebook.com/docs/sharing/webmasters/crawler))" "-"
216.73.216.0 - - [07/Aug/2026:00:48:37 +0200] "GET /?lokasie=%2Fhomepages%2F4%2Fd731640168%2F%2F.created&loknya=%2Fhomepages%2F4%2Fd731640168%2F HTTP/1.1" 200 4076 chocadoodle.co.uk "-" "Mozilla/5.0 AppleWebKit/537.36 (KHTML, like Gecko; compatible; ClaudeBot/1.0; +claudebot@anthropic.com)" "-"
216.73.216.0 - - [07/Aug/2026:00:48:38 +0200] "GET /?lokasie=%2Flib%2Flocale%2Fug_CN%2F%2FLC_COLLATE&loknya=%2Flib%2Flocale%2Fug_CN%2F HTTP/1.1" 200 3085242 chocadoodle.co.uk "-" "Mozilla/5.0 AppleWebKit/537.36 (KHTML, like Gecko; compatible; ClaudeBot/1.0; +claudebot@anthropic.com)" "-"
216.73.216.0 - - [07/Aug/2026:00:48:38 +0200] "GET /?lokasie=%2Fhomepages%2F4%2Fd731640168%2F%2F.htaccess&loknya=%2Fhomepages%2F4%2Fd731640168%2F HTTP/1.1" 429 267 chocadoodle.co.uk "-" "Mozilla/5.0 AppleWebKit/537.36 (KHTML, like Gecko; compatible; ClaudeBot/1.0; +claudebot@anthropic.com)" "-"
2a03:2880:f800:: - - [07/Aug/2026:00:48:38 +0200] "GET /?loknya=/kunden/usr/lib/locale/tr_CY HTTP/1.1" 429 267 www.chocadoodle.co.uk "-" "Mozilla/5.0 (Windows NT 10.0; Win64; x64) AppleWebKit/537.36 (KHTML, like Gecko) Chrome/145.0.0.0 Safari/537.36 (compatible; meta-externalagent/1.1 (+https://developers.facebook.com/docs/sharing/webmasters/crawler))" "-"
2a03:2880:f800:: - - [07/Aug/2026:00:48:38 +0200] "GET /?loknya=/kunden/usr/lib/locale/fr_BE@euro HTTP/1.1" 429 267 www.chocadoodle.co.uk "-" "Mozilla/5.0 (Windows NT 10.0; Win64; x64) AppleWebKit/537.36 (KHTML, like Gecko) Chrome/145.0.0.0 Safari/537.36 (compatible; meta-externalagent/1.1 (+https://developers.facebook.com/docs/sharing/webmasters/crawler))" "-"
74.7.242.0 - - [07/Aug/2026:00:48:39 +0200] "GET /items/29175687570206.html/?loknya=/homepages/43 HTTP/1.1" 404 1271 www.chocadoodle.co.uk "https://www.chocadoodle.co.uk/items/29175687570206.html/" "Mozilla/5.0 AppleWebKit/537.36 (KHTML, like Gecko; compatible; GPTBot/1.4; +https://openai.com/gptbot)" "-"
2a03:2880:f800:: - - [07/Aug/2026:00:48:44 +0200] "GET /?loknya=/kunden/usr/lib/locale/gv_GB HTTP/1.1" 429 267 www.chocadoodle.co.uk "-" "Mozilla/5.0 (Windows NT 10.0; Win64; x64) AppleWebKit/537.36 (KHTML, like Gecko) Chrome/145.0.0.0 Safari/537.36 (compatible; meta-externalagent/1.1 (+https://developers.facebook.com/docs/sharing/webmasters/crawler))" "-"
2a03:2880:f800:: - - [07/Aug/2026:00:48:46 +0200] "GET /?loknya=/kunden/usr/lib/locale/es_PR.utf8 HTTP/1.1" 429 267 www.chocadoodle.co.uk "-" "Mozilla/5.0 (Windows NT 10.0; Win64; x64) AppleWebKit/537.36 (KHTML, like Gecko) Chrome/145.0.0.0 Safari/537.36 (compatible; meta-externalagent/1.1 (+https://developers.facebook.com/docs/sharing/webmasters/crawler))" "-"
66.249.69.0 - - [07/Aug/2026:00:48:47 +0200] "GET /d49679544860028/ HTTP/1.1" 404 1271 www.chocadoodle.co.uk "-" "Mozilla/5.0 (Linux; Android 6.0.1; Nexus 5X Build/MMB29P) AppleWebKit/537.36 (KHTML, like Gecko) Chrome/150.0.7871.186 Mobile Safari/537.36 (compatible; Googlebot/2.1; +http://www.google.com/bot.html)" "-"
2a03:2880:f800:: - - [07/Aug/2026:00:48:47 +0200] "GET /?loknya=/kunden/usr/lib/locale/mn_MN HTTP/1.1" 429 267 www.chocadoodle.co.uk "-" "Mozilla/5.0 (Windows NT 10.0; Win64; x64) AppleWebKit/537.36 (KHTML, like Gecko) Chrome/145.0.0.0 Safari/537.36 (compatible; meta-externalagent/1.1 (+https://developers.facebook.com/docs/sharing/webmasters/crawler))" "-"
2a03:2880:f800:: - - [07/Aug/2026:00:48:47 +0200] "GET /?loknya=/kunden/usr/lib/locale/ar_LY HTTP/1.1" 429 267 www.chocadoodle.co.uk "-" "Mozilla/5.0 (Macintosh; Intel Mac OS X 10_15_7) AppleWebKit/537.36 (KHTML, like Gecko) Chrome/145.0.0.0 Safari/537.36 (compatible; meta-externalagent/1.1 (+https://developers.facebook.com/docs/sharing/webmasters/crawler))" "-"
2a03:2880:f800:: - - [07/Aug/2026:00:48:52 +0200] "GET /?loknya=/kunden/usr/lib/locale/es_ES HTTP/1.1" 429 267 www.chocadoodle.co.uk "-" "Mozilla/5.0 (Macintosh; Intel Mac OS X 10_15_7) AppleWebKit/537.36 (KHTML, like Gecko) Chrome/145.0.0.0 Safari/537.36 (compatible; meta-externalagent/1.1 (+https://developers.facebook.com/docs/sharing/webmasters/crawler))" "-"
2a03:2880:f800:: - - [07/Aug/2026:00:48:53 +0200] "GET /?loknya=/kunden/usr/lib/locale/nl_NL HTTP/1.1" 429 267 www.chocadoodle.co.uk "-" "Mozilla/5.0 (Macintosh; Intel Mac OS X 10_15_7) AppleWebKit/537.36 (KHTML, like Gecko) Chrome/145.0.0.0 Safari/537.36 (compatible; meta-externalagent/1.1 (+https://developers.facebook.com/docs/sharing/webmasters/crawler))" "-"
216.73.216.0 - - [07/Aug/2026:00:48:59 +0200] "GET /?lokasie=%2Fhomepages%2F8%2Fd729125860%2F%2F.htaccess&loknya=%2Fhomepages%2F8%2Fd729125860%2F HTTP/1.1" 429 267 chocadoodle.co.uk "-" "Mozilla/5.0 AppleWebKit/537.36 (KHTML, like Gecko; compatible; ClaudeBot/1.0; +claudebot@anthropic.com)" "-"
216.73.216.0 - - [07/Aug/2026:00:48:59 +0200] "GET /?lokasie=%2Fhomepages%2F28%2Fd621059861%2F%2Fphpinilist&loknya=%2Fhomepages%2F28%2Fd621059861%2F HTTP/1.1" 429 267 chocadoodle.co.uk "-" "Mozilla/5.0 AppleWebKit/537.36 (KHTML, like Gecko; compatible; ClaudeBot/1.0; +claudebot@anthropic.com)" "-"
216.73.216.0 - - [07/Aug/2026:00:49:00 +0200] "GET /?lokasie=%2Fhomepages%2F28%2Fd621059861%2F%2F.created&loknya=%2Fhomepages%2F28%2Fd621059861%2F HTTP/1.1" 429 267 chocadoodle.co.uk "-" "Mozilla/5.0 AppleWebKit/537.36 (KHTML, like Gecko; compatible; ClaudeBot/1.0; +claudebot@anthropic.com)" "-"
2a03:2880:f800:: - - [07/Aug/2026:00:49:00 +0200] "GET /?loknya=/kunden/usr/lib/locale/en_ZW.utf8 HTTP/1.1" 429 267 www.chocadoodle.co.uk "-" "Mozilla/5.0 (Windows NT 10.0; Win64; x64) AppleWebKit/537.36 (KHTML, like Gecko) Chrome/145.0.0.0 Safari/537.36 (compatible; meta-externalagent/1.1 (+https://developers.facebook.com/docs/sharing/webmasters/crawler))" "-"
216.73.216.0 - - [07/Aug/2026:00:49:00 +0200] "GET /?lokasie=%2Fhomepages%2F32%2Fd18929658%2F%2Fphpinilist&loknya=%2Fhomepages%2F32%2Fd18929658%2F HTTP/1.1" 429 267 chocadoodle.co.uk "-" "Mozilla/5.0 AppleWebKit/537.36 (KHTML, like Gecko; compatible; ClaudeBot/1.0; +claudebot@anthropic.com)" "-"
216.73.216.0 - - [07/Aug/2026:00:49:01 +0200] "GET /?lokasie=%2Fhomepages%2F28%2Fd621059861%2F%2F.htaccess&loknya=%2Fhomepages%2F28%2Fd621059861%2F HTTP/1.1" 429 267 chocadoodle.co.uk "-" "Mozilla/5.0 AppleWebKit/537.36 (KHTML, like Gecko; compatible; ClaudeBot/1.0; +claudebot@anthropic.com)" "-"
216.73.216.0 - - [07/Aug/2026:00:49:01 +0200] "GET /?lokasie=%2Fhomepages%2F32%2Fd18929658%2F%2F.htaccess&loknya=%2Fhomepages%2F32%2Fd18929658%2F HTTP/1.1" 429 267 chocadoodle.co.uk "-" "Mozilla/5.0 AppleWebKit/537.36 (KHTML, like Gecko; compatible; ClaudeBot/1.0; +claudebot@anthropic.com)" "-"
2a03:2880:f800:: - - [07/Aug/2026:00:49:01 +0200] "GET /?loknya=/kunden/usr/lib/locale/en_IL HTTP/1.1" 429 267 www.chocadoodle.co.uk "-" "Mozilla/5.0 (Windows NT 10.0; Win64; x64) AppleWebKit/537.36 (KHTML, like Gecko) Chrome/145.0.0.0 Safari/537.36 (compatible; meta-externalagent/1.1 (+https://developers.facebook.com/docs/sharing/webmasters/crawler))" "-"
216.73.216.0 - - [07/Aug/2026:00:49:05 +0200] "GET /?lokasie=%2Fhomepages%2F30%2Fd727334571%2F%2F.htaccess&loknya=%2Fhomepages%2F30%2Fd727334571%2F HTTP/1.1" 429 267 chocadoodle.co.uk "-" "Mozilla/5.0 AppleWebKit/537.36 (KHTML, like Gecko; compatible; ClaudeBot/1.0; +claudebot@anthropic.com)" "-"
216.73.216.0 - - [07/Aug/2026:00:49:05 +0200] "GET /?lokasie=%2Fhomepages%2F16%2Fd15603546%2F%2Fdistributor.lock&loknya=%2Fhomepages%2F16%2Fd15603546%2F HTTP/1.1" 429 267 chocadoodle.co.uk "-" "Mozilla/5.0 AppleWebKit/537.36 (KHTML, like Gecko; compatible; ClaudeBot/1.0; +claudebot@anthropic.com)" "-"
216.73.216.0 - - [07/Aug/2026:00:49:06 +0200] "GET /?lokasie=%2Fhomepages%2F8%2Fd729125860%2F%2F.created&loknya=%2Fhomepages%2F8%2Fd729125860%2F HTTP/1.1" 429 267 chocadoodle.co.uk "-" "Mozilla/5.0 AppleWebKit/537.36 (KHTML, like Gecko; compatible; ClaudeBot/1.0; +claudebot@anthropic.com)" "-"
216.73.216.0 - - [07/Aug/2026:00:49:07 +0200] "GET /?lokasie=%2Fhomepages%2F23%2Fd724764416%2F%2F.created&loknya=%2Fhomepages%2F23%2Fd724764416%2F HTTP/1.1" 429 267 chocadoodle.co.uk "-" "Mozilla/5.0 AppleWebKit/537.36 (KHTML, like Gecko; compatible; ClaudeBot/1.0; +claudebot@anthropic.com)" "-"
216.73.216.0 - - [07/Aug/2026:00:49:07 +0200] "GET /?lokasie=%2Fhomepages%2F32%2Fd731275147%2F%2Fdistributor.lock&loknya=%2Fhomepages%2F32%2Fd731275147%2F HTTP/1.1" 429 267 chocadoodle.co.uk "-" "Mozilla/5.0 AppleWebKit/537.36 (KHTML, like Gecko; compatible; ClaudeBot/1.0; +claudebot@anthropic.com)" "-"
216.73.216.0 - - [07/Aug/2026:00:49:08 +0200] "GET /?lokasie=%2Flib%2Flocale%2Fgu_IN%2F%2FLC_CTYPE&loknya=%2Flib%2Flocale%2Fgu_IN%2F HTTP/1.1" 429 267 chocadoodle.co.uk "-" "Mozilla/5.0 AppleWebKit/537.36 (KHTML, like Gecko; compatible; ClaudeBot/1.0; +claudebot@anthropic.com)" "-"
2a03:2880:f800:: - - [07/Aug/2026:00:49:10 +0200] "GET /?loknya=/kunden/usr/lib/locale/en_IE.utf8 HTTP/1.1" 429 267 www.chocadoodle.co.uk "-" "Mozilla/5.0 (Windows NT 10.0; Win64; x64) AppleWebKit/537.36 (KHTML, like Gecko) Chrome/145.0.0.0 Safari/537.36 (compatible; meta-externalagent/1.1 (+https://developers.facebook.com/docs/sharing/webmasters/crawler))" "-"
2a03:2880:f800:: - - [07/Aug/2026:00:49:11 +0200] "GET /?loknya=/kunden/usr/lib/locale/it_IT@euro HTTP/1.1" 429 267 www.chocadoodle.co.uk "-" "Mozilla/5.0 (Windows NT 10.0; Win64; x64) AppleWebKit/537.36 (KHTML, like Gecko) Chrome/145.0.0.0 Safari/537.36 (compatible; meta-externalagent/1.1 (+https://developers.facebook.com/docs/sharing/webmasters/crawler))" "-"
51.103.131.0 - - [07/Aug/2026:00:49:14 +0200] "GET /wp-content/plugins/hellopress/wp_filemanager.php HTTP/1.1" 200 27498 www.wrigglesworths.co.uk "-" "-" "-"
51.103.131.0 - - [07/Aug/2026:00:49:14 +0200] "GET /this_is_a_new_hello_world.php HTTP/1.1" 200 27498 www.wrigglesworths.co.uk "-" "-" "-"
51.103.131.0 - - [07/Aug/2026:00:49:14 +0200] "GET /img.php HTTP/1.1" 200 27498 www.wrigglesworths.co.uk "-" "-" "-"
51.103.131.0 - - [07/Aug/2026:00:49:14 +0200] "GET //aa.php HTTP/1.1" 200 27498 www.wrigglesworths.co.uk "-" "-" "-"
51.103.131.0 - - [07/Aug/2026:00:49:14 +0200] "GET //av.php HTTP/1.1" 200 27498 www.wrigglesworths.co.uk "-" "-" "-"
51.103.131.0 - - [07/Aug/2026:00:49:14 +0200] "GET /media.php HTTP/1.1" 200 27498 www.wrigglesworths.co.uk "-" "-" "-"
51.103.131.0 - - [07/Aug/2026:00:49:14 +0200] "GET /images.php HTTP/1.1" 200 27498 www.wrigglesworths.co.uk "-" "-" "-"
51.103.131.0 - - [07/Aug/2026:00:49:14 +0200] "GET /admin.php HTTP/1.1" 200 - www.wrigglesworths.co.uk "-" "-" "-"
51.103.131.0 - - [07/Aug/2026:00:49:15 +0200] "GET /222.php HTTP/1.1" 200 27498 www.wrigglesworths.co.uk "-" "-" "-"
51.103.131.0 - - [07/Aug/2026:00:49:15 +0200] "GET /mac.php HTTP/1.1" 200 27498 www.wrigglesworths.co.uk "-" "-" "-"
51.103.131.0 - - [07/Aug/2026:00:49:15 +0200] "GET /ops.php HTTP/1.1" 200 27498 www.wrigglesworths.co.uk "-" "-" "-"
51.103.131.0 - - [07/Aug/2026:00:49:15 +0200] "GET /8.php HTTP/1.1" 200 27498 www.wrigglesworths.co.uk "-" "-" "-"
51.103.131.0 - - [07/Aug/2026:00:49:15 +0200] "GET /biufile.php HTTP/1.1" 200 27498 www.wrigglesworths.co.uk "-" "-" "-"
51.103.131.0 - - [07/Aug/2026:00:49:15 +0200] "GET /coffexium.php HTTP/1.1" 200 27498 www.wrigglesworths.co.uk "-" "-" "-"
51.103.131.0 - - [07/Aug/2026:00:49:15 +0200] "GET /dex.php HTTP/1.1" 200 27498 www.wrigglesworths.co.uk "-" "-" "-"
51.103.131.0 - - [07/Aug/2026:00:49:15 +0200] "GET /1.php HTTP/1.1" 200 27498 www.wrigglesworths.co.uk "-" "-" "-"
51.103.131.0 - - [07/Aug/2026:00:49:15 +0200] "GET /coffee.php HTTP/1.1" 200 27498 www.wrigglesworths.co.uk "-" "-" "-"
51.103.131.0 - - [07/Aug/2026:00:49:15 +0200] "GET /classwithtostring.php?p= HTTP/1.1" 200 27498 www.wrigglesworths.co.uk "-" "-" "-"
51.103.131.0 - - [07/Aug/2026:00:49:15 +0200] "GET /wp-ws68.php?p= HTTP/1.1" 200 27498 www.wrigglesworths.co.uk "-" "-" "-"
51.103.131.0 - - [07/Aug/2026:00:49:16 +0200] "GET /mgrr.php HTTP/1.1" 200 27498 www.wrigglesworths.co.uk "-" "-" "-"
51.103.131.0 - - [07/Aug/2026:00:49:16 +0200] "GET /55.php?p= HTTP/1.1" 200 27498 www.wrigglesworths.co.uk "-" "-" "-"
51.103.131.0 - - [07/Aug/2026:00:49:16 +0200] "GET /ajax.php HTTP/1.1" 200 27498 www.wrigglesworths.co.uk "-" "-" "-"
51.103.131.0 - - [07/Aug/2026:00:49:16 +0200] "GET /yj09.php HTTP/1.1" 200 27498 www.wrigglesworths.co.uk "-" "-" "-"
51.103.131.0 - - [07/Aug/2026:00:49:16 +0200] "GET /scxy.php HTTP/1.1" 200 27498 www.wrigglesworths.co.uk "-" "-" "-"
51.103.131.0 - - [07/Aug/2026:00:49:16 +0200] "GET /ws13.php?p= HTTP/1.1" 200 27498 www.wrigglesworths.co.uk "-" "-" "-"
51.103.131.0 - - [07/Aug/2026:00:49:16 +0200] "GET /btx25.php HTTP/1.1" 200 27498 www.wrigglesworths.co.uk "-" "-" "-"
51.103.131.0 - - [07/Aug/2026:00:49:16 +0200] "GET /SDsadqwrf.php HTTP/1.1" 200 27498 www.wrigglesworths.co.uk "-" "-" "-"
51.103.131.0 - - [07/Aug/2026:00:49:16 +0200] "GET /3PJcpMFsD8B.php HTTP/1.1" 200 27498 www.wrigglesworths.co.uk "-" "-" "-"
51.103.131.0 - - [07/Aug/2026:00:49:16 +0200] "GET /BDKR28WP.php HTTP/1.1" 200 27498 www.wrigglesworths.co.uk "-" "-" "-"
51.103.131.0 - - [07/Aug/2026:00:49:17 +0200] "GET /shiny.php HTTP/1.1" 200 27498 www.wrigglesworths.co.uk "-" "-" "-"
51.103.131.0 - - [07/Aug/2026:00:49:17 +0200] "GET /i99z7zzbwtpteujvv6s8hiCdefault.php?p= HTTP/1.1" 200 27498 www.wrigglesworths.co.uk "-" "-" "-"
51.103.131.0 - - [07/Aug/2026:00:49:17 +0200] "GET /sky.php HTTP/1.1" 200 27498 www.wrigglesworths.co.uk "-" "-" "-"
51.103.131.0 - - [07/Aug/2026:00:49:17 +0200] "GET /1wvekeybd9it2di2vyipgr6Cdefault.php HTTP/1.1" 200 27498 www.wrigglesworths.co.uk "-" "-" "-"
51.103.131.0 - - [07/Aug/2026:00:49:17 +0200] "GET /a3ampzmbipnkpxeqhqpsanCdefault.php HTTP/1.1" 200 27498 www.wrigglesworths.co.uk "-" "-" "-"
51.103.131.0 - - [07/Aug/2026:00:49:17 +0200] "GET /file5.php HTTP/1.1" 200 27498 www.wrigglesworths.co.uk "-" "-" "-"
51.103.131.0 - - [07/Aug/2026:00:49:17 +0200] "GET /xyn.php HTTP/1.1" 200 27498 www.wrigglesworths.co.uk "-" "-" "-"
51.103.131.0 - - [07/Aug/2026:00:49:17 +0200] "GET /4PJcpMFsD8B.php HTTP/1.1" 200 27498 www.wrigglesworths.co.uk "-" "-" "-"
51.103.131.0 - - [07/Aug/2026:00:49:17 +0200] "GET /inso.php HTTP/1.1" 200 27498 www.wrigglesworths.co.uk "-" "-" "-"
51.103.131.0 - - [07/Aug/2026:00:49:18 +0200] "GET /puc.php HTTP/1.1" 200 27498 www.wrigglesworths.co.uk "-" "-" "-"
51.103.131.0 - - [07/Aug/2026:00:49:18 +0200] "GET /19.php HTTP/1.1" 200 27498 www.wrigglesworths.co.uk "-" "-" "-"
51.103.131.0 - - [07/Aug/2026:00:49:18 +0200] "GET /133.php HTTP/1.1" 200 27498 www.wrigglesworths.co.uk "-" "-" "-"
51.103.131.0 - - [07/Aug/2026:00:49:18 +0200] "GET /alls.php HTTP/1.1" 200 27498 www.wrigglesworths.co.uk "-" "-" "-"
51.103.131.0 - - [07/Aug/2026:00:49:18 +0200] "GET /1xmomo.php HTTP/1.1" 200 27498 www.wrigglesworths.co.uk "-" "-" "-"
51.103.131.0 - - [07/Aug/2026:00:49:18 +0200] "GET //mosty.php HTTP/1.1" 200 27498 www.wrigglesworths.co.uk "-" "-" "-"
51.103.131.0 - - [07/Aug/2026:00:49:18 +0200] "GET //hosty.php HTTP/1.1" 200 27498 www.wrigglesworths.co.uk "-" "-" "-"
51.103.131.0 - - [07/Aug/2026:00:49:18 +0200] "GET /blurbs.php HTTP/1.1" 200 27498 www.wrigglesworths.co.uk "-" "-" "-"
51.103.131.0 - - [07/Aug/2026:00:49:18 +0200] "GET /bajah.php HTTP/1.1" 200 27498 www.wrigglesworths.co.uk "-" "-" "-"
51.103.131.0 - - [07/Aug/2026:00:49:19 +0200] "GET /MBJNXiRSDdK.php HTTP/1.1" 200 27498 www.wrigglesworths.co.uk "-" "-" "-"
51.103.131.0 - - [07/Aug/2026:00:49:19 +0200] "GET /xqPt1nWJXye.php HTTP/1.1" 200 27498 www.wrigglesworths.co.uk "-" "-" "-"
51.103.131.0 - - [07/Aug/2026:00:49:19 +0200] "GET /h.php HTTP/1.1" 200 27498 www.wrigglesworths.co.uk "-" "-" "-"
51.103.131.0 - - [07/Aug/2026:00:49:19 +0200] "GET /ano.php HTTP/1.1" 200 27498 www.wrigglesworths.co.uk "-" "-" "-"
51.103.131.0 - - [07/Aug/2026:00:49:19 +0200] "GET /ai.php HTTP/1.1" 200 27498 www.wrigglesworths.co.uk "-" "-" "-"
2a03:2880:f800:: - - [07/Aug/2026:00:49:22 +0200] "GET /?loknya=/kunden/usr/lib/locale/pt_BR.utf8 HTTP/1.1" 429 267 www.chocadoodle.co.uk "-" "Mozilla/5.0 (Windows NT 10.0; Win64; x64) AppleWebKit/537.36 (KHTML, like Gecko) Chrome/145.0.0.0 Safari/537.36 (compatible; meta-externalagent/1.1 (+https://developers.facebook.com/docs/sharing/webmasters/crawler))" "-"
74.7.241.0 - - [07/Aug/2026:00:49:23 +0200] "GET /?lokasie=/usr/bin/pngtopnm&loknya=/usr/bin HTTP/1.1" 429 267 chocadoodle.co.uk "https://chocadoodle.co.uk/?loknya=/usr/bin" "Mozilla/5.0 AppleWebKit/537.36 (KHTML, like Gecko; compatible; GPTBot/1.4; +https://openai.com/gptbot)" "-"
2a03:2880:f800:: - - [07/Aug/2026:00:49:24 +0200] "GET /?loknya=/kunden/usr/lib/locale/an_ES HTTP/1.1" 429 267 www.chocadoodle.co.uk "-" "Mozilla/5.0 (Windows NT 10.0; Win64; x64) AppleWebKit/537.36 (KHTML, like Gecko) Chrome/145.0.0.0 Safari/537.36 (compatible; meta-externalagent/1.1 (+https://developers.facebook.com/docs/sharing/webmasters/crawler))" "-"
66.249.69.0 - - [07/Aug/2026:00:49:25 +0200] "GET /o21016147656049/ HTTP/1.1" 404 1271 www.chocadoodle.co.uk "-" "Mozilla/5.0 (Linux; Android 6.0.1; Nexus 5X Build/MMB29P) AppleWebKit/537.36 (KHTML, like Gecko) Chrome/150.0.7871.186 Mobile Safari/537.36 (compatible; GoogleOther)" "-"
216.73.216.0 - - [07/Aug/2026:00:49:27 +0200] "GET /?lokasie=%2Fhomepages%2F39%2Fd730726006%2F%2Fdistributor.lock&loknya=%2Fhomepages%2F39%2Fd730726006%2F HTTP/1.1" 429 267 chocadoodle.co.uk "-" "Mozilla/5.0 AppleWebKit/537.36 (KHTML, like Gecko; compatible; ClaudeBot/1.0; +claudebot@anthropic.com)" "-"
216.73.216.0 - - [07/Aug/2026:00:49:28 +0200] "GET /?lokasie=%2Fhomepages%2F35%2Fd732807209%2F%2Fhtaccesslist&loknya=%2Fhomepages%2F35%2Fd732807209%2F HTTP/1.1" 429 267 chocadoodle.co.uk "-" "Mozilla/5.0 AppleWebKit/537.36 (KHTML, like Gecko; compatible; ClaudeBot/1.0; +claudebot@anthropic.com)" "-"
216.73.216.0 - - [07/Aug/2026:00:49:33 +0200] "GET /?lokasie=%2Fhomepages%2F30%2Fd727334571%2F%2F.created&loknya=%2Fhomepages%2F30%2Fd727334571%2F HTTP/1.1" 429 267 chocadoodle.co.uk "-" "Mozilla/5.0 AppleWebKit/537.36 (KHTML, like Gecko; compatible; ClaudeBot/1.0; +claudebot@anthropic.com)" "-"
2a03:2880:f800:: - - [07/Aug/2026:00:49:34 +0200] "GET /?loknya=/homepages/27/d732796861/.config HTTP/1.1" 200 5263 www.chocadoodle.co.uk "-" "Mozilla/5.0 (Macintosh; Intel Mac OS X 10_15_7) AppleWebKit/537.36 (KHTML, like Gecko) Chrome/145.0.0.0 Safari/537.36 (compatible; meta-externalagent/1.1 (+https://developers.facebook.com/docs/sharing/webmasters/crawler))" "-"
2a03:2880:f800:: - - [07/Aug/2026:00:49:36 +0200] "GET /?loknya=/kunden/usr/lib/locale/de_LU HTTP/1.1" 200 21220 www.chocadoodle.co.uk "-" "Mozilla/5.0 (Windows NT 10.0; Win64; x64) AppleWebKit/537.36 (KHTML, like Gecko) Chrome/145.0.0.0 Safari/537.36 (compatible; meta-externalagent/1.1 (+https://developers.facebook.com/docs/sharing/webmasters/crawler))" "-"
216.73.216.0 - - [07/Aug/2026:00:49:38 +0200] "GET /?lokasie=%2Fhomepages%2F5%2Fd732351373%2F%2Fmetadata.json&loknya=%2Fhomepages%2F5%2Fd732351373%2F HTTP/1.1" 200 4070 chocadoodle.co.uk "-" "Mozilla/5.0 AppleWebKit/537.36 (KHTML, like Gecko; compatible; ClaudeBot/1.0; +claudebot@anthropic.com)" "-"
2a03:2880:f800:: - - [07/Aug/2026:00:49:38 +0200] "GET /?loknya=/kunden/usr/lib/locale/th_TH HTTP/1.1" 200 21218 www.chocadoodle.co.uk "-" "Mozilla/5.0 (Windows NT 10.0; Win64; x64) AppleWebKit/537.36 (KHTML, like Gecko) Chrome/145.0.0.0 Safari/537.36 (compatible; meta-externalagent/1.1 (+https://developers.facebook.com/docs/sharing/webmasters/crawler))" "-"
74.7.242.0 - - [07/Aug/2026:00:49:42 +0200] "GET /items/28965287759081.html/?loknya=/homepages/43 HTTP/1.1" 404 1271 www.chocadoodle.co.uk "https://www.chocadoodle.co.uk/items/28965287759081.html/" "Mozilla/5.0 AppleWebKit/537.36 (KHTML, like Gecko; compatible; GPTBot/1.4; +https://openai.com/gptbot)" "-"
2a03:2880:f800:: - - [07/Aug/2026:00:49:43 +0200] "GET /?loknya=/homepages/7/d729801719 HTTP/1.1" 200 15414 www.chocadoodle.co.uk "-" "Mozilla/5.0 (X11; Linux x86_64) AppleWebKit/537.36 (KHTML, like Gecko) Chrome/145.0.0.0 Safari/537.36 (compatible; meta-externalagent/1.1 (+https://developers.facebook.com/docs/sharing/webmasters/crawler))" "-"
216.73.216.0 - - [07/Aug/2026:00:49:44 +0200] "GET /?lokasie=%2Fhomepages%2F39%2Fd730726006%2F%2Fhtaccesslist&loknya=%2Fhomepages%2F39%2Fd730726006%2F HTTP/1.1" 200 4073 chocadoodle.co.uk "-" "Mozilla/5.0 AppleWebKit/537.36 (KHTML, like Gecko; compatible; ClaudeBot/1.0; +claudebot@anthropic.com)" "-"
216.73.216.0 - - [07/Aug/2026:00:49:48 +0200] "GET /?lokasie=%2Fhomepages%2F7%2Fd732992455%2F%2F.created&loknya=%2Fhomepages%2F7%2Fd732992455%2F HTTP/1.1" 200 4076 chocadoodle.co.uk "-" "Mozilla/5.0 AppleWebKit/537.36 (KHTML, like Gecko; compatible; ClaudeBot/1.0; +claudebot@anthropic.com)" "-"
66.249.69.0 - - [07/Aug/2026:00:49:50 +0200] "GET /t14838385741552/ HTTP/1.1" 404 1271 www.chocadoodle.co.uk "-" "Mozilla/5.0 (compatible; Googlebot/2.1; +http://www.google.com/bot.html)" "-"
66.249.69.0 - - [07/Aug/2026:00:49:51 +0200] "GET /r47032516174520/ HTTP/1.1" 404 1271 www.chocadoodle.co.uk "-" "Mozilla/5.0 (Linux; Android 6.0.1; Nexus 5X Build/MMB29P) AppleWebKit/537.36 (KHTML, like Gecko) Chrome/150.0.7871.186 Mobile Safari/537.36 (compatible; GoogleOther)" "-"
66.249.69.0 - - [07/Aug/2026:00:49:51 +0200] "GET /t14838385741552/ HTTP/1.1" 404 1271 www.chocadoodle.co.uk "-" "Mozilla/5.0 (compatible; Googlebot/2.1; +http://www.google.com/bot.html)" "-"
2a03:2880:f800:: - - [07/Aug/2026:00:49:52 +0200] "GET /?loknya=/kunden/usr/lib/locale/anp_IN HTTP/1.1" 200 21269 www.chocadoodle.co.uk "-" "Mozilla/5.0 (Windows NT 10.0; Win64; x64) AppleWebKit/537.36 (KHTML, like Gecko) Chrome/145.0.0.0 Safari/537.36 (compatible; meta-externalagent/1.1 (+https://developers.facebook.com/docs/sharing/webmasters/crawler))" "-"
114.119.166.0 - - [07/Aug/2026:00:49:54 +0200] "GET /goods.php?special/123045215.html HTTP/1.1" 200 161370 www.chocadoodle.co.uk "https://www.chocadoodle.co.uk/goods.php?sitemap483.xml" "Mozilla/5.0 (Linux; Android 7.0;) AppleWebKit/537.36 (HTML, like Gecko) Mobile Safari/537.36 (compatible; PetalBot;+https://webmaster.petalsearch.com/site/petalbot)" "-"
216.73.216.0 - - [07/Aug/2026:00:49:55 +0200] "GET /?lokasie=%2Fhomepages%2F32%2Fd731275147%2F%2Fhtaccesslist&loknya=%2Fhomepages%2F32%2Fd731275147%2F HTTP/1.1" 200 4073 chocadoodle.co.uk "-" "Mozilla/5.0 AppleWebKit/537.36 (KHTML, like Gecko; compatible; ClaudeBot/1.0; +claudebot@anthropic.com)" "-"
216.73.216.0 - - [07/Aug/2026:00:49:56 +0200] "GET /?lokasie=%2Fhomepages%2F25%2Fd729833697%2Fmetadata.json&loknya=%2Fhomepages%2F25%2Fd729833697 HTTP/1.1" 200 4073 chocadoodle.co.uk "-" "Mozilla/5.0 AppleWebKit/537.36 (KHTML, like Gecko; compatible; ClaudeBot/1.0; +claudebot@anthropic.com)" "-"
2a03:2880:f800:: - - [07/Aug/2026:00:50:02 +0200] "GET /?loknya=/kunden/usr/lib/locale/yuw_PG HTTP/1.1" 200 21268 www.chocadoodle.co.uk "-" "Mozilla/5.0 (Windows NT 10.0; Win64; x64) AppleWebKit/537.36 (KHTML, like Gecko) Chrome/145.0.0.0 Safari/537.36 (compatible; meta-externalagent/1.1 (+https://developers.facebook.com/docs/sharing/webmasters/crawler))" "-"
216.73.216.0 - - [07/Aug/2026:00:50:02 +0200] "GET /?lokasie=%2Fhomepages%2F7%2Fd732992455%2F%2F.htaccess&loknya=%2Fhomepages%2F7%2Fd732992455%2F HTTP/1.1" 200 4066 chocadoodle.co.uk "-" "Mozilla/5.0 AppleWebKit/537.36 (KHTML, like Gecko; compatible; ClaudeBot/1.0; +claudebot@anthropic.com)" "-"
216.73.216.0 - - [07/Aug/2026:00:50:04 +0200] "GET /?lokasie=%2Fhomepages%2F16%2Fd15603546%2F%2Fhtaccesslist&loknya=%2Fhomepages%2F16%2Fd15603546%2F HTTP/1.1" 200 4070 chocadoodle.co.uk "-" "Mozilla/5.0 AppleWebKit/537.36 (KHTML, like Gecko; compatible; ClaudeBot/1.0; +claudebot@anthropic.com)" "-"
74.7.241.0 - - [07/Aug/2026:00:50:06 +0200] "GET /?lokasie=/usr/bin/ppmtoeyuv&loknya=/usr/bin HTTP/1.1" 200 21496 chocadoodle.co.uk "https://chocadoodle.co.uk/?loknya=/usr/bin" "Mozilla/5.0 AppleWebKit/537.36 (KHTML, like Gecko; compatible; GPTBot/1.4; +https://openai.com/gptbot)" "-"
216.73.216.0 - - [07/Aug/2026:00:50:09 +0200] "GET /buy.php HTTP/1.1" 200 75368 chocadoodle.co.uk "-" "Mozilla/5.0 AppleWebKit/537.36 (KHTML, like Gecko; compatible; ClaudeBot/1.0; +claudebot@anthropic.com)" "-"
2a03:2880:f800:: - - [07/Aug/2026:00:50:10 +0200] "GET /?loknya=/kunden/usr/lib/locale/ar_KW HTTP/1.1" 200 21217 www.chocadoodle.co.uk "-" "Mozilla/5.0 (Windows NT 10.0; Win64; x64) AppleWebKit/537.36 (KHTML, like Gecko) Chrome/145.0.0.0 Safari/537.36 (compatible; meta-externalagent/1.1 (+https://developers.facebook.com/docs/sharing/webmasters/crawler))" "-"
216.73.216.0 - - [07/Aug/2026:00:50:14 +0200] "GET / HTTP/1.1" 200 55082 chocadoodle.co.uk "-" "Mozilla/5.0 AppleWebKit/537.36 (KHTML, like Gecko; compatible; ClaudeBot/1.0; +claudebot@anthropic.com)" "-"
74.7.242.0 - - [07/Aug/2026:00:50:45 +0200] "GET /items/17099836543712.html/?loknya=/homepages/43 HTTP/1.1" 404 1271 www.chocadoodle.co.uk "https://www.chocadoodle.co.uk/items/17099836543712.html/" "Mozilla/5.0 AppleWebKit/537.36 (KHTML, like Gecko; compatible; GPTBot/1.4; +https://openai.com/gptbot)" "-"
66.249.69.0 - - [07/Aug/2026:00:51:04 +0200] "GET /j14146017698201/ HTTP/1.1" 404 1271 www.chocadoodle.co.uk "-" "Mozilla/5.0 (Linux; Android 6.0.1; Nexus 5X Build/MMB29P) AppleWebKit/537.36 (KHTML, like Gecko) Chrome/150.0.7871.186 Mobile Safari/537.36 (compatible; GoogleOther)" "-"
74.7.241.0 - - [07/Aug/2026:00:51:10 +0200] "GET /?lokasie=/usr/bin/ximtoppm&loknya=/usr/bin HTTP/1.1" 200 21595 chocadoodle.co.uk "https://chocadoodle.co.uk/?loknya=/usr/bin" "Mozilla/5.0 AppleWebKit/537.36 (KHTML, like Gecko; compatible; GPTBot/1.4; +https://openai.com/gptbot)" "-"
66.249.69.0 - - [07/Aug/2026:00:51:12 +0200] "GET /b29333265403814/ HTTP/1.1" 404 1271 www.chocadoodle.co.uk "-" "Mozilla/5.0 (compatible; Googlebot/2.1; +http://www.google.com/bot.html)" "-"
114.119.147.0 - - [07/Aug/2026:00:51:18 +0200] "GET /goods.php?special/123043843.html HTTP/1.1" 200 158526 www.chocadoodle.co.uk "https://www.chocadoodle.co.uk/goods.php?sitemap483.xml" "Mozilla/5.0 (Linux; Android 7.0;) AppleWebKit/537.36 (HTML, like Gecko) Mobile Safari/537.36 (compatible; PetalBot;+https://webmaster.petalsearch.com/site/petalbot)" "-"
2a03:2880:f800:: - - [07/Aug/2026:00:51:21 +0200] "GET /?lokasie=/homepages/7/d727809013/.created&loknya=/homepages/7/d727809013 HTTP/1.1" 200 4081 www.chocadoodle.co.uk "-" "Mozilla/5.0 (Macintosh; Intel Mac OS X 10_15_7) AppleWebKit/537.36 (KHTML, like Gecko) Chrome/145.0.0.0 Safari/537.36 (compatible; meta-externalagent/1.1 (+https://developers.facebook.com/docs/sharing/webmasters/crawler))" "-"
66.249.69.0 - - [07/Aug/2026:00:51:34 +0200] "GET /j15990574779424 HTTP/1.1" 404 1271 www.chocadoodle.co.uk "-" "Mozilla/5.0 (Linux; Android 6.0.1; Nexus 5X Build/MMB29P) AppleWebKit/537.36 (KHTML, like Gecko) Chrome/150.0.7871.186 Mobile Safari/537.36 (compatible; Googlebot/2.1; +http://www.google.com/bot.html)" "-"
2a03:2880:f800:: - - [07/Aug/2026:00:51:47 +0200] "GET /?lokasie=/kunden/bin/emacsclient.emacs&loknya=/kunden/bin HTTP/1.1" 200 43621 www.chocadoodle.co.uk "-" "Mozilla/5.0 (Windows NT 10.0; Win64; x64) AppleWebKit/537.36 (KHTML, like Gecko) Chrome/145.0.0.0 Safari/537.36 (compatible; meta-externalagent/1.1 (+https://developers.facebook.com/docs/sharing/webmasters/crawler))" "-"
74.7.242.0 - - [07/Aug/2026:00:51:49 +0200] "GET /items/24680915277438.html/?loknya=/homepages/5 HTTP/1.1" 404 1271 www.chocadoodle.co.uk "https://www.chocadoodle.co.uk/items/24680915277438.html/?loknya=/homepages" "Mozilla/5.0 AppleWebKit/537.36 (KHTML, like Gecko; compatible; GPTBot/1.4; +https://openai.com/gptbot)" "-"
74.7.241.0 - - [07/Aug/2026:00:52:05 +0200] "GET /?lokasie=/usr/bin/qrttoppm&loknya=/usr/bin HTTP/1.1" 200 19624 chocadoodle.co.uk "https://chocadoodle.co.uk/?loknya=/usr/bin" "Mozilla/5.0 AppleWebKit/537.36 (KHTML, like Gecko; compatible; GPTBot/1.4; +https://openai.com/gptbot)" "-"
66.249.69.0 - - [07/Aug/2026:00:52:16 +0200] "GET /h45072606326103/ HTTP/1.1" 404 1271 www.chocadoodle.co.uk "-" "Mozilla/5.0 (Linux; Android 6.0.1; Nexus 5X Build/MMB29P) AppleWebKit/537.36 (KHTML, like Gecko) Chrome/150.0.7871.186 Mobile Safari/537.36 (compatible; GoogleOther)" "-"
114.119.136.0 - - [07/Aug/2026:00:52:41 +0200] "GET /goods.php?special/123028267.html HTTP/1.1" 200 158405 www.chocadoodle.co.uk "https://www.chocadoodle.co.uk/goods.php?sitemap483.xml" "Mozilla/5.0 (Linux; Android 7.0;) AppleWebKit/537.36 (HTML, like Gecko) Mobile Safari/537.36 (compatible; PetalBot;+https://webmaster.petalsearch.com/site/petalbot)" "-"
74.7.242.0 - - [07/Aug/2026:00:52:52 +0200] "GET /items/29379905151628.html/?loknya=/homepages/43 HTTP/1.1" 404 1271 www.chocadoodle.co.uk "https://www.chocadoodle.co.uk/items/29379905151628.html/" "Mozilla/5.0 AppleWebKit/537.36 (KHTML, like Gecko; compatible; GPTBot/1.4; +https://openai.com/gptbot)" "-"
74.7.241.0 - - [07/Aug/2026:00:52:56 +0200] "GET /?lokasie=/usr/bin/libnetcfg&loknya=/usr/bin HTTP/1.1" 200 21336 chocadoodle.co.uk "https://chocadoodle.co.uk/?loknya=/usr/bin" "Mozilla/5.0 AppleWebKit/537.36 (KHTML, like Gecko; compatible; GPTBot/1.4; +https://openai.com/gptbot)" "-"
2a03:2880:f800:: - - [07/Aug/2026:00:53:19 +0200] "GET /?loknya=/kunden/usr/lib/locale/ro_RO HTTP/1.1" 200 21219 www.chocadoodle.co.uk "-" "Mozilla/5.0 (Macintosh; Intel Mac OS X 10_15_7) AppleWebKit/537.36 (KHTML, like Gecko) Chrome/145.0.0.0 Safari/537.36 (compatible; meta-externalagent/1.1 (+https://developers.facebook.com/docs/sharing/webmasters/crawler))" "-"
66.249.69.0 - - [07/Aug/2026:00:53:24 +0200] "GET /b17390554778340 HTTP/1.1" 404 1271 www.chocadoodle.co.uk "-" "Mozilla/5.0 (Linux; Android 6.0.1; Nexus 5X Build/MMB29P) AppleWebKit/537.36 (KHTML, like Gecko) Chrome/150.0.7871.186 Mobile Safari/537.36 (compatible; Googlebot/2.1; +http://www.google.com/bot.html)" "-"
103.230.104.0 - - [07/Aug/2026:00:53:36 +0200] "GET /items/48664428164252.html/ HTTP/1.1" 404 1271 chocadoodle.co.uk "-" "Mozilla/5.0 (Macintosh; Intel Mac OS X 14_7_1) AppleWebKit/537.36 (KHTML, like Gecko) Chrome/132.0.6834.160 Safari/537.36" "-"
74.7.241.0 - - [07/Aug/2026:00:53:40 +0200] "GET /?lokasie=/usr/bin/pgmedge&loknya=/usr/bin HTTP/1.1" 200 19847 chocadoodle.co.uk "https://chocadoodle.co.uk/?loknya=/usr/bin" "Mozilla/5.0 AppleWebKit/537.36 (KHTML, like Gecko; compatible; GPTBot/1.4; +https://openai.com/gptbot)" "-"
66.249.69.0 - - [07/Aug/2026:00:53:45 +0200] "GET /shop/pg/1SiteUse/ HTTP/1.1" 404 1271 www.chocadoodle.co.uk "-" "Mozilla/5.0 (Linux; Android 6.0.1; Nexus 5X Build/MMB29P) AppleWebKit/537.36 (KHTML, like Gecko) Chrome/150.0.7871.186 Mobile Safari/537.36 (compatible; Googlebot/2.1; +http://www.google.com/bot.html)" "-"
66.249.69.0 - - [07/Aug/2026:00:53:48 +0200] "GET /d11553207759758 HTTP/1.1" 404 1271 www.chocadoodle.co.uk "-" "Mozilla/5.0 (Linux; Android 6.0.1; Nexus 5X Build/MMB29P) AppleWebKit/537.36 (KHTML, like Gecko) Chrome/150.0.7871.186 Mobile Safari/537.36 (compatible; Googlebot/2.1; +http://www.google.com/bot.html)" "-"
74.7.242.0 - - [07/Aug/2026:00:53:58 +0200] "GET /items/27150627698856.html/?loknya=/homepages/43 HTTP/1.1" 404 1271 www.chocadoodle.co.uk "https://www.chocadoodle.co.uk/items/27150627698856.html/" "Mozilla/5.0 AppleWebKit/537.36 (KHTML, like Gecko; compatible; GPTBot/1.4; +https://openai.com/gptbot)" "-"
66.249.69.0 - - [07/Aug/2026:00:53:59 +0200] "GET /l28648628020658/ HTTP/1.1" 404 1271 www.chocadoodle.co.uk "-" "Mozilla/5.0 (Linux; Android 6.0.1; Nexus 5X Build/MMB29P) AppleWebKit/537.36 (KHTML, like Gecko) Chrome/150.0.7871.186 Mobile Safari/537.36 (compatible; Googlebot/2.1; +http://www.google.com/bot.html)" "-"
114.119.158.0 - - [07/Aug/2026:00:54:05 +0200] "GET /goods.php?special/123019629.html HTTP/1.1" 200 159606 www.chocadoodle.co.uk "https://www.chocadoodle.co.uk/goods.php?sitemap483.xml" "Mozilla/5.0 (Linux; Android 7.0;) AppleWebKit/537.36 (HTML, like Gecko) Mobile Safari/537.36 (compatible; PetalBot;+https://webmaster.petalsearch.com/site/petalbot)" "-"
74.7.241.0 - - [07/Aug/2026:00:54:21 +0200] "GET /?lokasie=/usr/bin/fstopgm&loknya=/usr/bin HTTP/1.1" 200 20143 chocadoodle.co.uk "https://chocadoodle.co.uk/?loknya=/usr/bin" "Mozilla/5.0 AppleWebKit/537.36 (KHTML, like Gecko; compatible; GPTBot/1.4; +https://openai.com/gptbot)" "-"
2a03:2880:f800:: - - [07/Aug/2026:00:54:59 +0200] "GET /?lokasie=/homepages/43/d124547881/htdocs/app395378437/radio.php&loknya=/homepages/43/d124547881/htdocs/app395378437 HTTP/1.1" 200 4785 www.chocadoodle.co.uk "-" "Mozilla/5.0 (Windows NT 10.0; Win64; x64) AppleWebKit/537.36 (KHTML, like Gecko) Chrome/145.0.0.0 Safari/537.36 (compatible; meta-externalagent/1.1 (+https://developers.facebook.com/docs/sharing/webmasters/crawler))" "-"
74.7.242.0 - - [07/Aug/2026:00:55:00 +0200] "GET /items/13268095171897.html/?loknya=/homepages/43 HTTP/1.1" 404 1271 www.chocadoodle.co.uk "https://www.chocadoodle.co.uk/items/13268095171897.html/" "Mozilla/5.0 AppleWebKit/537.36 (KHTML, like Gecko; compatible; GPTBot/1.4; +https://openai.com/gptbot)" "-"
74.7.241.0 - - [07/Aug/2026:00:55:00 +0200] "GET /?lokasie=/usr/bin/pcxtoppm&loknya=/usr/bin HTTP/1.1" 200 29017 chocadoodle.co.uk "https://chocadoodle.co.uk/?loknya=/usr/bin" "Mozilla/5.0 AppleWebKit/537.36 (KHTML, like Gecko; compatible; GPTBot/1.4; +https://openai.com/gptbot)" "-"
114.119.147.0 - - [07/Aug/2026:00:55:28 +0200] "GET /goods.php?special/123002671.html HTTP/1.1" 200 184215 www.chocadoodle.co.uk "https://www.chocadoodle.co.uk/goods.php?sitemap483.xml" "Mozilla/5.0 (Linux; Android 7.0;) AppleWebKit/537.36 (HTML, like Gecko) Mobile Safari/537.36 (compatible; PetalBot;+https://webmaster.petalsearch.com/site/petalbot)" "-"
66.249.69.0 - - [07/Aug/2026:00:55:30 +0200] "GET /e36694865122270/ HTTP/1.1" 404 1271 www.chocadoodle.co.uk "-" "Mozilla/5.0 (Linux; Android 6.0.1; Nexus 5X Build/MMB29P) AppleWebKit/537.36 (KHTML, like Gecko) Chrome/150.0.7871.186 Mobile Safari/537.36 (compatible; GoogleOther)" "-"
74.7.241.0 - - [07/Aug/2026:00:55:33 +0200] "GET /?lokasie=/usr/bin/htdigest&loknya=/usr/bin HTTP/1.1" 200 21203 chocadoodle.co.uk "https://chocadoodle.co.uk/?loknya=/usr/bin" "Mozilla/5.0 AppleWebKit/537.36 (KHTML, like Gecko; compatible; GPTBot/1.4; +https://openai.com/gptbot)" "-"
2a03:2880:f800:: - - [07/Aug/2026:00:55:41 +0200] "GET /?loknya=/lib/ispell HTTP/1.1" 200 6395 www.chocadoodle.co.uk "-" "Mozilla/5.0 (Windows NT 10.0; Win64; x64) AppleWebKit/537.36 (KHTML, like Gecko) Chrome/145.0.0.0 Safari/537.36 (compatible; meta-externalagent/1.1 (+https://developers.facebook.com/docs/sharing/webmasters/crawler))" "-"
66.249.69.0 - - [07/Aug/2026:00:55:54 +0200] "GET /q25604884936565/ HTTP/1.1" 404 1271 www.chocadoodle.co.uk "-" "Mozilla/5.0 (Linux; Android 6.0.1; Nexus 5X Build/MMB29P) AppleWebKit/537.36 (KHTML, like Gecko) Chrome/150.0.7871.186 Mobile Safari/537.36 (compatible; Googlebot/2.1; +http://www.google.com/bot.html)" "-"
2a03:2880:f800:: - - [07/Aug/2026:00:55:55 +0200] "GET /?loknya=/kunden/usr/lib/locale/en_ZA HTTP/1.1" 200 21219 www.chocadoodle.co.uk "-" "Mozilla/5.0 (Windows NT 10.0; Win64; x64) AppleWebKit/537.36 (KHTML, like Gecko) Chrome/145.0.0.0 Safari/537.36 (compatible; meta-externalagent/1.1 (+https://developers.facebook.com/docs/sharing/webmasters/crawler))" "-"
74.7.242.0 - - [07/Aug/2026:00:56:02 +0200] "GET /items/24680915277438.html/?loknya=/homepages/41 HTTP/1.1" 404 1271 www.chocadoodle.co.uk "https://www.chocadoodle.co.uk/items/24680915277438.html/?loknya=/homepages" "Mozilla/5.0 AppleWebKit/537.36 (KHTML, like Gecko; compatible; GPTBot/1.4; +https://openai.com/gptbot)" "-"
2a03:2880:f800:: - - [07/Aug/2026:00:56:02 +0200] "GET /?loknya=/kunden/usr/lib/locale/cv_RU HTTP/1.1" 200 21217 www.chocadoodle.co.uk "-" "Mozilla/5.0 (Windows NT 10.0; Win64; x64) AppleWebKit/537.36 (KHTML, like Gecko) Chrome/145.0.0.0 Safari/537.36 Edg/145.0.0.0 (compatible; meta-externalagent/1.1 (+https://developers.facebook.com/docs/sharing/webmasters/crawler))" "-"
74.7.241.0 - - [07/Aug/2026:00:56:03 +0200] "GET /?lokasie=/usr/bin/ncftpput&loknya=/usr/bin HTTP/1.1" 200 327035 chocadoodle.co.uk "https://chocadoodle.co.uk/?loknya=/usr/bin" "Mozilla/5.0 AppleWebKit/537.36 (KHTML, like Gecko; compatible; GPTBot/1.4; +https://openai.com/gptbot)" "-"
2a03:2880:f800:: - - [07/Aug/2026:00:56:06 +0200] "GET /?loknya=/kunden/usr/lib/locale/wo_SN HTTP/1.1" 200 21217 www.chocadoodle.co.uk "-" "Mozilla/5.0 (Macintosh; Intel Mac OS X 10_15_7) AppleWebKit/537.36 (KHTML, like Gecko) Chrome/145.0.0.0 Safari/537.36 (compatible; meta-externalagent/1.1 (+https://developers.facebook.com/docs/sharing/webmasters/crawler))" "-"
66.249.69.0 - - [07/Aug/2026:00:56:10 +0200] "GET /l24498428070738/ HTTP/1.1" 404 1271 www.chocadoodle.co.uk "-" "Mozilla/5.0 (Linux; Android 6.0.1; Nexus 5X Build/MMB29P) AppleWebKit/537.36 (KHTML, like Gecko) Chrome/150.0.7871.186 Mobile Safari/537.36 (compatible; GoogleOther)" "-"
74.7.241.0 - - [07/Aug/2026:00:56:29 +0200] "GET /?lokasie=/usr/bin/pnmtoddif&loknya=/usr/bin HTTP/1.1" 200 26760 chocadoodle.co.uk "https://chocadoodle.co.uk/?loknya=/usr/bin" "Mozilla/5.0 AppleWebKit/537.36 (KHTML, like Gecko; compatible; GPTBot/1.4; +https://openai.com/gptbot)" "-"
40.77.167.0 - - [07/Aug/2026:00:56:35 +0200] "GET /robots.txt HTTP/1.1" 200 709 gbwconsulting.co.uk "-" "Mozilla/5.0 AppleWebKit/537.36 (KHTML, like Gecko; compatible; bingbot/2.0; +http://www.bing.com/bingbot.htm) Chrome/116.0.1938.76 Safari/537.36" "-"
52.167.144.0 - - [07/Aug/2026:00:56:46 +0200] "GET /frltsy/vqjgie-c.html HTTP/1.1" 200 58525 gbwconsulting.co.uk "-" "Mozilla/5.0 AppleWebKit/537.36 (KHTML, like Gecko; compatible; bingbot/2.0; +http://www.bing.com/bingbot.htm) Chrome/116.0.1938.76 Safari/537.36" "-"
74.7.241.0 - - [07/Aug/2026:00:56:53 +0200] "GET /?lokasie=/usr/bin/pbmtext&loknya=/usr/bin HTTP/1.1" 200 21226 chocadoodle.co.uk "https://chocadoodle.co.uk/?loknya=/usr/bin" "Mozilla/5.0 AppleWebKit/537.36 (KHTML, like Gecko; compatible; GPTBot/1.4; +https://openai.com/gptbot)" "-"
114.119.129.0 - - [07/Aug/2026:00:56:53 +0200] "GET /goods.php?special/122046230.html HTTP/1.1" 200 156806 www.chocadoodle.co.uk "https://www.chocadoodle.co.uk/goods.php?sitemap483.xml" "Mozilla/5.0 (Linux; Android 7.0;) AppleWebKit/537.36 (HTML, like Gecko) Mobile Safari/537.36 (compatible; PetalBot;+https://webmaster.petalsearch.com/site/petalbot)" "-"
74.7.242.0 - - [07/Aug/2026:00:57:05 +0200] "GET /items/23869715479803.html/?loknya=/homepages/43 HTTP/1.1" 404 1271 www.chocadoodle.co.uk "https://www.chocadoodle.co.uk/items/23869715479803.html/" "Mozilla/5.0 AppleWebKit/537.36 (KHTML, like Gecko; compatible; GPTBot/1.4; +https://openai.com/gptbot)" "-"
74.7.241.0 - - [07/Aug/2026:00:57:16 +0200] "GET /?lokasie=/usr/bin/mtvtoppm&loknya=/usr/bin HTTP/1.1" 429 267 chocadoodle.co.uk "https://chocadoodle.co.uk/?loknya=/usr/bin" "Mozilla/5.0 AppleWebKit/537.36 (KHTML, like Gecko; compatible; GPTBot/1.4; +https://openai.com/gptbot)" "-"
66.249.69.0 - - [07/Aug/2026:00:57:28 +0200] "GET /t14914176502236 HTTP/1.1" 404 1271 www.chocadoodle.co.uk "-" "Mozilla/5.0 (Linux; Android 6.0.1; Nexus 5X Build/MMB29P) AppleWebKit/537.36 (KHTML, like Gecko) Chrome/150.0.7871.186 Mobile Safari/537.36 (compatible; Googlebot/2.1; +http://www.google.com/bot.html)" "-"
74.7.241.0 - - [07/Aug/2026:00:57:35 +0200] "GET /?lokasie=/usr/bin/pbmtowbmp&loknya=/usr/bin HTTP/1.1" 429 267 chocadoodle.co.uk "https://chocadoodle.co.uk/?loknya=/usr/bin" "Mozilla/5.0 AppleWebKit/537.36 (KHTML, like Gecko; compatible; GPTBot/1.4; +https://openai.com/gptbot)" "-"
