2a03:2880:f800:: - - [07/Aug/2026:04:46:55 +0200] "GET /?lokasie=/kunden/kunden/bin/gemtopbm&loknya=/kunden/kunden/bin HTTP/1.1" 200 21417 www.chocadoodle.co.uk "-" "Mozilla/5.0 (Windows NT 10.0; Win64; x64) AppleWebKit/537.36 (KHTML, like Gecko) Chrome/145.0.0.0 Safari/537.36 (compatible; meta-externalagent/1.1 (+https://developers.facebook.com/docs/sharing/webmasters/crawler))" "-"
2a03:2880:f800:: - - [07/Aug/2026:04:46:59 +0200] "GET /?lokasie=/kunden/kunden/bin/umount&loknya=/kunden/kunden/bin HTTP/1.1" 429 267 www.chocadoodle.co.uk "-" "Mozilla/5.0 (Windows NT 10.0; Win64; x64) AppleWebKit/537.36 (KHTML, like Gecko) Chrome/145.0.0.0 Safari/537.36 (compatible; meta-externalagent/1.1 (+https://developers.facebook.com/docs/sharing/webmasters/crawler))" "-"
74.7.241.0 - - [07/Aug/2026:04:47:02 +0200] "GET /?loknya=/usr/lib/x86_64-linux-gnu/perl/5.32/auto/Sys/Hostname HTTP/1.1" 200 7048 chocadoodle.co.uk "https://chocadoodle.co.uk/?loknya=/usr/lib/x86_64-linux-gnu/perl/5.32/auto/Sys" "Mozilla/5.0 AppleWebKit/537.36 (KHTML, like Gecko; compatible; GPTBot/1.4; +https://openai.com/gptbot)" "-"
2a03:2880:f800:: - - [07/Aug/2026:04:47:03 +0200] "GET /?lokasie=/kunden/kunden/bin/pmap&loknya=/kunden/kunden/bin HTTP/1.1" 429 267 www.chocadoodle.co.uk "-" "Mozilla/5.0 (Windows NT 10.0; Win64; x64) AppleWebKit/537.36 (KHTML, like Gecko) Chrome/145.0.0.0 Safari/537.36 (compatible; meta-externalagent/1.1 (+https://developers.facebook.com/docs/sharing/webmasters/crawler))" "-"
2a03:2880:f800:: - - [07/Aug/2026:04:47:16 +0200] "GET /?lokasie=/kunden/bin/rotatelogs&loknya=/kunden/bin HTTP/1.1" 429 267 www.chocadoodle.co.uk "-" "Mozilla/5.0 (Windows NT 10.0; Win64; x64) AppleWebKit/537.36 (KHTML, like Gecko) Chrome/145.0.0.0 Safari/537.36 (compatible; meta-externalagent/1.1 (+https://developers.facebook.com/docs/sharing/webmasters/crawler))" "-"
114.119.149.0 - - [07/Aug/2026:04:47:18 +0200] "GET /glsmpj/slismr-c.html HTTP/1.1" 200 27498 wrigglesworths.co.uk "http://wrigglesworths.co.uk/glsmpj/slismr-c.html" "Mozilla/5.0 (Linux; Android 7.0;) AppleWebKit/537.36 (HTML, like Gecko) Mobile Safari/537.36 (compatible; PetalBot;+https://webmaster.petalsearch.com/site/petalbot)" "-"
74.7.242.0 - - [07/Aug/2026:04:47:21 +0200] "GET /items/36286054931521.html/?loknya=/homepages/43/d124547881/htdocs/outofboundsldn.co.uk/wp-includes HTTP/1.1" 200 437207 www.chocadoodle.co.uk "https://www.chocadoodle.co.uk/items/36286054931521.html/?loknya=/homepages/43/d124547881/htdocs/outofboundsldn.co.uk" "Mozilla/5.0 AppleWebKit/537.36 (KHTML, like Gecko; compatible; GPTBot/1.4; +https://openai.com/gptbot)" "-"
114.119.147.0 - - [07/Aug/2026:04:47:40 +0200] "GET /goods.php?special/087008975.html HTTP/1.1" 200 159718 www.chocadoodle.co.uk "https://www.chocadoodle.co.uk/goods.php?sitemap483.xml" "Mozilla/5.0 (Linux; Android 7.0;) AppleWebKit/537.36 (HTML, like Gecko) Mobile Safari/537.36 (compatible; PetalBot;+https://webmaster.petalsearch.com/site/petalbot)" "-"
74.7.241.0 - - [07/Aug/2026:04:47:55 +0200] "GET /?loknya=/usr/lib/x86_64-linux-gnu/perl/5.32/auto/File/DosGlob HTTP/1.1" 200 7046 chocadoodle.co.uk "https://chocadoodle.co.uk/?loknya=/usr/lib/x86_64-linux-gnu/perl/5.32/auto/File" "Mozilla/5.0 AppleWebKit/537.36 (KHTML, like Gecko; compatible; GPTBot/1.4; +https://openai.com/gptbot)" "-"
74.7.242.0 - - [07/Aug/2026:04:48:04 +0200] "GET /items/36286054931521.html/?lokasie=/homepages/43/d124547881/htdocs/outofboundsldn.co.uk/atwqz.php&loknya=/homepages/43/d124547881/htdocs/outofboundsldn.co.uk HTTP/1.1" 200 5383 www.chocadoodle.co.uk "https://www.chocadoodle.co.uk/items/36286054931521.html/?loknya=/homepages/43/d124547881/htdocs/outofboundsldn.co.uk" "Mozilla/5.0 AppleWebKit/537.36 (KHTML, like Gecko; compatible; GPTBot/1.4; +https://openai.com/gptbot)" "-"
114.119.146.0 - - [07/Aug/2026:04:48:38 +0200] "GET /ghdqbs/pesviw-c.html HTTP/1.1" 200 27498 wrigglesworths.co.uk "http://wrigglesworths.co.uk/ghdqbs/pesviw-c.html" "Mozilla/5.0 (Linux; Android 7.0;) AppleWebKit/537.36 (HTML, like Gecko) Mobile Safari/537.36 (compatible; PetalBot;+https://webmaster.petalsearch.com/site/petalbot)" "-"
74.7.241.0 - - [07/Aug/2026:04:48:39 +0200] "GET /?lokasie=/kunden/bin/montage-im6.q16&loknya=/kunden/bin HTTP/1.1" 200 19274 chocadoodle.co.uk "https://chocadoodle.co.uk/?loknya=/kunden/bin" "Mozilla/5.0 AppleWebKit/537.36 (KHTML, like Gecko; compatible; GPTBot/1.4; +https://openai.com/gptbot)" "-"
74.7.242.0 - - [07/Aug/2026:04:48:40 +0200] "GET /items/36286054931521.html/?lokasie=/homepages/43/d124547881/htdocs/clickandbuilds/index.php&loknya=/homepages/43/d124547881/htdocs/clickandbuilds HTTP/1.1" 200 4237 www.chocadoodle.co.uk "https://www.chocadoodle.co.uk/items/36286054931521.html/?loknya=/homepages/43/d124547881/htdocs/clickandbuilds" "Mozilla/5.0 AppleWebKit/537.36 (KHTML, like Gecko; compatible; GPTBot/1.4; +https://openai.com/gptbot)" "-"
2a03:2880:f800:: - - [07/Aug/2026:04:48:53 +0200] "GET /?lokasie=/kunden/kunden/bin/gawk&loknya=/kunden/kunden/bin HTTP/1.1" 200 1094338 www.chocadoodle.co.uk "-" "Mozilla/5.0 (Macintosh; Intel Mac OS X 10_15_7) AppleWebKit/537.36 (KHTML, like Gecko) Chrome/145.0.0.0 Safari/537.36 (compatible; meta-externalagent/1.1 (+https://developers.facebook.com/docs/sharing/webmasters/crawler))" "-"
2a03:2880:f800:: - - [07/Aug/2026:04:48:58 +0200] "GET /?lokasie=/kunden/kunden/bin/dh_perl_openssl&loknya=/kunden/kunden/bin HTTP/1.1" 200 5726 www.chocadoodle.co.uk "-" "Mozilla/5.0 (Windows NT 10.0; Win64; x64) AppleWebKit/537.36 (KHTML, like Gecko) Chrome/145.0.0.0 Safari/537.36 (compatible; meta-externalagent/1.1 (+https://developers.facebook.com/docs/sharing/webmasters/crawler))" "-"
114.119.147.0 - - [07/Aug/2026:04:49:03 +0200] "GET /goods.php?special/086045520.html HTTP/1.1" 200 156719 www.chocadoodle.co.uk "https://www.chocadoodle.co.uk/goods.php?sitemap483.xml" "Mozilla/5.0 (Linux; Android 7.0;) AppleWebKit/537.36 (HTML, like Gecko) Mobile Safari/537.36 (compatible; PetalBot;+https://webmaster.petalsearch.com/site/petalbot)" "-"
2a03:2880:f800:: - - [07/Aug/2026:04:49:03 +0200] "GET /?lokasie=/kunden/kunden/bin/debconf-set-selections&loknya=/kunden/kunden/bin HTTP/1.1" 200 7338 www.chocadoodle.co.uk "-" "Mozilla/5.0 (Macintosh; Intel Mac OS X 10_15_7) AppleWebKit/537.36 (KHTML, like Gecko) Chrome/145.0.0.0 Safari/537.36 (compatible; meta-externalagent/1.1 (+https://developers.facebook.com/docs/sharing/webmasters/crawler))" "-"
2a03:2880:f800:: - - [07/Aug/2026:04:49:09 +0200] "GET /?lokasie=/kunden/kunden/bin/vdir&loknya=/kunden/kunden/bin HTTP/1.1" 200 224594 www.chocadoodle.co.uk "-" "Mozilla/5.0 (Windows NT 10.0; Win64; x64) AppleWebKit/537.36 (KHTML, like Gecko) Chrome/145.0.0.0 Safari/537.36 (compatible; meta-externalagent/1.1 (+https://developers.facebook.com/docs/sharing/webmasters/crawler))" "-"
66.249.69.0 - - [07/Aug/2026:04:49:12 +0200] "GET /h23762654739404/ HTTP/1.1" 200 202796 www.chocadoodle.co.uk "-" "Mozilla/5.0 (Linux; Android 6.0.1; Nexus 5X Build/MMB29P) AppleWebKit/537.36 (KHTML, like Gecko) Chrome/150.0.7871.186 Mobile Safari/537.36 (compatible; Googlebot/2.1; +http://www.google.com/bot.html)" "-"
74.7.242.0 - - [07/Aug/2026:04:49:13 +0200] "GET /items/20020964640675.html/?loknya=/homepages/43/d124547881/ HTTP/1.1" 200 25950 www.chocadoodle.co.uk "https://www.chocadoodle.co.uk/items/20020964640675.html/?loknya=/homepages/43/d124547881/htdocs/" "Mozilla/5.0 AppleWebKit/537.36 (KHTML, like Gecko; compatible; GPTBot/1.4; +https://openai.com/gptbot)" "-"
2a03:2880:f800:: - - [07/Aug/2026:04:49:14 +0200] "GET /?lokasie=/kunden/kunden/bin/pnminterp&loknya=/kunden/kunden/bin HTTP/1.1" 200 21524 www.chocadoodle.co.uk "-" "Mozilla/5.0 (Windows NT 10.0; Win64; x64) AppleWebKit/537.36 (KHTML, like Gecko) Chrome/145.0.0.0 Safari/537.36 (compatible; meta-externalagent/1.1 (+https://developers.facebook.com/docs/sharing/webmasters/crawler))" "-"
2a03:2880:f800:: - - [07/Aug/2026:04:49:18 +0200] "GET /?lokasie=/kunden/kunden/bin/pgmhist&loknya=/kunden/kunden/bin HTTP/1.1" 200 19614 www.chocadoodle.co.uk "-" "Mozilla/5.0 (Macintosh; Intel Mac OS X 10_15_7) AppleWebKit/537.36 (KHTML, like Gecko) Chrome/145.0.0.0 Safari/537.36 (compatible; meta-externalagent/1.1 (+https://developers.facebook.com/docs/sharing/webmasters/crawler))" "-"
74.7.241.0 - - [07/Aug/2026:04:49:20 +0200] "GET /?loknya=/homepages/43/d124547881/htdocs/assets/images/autogen HTTP/1.1" 200 114493 chocadoodle.co.uk "https://chocadoodle.co.uk/?loknya=/homepages/43/d124547881/htdocs/assets/images" "Mozilla/5.0 AppleWebKit/537.36 (KHTML, like Gecko; compatible; GPTBot/1.4; +https://openai.com/gptbot)" "-"
2a03:2880:f800:: - - [07/Aug/2026:04:49:22 +0200] "GET /?lokasie=/kunden/kunden/bin/pnmtoplainpnm&loknya=/kunden/kunden/bin HTTP/1.1" 200 19391 www.chocadoodle.co.uk "-" "Mozilla/5.0 (Windows NT 10.0; Win64; x64) AppleWebKit/537.36 (KHTML, like Gecko) Chrome/145.0.0.0 Safari/537.36 (compatible; meta-externalagent/1.1 (+https://developers.facebook.com/docs/sharing/webmasters/crawler))" "-"
2a03:2880:f800:: - - [07/Aug/2026:04:49:23 +0200] "GET /?lokasie=/kunden/bin/bzexe&loknya=/kunden/bin HTTP/1.1" 200 9584 www.chocadoodle.co.uk "-" "Mozilla/5.0 (Windows NT 10.0; Win64; x64) AppleWebKit/537.36 (KHTML, like Gecko) Chrome/145.0.0.0 Safari/537.36 (compatible; meta-externalagent/1.1 (+https://developers.facebook.com/docs/sharing/webmasters/crawler))" "-"
2a03:2880:f800:: - - [07/Aug/2026:04:49:27 +0200] "GET /?lokasie=/kunden/kunden/bin/pbmtoptx&loknya=/kunden/kunden/bin HTTP/1.1" 200 19489 www.chocadoodle.co.uk "-" "Mozilla/5.0 (Windows NT 10.0; Win64; x64) AppleWebKit/537.36 (KHTML, like Gecko) Chrome/145.0.0.0 Safari/537.36 (compatible; meta-externalagent/1.1 (+https://developers.facebook.com/docs/sharing/webmasters/crawler))" "-"
2a03:2880:f800:: - - [07/Aug/2026:04:49:30 +0200] "GET /?lokasie=/kunden/kunden/bin/bunzip2&loknya=/kunden/kunden/bin HTTP/1.1" 200 54502 www.chocadoodle.co.uk "-" "Mozilla/5.0 (Macintosh; Intel Mac OS X 10_15_7) AppleWebKit/537.36 (KHTML, like Gecko) Chrome/145.0.0.0 Safari/537.36 (compatible; meta-externalagent/1.1 (+https://developers.facebook.com/docs/sharing/webmasters/crawler))" "-"
2a03:2880:f800:: - - [07/Aug/2026:04:49:35 +0200] "GET /?lokasie=/kunden/kunden/bin/tiff2ps&loknya=/kunden/kunden/bin HTTP/1.1" 200 84392 www.chocadoodle.co.uk "-" "Mozilla/5.0 (Windows NT 10.0; Win64; x64) AppleWebKit/537.36 (KHTML, like Gecko) Chrome/145.0.0.0 Safari/537.36 (compatible; meta-externalagent/1.1 (+https://developers.facebook.com/docs/sharing/webmasters/crawler))" "-"
2a03:2880:f800:: - - [07/Aug/2026:04:49:38 +0200] "GET /?lokasie=/kunden/kunden/bin/tiffset&loknya=/kunden/kunden/bin HTTP/1.1" 200 26758 www.chocadoodle.co.uk "-" "Mozilla/5.0 (Macintosh; Intel Mac OS X 10_15_7) AppleWebKit/537.36 (KHTML, like Gecko) Chrome/145.0.0.0 Safari/537.36 (compatible; meta-externalagent/1.1 (+https://developers.facebook.com/docs/sharing/webmasters/crawler))" "-"
2a03:2880:f800:: - - [07/Aug/2026:04:49:44 +0200] "GET /?lokasie=/kunden/kunden/bin/stat&loknya=/kunden/kunden/bin HTTP/1.1" 200 137044 www.chocadoodle.co.uk "-" "Mozilla/5.0 (Macintosh; Intel Mac OS X 10_15_7) AppleWebKit/537.36 (KHTML, like Gecko) Chrome/145.0.0.0 Safari/537.36 (compatible; meta-externalagent/1.1 (+https://developers.facebook.com/docs/sharing/webmasters/crawler))" "-"
74.7.242.0 - - [07/Aug/2026:04:49:44 +0200] "GET /items/36289317878076.html/?loknya=/homepages/43/d124547881/ HTTP/1.1" 200 25950 www.chocadoodle.co.uk "https://www.chocadoodle.co.uk/items/36289317878076.html/?loknya=/homepages/43/d124547881/htdocs/" "Mozilla/5.0 AppleWebKit/537.36 (KHTML, like Gecko; compatible; GPTBot/1.4; +https://openai.com/gptbot)" "-"
2a03:2880:f800:: - - [07/Aug/2026:04:49:45 +0200] "GET /?lokasie=/kunden/kunden/bin/showtable&loknya=/kunden/kunden/bin HTTP/1.1" 200 37907 www.chocadoodle.co.uk "-" "Mozilla/5.0 (Windows NT 10.0; Win64; x64) AppleWebKit/537.36 (KHTML, like Gecko) Chrome/145.0.0.0 Safari/537.36 Edg/145.0.0.0 (compatible; meta-externalagent/1.1 (+https://developers.facebook.com/docs/sharing/webmasters/crawler))" "-"
66.249.69.0 - - [07/Aug/2026:04:49:53 +0200] "GET /k13439927224486/ HTTP/1.1" 200 210545 www.chocadoodle.co.uk "-" "Mozilla/5.0 (Linux; Android 6.0.1; Nexus 5X Build/MMB29P) AppleWebKit/537.36 (KHTML, like Gecko) Chrome/150.0.7871.186 Mobile Safari/537.36 (compatible; Googlebot/2.1; +http://www.google.com/bot.html)" "-"
66.249.69.0 - - [07/Aug/2026:04:49:54 +0200] "GET /l19520605867520/ HTTP/1.1" 200 211047 www.chocadoodle.co.uk "-" "Mozilla/5.0 (compatible; Googlebot/2.1; +http://www.google.com/bot.html)" "-"
66.249.69.0 - - [07/Aug/2026:04:49:54 +0200] "GET /l19520605867520/ HTTP/1.1" 200 211047 www.chocadoodle.co.uk "-" "Mozilla/5.0 (Linux; Android 6.0.1; Nexus 5X Build/MMB29P) AppleWebKit/537.36 (KHTML, like Gecko) Chrome/150.0.7871.186 Mobile Safari/537.36 (compatible; Googlebot/2.1; +http://www.google.com/bot.html)" "-"
74.7.241.0 - - [07/Aug/2026:04:49:57 +0200] "GET /?loknya=/homepages/43/d124547881/htdocs/assets/ HTTP/1.1" 200 29463 chocadoodle.co.uk "https://chocadoodle.co.uk/?loknya=/homepages/43/d124547881/htdocs/assets/images" "Mozilla/5.0 AppleWebKit/537.36 (KHTML, like Gecko; compatible; GPTBot/1.4; +https://openai.com/gptbot)" "-"
114.119.148.0 - - [07/Aug/2026:04:50:04 +0200] "GET /geimdh/iunhbb-c.html HTTP/1.1" 200 27498 wrigglesworths.co.uk "http://wrigglesworths.co.uk/geimdh/iunhbb-c.html" "Mozilla/5.0 (Linux; Android 7.0;) AppleWebKit/537.36 (HTML, like Gecko) Mobile Safari/537.36 (compatible; PetalBot;+https://webmaster.petalsearch.com/site/petalbot)" "-"
74.7.242.0 - - [07/Aug/2026:04:50:10 +0200] "GET /items/13032287907638.html/?loknya=/homepages/43/d124547881/.config HTTP/1.1" 200 5257 www.chocadoodle.co.uk "https://www.chocadoodle.co.uk/items/13032287907638.html/?loknya=/homepages/43/d124547881/" "Mozilla/5.0 AppleWebKit/537.36 (KHTML, like Gecko; compatible; GPTBot/1.4; +https://openai.com/gptbot)" "-"
114.119.132.0 - - [07/Aug/2026:04:50:29 +0200] "GET /goods.php?special/086044392.html HTTP/1.1" 200 159950 www.chocadoodle.co.uk "https://www.chocadoodle.co.uk/goods.php?sitemap483.xml" "Mozilla/5.0 (Linux; Android 7.0;) AppleWebKit/537.36 (HTML, like Gecko) Mobile Safari/537.36 (compatible; PetalBot;+https://webmaster.petalsearch.com/site/petalbot)" "-"
74.7.241.0 - - [07/Aug/2026:04:50:31 +0200] "GET /?lokasie=/kunden/bin/db5.3_recover&loknya=/kunden/bin HTTP/1.1" 200 21254 chocadoodle.co.uk "https://chocadoodle.co.uk/?loknya=/kunden/bin" "Mozilla/5.0 AppleWebKit/537.36 (KHTML, like Gecko; compatible; GPTBot/1.4; +https://openai.com/gptbot)" "-"
2a03:2880:f800:: - - [07/Aug/2026:04:50:32 +0200] "GET /?lokasie=/kunden/bin/mariadb-slap&loknya=/kunden/bin HTTP/1.1" 200 5028743 www.chocadoodle.co.uk "-" "Mozilla/5.0 (Macintosh; Intel Mac OS X 10_15_7) AppleWebKit/537.36 (KHTML, like Gecko) Chrome/145.0.0.0 Safari/537.36 Edg/145.0.0.0 (compatible; meta-externalagent/1.1 (+https://developers.facebook.com/docs/sharing/webmasters/crawler))" "-"
74.7.242.0 - - [07/Aug/2026:04:50:35 +0200] "GET /items/37293607440821.html/?loknya=/homepages/43/d158513324/.config HTTP/1.1" 200 5257 www.chocadoodle.co.uk "https://www.chocadoodle.co.uk/items/37293607440821.html/?loknya=/homepages/43/d158513324" "Mozilla/5.0 AppleWebKit/537.36 (KHTML, like Gecko; compatible; GPTBot/1.4; +https://openai.com/gptbot)" "-"
74.7.242.0 - - [07/Aug/2026:04:50:57 +0200] "GET /items/27712196690867.html/?loknya=/homepages/43/d124547881/.config HTTP/1.1" 200 5257 www.chocadoodle.co.uk "https://www.chocadoodle.co.uk/items/27712196690867.html/?loknya=/homepages/43/d124547881/" "Mozilla/5.0 AppleWebKit/537.36 (KHTML, like Gecko; compatible; GPTBot/1.4; +https://openai.com/gptbot)" "-"
74.7.241.0 - - [07/Aug/2026:04:51:01 +0200] "GET /?lokasie=/bin/m4&loknya=/bin HTTP/1.1" 200 260532 chocadoodle.co.uk "https://chocadoodle.co.uk/?loknya=/bin" "Mozilla/5.0 AppleWebKit/537.36 (KHTML, like Gecko; compatible; GPTBot/1.4; +https://openai.com/gptbot)" "-"
2a03:2880:f800:: - - [07/Aug/2026:04:51:05 +0200] "GET /?lokasie=/kunden/kunden/bin/mt&loknya=/kunden/kunden/bin HTTP/1.1" 200 57054 www.chocadoodle.co.uk "-" "Mozilla/5.0 (Windows NT 10.0; Win64; x64) AppleWebKit/537.36 (KHTML, like Gecko) Chrome/145.0.0.0 Safari/537.36 (compatible; meta-externalagent/1.1 (+https://developers.facebook.com/docs/sharing/webmasters/crawler))" "-"
2a03:2880:f800:: - - [07/Aug/2026:04:51:08 +0200] "GET /?lokasie=/kunden/kunden/bin/lzfgrep&loknya=/kunden/kunden/bin HTTP/1.1" 200 11156 www.chocadoodle.co.uk "-" "Mozilla/5.0 (Macintosh; Intel Mac OS X 10_15_7) AppleWebKit/537.36 (KHTML, like Gecko) Chrome/145.0.0.0 Safari/537.36 (compatible; meta-externalagent/1.1 (+https://developers.facebook.com/docs/sharing/webmasters/crawler))" "-"
188.166.227.0 - - [07/Aug/2026:04:51:14 +0200] "GET /administrator/ HTTP/1.1" 200 55081 chocadoodle.co.uk "-" "Mozilla/5.0 (Windows NT 10.0; Win64; x64) Gecko/20100101 Firefox/122.0" "-"
74.7.242.0 - - [07/Aug/2026:04:51:16 +0200] "GET /items/36286054931521.html/?loknya=/homepages/43/d124547881/.config HTTP/1.1" 429 267 www.chocadoodle.co.uk "https://www.chocadoodle.co.uk/items/36286054931521.html/?loknya=/homepages/43/d124547881/" "Mozilla/5.0 AppleWebKit/537.36 (KHTML, like Gecko; compatible; GPTBot/1.4; +https://openai.com/gptbot)" "-"
114.119.149.0 - - [07/Aug/2026:04:51:26 +0200] "GET /gdbgyk/ordlka-c.html HTTP/1.1" 200 27498 wrigglesworths.co.uk "http://wrigglesworths.co.uk/gdbgyk/ordlka-c.html" "Mozilla/5.0 (Linux; Android 7.0;) AppleWebKit/537.36 (HTML, like Gecko) Mobile Safari/537.36 (compatible; PetalBot;+https://webmaster.petalsearch.com/site/petalbot)" "-"
74.7.241.0 - - [07/Aug/2026:04:51:28 +0200] "GET /?loknya=/etc/security HTTP/1.1" 200 20133 chocadoodle.co.uk "https://chocadoodle.co.uk/?loknya=/etc" "Mozilla/5.0 AppleWebKit/537.36 (KHTML, like Gecko; compatible; GPTBot/1.4; +https://openai.com/gptbot)" "-"
74.7.242.0 - - [07/Aug/2026:04:51:34 +0200] "GET /items/18302027601879.html/?loknya=/homepages/43/d124547881/.config HTTP/1.1" 429 267 www.chocadoodle.co.uk "https://www.chocadoodle.co.uk/items/18302027601879.html/?loknya=/homepages/43/d124547881/" "Mozilla/5.0 AppleWebKit/537.36 (KHTML, like Gecko; compatible; GPTBot/1.4; +https://openai.com/gptbot)" "-"
114.119.158.0 - - [07/Aug/2026:04:51:52 +0200] "GET /goods.php?special/086034990.html HTTP/1.1" 200 168584 www.chocadoodle.co.uk "https://www.chocadoodle.co.uk/goods.php?sitemap483.xml" "Mozilla/5.0 (Linux; Android 7.0;) AppleWebKit/537.36 (HTML, like Gecko) Mobile Safari/537.36 (compatible; PetalBot;+https://webmaster.petalsearch.com/site/petalbot)" "-"
74.7.241.0 - - [07/Aug/2026:04:51:53 +0200] "GET /?loknya=/etc/terminfo HTTP/1.1" 200 6343 chocadoodle.co.uk "https://chocadoodle.co.uk/?loknya=/etc" "Mozilla/5.0 AppleWebKit/537.36 (KHTML, like Gecko; compatible; GPTBot/1.4; +https://openai.com/gptbot)" "-"
74.7.241.0 - - [07/Aug/2026:04:52:15 +0200] "GET /?loknya=/homepages/43/d124547881/htdocs/logs/ HTTP/1.1" 200 47118 chocadoodle.co.uk "https://chocadoodle.co.uk/?loknya=/homepages/43/d124547881/htdocs/logs/traffic.html" "Mozilla/5.0 AppleWebKit/537.36 (KHTML, like Gecko; compatible; GPTBot/1.4; +https://openai.com/gptbot)" "-"
2a03:2880:f800:: - - [07/Aug/2026:04:52:21 +0200] "GET /?lokasie=/kunden/kunden/bin/dnstap-read&loknya=/kunden/kunden/bin HTTP/1.1" 200 30119 www.chocadoodle.co.uk "-" "Mozilla/5.0 (Windows NT 10.0; Win64; x64) AppleWebKit/537.36 (KHTML, like Gecko) Chrome/145.0.0.0 Safari/537.36 (compatible; meta-externalagent/1.1 (+https://developers.facebook.com/docs/sharing/webmasters/crawler))" "-"
66.249.69.0 - - [07/Aug/2026:04:52:22 +0200] "GET /x25491575853276/ HTTP/1.1" 200 203278 www.chocadoodle.co.uk "-" "Mozilla/5.0 (Linux; Android 6.0.1; Nexus 5X Build/MMB29P) AppleWebKit/537.36 (KHTML, like Gecko) Chrome/150.0.7871.186 Mobile Safari/537.36 (compatible; Googlebot/2.1; +http://www.google.com/bot.html)" "-"
66.249.69.0 - - [07/Aug/2026:04:52:25 +0200] "GET /l40145217189174/ HTTP/1.1" 200 204904 www.chocadoodle.co.uk "-" "Mozilla/5.0 (compatible; Googlebot/2.1; +http://www.google.com/bot.html)" "-"
2a03:2880:f800:: - - [07/Aug/2026:04:52:27 +0200] "GET /?lokasie=/kunden/bin/lzop&loknya=/kunden/bin HTTP/1.1" 200 117024 www.chocadoodle.co.uk "-" "Mozilla/5.0 (Windows NT 10.0; Win64; x64) AppleWebKit/537.36 (KHTML, like Gecko) Chrome/145.0.0.0 Safari/537.36 (compatible; meta-externalagent/1.1 (+https://developers.facebook.com/docs/sharing/webmasters/crawler))" "-"
74.7.242.0 - - [07/Aug/2026:04:52:28 +0200] "GET /items/20020964640675.html/?lokasie=/homepages/43/d124547881/htdocs/wrigglesworths/index.php&loknya=/homepages/43/d124547881/htdocs/wrigglesworths HTTP/1.1" 200 4237 www.chocadoodle.co.uk "https://www.chocadoodle.co.uk/items/20020964640675.html/?loknya=/homepages/43/d124547881/htdocs/wrigglesworths" "Mozilla/5.0 AppleWebKit/537.36 (KHTML, like Gecko; compatible; GPTBot/1.4; +https://openai.com/gptbot)" "-"
2a03:2880:f800:: - - [07/Aug/2026:04:52:31 +0200] "GET /?lokasie=/homepages/43/d124547881/htdocs/chocadoodle.co.uk/wp-includes/class-wp-site-query.php&loknya=/homepages/43/d124547881/htdocs/chocadoodle.co.uk/wp-includes HTTP/1.1" 200 40725 www.chocadoodle.co.uk "-" "Mozilla/5.0 (Windows NT 10.0; Win64; x64) AppleWebKit/537.36 (KHTML, like Gecko) Chrome/145.0.0.0 Safari/537.36 (compatible; meta-externalagent/1.1 (+https://developers.facebook.com/docs/sharing/webmasters/crawler))" "-"
74.7.241.0 - - [07/Aug/2026:04:52:35 +0200] "GET /?loknya=/lib/terminfo HTTP/1.1" 200 19112 chocadoodle.co.uk "https://chocadoodle.co.uk/?loknya=/lib" "Mozilla/5.0 AppleWebKit/537.36 (KHTML, like Gecko; compatible; GPTBot/1.4; +https://openai.com/gptbot)" "-"
66.249.69.0 - - [07/Aug/2026:04:52:35 +0200] "GET /t43213876804734 HTTP/1.1" 200 210580 www.chocadoodle.co.uk "-" "Mozilla/5.0 (Linux; Android 6.0.1; Nexus 5X Build/MMB29P) AppleWebKit/537.36 (KHTML, like Gecko) Chrome/150.0.7871.186 Mobile Safari/537.36 (compatible; Googlebot/2.1; +http://www.google.com/bot.html)" "-"
66.249.69.0 - - [07/Aug/2026:04:52:41 +0200] "GET /t11596824710811/ HTTP/1.1" 200 206622 www.chocadoodle.co.uk "-" "Mozilla/5.0 (compatible; Googlebot/2.1; +http://www.google.com/bot.html)" "-"
66.249.69.0 - - [07/Aug/2026:04:52:41 +0200] "GET /t43213876804734 HTTP/1.1" 200 210580 www.chocadoodle.co.uk "-" "Mozilla/5.0 (Linux; Android 6.0.1; Nexus 5X Build/MMB29P) AppleWebKit/537.36 (KHTML, like Gecko) Chrome/150.0.7871.186 Mobile Safari/537.36 (compatible; Googlebot/2.1; +http://www.google.com/bot.html)" "-"
114.119.158.0 - - [07/Aug/2026:04:52:51 +0200] "GET /gabkrv/abtidp-c.html HTTP/1.1" 200 27498 wrigglesworths.co.uk "http://wrigglesworths.co.uk/gabkrv/abtidp-c.html" "Mozilla/5.0 (Linux; Android 7.0;) AppleWebKit/537.36 (HTML, like Gecko) Mobile Safari/537.36 (compatible; PetalBot;+https://webmaster.petalsearch.com/site/petalbot)" "-"
74.7.241.0 - - [07/Aug/2026:04:52:53 +0200] "GET /?lokasie=/lib/aspell/iso-8859-16.cset&loknya=/lib/aspell HTTP/1.1" 200 18731 chocadoodle.co.uk "https://chocadoodle.co.uk/?loknya=/lib/aspell" "Mozilla/5.0 AppleWebKit/537.36 (KHTML, like Gecko; compatible; GPTBot/1.4; +https://openai.com/gptbot)" "-"
74.7.241.0 - - [07/Aug/2026:04:53:08 +0200] "GET /?lokasie=/lib/aspell/iso-8859-16.cmap&loknya=/lib/aspell HTTP/1.1" 200 40336 chocadoodle.co.uk "https://chocadoodle.co.uk/?loknya=/lib/aspell" "Mozilla/5.0 AppleWebKit/537.36 (KHTML, like Gecko; compatible; GPTBot/1.4; +https://openai.com/gptbot)" "-"
66.249.69.0 - - [07/Aug/2026:04:53:15 +0200] "GET /h43149317419987/ HTTP/1.1" 200 212082 www.chocadoodle.co.uk "-" "Mozilla/5.0 (compatible; Googlebot/2.1; +http://www.google.com/bot.html)" "-"
43.153.85.0 - - [07/Aug/2026:04:53:15 +0200] "GET / HTTP/1.1" 200 58525 gbwconsulting.co.uk "-" "Mozilla/5.0 (iPhone; CPU iPhone OS 13_2_3 like Mac OS X) AppleWebKit/605.1.15 (KHTML, like Gecko) Version/13.0.3 Mobile/15E148 Safari/604.1" "-"
114.119.153.0 - - [07/Aug/2026:04:53:17 +0200] "GET /goods.php?special/086034918.html HTTP/1.1" 200 163150 www.chocadoodle.co.uk "https://www.chocadoodle.co.uk/goods.php?sitemap483.xml" "Mozilla/5.0 (Linux; Android 7.0;) AppleWebKit/537.36 (HTML, like Gecko) Mobile Safari/537.36 (compatible; PetalBot;+https://webmaster.petalsearch.com/site/petalbot)" "-"
2a03:2880:f800:: - - [07/Aug/2026:04:53:22 +0200] "GET /?lokasie=/kunden/kunden/bin/aptitude-curses&loknya=/kunden/kunden/bin HTTP/1.1" 200 6876005 www.chocadoodle.co.uk "-" "Mozilla/5.0 (Macintosh; Intel Mac OS X 10_15_7) AppleWebKit/537.36 (KHTML, like Gecko) Chrome/145.0.0.0 Safari/537.36 (compatible; meta-externalagent/1.1 (+https://developers.facebook.com/docs/sharing/webmasters/crawler))" "-"
74.7.241.0 - - [07/Aug/2026:04:53:23 +0200] "GET /?lokasie=/lib/aspell/iso-8859-10.cmap&loknya=/lib/aspell HTTP/1.1" 200 40594 chocadoodle.co.uk "https://chocadoodle.co.uk/?loknya=/lib/aspell" "Mozilla/5.0 AppleWebKit/537.36 (KHTML, like Gecko; compatible; GPTBot/1.4; +https://openai.com/gptbot)" "-"
2a03:2880:f800:: - - [07/Aug/2026:04:53:25 +0200] "GET /?lokasie=/kunden/kunden/bin/tic&loknya=/kunden/kunden/bin HTTP/1.1" 200 134576 www.chocadoodle.co.uk "-" "Mozilla/5.0 (Macintosh; Intel Mac OS X 10_15_7) AppleWebKit/537.36 (KHTML, like Gecko) Chrome/145.0.0.0 Safari/537.36 (compatible; meta-externalagent/1.1 (+https://developers.facebook.com/docs/sharing/webmasters/crawler))" "-"
2a03:2880:f800:: - - [07/Aug/2026:04:53:28 +0200] "GET /?lokasie=/kunden/kunden/bin/login&loknya=/kunden/kunden/bin HTTP/1.1" 200 57057 www.chocadoodle.co.uk "-" "Mozilla/5.0 (Macintosh; Intel Mac OS X 10_15_7) AppleWebKit/537.36 (KHTML, like Gecko) Chrome/145.0.0.0 Safari/537.36 (compatible; meta-externalagent/1.1 (+https://developers.facebook.com/docs/sharing/webmasters/crawler))" "-"
74.7.242.0 - - [07/Aug/2026:04:53:29 +0200] "GET /items/36286054931521.html/?lokasie=/homepages/43/d124547881/htdocs/outofboundsldn.co.uk/wp-includes/ScKyjqWOrVk.php&loknya=/homepages/43/d124547881/htdocs/outofboundsldn.co.uk/wp-includes HTTP/1.1" 200 4372 www.chocadoodle.co.uk "https://www.chocadoodle.co.uk/items/36286054931521.html/?loknya=/homepages/43/d124547881/htdocs/outofboundsldn.co.uk/wp-includes" "Mozilla/5.0 AppleWebKit/537.36 (KHTML, like Gecko; compatible; GPTBot/1.4; +https://openai.com/gptbot)" "-"
2a03:2880:f800:: - - [07/Aug/2026:04:53:30 +0200] "GET /?lokasie=/kunden/kunden/bin/cpio&loknya=/kunden/kunden/bin HTTP/1.1" 200 253340 www.chocadoodle.co.uk "-" "Mozilla/5.0 (Macintosh; Intel Mac OS X 10_15_7) AppleWebKit/537.36 (KHTML, like Gecko) Chrome/145.0.0.0 Safari/537.36 (compatible; meta-externalagent/1.1 (+https://developers.facebook.com/docs/sharing/webmasters/crawler))" "-"
2a03:2880:f800:: - - [07/Aug/2026:04:53:33 +0200] "GET /?lokasie=/kunden/kunden/bin/update_rubygems&loknya=/kunden/kunden/bin HTTP/1.1" 200 4721 www.chocadoodle.co.uk "-" "Mozilla/5.0 (Windows NT 10.0; Win64; x64) AppleWebKit/537.36 (KHTML, like Gecko) Chrome/144.0.0.0 Safari/537.36 Edg/144.0.0.0 (compatible; meta-externalagent/1.1 (+https://developers.facebook.com/docs/sharing/webmasters/crawler))" "-"
2a03:2880:f800:: - - [07/Aug/2026:04:53:34 +0200] "GET /?lokasie=/kunden/kunden/bin/pbmtog3&loknya=/kunden/kunden/bin HTTP/1.1" 200 23697 www.chocadoodle.co.uk "-" "Mozilla/5.0 (Macintosh; Intel Mac OS X 10_15_7) AppleWebKit/537.36 (KHTML, like Gecko) Chrome/145.0.0.0 Safari/537.36 (compatible; meta-externalagent/1.1 (+https://developers.facebook.com/docs/sharing/webmasters/crawler))" "-"
74.7.241.0 - - [07/Aug/2026:04:53:36 +0200] "GET /?loknya=/homepages/43/d124547881/htdocs/assets/images/ HTTP/1.1" 200 27288 chocadoodle.co.uk "https://chocadoodle.co.uk/?loknya=/homepages/43/d124547881/htdocs/assets/images/autogen" "Mozilla/5.0 AppleWebKit/537.36 (KHTML, like Gecko; compatible; GPTBot/1.4; +https://openai.com/gptbot)" "-"
66.249.69.0 - - [07/Aug/2026:04:53:36 +0200] "GET /y23004955299418/ HTTP/1.1" 200 203851 www.chocadoodle.co.uk "-" "Mozilla/5.0 (Linux; Android 6.0.1; Nexus 5X Build/MMB29P) AppleWebKit/537.36 (KHTML, like Gecko) Chrome/150.0.7871.186 Mobile Safari/537.36 (compatible; Googlebot/2.1; +http://www.google.com/bot.html)" "-"
2a03:2880:f800:: - - [07/Aug/2026:04:53:37 +0200] "GET /?lokasie=/kunden/kunden/bin/pgrep&loknya=/kunden/kunden/bin HTTP/1.1" 200 43984 www.chocadoodle.co.uk "-" "Mozilla/5.0 (Windows NT 10.0; Win64; x64) AppleWebKit/537.36 (KHTML, like Gecko) Chrome/145.0.0.0 Safari/537.36 (compatible; meta-externalagent/1.1 (+https://developers.facebook.com/docs/sharing/webmasters/crawler))" "-"
2a03:2880:f800:: - - [07/Aug/2026:04:53:40 +0200] "GET /?lokasie=/kunden/kunden/bin/php8.2&loknya=/kunden/kunden/bin HTTP/1.1" 200 26294387 www.chocadoodle.co.uk "-" "Mozilla/5.0 (Windows NT 10.0; Win64; x64) AppleWebKit/537.36 (KHTML, like Gecko) Chrome/145.0.0.0 Safari/537.36 (compatible; meta-externalagent/1.1 (+https://developers.facebook.com/docs/sharing/webmasters/crawler))" "-"
2a03:2880:f800:: - - [07/Aug/2026:04:53:42 +0200] "GET /?lokasie=/kunden/kunden/bin/ncftpspooler&loknya=/kunden/kunden/bin HTTP/1.1" 200 334988 www.chocadoodle.co.uk "-" "Mozilla/5.0 (Windows NT 10.0; Win64; x64) AppleWebKit/537.36 (KHTML, like Gecko) Chrome/145.0.0.0 Safari/537.36 (compatible; meta-externalagent/1.1 (+https://developers.facebook.com/docs/sharing/webmasters/crawler))" "-"
2a03:2880:f800:: - - [07/Aug/2026:04:53:45 +0200] "GET /?lokasie=/kunden/kunden/bin/x86_64-linux-gnu-gcov-tool&loknya=/kunden/kunden/bin HTTP/1.1" 200 418579 www.chocadoodle.co.uk "-" "Mozilla/5.0 (Macintosh; Intel Mac OS X 10_15_7) AppleWebKit/537.36 (KHTML, like Gecko) Chrome/145.0.0.0 Safari/537.36 (compatible; meta-externalagent/1.1 (+https://developers.facebook.com/docs/sharing/webmasters/crawler))" "-"
2a03:2880:f800:: - - [07/Aug/2026:04:53:46 +0200] "GET /?lokasie=/kunden/kunden/bin/rcs&loknya=/kunden/kunden/bin HTTP/1.1" 200 295099 www.chocadoodle.co.uk "-" "Mozilla/5.0 (Windows NT 10.0; Win64; x64) AppleWebKit/537.36 (KHTML, like Gecko) Chrome/145.0.0.0 Safari/537.36 (compatible; meta-externalagent/1.1 (+https://developers.facebook.com/docs/sharing/webmasters/crawler))" "-"
74.7.241.0 - - [07/Aug/2026:04:53:47 +0200] "GET /?lokasie=/lib/aspell/iso-8859-13.cset&loknya=/lib/aspell HTTP/1.1" 200 18436 chocadoodle.co.uk "https://chocadoodle.co.uk/?loknya=/lib/aspell" "Mozilla/5.0 AppleWebKit/537.36 (KHTML, like Gecko; compatible; GPTBot/1.4; +https://openai.com/gptbot)" "-"
2a03:2880:f800:: - - [07/Aug/2026:04:53:49 +0200] "GET /?lokasie=/kunden/kunden/bin/ppmrainbow&loknya=/kunden/kunden/bin HTTP/1.1" 200 5937 www.chocadoodle.co.uk "-" "Mozilla/5.0 (Macintosh; Intel Mac OS X 10_15_7) AppleWebKit/537.36 (KHTML, like Gecko) Chrome/145.0.0.0 Safari/537.36 (compatible; meta-externalagent/1.1 (+https://developers.facebook.com/docs/sharing/webmasters/crawler))" "-"
2a03:2880:f800:: - - [07/Aug/2026:04:53:51 +0200] "GET /?lokasie=/kunden/kunden/bin/vimtutor&loknya=/kunden/kunden/bin HTTP/1.1" 200 6394 www.chocadoodle.co.uk "-" "Mozilla/5.0 (Windows NT 10.0; Win64; x64) AppleWebKit/537.36 (KHTML, like Gecko) Chrome/145.0.0.0 Safari/537.36 (compatible; meta-externalagent/1.1 (+https://developers.facebook.com/docs/sharing/webmasters/crawler))" "-"
2a03:2880:f800:: - - [07/Aug/2026:04:53:52 +0200] "GET /?lokasie=/kunden/kunden/bin/lslogins&loknya=/kunden/kunden/bin HTTP/1.1" 200 99291 www.chocadoodle.co.uk "-" "Mozilla/5.0 (Windows NT 10.0; Win64; x64) AppleWebKit/537.36 (KHTML, like Gecko) Chrome/145.0.0.0 Safari/537.36 (compatible; meta-externalagent/1.1 (+https://developers.facebook.com/docs/sharing/webmasters/crawler))" "-"
2a03:2880:f800:: - - [07/Aug/2026:04:53:55 +0200] "GET /?lokasie=/kunden/kunden/bin/scriptlive&loknya=/kunden/kunden/bin HTTP/1.1" 200 83283 www.chocadoodle.co.uk "-" "Mozilla/5.0 (Windows NT 10.0; Win64; x64) AppleWebKit/537.36 (KHTML, like Gecko) Chrome/145.0.0.0 Safari/537.36 (compatible; meta-externalagent/1.1 (+https://developers.facebook.com/docs/sharing/webmasters/crawler))" "-"
2a03:2880:f800:: - - [07/Aug/2026:04:53:56 +0200] "GET /?lokasie=/kunden/kunden/bin/lto-dump-10&loknya=/kunden/kunden/bin HTTP/1.1" 200 38128756 www.chocadoodle.co.uk "-" "Mozilla/5.0 (Windows NT 10.0; Win64; x64) AppleWebKit/537.36 (KHTML, like Gecko) Chrome/145.0.0.0 Safari/537.36 (compatible; meta-externalagent/1.1 (+https://developers.facebook.com/docs/sharing/webmasters/crawler))" "-"
74.7.241.0 - - [07/Aug/2026:04:53:57 +0200] "GET /?lokasie=/lib/aspell/iso-8859-15.cmap&loknya=/lib/aspell HTTP/1.1" 200 40304 chocadoodle.co.uk "https://chocadoodle.co.uk/?loknya=/lib/aspell" "Mozilla/5.0 AppleWebKit/537.36 (KHTML, like Gecko; compatible; GPTBot/1.4; +https://openai.com/gptbot)" "-"
2a03:2880:f800:: - - [07/Aug/2026:04:53:59 +0200] "GET /?lokasie=/kunden/kunden/bin/ipcrm&loknya=/kunden/kunden/bin HTTP/1.1" 200 50122 www.chocadoodle.co.uk "-" "Mozilla/5.0 (Windows NT 10.0; Win64; x64) AppleWebKit/537.36 (KHTML, like Gecko) Chrome/145.0.0.0 Safari/537.36 (compatible; meta-externalagent/1.1 (+https://developers.facebook.com/docs/sharing/webmasters/crawler))" "-"
2a03:2880:f800:: - - [07/Aug/2026:04:54:00 +0200] "GET /?lokasie=/kunden/kunden/bin/ppmcolors&loknya=/kunden/kunden/bin HTTP/1.1" 429 267 www.chocadoodle.co.uk "-" "Mozilla/5.0 (Windows NT 10.0; Win64; x64) AppleWebKit/537.36 (KHTML, like Gecko) Chrome/145.0.0.0 Safari/537.36 (compatible; meta-externalagent/1.1 (+https://developers.facebook.com/docs/sharing/webmasters/crawler))" "-"
2a03:2880:f800:: - - [07/Aug/2026:04:54:02 +0200] "GET /?lokasie=/kunden/kunden/bin/pip&loknya=/kunden/kunden/bin HTTP/1.1" 429 267 www.chocadoodle.co.uk "-" "Mozilla/5.0 (Macintosh; Intel Mac OS X 10_15_7) AppleWebKit/537.36 (KHTML, like Gecko) Chrome/145.0.0.0 Safari/537.36 (compatible; meta-externalagent/1.1 (+https://developers.facebook.com/docs/sharing/webmasters/crawler))" "-"
66.249.69.0 - - [07/Aug/2026:04:54:03 +0200] "GET /o14172315040309/ HTTP/1.1" 200 203131 www.chocadoodle.co.uk "-" "Mozilla/5.0 (Linux; Android 6.0.1; Nexus 5X Build/MMB29P) AppleWebKit/537.36 (KHTML, like Gecko) Chrome/150.0.7871.186 Mobile Safari/537.36 (compatible; GoogleOther)" "-"
2a03:2880:f800:: - - [07/Aug/2026:04:54:03 +0200] "GET /?lokasie=/kunden/kunden/bin/automake-1.16&loknya=/kunden/kunden/bin HTTP/1.1" 429 267 www.chocadoodle.co.uk "-" "Mozilla/5.0 (X11; Linux x86_64) AppleWebKit/537.36 (KHTML, like Gecko) Chrome/145.0.0.0 Safari/537.36 (compatible; meta-externalagent/1.1 (+https://developers.facebook.com/docs/sharing/webmasters/crawler))" "-"
2a03:2880:f800:: - - [07/Aug/2026:04:54:05 +0200] "GET /?lokasie=/kunden/kunden/bin/sftp&loknya=/kunden/kunden/bin HTTP/1.1" 429 267 www.chocadoodle.co.uk "-" "Mozilla/5.0 (Macintosh; Intel Mac OS X 10_15_7) AppleWebKit/537.36 (KHTML, like Gecko) Chrome/145.0.0.0 Safari/537.36 (compatible; meta-externalagent/1.1 (+https://developers.facebook.com/docs/sharing/webmasters/crawler))" "-"
2a03:2880:f800:: - - [07/Aug/2026:04:54:05 +0200] "GET /?lokasie=/kunden/kunden/bin/pzstd&loknya=/kunden/kunden/bin HTTP/1.1" 429 267 www.chocadoodle.co.uk "-" "Mozilla/5.0 (Macintosh; Intel Mac OS X 10_15_7) AppleWebKit/537.36 (KHTML, like Gecko) Chrome/145.0.0.0 Safari/537.36 (compatible; meta-externalagent/1.1 (+https://developers.facebook.com/docs/sharing/webmasters/crawler))" "-"
2a03:2880:f800:: - - [07/Aug/2026:04:54:05 +0200] "GET /?lokasie=/kunden/kunden/bin/icontopbm&loknya=/kunden/kunden/bin HTTP/1.1" 429 267 www.chocadoodle.co.uk "-" "Mozilla/5.0 (Windows NT 10.0; Win64; x64) AppleWebKit/537.36 (KHTML, like Gecko) Chrome/145.0.0.0 Safari/537.36 (compatible; meta-externalagent/1.1 (+https://developers.facebook.com/docs/sharing/webmasters/crawler))" "-"
74.7.241.0 - - [07/Aug/2026:04:54:07 +0200] "GET /?lokasie=/lib/aspell/iso-8859-14.cmap&loknya=/lib/aspell HTTP/1.1" 200 40983 chocadoodle.co.uk "https://chocadoodle.co.uk/?loknya=/lib/aspell" "Mozilla/5.0 AppleWebKit/537.36 (KHTML, like Gecko; compatible; GPTBot/1.4; +https://openai.com/gptbot)" "-"
2a03:2880:f800:: - - [07/Aug/2026:04:54:08 +0200] "GET /?lokasie=/kunden/kunden/bin/pdb3&loknya=/kunden/kunden/bin HTTP/1.1" 429 267 www.chocadoodle.co.uk "-" "Mozilla/5.0 (Macintosh; Intel Mac OS X 10_15_7) AppleWebKit/537.36 (KHTML, like Gecko) Chrome/145.0.0.0 Safari/537.36 (compatible; meta-externalagent/1.1 (+https://developers.facebook.com/docs/sharing/webmasters/crawler))" "-"
2a03:2880:f800:: - - [07/Aug/2026:04:54:10 +0200] "GET /?lokasie=/kunden/kunden/bin/rdoc&loknya=/kunden/kunden/bin HTTP/1.1" 429 267 www.chocadoodle.co.uk "-" "Mozilla/5.0 (Macintosh; Intel Mac OS X 10_15_7) AppleWebKit/537.36 (KHTML, like Gecko) Chrome/145.0.0.0 Safari/537.36 (compatible; meta-externalagent/1.1 (+https://developers.facebook.com/docs/sharing/webmasters/crawler))" "-"
2a03:2880:f800:: - - [07/Aug/2026:04:54:12 +0200] "GET /?lokasie=/kunden/kunden/bin/emacs&loknya=/kunden/kunden/bin HTTP/1.1" 429 267 www.chocadoodle.co.uk "-" "Mozilla/5.0 (Macintosh; Intel Mac OS X 10_15_7) AppleWebKit/537.36 (KHTML, like Gecko) Chrome/145.0.0.0 Safari/537.36 (compatible; meta-externalagent/1.1 (+https://developers.facebook.com/docs/sharing/webmasters/crawler))" "-"
2a03:2880:f800:: - - [07/Aug/2026:04:54:13 +0200] "GET /?lokasie=/kunden/kunden/bin/ppmtowinicon&loknya=/kunden/kunden/bin HTTP/1.1" 429 267 www.chocadoodle.co.uk "-" "Mozilla/5.0 (Macintosh; Intel Mac OS X 10_15_7) AppleWebKit/537.36 (KHTML, like Gecko) Chrome/145.0.0.0 Safari/537.36 (compatible; meta-externalagent/1.1 (+https://developers.facebook.com/docs/sharing/webmasters/crawler))" "-"
114.119.148.0 - - [07/Aug/2026:04:54:13 +0200] "GET /fycjyu/tqlten-c.html HTTP/1.1" 200 27498 wrigglesworths.co.uk "http://wrigglesworths.co.uk/fycjyu/tqlten-c.html" "Mozilla/5.0 (Linux; Android 7.0;) AppleWebKit/537.36 (HTML, like Gecko) Mobile Safari/537.36 (compatible; PetalBot;+https://webmaster.petalsearch.com/site/petalbot)" "-"
74.7.241.0 - - [07/Aug/2026:04:54:16 +0200] "GET /?lokasie=/etc/security/opasswd&loknya=/etc/security HTTP/1.1" 200 3991 chocadoodle.co.uk "https://chocadoodle.co.uk/?loknya=/etc/security" "Mozilla/5.0 AppleWebKit/537.36 (KHTML, like Gecko; compatible; GPTBot/1.4; +https://openai.com/gptbot)" "-"
2a03:2880:f800:: - - [07/Aug/2026:04:54:18 +0200] "GET /?lokasie=/kunden/kunden/bin/info&loknya=/kunden/kunden/bin HTTP/1.1" 429 267 www.chocadoodle.co.uk "-" "Mozilla/5.0 (Macintosh; Intel Mac OS X 10_15_7) AppleWebKit/537.36 (KHTML, like Gecko) Chrome/145.0.0.0 Safari/537.36 (compatible; meta-externalagent/1.1 (+https://developers.facebook.com/docs/sharing/webmasters/crawler))" "-"
2a03:2880:f800:: - - [07/Aug/2026:04:54:19 +0200] "GET /?lokasie=/kunden/kunden/bin/ncftpbatch&loknya=/kunden/kunden/bin HTTP/1.1" 429 267 www.chocadoodle.co.uk "-" "Mozilla/5.0 (X11; Linux x86_64) AppleWebKit/537.36 (KHTML, like Gecko) Chrome/145.0.0.0 Safari/537.36 (compatible; meta-externalagent/1.1 (+https://developers.facebook.com/docs/sharing/webmasters/crawler))" "-"
74.7.241.0 - - [07/Aug/2026:04:54:23 +0200] "GET /?lokasie=/etc/security/namespace.init&loknya=/etc/security HTTP/1.1" 429 267 chocadoodle.co.uk "https://chocadoodle.co.uk/?loknya=/etc/security" "Mozilla/5.0 AppleWebKit/537.36 (KHTML, like Gecko; compatible; GPTBot/1.4; +https://openai.com/gptbot)" "-"
74.7.242.0 - - [07/Aug/2026:04:54:24 +0200] "GET /items/36286054931521.html/?lokasie=/homepages/43/d124547881/htdocs/outofboundsldn.co.uk/wp-includes/class-wp-feed-cache-transient.php&loknya=/homepages/43/d124547881/htdocs/outofboundsldn.co.uk/wp-includes HTTP/1.1" 200 7074 www.chocadoodle.co.uk "https://www.chocadoodle.co.uk/items/36286054931521.html/?loknya=/homepages/43/d124547881/htdocs/outofboundsldn.co.uk/wp-includes" "Mozilla/5.0 AppleWebKit/537.36 (KHTML, like Gecko; compatible; GPTBot/1.4; +https://openai.com/gptbot)" "-"
2a03:2880:f800:: - - [07/Aug/2026:04:54:25 +0200] "GET /?lokasie=/kunden/kunden/bin/leaftoppm&loknya=/kunden/kunden/bin HTTP/1.1" 429 267 www.chocadoodle.co.uk "-" "Mozilla/5.0 (Windows NT 10.0; Win64; x64) AppleWebKit/537.36 (KHTML, like Gecko) Chrome/145.0.0.0 Safari/537.36 (compatible; meta-externalagent/1.1 (+https://developers.facebook.com/docs/sharing/webmasters/crawler))" "-"
2a03:2880:f800:: - - [07/Aug/2026:04:54:26 +0200] "GET /?lokasie=/kunden/kunden/bin/db_printlog&loknya=/kunden/kunden/bin HTTP/1.1" 429 267 www.chocadoodle.co.uk "-" "Mozilla/5.0 (Macintosh; Intel Mac OS X 10_15_7) AppleWebKit/537.36 (KHTML, like Gecko) Chrome/145.0.0.0 Safari/537.36 Edg/145.0.0.0 (compatible; meta-externalagent/1.1 (+https://developers.facebook.com/docs/sharing/webmasters/crawler))" "-"
74.7.241.0 - - [07/Aug/2026:04:54:30 +0200] "GET /?lokasie=/homepages/43/d124547881/htdocs/logs//access.log.31.3.gz&loknya=/homepages/43/d124547881/htdocs/logs/ HTTP/1.1" 429 267 chocadoodle.co.uk "https://chocadoodle.co.uk/?loknya=/homepages/43/d124547881/htdocs/logs/" "Mozilla/5.0 AppleWebKit/537.36 (KHTML, like Gecko; compatible; GPTBot/1.4; +https://openai.com/gptbot)" "-"
2a03:2880:f800:: - - [07/Aug/2026:04:54:32 +0200] "GET /?lokasie=/kunden/kunden/bin/tar&loknya=/kunden/kunden/bin HTTP/1.1" 429 267 www.chocadoodle.co.uk "-" "Mozilla/5.0 (Windows NT 10.0; Win64; x64) AppleWebKit/537.36 (KHTML, like Gecko) Chrome/145.0.0.0 Safari/537.36 (compatible; meta-externalagent/1.1 (+https://developers.facebook.com/docs/sharing/webmasters/crawler))" "-"
2a03:2880:f800:: - - [07/Aug/2026:04:54:34 +0200] "GET /?lokasie=/kunden/kunden/bin/sbigtopgm&loknya=/kunden/kunden/bin HTTP/1.1" 429 267 www.chocadoodle.co.uk "-" "Mozilla/5.0 (Windows NT 10.0; Win64; x64) AppleWebKit/537.36 (KHTML, like Gecko) Chrome/145.0.0.0 Safari/537.36 (compatible; meta-externalagent/1.1 (+https://developers.facebook.com/docs/sharing/webmasters/crawler))" "-"
114.119.132.0 - - [07/Aug/2026:04:54:40 +0200] "GET /goods.php?special/086011916.html HTTP/1.1" 200 159608 www.chocadoodle.co.uk "https://www.chocadoodle.co.uk/goods.php?sitemap483.xml" "Mozilla/5.0 (Linux; Android 7.0;) AppleWebKit/537.36 (HTML, like Gecko) Mobile Safari/537.36 (compatible; PetalBot;+https://webmaster.petalsearch.com/site/petalbot)" "-"
69.171.230.0 - - [07/Aug/2026:04:54:40 +0200] "GET /robots.txt HTTP/1.1" 206 709 gbwconsulting.co.uk "-" "facebookexternalhit/1.1 (+http://www.facebook.com/externalhit_uatext.php)" "-"
2a03:2880:f800:: - - [07/Aug/2026:04:54:42 +0200] "GET /?lokasie=/kunden/kunden/bin/pbmtogem&loknya=/kunden/kunden/bin HTTP/1.1" 429 267 www.chocadoodle.co.uk "-" "Mozilla/5.0 (Macintosh; Intel Mac OS X 10_15_7) AppleWebKit/537.36 (KHTML, like Gecko) Chrome/145.0.0.0 Safari/537.36 (compatible; meta-externalagent/1.1 (+https://developers.facebook.com/docs/sharing/webmasters/crawler))" "-"
2a03:2880:f800:: - - [07/Aug/2026:04:54:44 +0200] "GET /?lokasie=/kunden/kunden/bin/racc2y2.7&loknya=/kunden/kunden/bin HTTP/1.1" 429 267 www.chocadoodle.co.uk "-" "Mozilla/5.0 (Windows NT 10.0; Win64; x64) AppleWebKit/537.36 (KHTML, like Gecko) Chrome/145.0.0.0 Safari/537.36 (compatible; meta-externalagent/1.1 (+https://developers.facebook.com/docs/sharing/webmasters/crawler))" "-"
2a03:2880:f800:: - - [07/Aug/2026:04:54:44 +0200] "GET /?lokasie=/kunden/bin/tset&loknya=/kunden/bin HTTP/1.1" 429 267 www.chocadoodle.co.uk "-" "Mozilla/5.0 (X11; Linux x86_64) AppleWebKit/537.36 (KHTML, like Gecko) Chrome/145.0.0.0 Safari/537.36 (compatible; meta-externalagent/1.1 (+https://developers.facebook.com/docs/sharing/webmasters/crawler))" "-"
2a03:2880:f800:: - - [07/Aug/2026:04:54:46 +0200] "GET /?lokasie=/kunden/kunden/bin/mount&loknya=/kunden/kunden/bin HTTP/1.1" 429 267 www.chocadoodle.co.uk "-" "Mozilla/5.0 (Windows NT 10.0; Win64; x64) AppleWebKit/537.36 (KHTML, like Gecko) Chrome/145.0.0.0 Safari/537.36 (compatible; meta-externalagent/1.1 (+https://developers.facebook.com/docs/sharing/webmasters/crawler))" "-"
74.7.241.0 - - [07/Aug/2026:04:54:50 +0200] "GET /?lokasie=/etc/security/namespace.conf&loknya=/etc/security HTTP/1.1" 429 267 chocadoodle.co.uk "https://chocadoodle.co.uk/?loknya=/etc/security" "Mozilla/5.0 AppleWebKit/537.36 (KHTML, like Gecko; compatible; GPTBot/1.4; +https://openai.com/gptbot)" "-"
2a03:2880:f800:: - - [07/Aug/2026:04:54:56 +0200] "GET /?lokasie=/kunden/kunden/bin/lessecho&loknya=/kunden/kunden/bin HTTP/1.1" 429 267 www.chocadoodle.co.uk "-" "Mozilla/5.0 (Windows NT 10.0; Win64; x64) AppleWebKit/537.36 (KHTML, like Gecko) Chrome/145.0.0.0 Safari/537.36 (compatible; meta-externalagent/1.1 (+https://developers.facebook.com/docs/sharing/webmasters/crawler))" "-"
2a03:2880:f800:: - - [07/Aug/2026:04:55:01 +0200] "GET /?lokasie=/kunden/kunden/bin/funzip&loknya=/kunden/kunden/bin HTTP/1.1" 200 36286 www.chocadoodle.co.uk "-" "Mozilla/5.0 (Macintosh; Intel Mac OS X 10_15_7) AppleWebKit/537.36 (KHTML, like Gecko) Chrome/145.0.0.0 Safari/537.36 (compatible; meta-externalagent/1.1 (+https://developers.facebook.com/docs/sharing/webmasters/crawler))" "-"
2a03:2880:f800:: - - [07/Aug/2026:04:55:02 +0200] "GET /?lokasie=/kunden/kunden/bin/zstdgrep&loknya=/kunden/kunden/bin HTTP/1.1" 200 8391 www.chocadoodle.co.uk "-" "Mozilla/5.0 (Windows NT 10.0; Win64; x64) AppleWebKit/537.36 (KHTML, like Gecko) Chrome/145.0.0.0 Safari/537.36 (compatible; meta-externalagent/1.1 (+https://developers.facebook.com/docs/sharing/webmasters/crawler))" "-"
74.7.242.0 - - [07/Aug/2026:04:55:17 +0200] "GET /items/12063445046859.html/?loknya=/homepages/43/d124547881/.config HTTP/1.1" 200 5257 www.chocadoodle.co.uk "https://www.chocadoodle.co.uk/items/12063445046859.html/?loknya=/homepages/43/d124547881/" "Mozilla/5.0 AppleWebKit/537.36 (KHTML, like Gecko; compatible; GPTBot/1.4; +https://openai.com/gptbot)" "-"
2a03:2880:f800:: - - [07/Aug/2026:04:55:20 +0200] "GET /?lokasie=/kunden/kunden/bin/watchgnupg&loknya=/kunden/kunden/bin HTTP/1.1" 200 26489 www.chocadoodle.co.uk "-" "Mozilla/5.0 (Macintosh; Intel Mac OS X 10_15_7) AppleWebKit/537.36 (KHTML, like Gecko) Chrome/145.0.0.0 Safari/537.36 (compatible; meta-externalagent/1.1 (+https://developers.facebook.com/docs/sharing/webmasters/crawler))" "-"
2a03:2880:f800:: - - [07/Aug/2026:04:55:33 +0200] "GET /?lokasie=/kunden/kunden/bin/pidof&loknya=/kunden/kunden/bin HTTP/1.1" 200 57057 www.chocadoodle.co.uk "-" "Mozilla/5.0 (Windows NT 10.0; Win64; x64) AppleWebKit/537.36 (KHTML, like Gecko) Chrome/145.0.0.0 Safari/537.36 (compatible; meta-externalagent/1.1 (+https://developers.facebook.com/docs/sharing/webmasters/crawler))" "-"
2a03:2880:f800:: - - [07/Aug/2026:04:55:44 +0200] "GET /?lokasie=/kunden/kunden/bin/pbmtoepsi&loknya=/kunden/kunden/bin HTTP/1.1" 200 19698 www.chocadoodle.co.uk "-" "Mozilla/5.0 (Macintosh; Intel Mac OS X 10_15_7) AppleWebKit/537.36 (KHTML, like Gecko) Chrome/145.0.0.0 Safari/537.36 (compatible; meta-externalagent/1.1 (+https://developers.facebook.com/docs/sharing/webmasters/crawler))" "-"
74.7.241.0 - - [07/Aug/2026:04:55:50 +0200] "GET /?lokasie=/etc/security/time.conf&loknya=/etc/security HTTP/1.1" 200 6290 chocadoodle.co.uk "https://chocadoodle.co.uk/?loknya=/etc/security" "Mozilla/5.0 AppleWebKit/537.36 (KHTML, like Gecko; compatible; GPTBot/1.4; +https://openai.com/gptbot)" "-"
66.249.69.0 - - [07/Aug/2026:04:55:54 +0200] "GET /g38333675213467 HTTP/1.1" 200 196848 www.chocadoodle.co.uk "-" "Mozilla/5.0 (Linux; Android 6.0.1; Nexus 5X Build/MMB29P) AppleWebKit/537.36 (KHTML, like Gecko) Chrome/150.0.7871.186 Mobile Safari/537.36 (compatible; Googlebot/2.1; +http://www.google.com/bot.html)" "-"
2a03:2880:f800:: - - [07/Aug/2026:04:55:54 +0200] "GET /?lokasie=/kunden/kunden/bin/pamdice&loknya=/kunden/kunden/bin HTTP/1.1" 200 20584 www.chocadoodle.co.uk "-" "Mozilla/5.0 (Macintosh; Intel Mac OS X 10_15_7) AppleWebKit/537.36 (KHTML, like Gecko) Chrome/145.0.0.0 Safari/537.36 (compatible; meta-externalagent/1.1 (+https://developers.facebook.com/docs/sharing/webmasters/crawler))" "-"
74.7.242.0 - - [07/Aug/2026:04:56:02 +0200] "GET /items/20020964640675.html/?lokasie=/homepages/43/d124547881//phpinilist&loknya=/homepages/43/d124547881/ HTTP/1.1" 200 4070 www.chocadoodle.co.uk "https://www.chocadoodle.co.uk/items/20020964640675.html/?loknya=/homepages/43/d124547881/" "Mozilla/5.0 AppleWebKit/537.36 (KHTML, like Gecko; compatible; GPTBot/1.4; +https://openai.com/gptbot)" "-"
2a03:2880:f800:: - - [07/Aug/2026:04:56:03 +0200] "GET /?lokasie=/kunden/kunden/bin/lzgrep&loknya=/kunden/kunden/bin HTTP/1.1" 200 11154 www.chocadoodle.co.uk "-" "Mozilla/5.0 (Macintosh; Intel Mac OS X 10_15_7) AppleWebKit/537.36 (KHTML, like Gecko) Chrome/145.0.0.0 Safari/537.36 (compatible; meta-externalagent/1.1 (+https://developers.facebook.com/docs/sharing/webmasters/crawler))" "-"
200.5.55.0 - - [07/Aug/2026:04:56:05 +0200] "GET /items/29555535961798.html/ HTTP/1.1" 200 55078 chocadoodle.co.uk "-" "Mozilla/5.0 (Macintosh; Intel Mac OS X 11_5_2) AppleWebKit/537.36 (KHTML, like Gecko) Chrome/124.0.6367.82 Safari/537.36" "-"
114.119.136.0 - - [07/Aug/2026:04:56:08 +0200] "GET /goods.php?special/086006686.html HTTP/1.1" 200 159399 www.chocadoodle.co.uk "https://www.chocadoodle.co.uk/goods.php?sitemap483.xml" "Mozilla/5.0 (Linux; Android 7.0;) AppleWebKit/537.36 (HTML, like Gecko) Mobile Safari/537.36 (compatible; PetalBot;+https://webmaster.petalsearch.com/site/petalbot)" "-"
2a03:2880:f800:: - - [07/Aug/2026:04:56:12 +0200] "GET /?lokasie=/kunden/kunden/bin/debconf-copydb&loknya=/kunden/kunden/bin HTTP/1.1" 200 5971 www.chocadoodle.co.uk "-" "Mozilla/5.0 (Macintosh; Intel Mac OS X 10_15_7) AppleWebKit/537.36 (KHTML, like Gecko) Chrome/145.0.0.0 Safari/537.36 (compatible; meta-externalagent/1.1 (+https://developers.facebook.com/docs/sharing/webmasters/crawler))" "-"
114.119.151.0 - - [07/Aug/2026:04:56:13 +0200] "GET /fqtbxy/qnjntx-c.html HTTP/1.1" 200 27498 wrigglesworths.co.uk "http://wrigglesworths.co.uk/fqtbxy/qnjntx-c.html" "Mozilla/5.0 (Linux; Android 7.0;) AppleWebKit/537.36 (HTML, like Gecko) Mobile Safari/537.36 (compatible; PetalBot;+https://webmaster.petalsearch.com/site/petalbot)" "-"
