66.249.69.0 - - [06/Aug/2026:05:09:50 +0200] "GET /d19164625283891/ HTTP/1.1" 404 1271 www.chocadoodle.co.uk "-" "Mozilla/5.0 (Linux; Android 6.0.1; Nexus 5X Build/MMB29P) AppleWebKit/537.36 (KHTML, like Gecko) Chrome/150.0.7871.186 Mobile Safari/537.36 (compatible; GoogleOther)" "-"
66.249.69.0 - - [06/Aug/2026:05:09:51 +0200] "GET /g31045905038698/ HTTP/1.1" 404 1271 www.chocadoodle.co.uk "-" "Mozilla/5.0 (Linux; Android 6.0.1; Nexus 5X Build/MMB29P) AppleWebKit/537.36 (KHTML, like Gecko) Chrome/150.0.7871.186 Mobile Safari/537.36 (compatible; GoogleOther)" "-"
216.73.217.0 - - [06/Aug/2026:05:09:55 +0200] "GET /?lokasie=%2Fbin%2Fx86_64-linux-gnu-strip&loknya=%2Fbin HTTP/1.1" 200 438161 www.chocadoodle.co.uk "-" "Mozilla/5.0 AppleWebKit/537.36 (KHTML, like Gecko; compatible; ClaudeBot/1.0; +claudebot@anthropic.com)" "-"
66.249.69.0 - - [06/Aug/2026:05:09:56 +0200] "GET /s25913656837111 HTTP/1.1" 404 1271 www.chocadoodle.co.uk "-" "Mozilla/5.0 (Linux; Android 6.0.1; Nexus 5X Build/MMB29P) AppleWebKit/537.36 (KHTML, like Gecko) Chrome/150.0.7871.186 Mobile Safari/537.36 (compatible; Googlebot/2.1; +http://www.google.com/bot.html)" "-"
216.73.217.0 - - [06/Aug/2026:05:10:00 +0200] "GET /?lokasie=%2Fbin%2Fselect-default-iwrap&loknya=%2Fbin HTTP/1.1" 200 4437 www.chocadoodle.co.uk "-" "Mozilla/5.0 AppleWebKit/537.36 (KHTML, like Gecko; compatible; ClaudeBot/1.0; +claudebot@anthropic.com)" "-"
2a03:2880:f800:: - - [06/Aug/2026:05:10:02 +0200] "GET /?lokasie=/homepages/43/d124547881/htdocs/outofboundsldn.co.uk/wp-admin/css/deprecated-media-rtl.css&loknya=/homepages/43/d124547881/htdocs/outofboundsldn.co.uk/wp-admin/css HTTP/1.1" 200 11210 www.chocadoodle.co.uk "-" "Mozilla/5.0 (Windows NT 10.0; Win64; x64) AppleWebKit/537.36 (KHTML, like Gecko) Chrome/145.0.0.0 Safari/537.36 (compatible; meta-externalagent/1.1 (+https://developers.facebook.com/docs/sharing/webmasters/crawler))" "-"
66.249.69.0 - - [06/Aug/2026:05:10:02 +0200] "GET /n36644025199215/ HTTP/1.1" 404 1271 www.chocadoodle.co.uk "-" "Mozilla/5.0 (Linux; Android 6.0.1; Nexus 5X Build/MMB29P) AppleWebKit/537.36 (KHTML, like Gecko) Chrome/150.0.7871.186 Mobile Safari/537.36 (compatible; GoogleOther)" "-"
66.249.69.0 - - [06/Aug/2026:05:10:03 +0200] "GET /q49262796742889 HTTP/1.1" 404 1271 www.chocadoodle.co.uk "-" "Mozilla/5.0 (Linux; Android 6.0.1; Nexus 5X Build/MMB29P) AppleWebKit/537.36 (KHTML, like Gecko) Chrome/150.0.7871.186 Mobile Safari/537.36 (compatible; Googlebot/2.1; +http://www.google.com/bot.html)" "-"
216.73.217.0 - - [06/Aug/2026:05:10:05 +0200] "GET /?lokasie=%2Fbin%2Fppmspread&loknya=%2Fbin HTTP/1.1" 200 19742 www.chocadoodle.co.uk "-" "Mozilla/5.0 AppleWebKit/537.36 (KHTML, like Gecko; compatible; ClaudeBot/1.0; +claudebot@anthropic.com)" "-"
66.249.69.0 - - [06/Aug/2026:05:10:06 +0200] "GET /g12850796523336/ HTTP/1.1" 404 1271 www.chocadoodle.co.uk "-" "Mozilla/5.0 (Linux; Android 6.0.1; Nexus 5X Build/MMB29P) AppleWebKit/537.36 (KHTML, like Gecko) Chrome/150.0.7871.186 Mobile Safari/537.36 (compatible; GoogleOther)" "-"
66.249.69.0 - - [06/Aug/2026:05:10:06 +0200] "GET /l37336015505398 HTTP/1.1" 404 1271 www.chocadoodle.co.uk "-" "Mozilla/5.0 (Linux; Android 6.0.1; Nexus 5X Build/MMB29P) AppleWebKit/537.36 (KHTML, like Gecko) Chrome/150.0.7871.186 Mobile Safari/537.36 (compatible; Googlebot/2.1; +http://www.google.com/bot.html)" "-"
74.7.243.0 - - [06/Aug/2026:05:10:10 +0200] "GET /items/39216967547733.html/?loknya=/homepages/43 HTTP/1.1" 404 1271 www.chocadoodle.co.uk "https://www.chocadoodle.co.uk/items/39216967547733.html/" "Mozilla/5.0 AppleWebKit/537.36 (KHTML, like Gecko; compatible; GPTBot/1.4; +https://openai.com/gptbot)" "-"
216.73.217.0 - - [06/Aug/2026:05:10:10 +0200] "GET /?lokasie=%2Fbin%2Fppmtomitsu&loknya=%2Fbin HTTP/1.1" 200 33923 www.chocadoodle.co.uk "-" "Mozilla/5.0 AppleWebKit/537.36 (KHTML, like Gecko; compatible; ClaudeBot/1.0; +claudebot@anthropic.com)" "-"
114.119.146.0 - - [06/Aug/2026:05:10:12 +0200] "GET /zvkxym/gicxwi-c.html HTTP/1.1" 200 27498 www.wrigglesworths.co.uk "http://www.wrigglesworths.co.uk/zvkxym/gicxwi-c.html" "Mozilla/5.0 (Linux; Android 7.0;) AppleWebKit/537.36 (HTML, like Gecko) Mobile Safari/537.36 (compatible; PetalBot;+https://webmaster.petalsearch.com/site/petalbot)" "-"
66.249.69.0 - - [06/Aug/2026:05:10:14 +0200] "GET /g45909806433994 HTTP/1.1" 404 1271 www.chocadoodle.co.uk "-" "Mozilla/5.0 (Linux; Android 6.0.1; Nexus 5X Build/MMB29P) AppleWebKit/537.36 (KHTML, like Gecko) Chrome/150.0.7871.186 Mobile Safari/537.36 (compatible; Googlebot/2.1; +http://www.google.com/bot.html)" "-"
216.73.217.0 - - [06/Aug/2026:05:10:15 +0200] "GET /?lokasie=%2Fsbin%2Finit&loknya=%2Fsbin HTTP/1.1" 200 56943 www.chocadoodle.co.uk "-" "Mozilla/5.0 AppleWebKit/537.36 (KHTML, like Gecko; compatible; ClaudeBot/1.0; +claudebot@anthropic.com)" "-"
2a03:2880:f800:: - - [06/Aug/2026:05:10:15 +0200] "GET /?lokasie=/homepages/43/d124547881/htdocs/outofboundsldn.co.uk/wp-admin/css/login.min.css&loknya=/homepages/43/d124547881/htdocs/outofboundsldn.co.uk/wp-admin/css HTTP/1.1" 200 10946 www.chocadoodle.co.uk "-" "Mozilla/5.0 (X11; Linux x86_64) AppleWebKit/537.36 (KHTML, like Gecko) Chrome/145.0.0.0 Safari/537.36 (compatible; meta-externalagent/1.1 (+https://developers.facebook.com/docs/sharing/webmasters/crawler))" "-"
66.249.69.0 - - [06/Aug/2026:05:10:16 +0200] "GET /g43559445549242 HTTP/1.1" 404 1271 www.chocadoodle.co.uk "-" "Mozilla/5.0 (Linux; Android 6.0.1; Nexus 5X Build/MMB29P) AppleWebKit/537.36 (KHTML, like Gecko) Chrome/150.0.7871.186 Mobile Safari/537.36 (compatible; Googlebot/2.1; +http://www.google.com/bot.html)" "-"
66.249.69.0 - - [06/Aug/2026:05:10:19 +0200] "GET /c11801827498490/ HTTP/1.1" 404 1271 www.chocadoodle.co.uk "-" "Mozilla/5.0 (Linux; Android 6.0.1; Nexus 5X Build/MMB29P) AppleWebKit/537.36 (KHTML, like Gecko) Chrome/150.0.7871.186 Mobile Safari/537.36 (compatible; GoogleOther)" "-"
216.73.217.0 - - [06/Aug/2026:05:10:20 +0200] "GET /?lokasie=%2Fbin%2Fsgitopnm&loknya=%2Fbin HTTP/1.1" 200 26911 www.chocadoodle.co.uk "-" "Mozilla/5.0 AppleWebKit/537.36 (KHTML, like Gecko; compatible; ClaudeBot/1.0; +claudebot@anthropic.com)" "-"
66.249.69.0 - - [06/Aug/2026:05:10:21 +0200] "GET /l10162977488363 HTTP/1.1" 404 1271 www.chocadoodle.co.uk "-" "Mozilla/5.0 (Linux; Android 6.0.1; Nexus 5X Build/MMB29P) AppleWebKit/537.36 (KHTML, like Gecko) Chrome/150.0.7871.186 Mobile Safari/537.36 (compatible; Googlebot/2.1; +http://www.google.com/bot.html)" "-"
114.119.129.0 - - [06/Aug/2026:05:10:21 +0200] "GET /goods.php?special/297041971.html HTTP/1.1" 200 169115 www.chocadoodle.co.uk "https://www.chocadoodle.co.uk/goods.php?sitemap483.xml" "Mozilla/5.0 (Linux; Android 7.0;) AppleWebKit/537.36 (HTML, like Gecko) Mobile Safari/537.36 (compatible; PetalBot;+https://webmaster.petalsearch.com/site/petalbot)" "-"
66.249.69.0 - - [06/Aug/2026:05:10:22 +0200] "GET /w16587477958446/ HTTP/1.1" 404 1271 www.chocadoodle.co.uk "-" "Mozilla/5.0 (Linux; Android 6.0.1; Nexus 5X Build/MMB29P) AppleWebKit/537.36 (KHTML, like Gecko) Chrome/150.0.7871.186 Mobile Safari/537.36 (compatible; GoogleOther)" "-"
41.216.188.0 - - [06/Aug/2026:05:10:23 +0200] "GET /wp-includes/html-api/unhpqdr/daiyrhf/zalr1xc/index.php HTTP/1.1" 200 320 gbwconsulting.co.uk "-" "Mozilla/5.0 (Linux; Android 7.0; SM-G892A Build/NRD90M; wv) AppleWebKit/537.36 (KHTML, like Gecko) Version/4.0 Chrome/60.0.3112.107 Mobile Safari/537.36" "-"
216.73.217.0 - - [06/Aug/2026:05:10:25 +0200] "GET /?loknya=%2Fhomepages%2F11 HTTP/1.1" 200 29993 www.chocadoodle.co.uk "-" "Mozilla/5.0 AppleWebKit/537.36 (KHTML, like Gecko; compatible; ClaudeBot/1.0; +claudebot@anthropic.com)" "-"
66.249.69.0 - - [06/Aug/2026:05:10:27 +0200] "GET /x24808257967112 HTTP/1.1" 404 1271 www.chocadoodle.co.uk "-" "Mozilla/5.0 (Linux; Android 6.0.1; Nexus 5X Build/MMB29P) AppleWebKit/537.36 (KHTML, like Gecko) Chrome/150.0.7871.186 Mobile Safari/537.36 (compatible; Googlebot/2.1; +http://www.google.com/bot.html)" "-"
2a03:2880:f800:: - - [06/Aug/2026:05:10:28 +0200] "GET /?lokasie=/homepages/43/d124547881/htdocs/outofboundsldn.co.uk/wp-admin/css/nav-menus.min.css&loknya=/homepages/43/d124547881/htdocs/outofboundsldn.co.uk/wp-admin/css HTTP/1.1" 200 18395 www.chocadoodle.co.uk "-" "Mozilla/5.0 (Windows NT 10.0; Win64; x64) AppleWebKit/537.36 (KHTML, like Gecko) Chrome/145.0.0.0 Safari/537.36 (compatible; meta-externalagent/1.1 (+https://developers.facebook.com/docs/sharing/webmasters/crawler))" "-"
74.7.243.0 - - [06/Aug/2026:05:10:29 +0200] "GET /?loknya=/lib/ruby/ HTTP/1.1" 200 8096 chocadoodle.co.uk "https://chocadoodle.co.uk/?loknya=/lib/ruby/2.7.0" "Mozilla/5.0 AppleWebKit/537.36 (KHTML, like Gecko; compatible; GPTBot/1.4; +https://openai.com/gptbot)" "-"
66.249.69.0 - - [06/Aug/2026:05:10:30 +0200] "GET /a29902977202130/ HTTP/1.1" 404 1271 www.chocadoodle.co.uk "-" "Mozilla/5.0 (Linux; Android 6.0.1; Nexus 5X Build/MMB29P) AppleWebKit/537.36 (KHTML, like Gecko) Chrome/150.0.7871.186 Mobile Safari/537.36 (compatible; GoogleOther)" "-"
216.73.217.0 - - [06/Aug/2026:05:10:30 +0200] "GET /index.php?loknya=%2Fhomepages%2F22%2Fd729244455 HTTP/1.1" 200 15451 www.chocadoodle.co.uk "-" "Mozilla/5.0 AppleWebKit/537.36 (KHTML, like Gecko; compatible; ClaudeBot/1.0; +claudebot@anthropic.com)" "-"
66.249.69.0 - - [06/Aug/2026:05:10:34 +0200] "GET /c37333105673083 HTTP/1.1" 404 1271 www.chocadoodle.co.uk "-" "Mozilla/5.0 (Linux; Android 6.0.1; Nexus 5X Build/MMB29P) AppleWebKit/537.36 (KHTML, like Gecko) Chrome/150.0.7871.186 Mobile Safari/537.36 (compatible; Googlebot/2.1; +http://www.google.com/bot.html)" "-"
144.76.19.0 - - [06/Aug/2026:05:10:35 +0200] "GET /cghzms/dydmum-c.html HTTP/1.1" 200 27498 www.wrigglesworths.co.uk "-" "Mozilla/5.0 (compatible; SERankingBacklinksBot/1.0; +https://seranking.com/backlinks-crawler)" "-"
216.73.217.0 - - [06/Aug/2026:05:10:35 +0200] "GET /?loknya=%2Fhomepages%2F43%2Fd124547881%2Fhtdocs%2Fwp-includes%2Fblocks%2Fquery-no-results HTTP/1.1" 200 7199 www.chocadoodle.co.uk "-" "Mozilla/5.0 AppleWebKit/537.36 (KHTML, like Gecko; compatible; ClaudeBot/1.0; +claudebot@anthropic.com)" "-"
2a03:2880:f800:: - - [06/Aug/2026:05:10:37 +0200] "GET /?lokasie=/homepages/43/d124547881/htdocs/outofboundsldn.co.uk/wp-admin/css/nav-menus-rtl.css&loknya=/homepages/43/d124547881/htdocs/outofboundsldn.co.uk/wp-admin/css HTTP/1.1" 200 22123 www.chocadoodle.co.uk "-" "Mozilla/5.0 (Windows NT 10.0; Win64; x64) AppleWebKit/537.36 (KHTML, like Gecko) Chrome/145.0.0.0 Safari/537.36 Edg/145.0.0.0 (compatible; meta-externalagent/1.1 (+https://developers.facebook.com/docs/sharing/webmasters/crawler))" "-"
216.73.217.0 - - [06/Aug/2026:05:10:40 +0200] "GET /index.php?loknya=%2Fhomepages%2F43%2Fd124547881%2Fhtdocs%2Fchocadoodle.co.uk%2Fwp-content HTTP/1.1" 200 33723 www.chocadoodle.co.uk "-" "Mozilla/5.0 AppleWebKit/537.36 (KHTML, like Gecko; compatible; ClaudeBot/1.0; +claudebot@anthropic.com)" "-"
144.76.32.0 - - [06/Aug/2026:05:10:40 +0200] "GET /cnhvwx/wiymmt-c.html HTTP/1.1" 200 58525 gbwconsulting.co.uk "-" "Mozilla/5.0 (compatible; SERankingBacklinksBot/1.0; +https://seranking.com/backlinks-crawler)" "-"
66.249.69.0 - - [06/Aug/2026:05:10:41 +0200] "GET /e25052117267665 HTTP/1.1" 404 1271 www.chocadoodle.co.uk "-" "Mozilla/5.0 (Linux; Android 6.0.1; Nexus 5X Build/MMB29P) AppleWebKit/537.36 (KHTML, like Gecko) Chrome/150.0.7871.186 Mobile Safari/537.36 (compatible; Googlebot/2.1; +http://www.google.com/bot.html)" "-"
2a03:2880:f800:: - - [06/Aug/2026:05:10:47 +0200] "GET /?lokasie=/homepages/43/d124547881/htdocs/outofboundsldn.co.uk/wp-admin/css/customize-widgets.min.css&loknya=/homepages/43/d124547881/htdocs/outofboundsldn.co.uk/wp-admin/css HTTP/1.1" 200 14471 www.chocadoodle.co.uk "-" "Mozilla/5.0 (Macintosh; Intel Mac OS X 10_15_7) AppleWebKit/537.36 (KHTML, like Gecko) Chrome/145.0.0.0 Safari/537.36 (compatible; meta-externalagent/1.1 (+https://developers.facebook.com/docs/sharing/webmasters/crawler))" "-"
66.249.69.0 - - [06/Aug/2026:05:10:48 +0200] "GET /f10886957987953/ HTTP/1.1" 404 1271 www.chocadoodle.co.uk "-" "Mozilla/5.0 (Linux; Android 6.0.1; Nexus 5X Build/MMB29P) AppleWebKit/537.36 (KHTML, like Gecko) Chrome/150.0.7871.186 Mobile Safari/537.36 (compatible; GoogleOther)" "-"
216.73.217.0 - - [06/Aug/2026:05:10:48 +0200] "GET /?lokasie=%2Fbin%2Fpnmscale&loknya=%2Fbin HTTP/1.1" 200 32087 www.chocadoodle.co.uk "-" "Mozilla/5.0 AppleWebKit/537.36 (KHTML, like Gecko; compatible; ClaudeBot/1.0; +claudebot@anthropic.com)" "-"
216.73.217.0 - - [06/Aug/2026:05:10:53 +0200] "GET /?lokasie=%2Fbin%2Fpod2text&loknya=%2Fbin HTTP/1.1" 200 15924 www.chocadoodle.co.uk "-" "Mozilla/5.0 AppleWebKit/537.36 (KHTML, like Gecko; compatible; ClaudeBot/1.0; +claudebot@anthropic.com)" "-"
2a03:2880:f800:: - - [06/Aug/2026:05:10:56 +0200] "GET /?lokasie=/homepages/43/d124547881/htdocs/outofboundsldn.co.uk/wp-admin/css/customize-controls.min.css&loknya=/homepages/43/d124547881/htdocs/outofboundsldn.co.uk/wp-admin/css HTTP/1.1" 200 63334 www.chocadoodle.co.uk "-" "Mozilla/5.0 (Windows NT 10.0; Win64; x64) AppleWebKit/537.36 (KHTML, like Gecko) Chrome/145.0.0.0 Safari/537.36 (compatible; meta-externalagent/1.1 (+https://developers.facebook.com/docs/sharing/webmasters/crawler))" "-"
216.73.217.0 - - [06/Aug/2026:05:10:58 +0200] "GET /?lokasie=%2Fbin%2Ftload&loknya=%2Fbin HTTP/1.1" 200 22154 www.chocadoodle.co.uk "-" "Mozilla/5.0 AppleWebKit/537.36 (KHTML, like Gecko; compatible; ClaudeBot/1.0; +claudebot@anthropic.com)" "-"
66.249.69.0 - - [06/Aug/2026:05:11:03 +0200] "GET /i20095005569115/ HTTP/1.1" 404 1271 www.chocadoodle.co.uk "-" "Mozilla/5.0 (Linux; Android 6.0.1; Nexus 5X Build/MMB29P) AppleWebKit/537.36 (KHTML, like Gecko) Chrome/150.0.7871.186 Mobile Safari/537.36 (compatible; GoogleOther)" "-"
216.73.217.0 - - [06/Aug/2026:05:11:03 +0200] "GET /index.php?loknya=%2Fhomepages%2Foneclick%2FMODxRevolution HTTP/1.1" 200 6302 www.chocadoodle.co.uk "-" "Mozilla/5.0 AppleWebKit/537.36 (KHTML, like Gecko; compatible; ClaudeBot/1.0; +claudebot@anthropic.com)" "-"
2a03:2880:f800:: - - [06/Aug/2026:05:11:04 +0200] "GET /?lokasie=/homepages/43/d124547881/htdocs/outofboundsldn.co.uk/wp-admin/css/l10n-rtl.css&loknya=/homepages/43/d124547881/htdocs/outofboundsldn.co.uk/wp-admin/css HTTP/1.1" 200 8206 www.chocadoodle.co.uk "-" "Mozilla/5.0 (Windows NT 10.0; Win64; x64) AppleWebKit/537.36 (KHTML, like Gecko) Chrome/145.0.0.0 Safari/537.36 (compatible; meta-externalagent/1.1 (+https://developers.facebook.com/docs/sharing/webmasters/crawler))" "-"
216.73.217.0 - - [06/Aug/2026:05:11:06 +0200] "GET /robots.txt HTTP/1.1" 200 389 chocadoodle.co.uk "-" "Mozilla/5.0 AppleWebKit/537.36 (KHTML, like Gecko; compatible; ClaudeBot/1.0; +claudebot@anthropic.com)" "-"
216.73.217.0 - - [06/Aug/2026:05:11:08 +0200] "GET /?lokasie=%2Fbin%2Fwhich&loknya=%2Fbin HTTP/1.1" 200 5108 www.chocadoodle.co.uk "-" "Mozilla/5.0 AppleWebKit/537.36 (KHTML, like Gecko; compatible; ClaudeBot/1.0; +claudebot@anthropic.com)" "-"
66.249.69.0 - - [06/Aug/2026:05:11:10 +0200] "GET /g19448146498973/ HTTP/1.1" 404 1271 www.chocadoodle.co.uk "-" "Mozilla/5.0 (Linux; Android 6.0.1; Nexus 5X Build/MMB29P) AppleWebKit/537.36 (KHTML, like Gecko) Chrome/150.0.7871.186 Mobile Safari/537.36 (compatible; GoogleOther)" "-"
74.7.243.0 - - [06/Aug/2026:05:11:11 +0200] "GET /items/45523625061317.html/?loknya=/homepages/15 HTTP/1.1" 404 1271 www.chocadoodle.co.uk "https://www.chocadoodle.co.uk/items/45523625061317.html/?loknya=/homepages" "Mozilla/5.0 AppleWebKit/537.36 (KHTML, like Gecko; compatible; GPTBot/1.4; +https://openai.com/gptbot)" "-"
2a03:2880:f800:: - - [06/Aug/2026:05:11:12 +0200] "GET /?lokasie=/homepages/43/d124547881/htdocs/outofboundsldn.co.uk/wp-admin/css/nav-menus.css&loknya=/homepages/43/d124547881/htdocs/outofboundsldn.co.uk/wp-admin/css HTTP/1.1" 200 22058 www.chocadoodle.co.uk "-" "Mozilla/5.0 (Windows NT 10.0; Win64; x64) AppleWebKit/537.36 (KHTML, like Gecko) Chrome/145.0.0.0 Safari/537.36 (compatible; meta-externalagent/1.1 (+https://developers.facebook.com/docs/sharing/webmasters/crawler))" "-"
66.249.69.0 - - [06/Aug/2026:05:11:13 +0200] "GET /p12623177732483/ HTTP/1.1" 404 1271 www.chocadoodle.co.uk "-" "Mozilla/5.0 (Linux; Android 6.0.1; Nexus 5X Build/MMB29P) AppleWebKit/537.36 (KHTML, like Gecko) Chrome/150.0.7871.186 Mobile Safari/537.36 (compatible; GoogleOther)" "-"
216.73.217.0 - - [06/Aug/2026:05:11:13 +0200] "GET /?lokasie=%2Fbin%2Fsplain&loknya=%2Fbin HTTP/1.1" 200 25624 www.chocadoodle.co.uk "-" "Mozilla/5.0 AppleWebKit/537.36 (KHTML, like Gecko; compatible; ClaudeBot/1.0; +claudebot@anthropic.com)" "-"
66.249.69.0 - - [06/Aug/2026:05:11:13 +0200] "GET /y25352476908170/ HTTP/1.1" 404 1271 www.chocadoodle.co.uk "-" "Mozilla/5.0 (Linux; Android 6.0.1; Nexus 5X Build/MMB29P) AppleWebKit/537.36 (KHTML, like Gecko) Chrome/150.0.7871.186 Mobile Safari/537.36 (compatible; GoogleOther)" "-"
66.249.69.0 - - [06/Aug/2026:05:11:14 +0200] "GET /i26651115041385 HTTP/1.1" 404 1271 www.chocadoodle.co.uk "-" "Mozilla/5.0 (Linux; Android 6.0.1; Nexus 5X Build/MMB29P) AppleWebKit/537.36 (KHTML, like Gecko) Chrome/150.0.7871.186 Mobile Safari/537.36 (compatible; Googlebot/2.1; +http://www.google.com/bot.html)" "-"
216.73.217.0 - - [06/Aug/2026:05:11:18 +0200] "GET /index.php?loknya=%2Fhomepages%2F13%2Fd728336171 HTTP/1.1" 200 14087 www.chocadoodle.co.uk "-" "Mozilla/5.0 AppleWebKit/537.36 (KHTML, like Gecko; compatible; ClaudeBot/1.0; +claudebot@anthropic.com)" "-"
2a03:2880:f800:: - - [06/Aug/2026:05:11:18 +0200] "GET /?lokasie=/homepages/43/d124547881/htdocs/outofboundsldn.co.uk/wp-admin/css/install.css&loknya=/homepages/43/d124547881/htdocs/outofboundsldn.co.uk/wp-admin/css HTTP/1.1" 200 10781 www.chocadoodle.co.uk "-" "Mozilla/5.0 (Macintosh; Intel Mac OS X 10_15_7) AppleWebKit/537.36 (KHTML, like Gecko) Chrome/145.0.0.0 Safari/537.36 (compatible; meta-externalagent/1.1 (+https://developers.facebook.com/docs/sharing/webmasters/crawler))" "-"
74.7.243.0 - - [06/Aug/2026:05:11:21 +0200] "GET /?loknya=/lib/ruby/2.7.0/io HTTP/1.1" 200 6212 chocadoodle.co.uk "https://chocadoodle.co.uk/?loknya=/lib/ruby/2.7.0" "Mozilla/5.0 AppleWebKit/537.36 (KHTML, like Gecko; compatible; GPTBot/1.4; +https://openai.com/gptbot)" "-"
216.73.217.0 - - [06/Aug/2026:05:11:23 +0200] "GET /index.php?loknya=%2Fhomepages%2F9%2Fd152638055 HTTP/1.1" 200 20852 www.chocadoodle.co.uk "-" "Mozilla/5.0 AppleWebKit/537.36 (KHTML, like Gecko; compatible; ClaudeBot/1.0; +claudebot@anthropic.com)" "-"
2a03:2880:f800:: - - [06/Aug/2026:05:11:26 +0200] "GET /?lokasie=/homepages/43/d124547881/htdocs/outofboundsldn.co.uk/wp-admin/css/customize-nav-menus-rtl.css&loknya=/homepages/43/d124547881/htdocs/outofboundsldn.co.uk/wp-admin/css HTTP/1.1" 200 26683 www.chocadoodle.co.uk "-" "Mozilla/5.0 (Macintosh; Intel Mac OS X 10_15_7) AppleWebKit/537.36 (KHTML, like Gecko) Chrome/145.0.0.0 Safari/537.36 (compatible; meta-externalagent/1.1 (+https://developers.facebook.com/docs/sharing/webmasters/crawler))" "-"
66.249.69.0 - - [06/Aug/2026:05:11:26 +0200] "GET /d13707276952716/ HTTP/1.1" 404 1271 www.chocadoodle.co.uk "-" "Mozilla/5.0 (Linux; Android 6.0.1; Nexus 5X Build/MMB29P) AppleWebKit/537.36 (KHTML, like Gecko) Chrome/150.0.7871.186 Mobile Safari/537.36 (compatible; GoogleOther)" "-"
216.73.217.0 - - [06/Aug/2026:05:11:28 +0200] "GET /?loknya=%2Fhomepages%2F43%2Fd124547881%2Fhtdocs%2Fchocadoodle.co.uk%2Fwp-includes%2F HTTP/1.1" 429 267 www.chocadoodle.co.uk "-" "Mozilla/5.0 AppleWebKit/537.36 (KHTML, like Gecko; compatible; ClaudeBot/1.0; +claudebot@anthropic.com)" "-"
144.76.19.0 - - [06/Aug/2026:05:11:29 +0200] "GET /cgjlwf/xevcum-c.html HTTP/1.1" 200 27498 www.wrigglesworths.co.uk "-" "Mozilla/5.0 (compatible; SERankingBacklinksBot/1.0; +https://seranking.com/backlinks-crawler)" "-"
66.249.69.0 - - [06/Aug/2026:05:11:30 +0200] "GET /r31665797568983 HTTP/1.1" 404 1271 www.chocadoodle.co.uk "-" "Mozilla/5.0 (Linux; Android 6.0.1; Nexus 5X Build/MMB29P) AppleWebKit/537.36 (KHTML, like Gecko) Chrome/150.0.7871.186 Mobile Safari/537.36 (compatible; Googlebot/2.1; +http://www.google.com/bot.html)" "-"
2a03:2880:f800:: - - [06/Aug/2026:05:11:30 +0200] "GET /?lokasie=/homepages/43/d124547881/htdocs/outofboundsldn.co.uk/wp-admin/css/site-health.min.css&loknya=/homepages/43/d124547881/htdocs/outofboundsldn.co.uk/wp-admin/css HTTP/1.1" 200 9694 www.chocadoodle.co.uk "-" "Mozilla/5.0 (Macintosh; Intel Mac OS X 10_15_7) AppleWebKit/537.36 (KHTML, like Gecko) Chrome/145.0.0.0 Safari/537.36 (compatible; meta-externalagent/1.1 (+https://developers.facebook.com/docs/sharing/webmasters/crawler))" "-"
216.73.217.0 - - [06/Aug/2026:05:11:33 +0200] "GET /?lokasie=%2Fbin%2Fldd&loknya=%2Fbin HTTP/1.1" 429 267 www.chocadoodle.co.uk "-" "Mozilla/5.0 AppleWebKit/537.36 (KHTML, like Gecko; compatible; ClaudeBot/1.0; +claudebot@anthropic.com)" "-"
114.119.130.0 - - [06/Aug/2026:05:11:35 +0200] "GET /zlhghg/xizxib-c.html HTTP/1.1" 200 27498 www.wrigglesworths.co.uk "http://www.wrigglesworths.co.uk/zlhghg/xizxib-c.html" "Mozilla/5.0 (Linux; Android 7.0;) AppleWebKit/537.36 (HTML, like Gecko) Mobile Safari/537.36 (compatible; PetalBot;+https://webmaster.petalsearch.com/site/petalbot)" "-"
144.76.32.0 - - [06/Aug/2026:05:11:36 +0200] "GET /vrsdfy/nqfome-c.html HTTP/1.1" 200 58525 gbwconsulting.co.uk "-" "Mozilla/5.0 (compatible; SERankingBacklinksBot/1.0; +https://seranking.com/backlinks-crawler)" "-"
2a03:2880:f800:: - - [06/Aug/2026:05:11:37 +0200] "GET /?lokasie=/homepages/43/d124547881/htdocs/outofboundsldn.co.uk/wp-admin/css/farbtastic-rtl.min.css&loknya=/homepages/43/d124547881/htdocs/outofboundsldn.co.uk/wp-admin/css HTTP/1.1" 200 5011 www.chocadoodle.co.uk "-" "Mozilla/5.0 (Windows NT 10.0; Win64; x64) AppleWebKit/537.36 (KHTML, like Gecko) Chrome/145.0.0.0 Safari/537.36 (compatible; meta-externalagent/1.1 (+https://developers.facebook.com/docs/sharing/webmasters/crawler))" "-"
66.249.69.0 - - [06/Aug/2026:05:11:37 +0200] "GET /c37038667378771/ HTTP/1.1" 404 1271 www.chocadoodle.co.uk "-" "Mozilla/5.0 (compatible; Googlebot/2.1; +http://www.google.com/bot.html)" "-"
216.73.217.0 - - [06/Aug/2026:05:11:38 +0200] "GET /?lokasie=%2Fetc%2F%2Fui-sendmail-wrapper.conf&loknya=%2Fetc%2F HTTP/1.1" 429 267 www.chocadoodle.co.uk "-" "Mozilla/5.0 AppleWebKit/537.36 (KHTML, like Gecko; compatible; ClaudeBot/1.0; +claudebot@anthropic.com)" "-"
2a03:2880:f800:: - - [06/Aug/2026:05:11:42 +0200] "GET /?lokasie=/homepages/43/d124547881/htdocs/outofboundsldn.co.uk/wp-admin/css/deprecated-media-rtl.min.css&loknya=/homepages/43/d124547881/htdocs/outofboundsldn.co.uk/wp-admin/css HTTP/1.1" 200 10034 www.chocadoodle.co.uk "-" "Mozilla/5.0 (Macintosh; Intel Mac OS X 10_15_7) AppleWebKit/537.36 (KHTML, like Gecko) Chrome/145.0.0.0 Safari/537.36 (compatible; meta-externalagent/1.1 (+https://developers.facebook.com/docs/sharing/webmasters/crawler))" "-"
66.249.69.0 - - [06/Aug/2026:05:11:43 +0200] "GET /i46265466686783/ HTTP/1.1" 404 1271 www.chocadoodle.co.uk "-" "Mozilla/5.0 (Linux; Android 6.0.1; Nexus 5X Build/MMB29P) AppleWebKit/537.36 (KHTML, like Gecko) Chrome/150.0.7871.186 Mobile Safari/537.36 (compatible; GoogleOther)" "-"
216.73.217.0 - - [06/Aug/2026:05:11:44 +0200] "GET /index.php?loknya=%2Fhomepages%2F43%2Fd124547881%2Fhtdocs%2Fchocadoodle.co.uk%2Ffont HTTP/1.1" 429 267 www.chocadoodle.co.uk "-" "Mozilla/5.0 AppleWebKit/537.36 (KHTML, like Gecko; compatible; ClaudeBot/1.0; +claudebot@anthropic.com)" "-"
66.249.69.0 - - [06/Aug/2026:05:11:45 +0200] "GET /m31742127108470 HTTP/1.1" 404 1271 www.chocadoodle.co.uk "-" "Mozilla/5.0 (Linux; Android 6.0.1; Nexus 5X Build/MMB29P) AppleWebKit/537.36 (KHTML, like Gecko) Chrome/150.0.7871.186 Mobile Safari/537.36 (compatible; Googlebot/2.1; +http://www.google.com/bot.html)" "-"
114.119.158.0 - - [06/Aug/2026:05:11:45 +0200] "GET /goods.php?special/297033183.html HTTP/1.1" 200 161630 www.chocadoodle.co.uk "https://www.chocadoodle.co.uk/goods.php?sitemap483.xml" "Mozilla/5.0 (Linux; Android 7.0;) AppleWebKit/537.36 (HTML, like Gecko) Mobile Safari/537.36 (compatible; PetalBot;+https://webmaster.petalsearch.com/site/petalbot)" "-"
2a03:2880:f800:: - - [06/Aug/2026:05:11:47 +0200] "GET /?lokasie=/homepages/43/d124547881/htdocs/outofboundsldn.co.uk/wp-admin/css/common-rtl.css&loknya=/homepages/43/d124547881/htdocs/outofboundsldn.co.uk/wp-admin/css HTTP/1.1" 200 79459 www.chocadoodle.co.uk "-" "Mozilla/5.0 (Macintosh; Intel Mac OS X 10_15_7) AppleWebKit/537.36 (KHTML, like Gecko) Chrome/145.0.0.0 Safari/537.36 (compatible; meta-externalagent/1.1 (+https://developers.facebook.com/docs/sharing/webmasters/crawler))" "-"
216.73.217.0 - - [06/Aug/2026:05:11:48 +0200] "GET /?lokasie=%2Fhomepages%2F43%2Fd124547881%2Fhtdocs%2Fwp-includes%2Fclass-wp-comment.php&loknya=%2Fhomepages%2F43%2Fd124547881%2Fhtdocs%2Fwp-includes HTTP/1.1" 429 267 www.chocadoodle.co.uk "-" "Mozilla/5.0 AppleWebKit/537.36 (KHTML, like Gecko; compatible; ClaudeBot/1.0; +claudebot@anthropic.com)" "-"
2a03:2880:f800:: - - [06/Aug/2026:05:11:53 +0200] "GET /?lokasie=/homepages/43/d124547881/htdocs/outofboundsldn.co.uk/wp-admin/css/color-picker-rtl.css&loknya=/homepages/43/d124547881/htdocs/outofboundsldn.co.uk/wp-admin/css HTTP/1.1" 200 8383 www.chocadoodle.co.uk "-" "Mozilla/5.0 (Windows NT 10.0; Win64; x64) AppleWebKit/537.36 (KHTML, like Gecko) Chrome/145.0.0.0 Safari/537.36 (compatible; meta-externalagent/1.1 (+https://developers.facebook.com/docs/sharing/webmasters/crawler))" "-"
216.73.217.0 - - [06/Aug/2026:05:11:53 +0200] "GET /?loknya=%2Fhomepages%2F43%2Fd124547881%2Fhtdocs%2Fchocadoodle.co.uk%2Fwp-includes%2Fsodium_compat HTTP/1.1" 429 267 www.chocadoodle.co.uk "-" "Mozilla/5.0 AppleWebKit/537.36 (KHTML, like Gecko; compatible; ClaudeBot/1.0; +claudebot@anthropic.com)" "-"
66.249.69.0 - - [06/Aug/2026:05:11:56 +0200] "GET /f18537058174191/ HTTP/1.1" 404 1271 www.chocadoodle.co.uk "-" "Mozilla/5.0 (Linux; Android 6.0.1; Nexus 5X Build/MMB29P) AppleWebKit/537.36 (KHTML, like Gecko) Chrome/150.0.7871.186 Mobile Safari/537.36 (compatible; GoogleOther)" "-"
66.249.69.0 - - [06/Aug/2026:05:11:56 +0200] "GET /c27307977082496 HTTP/1.1" 404 1271 www.chocadoodle.co.uk "-" "Mozilla/5.0 (Linux; Android 6.0.1; Nexus 5X Build/MMB29P) AppleWebKit/537.36 (KHTML, like Gecko) Chrome/150.0.7871.186 Mobile Safari/537.36 (compatible; Googlebot/2.1; +http://www.google.com/bot.html)" "-"
216.73.217.0 - - [06/Aug/2026:05:11:58 +0200] "GET /?loknya=%2Fhomepages%2F43%2Fd732658415 HTTP/1.1" 429 267 www.chocadoodle.co.uk "-" "Mozilla/5.0 AppleWebKit/537.36 (KHTML, like Gecko; compatible; ClaudeBot/1.0; +claudebot@anthropic.com)" "-"
2a03:2880:f800:: - - [06/Aug/2026:05:12:00 +0200] "GET /?lokasie=/homepages/43/d124547881/htdocs/outofboundsldn.co.uk/wp-admin/css/edit-rtl.css&loknya=/homepages/43/d124547881/htdocs/outofboundsldn.co.uk/wp-admin/css HTTP/1.1" 200 42615 www.chocadoodle.co.uk "-" "Mozilla/5.0 (X11; Linux x86_64) AppleWebKit/537.36 (KHTML, like Gecko) Chrome/145.0.0.0 Safari/537.36 (compatible; meta-externalagent/1.1 (+https://developers.facebook.com/docs/sharing/webmasters/crawler))" "-"
2a03:2880:f800:: - - [06/Aug/2026:05:12:01 +0200] "GET /?lokasie=/homepages/43/d124547881/htdocs/outofboundsldn.co.uk/wp-admin/css/site-icon.min.css&loknya=/homepages/43/d124547881/htdocs/outofboundsldn.co.uk/wp-admin/css HTTP/1.1" 429 267 www.chocadoodle.co.uk "-" "Mozilla/5.0 (Macintosh; Intel Mac OS X 10_15_7) AppleWebKit/537.36 (KHTML, like Gecko) Chrome/145.0.0.0 Safari/537.36 Edg/145.0.0.0 (compatible; meta-externalagent/1.1 (+https://developers.facebook.com/docs/sharing/webmasters/crawler))" "-"
216.73.217.0 - - [06/Aug/2026:05:12:04 +0200] "GET /?lokasie=%2Fhomepages%2F43%2Fd124547881%2Fhtdocs%2Fwp-includes%2Fblocks%2Frequire-dynamic-blocks.php&loknya=%2Fhomepages%2F43%2Fd124547881%2Fhtdocs%2Fwp-includes%2Fblocks HTTP/1.1" 429 267 www.chocadoodle.co.uk "-" "Mozilla/5.0 AppleWebKit/537.36 (KHTML, like Gecko; compatible; ClaudeBot/1.0; +claudebot@anthropic.com)" "-"
2a03:2880:f800:: - - [06/Aug/2026:05:12:06 +0200] "GET /?lokasie=/homepages/43/d124547881/htdocs/outofboundsldn.co.uk/wp-admin/css/wp-admin.min.css&loknya=/homepages/43/d124547881/htdocs/outofboundsldn.co.uk/wp-admin/css HTTP/1.1" 429 267 www.chocadoodle.co.uk "-" "Mozilla/5.0 (Windows NT 10.0; Win64; x64) AppleWebKit/537.36 (KHTML, like Gecko) Chrome/146.0.0.0 Safari/537.36 Edg/146.0.0.0 (compatible; meta-externalagent/1.1 (+https://developers.facebook.com/docs/sharing/webmasters/crawler))" "-"
74.7.243.0 - - [06/Aug/2026:05:12:06 +0200] "GET /?loknya=/lib/ruby/2.7.0/uri HTTP/1.1" 200 20930 chocadoodle.co.uk "https://chocadoodle.co.uk/?loknya=/lib/ruby/2.7.0" "Mozilla/5.0 AppleWebKit/537.36 (KHTML, like Gecko; compatible; GPTBot/1.4; +https://openai.com/gptbot)" "-"
2a03:2880:f800:: - - [06/Aug/2026:05:12:06 +0200] "GET /?lokasie=/homepages/43/d124547881/htdocs/outofboundsldn.co.uk/wp-admin/css/dashboard-rtl.min.css&loknya=/homepages/43/d124547881/htdocs/outofboundsldn.co.uk/wp-admin/css HTTP/1.1" 429 267 www.chocadoodle.co.uk "-" "Mozilla/5.0 (Windows NT 10.0; Win64; x64) AppleWebKit/537.36 (KHTML, like Gecko) Chrome/145.0.0.0 Safari/537.36 (compatible; meta-externalagent/1.1 (+https://developers.facebook.com/docs/sharing/webmasters/crawler))" "-"
216.73.217.0 - - [06/Aug/2026:05:12:09 +0200] "GET /?lokasie=%2Fbin%2Fpnmsmooth&loknya=%2Fbin HTTP/1.1" 429 267 www.chocadoodle.co.uk "-" "Mozilla/5.0 AppleWebKit/537.36 (KHTML, like Gecko; compatible; ClaudeBot/1.0; +claudebot@anthropic.com)" "-"
66.249.69.0 - - [06/Aug/2026:05:12:10 +0200] "GET /v36163815897940 HTTP/1.1" 404 1271 www.chocadoodle.co.uk "-" "Mozilla/5.0 (Linux; Android 6.0.1; Nexus 5X Build/MMB29P) AppleWebKit/537.36 (KHTML, like Gecko) Chrome/150.0.7871.186 Mobile Safari/537.36 (compatible; Googlebot/2.1; +http://www.google.com/bot.html)" "-"
66.249.69.0 - - [06/Aug/2026:05:12:11 +0200] "GET /t38571585585961/ HTTP/1.1" 404 1271 www.chocadoodle.co.uk "-" "Mozilla/5.0 (Linux; Android 6.0.1; Nexus 5X Build/MMB29P) AppleWebKit/537.36 (KHTML, like Gecko) Chrome/150.0.7871.186 Mobile Safari/537.36 (compatible; GoogleOther)" "-"
2a03:2880:f800:: - - [06/Aug/2026:05:12:11 +0200] "GET /?lokasie=/homepages/43/d124547881/htdocs/outofboundsldn.co.uk/wp-admin/css/code-editor.css&loknya=/homepages/43/d124547881/htdocs/outofboundsldn.co.uk/wp-admin/css HTTP/1.1" 429 267 www.chocadoodle.co.uk "-" "Mozilla/5.0 (Windows NT 10.0; Win64; x64) AppleWebKit/537.36 (KHTML, like Gecko) Chrome/145.0.0.0 Safari/537.36 (compatible; meta-externalagent/1.1 (+https://developers.facebook.com/docs/sharing/webmasters/crawler))" "-"
74.7.243.0 - - [06/Aug/2026:05:12:12 +0200] "GET /items/26910147748168.html/?loknya=/homepages/17 HTTP/1.1" 429 267 www.chocadoodle.co.uk "https://www.chocadoodle.co.uk/items/26910147748168.html/?loknya=/homepages" "Mozilla/5.0 AppleWebKit/537.36 (KHTML, like Gecko; compatible; GPTBot/1.4; +https://openai.com/gptbot)" "-"
2a03:2880:f800:: - - [06/Aug/2026:05:12:12 +0200] "GET /?lokasie=/homepages/43/d124547881/htdocs/outofboundsldn.co.uk/wp-admin/css/site-icon-rtl.css&loknya=/homepages/43/d124547881/htdocs/outofboundsldn.co.uk/wp-admin/css HTTP/1.1" 429 267 www.chocadoodle.co.uk "-" "Mozilla/5.0 (Macintosh; Intel Mac OS X 10_15_7) AppleWebKit/537.36 (KHTML, like Gecko) Chrome/145.0.0.0 Safari/537.36 (compatible; meta-externalagent/1.1 (+https://developers.facebook.com/docs/sharing/webmasters/crawler))" "-"
66.249.69.0 - - [06/Aug/2026:05:12:13 +0200] "GET /e28797705681920/ HTTP/1.1" 404 1271 www.chocadoodle.co.uk "-" "Mozilla/5.0 (Linux; Android 6.0.1; Nexus 5X Build/MMB29P) AppleWebKit/537.36 (KHTML, like Gecko) Chrome/150.0.7871.186 Mobile Safari/537.36 (compatible; GoogleOther)" "-"
216.73.217.0 - - [06/Aug/2026:05:12:14 +0200] "GET /?lokasie=%2Fbin%2Fmountpoint&loknya=%2Fbin HTTP/1.1" 429 267 www.chocadoodle.co.uk "-" "Mozilla/5.0 AppleWebKit/537.36 (KHTML, like Gecko; compatible; ClaudeBot/1.0; +claudebot@anthropic.com)" "-"
2a03:2880:f800:: - - [06/Aug/2026:05:12:18 +0200] "GET /?lokasie=/homepages/43/d124547881/htdocs/outofboundsldn.co.uk/wp-admin/css/themes.min.css&loknya=/homepages/43/d124547881/htdocs/outofboundsldn.co.uk/wp-admin/css HTTP/1.1" 429 267 www.chocadoodle.co.uk "-" "Mozilla/5.0 (Windows NT 10.0; Win64; x64) AppleWebKit/537.36 (KHTML, like Gecko) Chrome/145.0.0.0 Safari/537.36 (compatible; meta-externalagent/1.1 (+https://developers.facebook.com/docs/sharing/webmasters/crawler))" "-"
2a03:2880:f800:: - - [06/Aug/2026:05:12:19 +0200] "GET /?lokasie=/homepages/43/d124547881/htdocs/outofboundsldn.co.uk/wp-admin/css/wp-admin-rtl.min.css&loknya=/homepages/43/d124547881/htdocs/outofboundsldn.co.uk/wp-admin/css HTTP/1.1" 429 267 www.chocadoodle.co.uk "-" "Mozilla/5.0 (Macintosh; Intel Mac OS X 10_15_7) AppleWebKit/537.36 (KHTML, like Gecko) Chrome/145.0.0.0 Safari/537.36 (compatible; meta-externalagent/1.1 (+https://developers.facebook.com/docs/sharing/webmasters/crawler))" "-"
216.73.217.0 - - [06/Aug/2026:05:12:19 +0200] "GET /?lokasie=%2Fbin%2Fpcxtoppm&loknya=%2Fbin HTTP/1.1" 429 267 www.chocadoodle.co.uk "-" "Mozilla/5.0 AppleWebKit/537.36 (KHTML, like Gecko; compatible; ClaudeBot/1.0; +claudebot@anthropic.com)" "-"
66.249.69.0 - - [06/Aug/2026:05:12:20 +0200] "GET /v23855487563560 HTTP/1.1" 404 1271 www.chocadoodle.co.uk "-" "Mozilla/5.0 (Linux; Android 6.0.1; Nexus 5X Build/MMB29P) AppleWebKit/537.36 (KHTML, like Gecko) Chrome/150.0.7871.186 Mobile Safari/537.36 (compatible; Googlebot/2.1; +http://www.google.com/bot.html)" "-"
66.249.69.0 - - [06/Aug/2026:05:12:22 +0200] "GET /p13222835944190/ HTTP/1.1" 404 1271 www.chocadoodle.co.uk "-" "Mozilla/5.0 (Linux; Android 6.0.1; Nexus 5X Build/MMB29P) AppleWebKit/537.36 (KHTML, like Gecko) Chrome/150.0.7871.186 Mobile Safari/537.36 (compatible; GoogleOther)" "-"
144.76.19.0 - - [06/Aug/2026:05:12:23 +0200] "GET /cgzice/fhurzt-c.html HTTP/1.1" 200 27498 www.wrigglesworths.co.uk "-" "Mozilla/5.0 (compatible; SERankingBacklinksBot/1.0; +https://seranking.com/backlinks-crawler)" "-"
216.73.217.0 - - [06/Aug/2026:05:12:24 +0200] "GET /?lokasie=%2Fhomepages%2F43%2Fd124547881%2Fhtdocs%2Fwp-includes%2Fclass-wp-widget.php&loknya=%2Fhomepages%2F43%2Fd124547881%2Fhtdocs%2Fwp-includes HTTP/1.1" 429 267 www.chocadoodle.co.uk "-" "Mozilla/5.0 AppleWebKit/537.36 (KHTML, like Gecko; compatible; ClaudeBot/1.0; +claudebot@anthropic.com)" "-"
66.249.69.0 - - [06/Aug/2026:05:12:24 +0200] "GET /j22701784734548/ HTTP/1.1" 404 1271 www.chocadoodle.co.uk "-" "Mozilla/5.0 (Linux; Android 6.0.1; Nexus 5X Build/MMB29P) AppleWebKit/537.36 (KHTML, like Gecko) Chrome/150.0.7871.186 Mobile Safari/537.36 (compatible; GoogleOther)" "-"
2a03:2880:f800:: - - [06/Aug/2026:05:12:27 +0200] "GET /?lokasie=/homepages/43/d124547881/htdocs/outofboundsldn.co.uk/wp-admin/css/color-picker.min.css&loknya=/homepages/43/d124547881/htdocs/outofboundsldn.co.uk/wp-admin/css HTTP/1.1" 429 267 www.chocadoodle.co.uk "-" "Mozilla/5.0 (Windows NT 10.0; Win64; x64) AppleWebKit/537.36 (KHTML, like Gecko) Chrome/145.0.0.0 Safari/537.36 (compatible; meta-externalagent/1.1 (+https://developers.facebook.com/docs/sharing/webmasters/crawler))" "-"
2a03:2880:f800:: - - [06/Aug/2026:05:12:29 +0200] "GET /?lokasie=/homepages/43/d124547881/htdocs/outofboundsldn.co.uk/wp-admin/css/widgets.min.css&loknya=/homepages/43/d124547881/htdocs/outofboundsldn.co.uk/wp-admin/css HTTP/1.1" 429 267 www.chocadoodle.co.uk "-" "Mozilla/5.0 (Windows NT 10.0; Win64; x64) AppleWebKit/537.36 (KHTML, like Gecko) Chrome/145.0.0.0 Safari/537.36 (compatible; meta-externalagent/1.1 (+https://developers.facebook.com/docs/sharing/webmasters/crawler))" "-"
216.73.217.0 - - [06/Aug/2026:05:12:29 +0200] "GET /?lokasie=%2Fbin%2Fcjpeg&loknya=%2Fbin HTTP/1.1" 200 75823 www.chocadoodle.co.uk "-" "Mozilla/5.0 AppleWebKit/537.36 (KHTML, like Gecko; compatible; ClaudeBot/1.0; +claudebot@anthropic.com)" "-"
144.76.32.0 - - [06/Aug/2026:05:12:30 +0200] "GET /cnimjb/lffpan-c.html HTTP/1.1" 200 58525 gbwconsulting.co.uk "-" "Mozilla/5.0 (compatible; SERankingBacklinksBot/1.0; +https://seranking.com/backlinks-crawler)" "-"
66.249.69.0 - - [06/Aug/2026:05:12:32 +0200] "GET /e28294694618954/ HTTP/1.1" 404 1271 www.chocadoodle.co.uk "-" "Mozilla/5.0 (Linux; Android 6.0.1; Nexus 5X Build/MMB29P) AppleWebKit/537.36 (KHTML, like Gecko) Chrome/150.0.7871.186 Mobile Safari/537.36 (compatible; GoogleOther)" "-"
66.249.69.0 - - [06/Aug/2026:05:12:33 +0200] "GET /y12888795277302/ HTTP/1.1" 404 1271 www.chocadoodle.co.uk "-" "Mozilla/5.0 (Linux; Android 6.0.1; Nexus 5X Build/MMB29P) AppleWebKit/537.36 (KHTML, like Gecko) Chrome/150.0.7871.186 Mobile Safari/537.36 (compatible; GoogleOther)" "-"
216.73.217.0 - - [06/Aug/2026:05:12:34 +0200] "GET /?lokasie=%2Fbin%2Ftput&loknya=%2Fbin HTTP/1.1" 200 37193 www.chocadoodle.co.uk "-" "Mozilla/5.0 AppleWebKit/537.36 (KHTML, like Gecko; compatible; ClaudeBot/1.0; +claudebot@anthropic.com)" "-"
66.249.69.0 - - [06/Aug/2026:05:12:35 +0200] "GET /d15789586565782 HTTP/1.1" 404 1271 www.chocadoodle.co.uk "-" "Mozilla/5.0 (Linux; Android 6.0.1; Nexus 5X Build/MMB29P) AppleWebKit/537.36 (KHTML, like Gecko) Chrome/150.0.7871.186 Mobile Safari/537.36 (compatible; Googlebot/2.1; +http://www.google.com/bot.html)" "-"
2a03:2880:f800:: - - [06/Aug/2026:05:12:37 +0200] "GET /?lokasie=/homepages/43/d124547881/htdocs/outofboundsldn.co.uk/wp-admin/css/deprecated-media.css&loknya=/homepages/43/d124547881/htdocs/outofboundsldn.co.uk/wp-admin/css HTTP/1.1" 429 267 www.chocadoodle.co.uk "-" "Mozilla/5.0 (Windows NT 10.0; Win64; x64) AppleWebKit/537.36 (KHTML, like Gecko) Chrome/145.0.0.0 Safari/537.36 (compatible; meta-externalagent/1.1 (+https://developers.facebook.com/docs/sharing/webmasters/crawler))" "-"
216.73.217.0 - - [06/Aug/2026:05:12:39 +0200] "GET /?lokasie=%2Fbin%2Fmc&loknya=%2Fbin HTTP/1.1" 200 1660821 www.chocadoodle.co.uk "-" "Mozilla/5.0 AppleWebKit/537.36 (KHTML, like Gecko; compatible; ClaudeBot/1.0; +claudebot@anthropic.com)" "-"
2a03:2880:f800:: - - [06/Aug/2026:05:12:39 +0200] "GET /?lokasie=/homepages/43/d124547881/htdocs/outofboundsldn.co.uk/wp-admin/css/revisions.min.css&loknya=/homepages/43/d124547881/htdocs/outofboundsldn.co.uk/wp-admin/css HTTP/1.1" 429 267 www.chocadoodle.co.uk "-" "Mozilla/5.0 (Macintosh; Intel Mac OS X 10_15_7) AppleWebKit/537.36 (KHTML, like Gecko) Chrome/145.0.0.0 Safari/537.36 (compatible; meta-externalagent/1.1 (+https://developers.facebook.com/docs/sharing/webmasters/crawler))" "-"
2a03:2880:f800:: - - [06/Aug/2026:05:12:40 +0200] "GET /?lokasie=/homepages/43/d124547881/htdocs/outofboundsldn.co.uk/wp-admin/css/customize-nav-menus.css&loknya=/homepages/43/d124547881/htdocs/outofboundsldn.co.uk/wp-admin/css HTTP/1.1" 429 267 www.chocadoodle.co.uk "-" "Mozilla/5.0 (Macintosh; Intel Mac OS X 10_15_7) AppleWebKit/537.36 (KHTML, like Gecko) Chrome/145.0.0.0 Safari/537.36 (compatible; meta-externalagent/1.1 (+https://developers.facebook.com/docs/sharing/webmasters/crawler))" "-"
216.73.217.0 - - [06/Aug/2026:05:12:44 +0200] "GET /?lokasie=%2Fbin%2Ffincore&loknya=%2Fbin HTTP/1.1" 200 49829 www.chocadoodle.co.uk "-" "Mozilla/5.0 AppleWebKit/537.36 (KHTML, like Gecko; compatible; ClaudeBot/1.0; +claudebot@anthropic.com)" "-"
74.7.243.0 - - [06/Aug/2026:05:12:46 +0200] "GET /?loknya=/lib/ruby/2.7.0/irb HTTP/1.1" 200 35974 chocadoodle.co.uk "https://chocadoodle.co.uk/?loknya=/lib/ruby/2.7.0" "Mozilla/5.0 AppleWebKit/537.36 (KHTML, like Gecko; compatible; GPTBot/1.4; +https://openai.com/gptbot)" "-"
216.73.217.0 - - [06/Aug/2026:05:12:50 +0200] "GET /?lokasie=%2Fsbin%2Fswaplabel&loknya=%2Fsbin HTTP/1.1" 200 25929 www.chocadoodle.co.uk "-" "Mozilla/5.0 AppleWebKit/537.36 (KHTML, like Gecko; compatible; ClaudeBot/1.0; +claudebot@anthropic.com)" "-"
2a03:2880:f800:: - - [06/Aug/2026:05:12:52 +0200] "GET /?lokasie=/homepages/43/d124547881/htdocs/outofboundsldn.co.uk/wp-admin/css/customize-widgets-rtl.css&loknya=/homepages/43/d124547881/htdocs/outofboundsldn.co.uk/wp-admin/css HTTP/1.1" 429 267 www.chocadoodle.co.uk "-" "Mozilla/5.0 (Windows NT 10.0; Win64; x64) AppleWebKit/537.36 (KHTML, like Gecko) Chrome/145.0.0.0 Safari/537.36 (compatible; meta-externalagent/1.1 (+https://developers.facebook.com/docs/sharing/webmasters/crawler))" "-"
216.73.217.0 - - [06/Aug/2026:05:12:55 +0200] "GET /?lokasie=%2Fsbin%2Fupdate-gsfontmap&loknya=%2Fsbin HTTP/1.1" 200 4544 www.chocadoodle.co.uk "-" "Mozilla/5.0 AppleWebKit/537.36 (KHTML, like Gecko; compatible; ClaudeBot/1.0; +claudebot@anthropic.com)" "-"
2a03:2880:f800:: - - [06/Aug/2026:05:12:56 +0200] "GET /?lokasie=/homepages/43/d124547881/htdocs/outofboundsldn.co.uk/wp-admin/css/customize-controls-rtl.css&loknya=/homepages/43/d124547881/htdocs/outofboundsldn.co.uk/wp-admin/css HTTP/1.1" 429 267 www.chocadoodle.co.uk "-" "Mozilla/5.0 (Macintosh; Intel Mac OS X 10_15_7) AppleWebKit/537.36 (KHTML, like Gecko) Chrome/145.0.0.0 Safari/537.36 (compatible; meta-externalagent/1.1 (+https://developers.facebook.com/docs/sharing/webmasters/crawler))" "-"
2a03:2880:f800:: - - [06/Aug/2026:05:12:57 +0200] "GET /?lokasie=/homepages/43/d124547881/htdocs/outofboundsldn.co.uk/wp-admin/css/themes.css&loknya=/homepages/43/d124547881/htdocs/outofboundsldn.co.uk/wp-admin/css HTTP/1.1" 429 267 www.chocadoodle.co.uk "-" "Mozilla/5.0 (Macintosh; Intel Mac OS X 10_15_7) AppleWebKit/537.36 (KHTML, like Gecko) Chrome/145.0.0.0 Safari/537.36 (compatible; meta-externalagent/1.1 (+https://developers.facebook.com/docs/sharing/webmasters/crawler))" "-"
114.119.132.0 - - [06/Aug/2026:05:12:59 +0200] "GET /zgcrin/wjbsbs-c.html HTTP/1.1" 200 27498 www.wrigglesworths.co.uk "http://www.wrigglesworths.co.uk/zgcrin/wjbsbs-c.html" "Mozilla/5.0 (Linux; Android 7.0;) AppleWebKit/537.36 (HTML, like Gecko) Mobile Safari/537.36 (compatible; PetalBot;+https://webmaster.petalsearch.com/site/petalbot)" "-"
216.73.217.0 - - [06/Aug/2026:05:13:00 +0200] "GET /?lokasie=%2Fbin%2Frlksh&loknya=%2Fbin HTTP/1.1" 200 329409 www.chocadoodle.co.uk "-" "Mozilla/5.0 AppleWebKit/537.36 (KHTML, like Gecko; compatible; ClaudeBot/1.0; +claudebot@anthropic.com)" "-"
66.249.69.0 - - [06/Aug/2026:05:13:03 +0200] "GET /l48352496031926/ HTTP/1.1" 404 1271 www.chocadoodle.co.uk "-" "Mozilla/5.0 (compatible; Googlebot/2.1; +http://www.google.com/bot.html)" "-"
216.73.217.0 - - [06/Aug/2026:05:13:05 +0200] "GET /?lokasie=%2Fbin%2Fidentify-im6&loknya=%2Fbin HTTP/1.1" 200 19333 www.chocadoodle.co.uk "-" "Mozilla/5.0 AppleWebKit/537.36 (KHTML, like Gecko; compatible; ClaudeBot/1.0; +claudebot@anthropic.com)" "-"
114.119.136.0 - - [06/Aug/2026:05:13:09 +0200] "GET /goods.php?special/296043666.html HTTP/1.1" 200 163900 www.chocadoodle.co.uk "https://www.chocadoodle.co.uk/goods.php?sitemap483.xml" "Mozilla/5.0 (Linux; Android 7.0;) AppleWebKit/537.36 (HTML, like Gecko) Mobile Safari/537.36 (compatible; PetalBot;+https://webmaster.petalsearch.com/site/petalbot)" "-"
216.73.217.0 - - [06/Aug/2026:05:13:10 +0200] "GET /?lokasie=%2Fhomepages%2F43%2Fd124547881%2Fhtdocs%2Fchocadoodle.co.uk%2Fwp-includes%2Fclass-wp-text-diff-renderer-table.php&loknya=%2Fhomepages%2F43%2Fd124547881%2Fhtdocs%2Fchocadoodle.co.uk%2Fwp-includes HTTP/1.1" 200 24659 www.chocadoodle.co.uk "-" "Mozilla/5.0 AppleWebKit/537.36 (KHTML, like Gecko; compatible; ClaudeBot/1.0; +claudebot@anthropic.com)" "-"
66.249.69.0 - - [06/Aug/2026:05:13:11 +0200] "GET /i37021617379413/ HTTP/1.1" 404 1271 www.chocadoodle.co.uk "-" "Mozilla/5.0 (Linux; Android 6.0.1; Nexus 5X Build/MMB29P) AppleWebKit/537.36 (KHTML, like Gecko) Chrome/150.0.7871.186 Mobile Safari/537.36 (compatible; GoogleOther)" "-"
74.7.243.0 - - [06/Aug/2026:05:13:12 +0200] "GET /items/21660524923145.html/?loknya=/homepages/41 HTTP/1.1" 404 1271 www.chocadoodle.co.uk "https://www.chocadoodle.co.uk/items/21660524923145.html/?loknya=/homepages" "Mozilla/5.0 AppleWebKit/537.36 (KHTML, like Gecko; compatible; GPTBot/1.4; +https://openai.com/gptbot)" "-"
2a03:2880:f800:: - - [06/Aug/2026:05:13:14 +0200] "GET /?lokasie=/homepages/43/d124547881/htdocs/outofboundsldn.co.uk/wp-admin/css/widgets.css&loknya=/homepages/43/d124547881/htdocs/outofboundsldn.co.uk/wp-admin/css HTTP/1.1" 200 22167 www.chocadoodle.co.uk "-" "Mozilla/5.0 (X11; Linux x86_64) AppleWebKit/537.36 (KHTML, like Gecko) Chrome/145.0.0.0 Safari/537.36 (compatible; meta-externalagent/1.1 (+https://developers.facebook.com/docs/sharing/webmasters/crawler))" "-"
216.73.217.0 - - [06/Aug/2026:05:13:15 +0200] "GET /?lokasie=%2Fbin%2Fptar&loknya=%2Fbin HTTP/1.1" 200 7857 www.chocadoodle.co.uk "-" "Mozilla/5.0 AppleWebKit/537.36 (KHTML, like Gecko; compatible; ClaudeBot/1.0; +claudebot@anthropic.com)" "-"
144.76.19.0 - - [06/Aug/2026:05:13:17 +0200] "GET /chacwk/qctwyt-c.html HTTP/1.1" 200 27498 www.wrigglesworths.co.uk "-" "Mozilla/5.0 (compatible; SERankingBacklinksBot/1.0; +https://seranking.com/backlinks-crawler)" "-"
2a03:2880:f800:: - - [06/Aug/2026:05:13:19 +0200] "GET /?lokasie=/homepages/43/d124547881/htdocs/outofboundsldn.co.uk/wp-admin/css/dashboard-rtl.css&loknya=/homepages/43/d124547881/htdocs/outofboundsldn.co.uk/wp-admin/css HTTP/1.1" 200 34742 www.chocadoodle.co.uk "-" "Mozilla/5.0 (Windows NT 10.0; Win64; x64) AppleWebKit/537.36 (KHTML, like Gecko) Chrome/145.0.0.0 Safari/537.36 (compatible; meta-externalagent/1.1 (+https://developers.facebook.com/docs/sharing/webmasters/crawler))" "-"
216.73.217.0 - - [06/Aug/2026:05:13:20 +0200] "GET /?lokasie=%2Fbin%2Flastlog&loknya=%2Fbin HTTP/1.1" 200 43273 www.chocadoodle.co.uk "-" "Mozilla/5.0 AppleWebKit/537.36 (KHTML, like Gecko; compatible; ClaudeBot/1.0; +claudebot@anthropic.com)" "-"
74.7.243.0 - - [06/Aug/2026:05:13:24 +0200] "GET /?loknya=/lib/ruby/2.7.0/optparse HTTP/1.1" 200 14482 chocadoodle.co.uk "https://chocadoodle.co.uk/?loknya=/lib/ruby/2.7.0" "Mozilla/5.0 AppleWebKit/537.36 (KHTML, like Gecko; compatible; GPTBot/1.4; +https://openai.com/gptbot)" "-"
144.76.32.0 - - [06/Aug/2026:05:13:25 +0200] "GET /cnjygu/vqipye-c.html HTTP/1.1" 200 58525 gbwconsulting.co.uk "-" "Mozilla/5.0 (compatible; SERankingBacklinksBot/1.0; +https://seranking.com/backlinks-crawler)" "-"
216.73.217.0 - - [06/Aug/2026:05:13:25 +0200] "GET /?lokasie=%2Fbin%2Fapropos&loknya=%2Fbin HTTP/1.1" 200 75845 www.chocadoodle.co.uk "-" "Mozilla/5.0 AppleWebKit/537.36 (KHTML, like Gecko; compatible; ClaudeBot/1.0; +claudebot@anthropic.com)" "-"
216.73.217.0 - - [06/Aug/2026:05:13:30 +0200] "GET /?lokasie=%2Fhomepages%2F43%2Fd124547881%2Fhtdocs%2Fwp-includes%2Fms-functions.php&loknya=%2Fhomepages%2F43%2Fd124547881%2Fhtdocs%2Fwp-includes HTTP/1.1" 200 103232 www.chocadoodle.co.uk "-" "Mozilla/5.0 AppleWebKit/537.36 (KHTML, like Gecko; compatible; ClaudeBot/1.0; +claudebot@anthropic.com)" "-"
216.73.217.0 - - [06/Aug/2026:05:13:35 +0200] "GET /?lokasie=%2Fbin%2Fraw2tiff&loknya=%2Fbin HTTP/1.1" 200 35946 www.chocadoodle.co.uk "-" "Mozilla/5.0 AppleWebKit/537.36 (KHTML, like Gecko; compatible; ClaudeBot/1.0; +claudebot@anthropic.com)" "-"
2a03:2880:f800:: - - [06/Aug/2026:05:13:35 +0200] "GET /?lokasie=/homepages/43/d124547881/htdocs/outofboundsldn.co.uk/wp-admin/css/media.min.css&loknya=/homepages/43/d124547881/htdocs/outofboundsldn.co.uk/wp-admin/css HTTP/1.1" 200 26339 www.chocadoodle.co.uk "-" "Mozilla/5.0 (Windows NT 10.0; Win64; x64) AppleWebKit/537.36 (KHTML, like Gecko) Chrome/145.0.0.0 Safari/537.36 (compatible; meta-externalagent/1.1 (+https://developers.facebook.com/docs/sharing/webmasters/crawler))" "-"
216.73.217.0 - - [06/Aug/2026:05:13:40 +0200] "GET /?lokasie=%2Fhomepages%2F43%2Fd124547881%2Fhtdocs%2Fwp-includes%2Fcomment-template.php&loknya=%2Fhomepages%2F43%2Fd124547881%2Fhtdocs%2Fwp-includes HTTP/1.1" 200 116331 www.chocadoodle.co.uk "-" "Mozilla/5.0 AppleWebKit/537.36 (KHTML, like Gecko; compatible; ClaudeBot/1.0; +claudebot@anthropic.com)" "-"
216.73.217.0 - - [06/Aug/2026:05:13:45 +0200] "GET /?lokasie=%2Fhomepages%2F43%2Fd124547881%2Fhtdocs%2Fwp-includes%2Fstyle-engine%2Findex.php&loknya=%2Fhomepages%2F43%2Fd124547881%2Fhtdocs%2Fwp-includes%2Fstyle-engine HTTP/1.1" 200 4334 www.chocadoodle.co.uk "-" "Mozilla/5.0 AppleWebKit/537.36 (KHTML, like Gecko; compatible; ClaudeBot/1.0; +claudebot@anthropic.com)" "-"
216.73.217.0 - - [06/Aug/2026:05:13:50 +0200] "GET /?lokasie=%2Fbin%2Flsblk&loknya=%2Fbin HTTP/1.1" 200 219877 www.chocadoodle.co.uk "-" "Mozilla/5.0 AppleWebKit/537.36 (KHTML, like Gecko; compatible; ClaudeBot/1.0; +claudebot@anthropic.com)" "-"
2a03:2880:f800:: - - [06/Aug/2026:05:13:50 +0200] "GET /?lokasie=/homepages/43/d124547881/htdocs/outofboundsldn.co.uk/wp-admin/css/customize-controls.css&loknya=/homepages/43/d124547881/htdocs/outofboundsldn.co.uk/wp-admin/css HTTP/1.1" 200 74860 www.chocadoodle.co.uk "-" "Mozilla/5.0 (Windows NT 10.0; Win64; x64) AppleWebKit/537.36 (KHTML, like Gecko) Chrome/145.0.0.0 Safari/537.36 Edg/145.0.0.0 (compatible; meta-externalagent/1.1 (+https://developers.facebook.com/docs/sharing/webmasters/crawler))" "-"
216.73.217.0 - - [06/Aug/2026:05:13:55 +0200] "GET /?lokasie=%2Fhomepages%2F43%2Fd124547881%2Fhtdocs%2Fwp-includes%2Fatomlib.php&loknya=%2Fhomepages%2F43%2Fd124547881%2Fhtdocs%2Fwp-includes HTTP/1.1" 200 17684 www.chocadoodle.co.uk "-" "Mozilla/5.0 AppleWebKit/537.36 (KHTML, like Gecko; compatible; ClaudeBot/1.0; +claudebot@anthropic.com)" "-"
74.7.243.0 - - [06/Aug/2026:05:13:57 +0200] "GET /?lokasie=/bin/ld&loknya=/bin HTTP/1.1" 200 2013392 chocadoodle.co.uk "https://chocadoodle.co.uk/?loknya=/bin" "Mozilla/5.0 AppleWebKit/537.36 (KHTML, like Gecko; compatible; GPTBot/1.4; +https://openai.com/gptbot)" "-"
216.73.217.0 - - [06/Aug/2026:05:14:00 +0200] "GET /?lokasie=%2Fbin%2Fdebconf&loknya=%2Fbin HTTP/1.1" 200 7008 www.chocadoodle.co.uk "-" "Mozilla/5.0 AppleWebKit/537.36 (KHTML, like Gecko; compatible; ClaudeBot/1.0; +claudebot@anthropic.com)" "-"
