66.249.69.0 - - [06/Aug/2026:04:30:06 +0200] "GET /i47397865299272/ HTTP/1.1" 404 1271 www.chocadoodle.co.uk "-" "Mozilla/5.0 (Linux; Android 6.0.1; Nexus 5X Build/MMB29P) AppleWebKit/537.36 (KHTML, like Gecko) Chrome/150.0.7871.186 Mobile Safari/537.36 (compatible; GoogleOther)" "-"
2a03:2880:f800:: - - [06/Aug/2026:04:30:07 +0200] "GET /?lokasie=/etc/default/useradd&loknya=/etc/default HTTP/1.1" 200 5138 www.chocadoodle.co.uk "-" "Mozilla/5.0 (Windows NT 10.0; Win64; x64) AppleWebKit/537.36 (KHTML, like Gecko) Chrome/145.0.0.0 Safari/537.36 (compatible; meta-externalagent/1.1 (+https://developers.facebook.com/docs/sharing/webmasters/crawler))" "-"
2a03:2880:f800:: - - [06/Aug/2026:04:30:10 +0200] "GET /?lokasie=/homepages/15/d732420473/htaccesslist&loknya=/homepages/15/d732420473 HTTP/1.1" 200 4078 www.chocadoodle.co.uk "-" "Mozilla/5.0 (Macintosh; Intel Mac OS X 10_15_7) AppleWebKit/537.36 (KHTML, like Gecko) Chrome/145.0.0.0 Safari/537.36 (compatible; meta-externalagent/1.1 (+https://developers.facebook.com/docs/sharing/webmasters/crawler))" "-"
74.7.243.0 - - [06/Aug/2026:04:30:17 +0200] "GET /?loknya=/lib/ruby/2.7.0/psych/ HTTP/1.1" 200 31976 chocadoodle.co.uk "https://chocadoodle.co.uk/?loknya=/lib/ruby/2.7.0/psych/visitors" "Mozilla/5.0 AppleWebKit/537.36 (KHTML, like Gecko; compatible; GPTBot/1.4; +https://openai.com/gptbot)" "-"
66.249.69.0 - - [06/Aug/2026:04:30:21 +0200] "GET /i23727065281156/ HTTP/1.1" 404 1271 www.chocadoodle.co.uk "-" "Mozilla/5.0 (Linux; Android 6.0.1; Nexus 5X Build/MMB29P) AppleWebKit/537.36 (KHTML, like Gecko) Chrome/150.0.7871.186 Mobile Safari/537.36 (compatible; GoogleOther)" "-"
74.7.243.0 - - [06/Aug/2026:04:30:21 +0200] "GET /items/15847954758833.html/?loknya=/homepages/30 HTTP/1.1" 404 1271 www.chocadoodle.co.uk "https://www.chocadoodle.co.uk/items/15847954758833.html/?loknya=/homepages" "Mozilla/5.0 AppleWebKit/537.36 (KHTML, like Gecko; compatible; GPTBot/1.4; +https://openai.com/gptbot)" "-"
114.119.158.0 - - [06/Aug/2026:04:30:22 +0200] "GET /mkloeh/xwmlod-c.html HTTP/1.1" 200 27498 www.wrigglesworths.co.uk "http://www.wrigglesworths.co.uk/mkloeh/xwmlod-c.html" "Mozilla/5.0 (Linux; Android 7.0;) AppleWebKit/537.36 (HTML, like Gecko) Mobile Safari/537.36 (compatible; PetalBot;+https://webmaster.petalsearch.com/site/petalbot)" "-"
66.249.69.0 - - [06/Aug/2026:04:30:22 +0200] "GET /s27608727652251/ HTTP/1.1" 404 1271 www.chocadoodle.co.uk "-" "Mozilla/5.0 (Linux; Android 6.0.1; Nexus 5X Build/MMB29P) AppleWebKit/537.36 (KHTML, like Gecko) Chrome/150.0.7871.186 Mobile Safari/537.36 (compatible; GoogleOther)" "-"
66.249.69.0 - - [06/Aug/2026:04:30:23 +0200] "GET /n47196177426764/ HTTP/1.1" 404 1271 www.chocadoodle.co.uk "-" "Mozilla/5.0 (Linux; Android 6.0.1; Nexus 5X Build/MMB29P) AppleWebKit/537.36 (KHTML, like Gecko) Chrome/150.0.7871.186 Mobile Safari/537.36 (compatible; GoogleOther)" "-"
66.249.69.0 - - [06/Aug/2026:04:30:35 +0200] "GET /h49632545019349/ HTTP/1.1" 404 1271 www.chocadoodle.co.uk "-" "Mozilla/5.0 (Linux; Android 6.0.1; Nexus 5X Build/MMB29P) AppleWebKit/537.36 (KHTML, like Gecko) Chrome/150.0.7871.186 Mobile Safari/537.36 (compatible; GoogleOther)" "-"
2a03:2880:f800:: - - [06/Aug/2026:04:30:36 +0200] "GET /?lokasie=/lib/x86_64-linux-gnu//libdjvulibre.so.21.7.0&loknya=/lib/x86_64-linux-gnu/ HTTP/1.1" 200 2746125 www.chocadoodle.co.uk "-" "Mozilla/5.0 (Windows NT 10.0; Win64; x64) AppleWebKit/537.36 (KHTML, like Gecko) Chrome/145.0.0.0 Safari/537.36 (compatible; meta-externalagent/1.1 (+https://developers.facebook.com/docs/sharing/webmasters/crawler))" "-"
66.249.69.0 - - [06/Aug/2026:04:30:45 +0200] "GET /c27858196169898/ HTTP/1.1" 404 1271 www.chocadoodle.co.uk "-" "Mozilla/5.0 (Linux; Android 6.0.1; Nexus 5X Build/MMB29P) AppleWebKit/537.36 (KHTML, like Gecko) Chrome/150.0.7871.186 Mobile Safari/537.36 (compatible; GoogleOther)" "-"
66.249.69.0 - - [06/Aug/2026:04:30:46 +0200] "GET /g34667087114431/ HTTP/1.1" 404 1271 www.chocadoodle.co.uk "-" "Mozilla/5.0 (compatible; Googlebot/2.1; +http://www.google.com/bot.html)" "-"
66.249.69.0 - - [06/Aug/2026:04:30:50 +0200] "GET /t33576168001709/ HTTP/1.1" 404 1271 www.chocadoodle.co.uk "-" "Mozilla/5.0 (Linux; Android 6.0.1; Nexus 5X Build/MMB29P) AppleWebKit/537.36 (KHTML, like Gecko) Chrome/150.0.7871.186 Mobile Safari/537.36 (compatible; GoogleOther)" "-"
74.7.243.0 - - [06/Aug/2026:04:30:50 +0200] "GET /?lokasie=/lib/aspell/australian.alias&loknya=/lib/aspell HTTP/1.1" 200 4079 chocadoodle.co.uk "https://chocadoodle.co.uk/?loknya=/lib/aspell" "Mozilla/5.0 AppleWebKit/537.36 (KHTML, like Gecko; compatible; GPTBot/1.4; +https://openai.com/gptbot)" "-"
2a03:2880:f800:: - - [06/Aug/2026:04:30:53 +0200] "GET /?loknya=/homepages/4/d724691641/.config HTTP/1.1" 200 5257 www.chocadoodle.co.uk "-" "Mozilla/5.0 (Windows NT 10.0; Win64; x64) AppleWebKit/537.36 (KHTML, like Gecko) Chrome/145.0.0.0 Safari/537.36 (compatible; meta-externalagent/1.1 (+https://developers.facebook.com/docs/sharing/webmasters/crawler))" "-"
66.249.69.0 - - [06/Aug/2026:04:30:54 +0200] "GET /m34594935247239/ HTTP/1.1" 404 1271 www.chocadoodle.co.uk "-" "Mozilla/5.0 (Linux; Android 6.0.1; Nexus 5X Build/MMB29P) AppleWebKit/537.36 (KHTML, like Gecko) Chrome/150.0.7871.186 Mobile Safari/537.36 (compatible; GoogleOther)" "-"
66.249.69.0 - - [06/Aug/2026:04:30:58 +0200] "GET /q30135385177375/ HTTP/1.1" 404 1271 www.chocadoodle.co.uk "-" "Mozilla/5.0 (Linux; Android 6.0.1; Nexus 5X Build/MMB29P) AppleWebKit/537.36 (KHTML, like Gecko) Chrome/150.0.7871.186 Mobile Safari/537.36 (compatible; GoogleOther)" "-"
144.76.19.0 - - [06/Aug/2026:04:30:59 +0200] "GET /bupzxe/oxqydf-c.html HTTP/1.1" 200 27498 www.wrigglesworths.co.uk "-" "Mozilla/5.0 (compatible; SERankingBacklinksBot/1.0; +https://seranking.com/backlinks-crawler)" "-"
66.249.69.0 - - [06/Aug/2026:04:30:59 +0200] "GET /u27868027225361/ HTTP/1.1" 404 1271 www.chocadoodle.co.uk "-" "Mozilla/5.0 (Linux; Android 6.0.1; Nexus 5X Build/MMB29P) AppleWebKit/537.36 (KHTML, like Gecko) Chrome/150.0.7871.186 Mobile Safari/537.36 (compatible; GoogleOther)" "-"
144.76.32.0 - - [06/Aug/2026:04:31:05 +0200] "GET /cffibe/vudmwn-c.html HTTP/1.1" 200 58525 gbwconsulting.co.uk "-" "Mozilla/5.0 (compatible; SERankingBacklinksBot/1.0; +https://seranking.com/backlinks-crawler)" "-"
66.249.69.0 - - [06/Aug/2026:04:31:07 +0200] "GET /r38941397650330/ HTTP/1.1" 404 1271 www.chocadoodle.co.uk "-" "Mozilla/5.0 (Linux; Android 6.0.1; Nexus 5X Build/MMB29P) AppleWebKit/537.36 (KHTML, like Gecko) Chrome/150.0.7871.186 Mobile Safari/537.36 (compatible; GoogleOther)" "-"
2a03:2880:f800:: - - [06/Aug/2026:04:31:07 +0200] "GET /?lokasie=/lib/x86_64-linux-gnu/libpkgconf.so.3.0.0&loknya=/lib/x86_64-linux-gnu HTTP/1.1" 200 97056 www.chocadoodle.co.uk "-" "Mozilla/5.0 (Windows NT 10.0; Win64; x64) AppleWebKit/537.36 (KHTML, like Gecko) Chrome/145.0.0.0 Safari/537.36 (compatible; meta-externalagent/1.1 (+https://developers.facebook.com/docs/sharing/webmasters/crawler))" "-"
66.249.69.0 - - [06/Aug/2026:04:31:08 +0200] "GET /a43676307145321/ HTTP/1.1" 404 1271 www.chocadoodle.co.uk "-" "Mozilla/5.0 (Linux; Android 6.0.1; Nexus 5X Build/MMB29P) AppleWebKit/537.36 (KHTML, like Gecko) Chrome/150.0.7871.186 Mobile Safari/537.36 (compatible; GoogleOther)" "-"
66.249.69.0 - - [06/Aug/2026:04:31:18 +0200] "GET /z36143536751523/ HTTP/1.1" 404 1271 www.chocadoodle.co.uk "-" "Mozilla/5.0 (Linux; Android 6.0.1; Nexus 5X Build/MMB29P) AppleWebKit/537.36 (KHTML, like Gecko) Chrome/150.0.7871.186 Mobile Safari/537.36 (compatible; GoogleOther)" "-"
2a03:2880:f800:: - - [06/Aug/2026:04:31:20 +0200] "GET /?lokasie=/homepages/17/d730013182/DASTOOLSTART&loknya=/homepages/17/d730013182 HTTP/1.1" 200 4078 www.chocadoodle.co.uk "-" "Mozilla/5.0 (Windows NT 10.0; Win64; x64) AppleWebKit/537.36 (KHTML, like Gecko) Chrome/145.0.0.0 Safari/537.36 (compatible; meta-externalagent/1.1 (+https://developers.facebook.com/docs/sharing/webmasters/crawler))" "-"
74.7.243.0 - - [06/Aug/2026:04:31:21 +0200] "GET /?loknya=/kunden/lib/emacsen-common HTTP/1.1" 200 13028 chocadoodle.co.uk "https://chocadoodle.co.uk/?loknya=/kunden/lib" "Mozilla/5.0 AppleWebKit/537.36 (KHTML, like Gecko; compatible; GPTBot/1.4; +https://openai.com/gptbot)" "-"
74.7.243.0 - - [06/Aug/2026:04:31:25 +0200] "GET /items/39336047371542.html/?loknya=/homepages/43 HTTP/1.1" 404 1271 www.chocadoodle.co.uk "https://www.chocadoodle.co.uk/items/39336047371542.html/" "Mozilla/5.0 AppleWebKit/537.36 (KHTML, like Gecko; compatible; GPTBot/1.4; +https://openai.com/gptbot)" "-"
66.249.69.0 - - [06/Aug/2026:04:31:28 +0200] "GET /l12351296605807/ HTTP/1.1" 404 1271 www.chocadoodle.co.uk "-" "Mozilla/5.0 (Linux; Android 6.0.1; Nexus 5X Build/MMB29P) AppleWebKit/537.36 (KHTML, like Gecko) Chrome/150.0.7871.186 Mobile Safari/537.36 (compatible; GoogleOther)" "-"
66.249.69.0 - - [06/Aug/2026:04:31:30 +0200] "GET /r43548084815915/ HTTP/1.1" 404 1271 www.chocadoodle.co.uk "-" "Mozilla/5.0 (Linux; Android 6.0.1; Nexus 5X Build/MMB29P) AppleWebKit/537.36 (KHTML, like Gecko) Chrome/150.0.7871.186 Mobile Safari/537.36 (compatible; GoogleOther)" "-"
2a03:2880:f800:: - - [06/Aug/2026:04:31:31 +0200] "GET /?lokasie=/homepages/43/d124547881/htdocs/chocadoodle.co.uk/wp-includes/class-IXR.php&loknya=/homepages/43/d124547881/htdocs/chocadoodle.co.uk/wp-includes HTTP/1.1" 200 7018 www.chocadoodle.co.uk "-" "Mozilla/5.0 (Windows NT 10.0; Win64; x64) AppleWebKit/537.36 (KHTML, like Gecko) Chrome/145.0.0.0 Safari/537.36 (compatible; meta-externalagent/1.1 (+https://developers.facebook.com/docs/sharing/webmasters/crawler))" "-"
66.249.69.0 - - [06/Aug/2026:04:31:33 +0200] "GET /v39970078012192/ HTTP/1.1" 404 1271 www.chocadoodle.co.uk "-" "Mozilla/5.0 (Linux; Android 6.0.1; Nexus 5X Build/MMB29P) AppleWebKit/537.36 (KHTML, like Gecko) Chrome/150.0.7871.186 Mobile Safari/537.36 (compatible; Googlebot/2.1; +http://www.google.com/bot.html)" "-"
66.249.69.0 - - [06/Aug/2026:04:31:40 +0200] "GET /a31006078183615/ HTTP/1.1" 404 1271 www.chocadoodle.co.uk "-" "Mozilla/5.0 (Linux; Android 6.0.1; Nexus 5X Build/MMB29P) AppleWebKit/537.36 (KHTML, like Gecko) Chrome/150.0.7871.186 Mobile Safari/537.36 (compatible; GoogleOther)" "-"
2a03:2880:f800:: - - [06/Aug/2026:04:31:42 +0200] "GET /?lokasie=/homepages/43/d124547881/htdocs/chocadoodle.co.uk/wp-includes/cache-compat.php&loknya=/homepages/43/d124547881/htdocs/chocadoodle.co.uk/wp-includes HTTP/1.1" 200 10594 www.chocadoodle.co.uk "-" "Mozilla/5.0 (Windows NT 10.0; Win64; x64) AppleWebKit/537.36 (KHTML, like Gecko) Chrome/145.0.0.0 Safari/537.36 (compatible; meta-externalagent/1.1 (+https://developers.facebook.com/docs/sharing/webmasters/crawler))" "-"
114.119.148.0 - - [06/Aug/2026:04:31:46 +0200] "GET /kypotz/pinsbw-c.html HTTP/1.1" 200 27498 www.wrigglesworths.co.uk "http://www.wrigglesworths.co.uk/kypotz/pinsbw-c.html" "Mozilla/5.0 (Linux; Android 7.0;) AppleWebKit/537.36 (HTML, like Gecko) Mobile Safari/537.36 (compatible; PetalBot;+https://webmaster.petalsearch.com/site/petalbot)" "-"
66.249.69.0 - - [06/Aug/2026:04:31:49 +0200] "GET /f18688314821493/ HTTP/1.1" 404 1271 www.chocadoodle.co.uk "-" "Mozilla/5.0 (Linux; Android 6.0.1; Nexus 5X Build/MMB29P) AppleWebKit/537.36 (KHTML, like Gecko) Chrome/150.0.7871.186 Mobile Safari/537.36 (compatible; GoogleOther)" "-"
74.7.243.0 - - [06/Aug/2026:04:31:49 +0200] "GET /?loknya=/usr/lib/gnupg2 HTTP/1.1" 200 7786 chocadoodle.co.uk "https://chocadoodle.co.uk/?loknya=/usr/lib" "Mozilla/5.0 AppleWebKit/537.36 (KHTML, like Gecko; compatible; GPTBot/1.4; +https://openai.com/gptbot)" "-"
2a03:2880:f800:: - - [06/Aug/2026:04:31:51 +0200] "GET /?lokasie=/homepages/17/d725618353/htaccesslist&loknya=/homepages/17/d725618353 HTTP/1.1" 200 4078 www.chocadoodle.co.uk "-" "Mozilla/5.0 (Windows NT 10.0; Win64; x64) AppleWebKit/537.36 (KHTML, like Gecko) Chrome/145.0.0.0 Safari/537.36 (compatible; meta-externalagent/1.1 (+https://developers.facebook.com/docs/sharing/webmasters/crawler))" "-"
66.249.69.0 - - [06/Aug/2026:04:31:55 +0200] "GET /k31073477047551/ HTTP/1.1" 404 1271 www.chocadoodle.co.uk "-" "Mozilla/5.0 (Linux; Android 6.0.1; Nexus 5X Build/MMB29P) AppleWebKit/537.36 (KHTML, like Gecko) Chrome/150.0.7871.186 Mobile Safari/537.36 (compatible; GoogleOther)" "-"
144.76.19.0 - - [06/Aug/2026:04:31:58 +0200] "GET /buuofs/bfrvob-c.html HTTP/1.1" 200 27498 www.wrigglesworths.co.uk "-" "Mozilla/5.0 (compatible; SERankingBacklinksBot/1.0; +https://seranking.com/backlinks-crawler)" "-"
2a03:2880:f800:: - - [06/Aug/2026:04:32:00 +0200] "GET /?lokasie=/homepages/28/d726235474/distributor.lock&loknya=/homepages/28/d726235474 HTTP/1.1" 200 4081 www.chocadoodle.co.uk "-" "Mozilla/5.0 (Windows NT 10.0; Win64; x64) AppleWebKit/537.36 (KHTML, like Gecko) Chrome/145.0.0.0 Safari/537.36 (compatible; meta-externalagent/1.1 (+https://developers.facebook.com/docs/sharing/webmasters/crawler))" "-"
144.76.32.0 - - [06/Aug/2026:04:32:03 +0200] "GET /cfidgo/rnfnvw-c.html HTTP/1.1" 200 58525 gbwconsulting.co.uk "-" "Mozilla/5.0 (compatible; SERankingBacklinksBot/1.0; +https://seranking.com/backlinks-crawler)" "-"
66.249.69.0 - - [06/Aug/2026:04:32:07 +0200] "GET /z34166536064241/ HTTP/1.1" 404 1271 www.chocadoodle.co.uk "-" "Mozilla/5.0 (Linux; Android 6.0.1; Nexus 5X Build/MMB29P) AppleWebKit/537.36 (KHTML, like Gecko) Chrome/150.0.7871.186 Mobile Safari/537.36 (compatible; GoogleOther)" "-"
2a03:2880:f800:: - - [06/Aug/2026:04:32:07 +0200] "GET /?lokasie=/homepages/37/d725707626/htpasswd&loknya=/homepages/37/d725707626 HTTP/1.1" 200 4073 www.chocadoodle.co.uk "-" "Mozilla/5.0 (X11; Linux x86_64) AppleWebKit/537.36 (KHTML, like Gecko) Chrome/145.0.0.0 Safari/537.36 (compatible; meta-externalagent/1.1 (+https://developers.facebook.com/docs/sharing/webmasters/crawler))" "-"
66.249.69.0 - - [06/Aug/2026:04:32:10 +0200] "GET /i38891135258148/ HTTP/1.1" 404 1271 www.chocadoodle.co.uk "-" "Mozilla/5.0 (Linux; Android 6.0.1; Nexus 5X Build/MMB29P) AppleWebKit/537.36 (KHTML, like Gecko) Chrome/150.0.7871.186 Mobile Safari/537.36 (compatible; GoogleOther)" "-"
74.7.243.0 - - [06/Aug/2026:04:32:13 +0200] "GET /?lokasie=/bin/pnmtoxwd&loknya=/bin HTTP/1.1" 200 21162 chocadoodle.co.uk "https://chocadoodle.co.uk/?loknya=/bin" "Mozilla/5.0 AppleWebKit/537.36 (KHTML, like Gecko; compatible; GPTBot/1.4; +https://openai.com/gptbot)" "-"
2a03:2880:f800:: - - [06/Aug/2026:04:32:15 +0200] "GET /?lokasie=/homepages/17/d730013182/.created&loknya=/homepages/17/d730013182 HTTP/1.1" 200 4085 www.chocadoodle.co.uk "-" "Mozilla/5.0 (Windows NT 10.0; Win64; x64) AppleWebKit/537.36 (KHTML, like Gecko) Chrome/145.0.0.0 Safari/537.36 (compatible; meta-externalagent/1.1 (+https://developers.facebook.com/docs/sharing/webmasters/crawler))" "-"
66.249.69.0 - - [06/Aug/2026:04:32:17 +0200] "GET /c33449395844129/ HTTP/1.1" 404 1271 www.chocadoodle.co.uk "-" "Mozilla/5.0 (Linux; Android 6.0.1; Nexus 5X Build/MMB29P) AppleWebKit/537.36 (KHTML, like Gecko) Chrome/150.0.7871.186 Mobile Safari/537.36 (compatible; GoogleOther)" "-"
2a03:2880:f800:: - - [06/Aug/2026:04:32:20 +0200] "GET /?lokasie=/homepages/43/d124547881/htdocs/wp-includes//class-wp-locale.php&loknya=/homepages/43/d124547881/htdocs/wp-includes/ HTTP/1.1" 200 22574 www.chocadoodle.co.uk "-" "Mozilla/5.0 (Windows NT 10.0; Win64; x64) AppleWebKit/537.36 (KHTML, like Gecko) Chrome/145.0.0.0 Safari/537.36 (compatible; meta-externalagent/1.1 (+https://developers.facebook.com/docs/sharing/webmasters/crawler))" "-"
66.249.69.0 - - [06/Aug/2026:04:32:22 +0200] "GET /g21213355453817/ HTTP/1.1" 404 1271 www.chocadoodle.co.uk "-" "Mozilla/5.0 (Linux; Android 6.0.1; Nexus 5X Build/MMB29P) AppleWebKit/537.36 (KHTML, like Gecko) Chrome/150.0.7871.186 Mobile Safari/537.36 (compatible; GoogleOther)" "-"
74.7.243.0 - - [06/Aug/2026:04:32:26 +0200] "GET /items/20541306411842.html/?loknya=/homepages/16 HTTP/1.1" 404 1271 www.chocadoodle.co.uk "https://www.chocadoodle.co.uk/items/20541306411842.html/?loknya=/homepages" "Mozilla/5.0 AppleWebKit/537.36 (KHTML, like Gecko; compatible; GPTBot/1.4; +https://openai.com/gptbot)" "-"
2a03:2880:f800:: - - [06/Aug/2026:04:32:28 +0200] "GET /?lokasie=/lib/python3.9/distutils/log.py&loknya=/lib/python3.9/distutils HTTP/1.1" 200 6115 www.chocadoodle.co.uk "-" "Mozilla/5.0 (Windows NT 10.0; Win64; x64) AppleWebKit/537.36 (KHTML, like Gecko) Chrome/145.0.0.0 Safari/537.36 (compatible; meta-externalagent/1.1 (+https://developers.facebook.com/docs/sharing/webmasters/crawler))" "-"
66.249.69.0 - - [06/Aug/2026:04:32:30 +0200] "GET /r39823286408472/ HTTP/1.1" 404 1271 www.chocadoodle.co.uk "-" "Mozilla/5.0 (Linux; Android 6.0.1; Nexus 5X Build/MMB29P) AppleWebKit/537.36 (KHTML, like Gecko) Chrome/150.0.7871.186 Mobile Safari/537.36 (compatible; GoogleOther)" "-"
2a03:2880:f800:: - - [06/Aug/2026:04:32:34 +0200] "GET /?lokasie=/lib/x86_64-linux-gnu/libaudit.so.1.0.0&loknya=/lib/x86_64-linux-gnu HTTP/1.1" 200 170438 www.chocadoodle.co.uk "-" "Mozilla/5.0 (Windows NT 10.0; Win64; x64) AppleWebKit/537.36 (KHTML, like Gecko) Chrome/145.0.0.0 Safari/537.36 (compatible; meta-externalagent/1.1 (+https://developers.facebook.com/docs/sharing/webmasters/crawler))" "-"
74.7.243.0 - - [06/Aug/2026:04:32:35 +0200] "GET /?loknya=/usr/src HTTP/1.1" 200 5050 chocadoodle.co.uk "https://chocadoodle.co.uk/?loknya=/usr" "Mozilla/5.0 AppleWebKit/537.36 (KHTML, like Gecko; compatible; GPTBot/1.4; +https://openai.com/gptbot)" "-"
2a03:2880:f800:: - - [06/Aug/2026:04:32:38 +0200] "GET /?lokasie=/homepages/43/d124547881/htdocs/chocadoodle.co.uk/wp-includes/sitemaps.php&loknya=/homepages/43/d124547881/htdocs/chocadoodle.co.uk/wp-includes HTTP/1.1" 200 7759 www.chocadoodle.co.uk "-" "Mozilla/5.0 (Windows NT 10.0; Win64; x64) AppleWebKit/537.36 (KHTML, like Gecko) Chrome/145.0.0.0 Safari/537.36 (compatible; meta-externalagent/1.1 (+https://developers.facebook.com/docs/sharing/webmasters/crawler))" "-"
66.249.69.0 - - [06/Aug/2026:04:32:39 +0200] "GET /y45343936018813/ HTTP/1.1" 404 1271 www.chocadoodle.co.uk "-" "Mozilla/5.0 (Linux; Android 6.0.1; Nexus 5X Build/MMB29P) AppleWebKit/537.36 (KHTML, like Gecko) Chrome/150.0.7871.186 Mobile Safari/537.36 (compatible; GoogleOther)" "-"
2a03:2880:f800:: - - [06/Aug/2026:04:32:45 +0200] "GET /?lokasie=/homepages/31/d725956391/.created&loknya=/homepages/31/d725956391 HTTP/1.1" 200 4085 www.chocadoodle.co.uk "-" "Mozilla/5.0 (Windows NT 10.0; Win64; x64) AppleWebKit/537.36 (KHTML, like Gecko) Chrome/145.0.0.0 Safari/537.36 (compatible; meta-externalagent/1.1 (+https://developers.facebook.com/docs/sharing/webmasters/crawler))" "-"
66.249.69.0 - - [06/Aug/2026:04:32:46 +0200] "GET /c24302527398433/ HTTP/1.1" 404 1271 www.chocadoodle.co.uk "-" "Mozilla/5.0 (Linux; Android 6.0.1; Nexus 5X Build/MMB29P) AppleWebKit/537.36 (KHTML, like Gecko) Chrome/150.0.7871.186 Mobile Safari/537.36 (compatible; GoogleOther)" "-"
2a03:2880:f800:: - - [06/Aug/2026:04:32:49 +0200] "GET /?lokasie=/homepages/11/d524384839/.htaccess&loknya=/homepages/11/d524384839 HTTP/1.1" 200 4075 www.chocadoodle.co.uk "-" "Mozilla/5.0 (Macintosh; Intel Mac OS X 10_15_7) AppleWebKit/537.36 (KHTML, like Gecko) Chrome/145.0.0.0 Safari/537.36 (compatible; meta-externalagent/1.1 (+https://developers.facebook.com/docs/sharing/webmasters/crawler))" "-"
2a03:2880:f800:: - - [06/Aug/2026:04:32:55 +0200] "GET /?loknya=/homepages/10/d732226640 HTTP/1.1" 200 14107 www.chocadoodle.co.uk "-" "Mozilla/5.0 (Windows NT 10.0; Win64; x64) AppleWebKit/537.36 (KHTML, like Gecko) Chrome/145.0.0.0 Safari/537.36 (compatible; meta-externalagent/1.1 (+https://developers.facebook.com/docs/sharing/webmasters/crawler))" "-"
74.7.243.0 - - [06/Aug/2026:04:32:55 +0200] "GET /?loknya=/usr/lib HTTP/1.1" 200 68636 chocadoodle.co.uk "https://chocadoodle.co.uk/?loknya=/usr" "Mozilla/5.0 AppleWebKit/537.36 (KHTML, like Gecko; compatible; GPTBot/1.4; +https://openai.com/gptbot)" "-"
144.76.19.0 - - [06/Aug/2026:04:32:58 +0200] "GET /buxndk/bjbrij-c.html HTTP/1.1" 200 27498 www.wrigglesworths.co.uk "-" "Mozilla/5.0 (compatible; SERankingBacklinksBot/1.0; +https://seranking.com/backlinks-crawler)" "-"
2a03:2880:f800:: - - [06/Aug/2026:04:32:59 +0200] "GET /?loknya=/homepages/28/d728668664/managed HTTP/1.1" 200 5263 www.chocadoodle.co.uk "-" "Mozilla/5.0 (Windows NT 10.0; Win64; x64) AppleWebKit/537.36 (KHTML, like Gecko) Chrome/145.0.0.0 Safari/537.36 (compatible; meta-externalagent/1.1 (+https://developers.facebook.com/docs/sharing/webmasters/crawler))" "-"
66.249.69.0 - - [06/Aug/2026:04:33:02 +0200] "GET /a12393796713981/ HTTP/1.1" 404 1271 www.chocadoodle.co.uk "-" "Mozilla/5.0 (Linux; Android 6.0.1; Nexus 5X Build/MMB29P) AppleWebKit/537.36 (KHTML, like Gecko) Chrome/150.0.7871.186 Mobile Safari/537.36 (compatible; GoogleOther)" "-"
2a03:2880:f800:: - - [06/Aug/2026:04:33:03 +0200] "GET /?lokasie=/lib/x86_64-linux-gnu//libfstrm.so.0.1.0&loknya=/lib/x86_64-linux-gnu/ HTTP/1.1" 429 267 www.chocadoodle.co.uk "-" "Mozilla/5.0 (Windows NT 10.0; Win64; x64) AppleWebKit/537.36 (KHTML, like Gecko) Chrome/145.0.0.0 Safari/537.36 (compatible; meta-externalagent/1.1 (+https://developers.facebook.com/docs/sharing/webmasters/crawler))" "-"
144.76.32.0 - - [06/Aug/2026:04:33:04 +0200] "GET /cfjcxl/rbpzts-c.html HTTP/1.1" 200 58525 gbwconsulting.co.uk "-" "Mozilla/5.0 (compatible; SERankingBacklinksBot/1.0; +https://seranking.com/backlinks-crawler)" "-"
37.59.204.0 - - [06/Aug/2026:04:33:04 +0200] "GET /?sitemap329.xml HTTP/1.1" 200 13 www.chocadoodle.co.uk "-" "Mozilla/5.0 (compatible; AhrefsBot/7.0; +http://ahrefs.com/robot/)" "-"
2a03:2880:f800:: - - [06/Aug/2026:04:33:07 +0200] "GET /?lokasie=/homepages/43/d124547881/htdocs/outofboundsldn.co.uk//wp-loader.php&loknya=/homepages/43/d124547881/htdocs/outofboundsldn.co.uk/ HTTP/1.1" 429 267 www.chocadoodle.co.uk "-" "Mozilla/5.0 (Macintosh; Intel Mac OS X 10_15_7) AppleWebKit/537.36 (KHTML, like Gecko) Chrome/145.0.0.0 Safari/537.36 (compatible; meta-externalagent/1.1 (+https://developers.facebook.com/docs/sharing/webmasters/crawler))" "-"
2a03:2880:f800:: - - [06/Aug/2026:04:33:08 +0200] "GET /?lokasie=/homepages/24/d730427588/.htaccess&loknya=/homepages/24/d730427588 HTTP/1.1" 429 267 www.chocadoodle.co.uk "-" "Mozilla/5.0 (Windows NT 10.0; Win64; x64) AppleWebKit/537.36 (KHTML, like Gecko) Chrome/145.0.0.0 Safari/537.36 (compatible; meta-externalagent/1.1 (+https://developers.facebook.com/docs/sharing/webmasters/crawler))" "-"
114.119.149.0 - - [06/Aug/2026:04:33:09 +0200] "GET /kckmaq/ferxcz-c.html HTTP/1.1" 200 27498 www.wrigglesworths.co.uk "http://www.wrigglesworths.co.uk/kckmaq/ferxcz-c.html" "Mozilla/5.0 (Linux; Android 7.0;) AppleWebKit/537.36 (HTML, like Gecko) Mobile Safari/537.36 (compatible; PetalBot;+https://webmaster.petalsearch.com/site/petalbot)" "-"
66.249.69.0 - - [06/Aug/2026:04:33:11 +0200] "GET /l21444067500542/ HTTP/1.1" 404 1271 www.chocadoodle.co.uk "-" "Mozilla/5.0 (Linux; Android 6.0.1; Nexus 5X Build/MMB29P) AppleWebKit/537.36 (KHTML, like Gecko) Chrome/150.0.7871.186 Mobile Safari/537.36 (compatible; GoogleOther)" "-"
2a03:2880:f800:: - - [06/Aug/2026:04:33:13 +0200] "GET /?loknya=/homepages/6/d732094660/managed HTTP/1.1" 429 267 www.chocadoodle.co.uk "-" "Mozilla/5.0 (Windows NT 10.0; Win64; x64) AppleWebKit/537.36 (KHTML, like Gecko) Chrome/145.0.0.0 Safari/537.36 (compatible; meta-externalagent/1.1 (+https://developers.facebook.com/docs/sharing/webmasters/crawler))" "-"
74.7.243.0 - - [06/Aug/2026:04:33:13 +0200] "GET /?lokasie=/bin/yuvtoppm&loknya=/bin HTTP/1.1" 200 19862 chocadoodle.co.uk "https://chocadoodle.co.uk/?loknya=/bin" "Mozilla/5.0 AppleWebKit/537.36 (KHTML, like Gecko; compatible; GPTBot/1.4; +https://openai.com/gptbot)" "-"
2a03:2880:f800:: - - [06/Aug/2026:04:33:14 +0200] "GET /?lokasie=/homepages/43/d124547881/htdocs/chocadoodle.co.uk/wp-includes/class-wp-term.php&loknya=/homepages/43/d124547881/htdocs/chocadoodle.co.uk/wp-includes HTTP/1.1" 429 267 www.chocadoodle.co.uk "-" "Mozilla/5.0 (Windows NT 10.0; Win64; x64) AppleWebKit/537.36 (KHTML, like Gecko) Chrome/145.0.0.0 Safari/537.36 (compatible; meta-externalagent/1.1 (+https://developers.facebook.com/docs/sharing/webmasters/crawler))" "-"
66.249.69.0 - - [06/Aug/2026:04:33:16 +0200] "GET /w31060157779649/ HTTP/1.1" 404 1271 www.chocadoodle.co.uk "-" "Mozilla/5.0 (Linux; Android 6.0.1; Nexus 5X Build/MMB29P) AppleWebKit/537.36 (KHTML, like Gecko) Chrome/150.0.7871.186 Mobile Safari/537.36 (compatible; GoogleOther)" "-"
66.249.69.0 - - [06/Aug/2026:04:33:18 +0200] "GET /a10133797734703/ HTTP/1.1" 404 1271 www.chocadoodle.co.uk "-" "Mozilla/5.0 (Linux; Android 6.0.1; Nexus 5X Build/MMB29P) AppleWebKit/537.36 (KHTML, like Gecko) Chrome/150.0.7871.186 Mobile Safari/537.36 (compatible; GoogleOther)" "-"
2a03:2880:f800:: - - [06/Aug/2026:04:33:20 +0200] "GET /?lokasie=/homepages/43/d124547881/htdocs/outofboundsldn.co.uk//jaunuwoz.php&loknya=/homepages/43/d124547881/htdocs/outofboundsldn.co.uk/ HTTP/1.1" 429 267 www.chocadoodle.co.uk "-" "Mozilla/5.0 (Windows NT 10.0; Win64; x64) AppleWebKit/537.36 (KHTML, like Gecko) Chrome/145.0.0.0 Safari/537.36 (compatible; meta-externalagent/1.1 (+https://developers.facebook.com/docs/sharing/webmasters/crawler))" "-"
2a03:2880:f800:: - - [06/Aug/2026:04:33:21 +0200] "GET /?lokasie=/lib/x86_64-linux-gnu//libmpdec.so.2.5.1&loknya=/lib/x86_64-linux-gnu/ HTTP/1.1" 429 267 www.chocadoodle.co.uk "-" "Mozilla/5.0 (Windows NT 10.0; Win64; x64) AppleWebKit/537.36 (KHTML, like Gecko) Chrome/145.0.0.0 Safari/537.36 (compatible; meta-externalagent/1.1 (+https://developers.facebook.com/docs/sharing/webmasters/crawler))" "-"
74.7.243.0 - - [06/Aug/2026:04:33:27 +0200] "GET /items/26910147748168.html/?loknya=/homepages/41 HTTP/1.1" 404 1271 www.chocadoodle.co.uk "https://www.chocadoodle.co.uk/items/26910147748168.html/?loknya=/homepages" "Mozilla/5.0 AppleWebKit/537.36 (KHTML, like Gecko; compatible; GPTBot/1.4; +https://openai.com/gptbot)" "-"
66.249.69.0 - - [06/Aug/2026:04:33:28 +0200] "GET /p23366694689071/ HTTP/1.1" 404 1271 www.chocadoodle.co.uk "-" "Mozilla/5.0 (Linux; Android 6.0.1; Nexus 5X Build/MMB29P) AppleWebKit/537.36 (KHTML, like Gecko) Chrome/150.0.7871.186 Mobile Safari/537.36 (compatible; GoogleOther)" "-"
2a03:2880:f800:: - - [06/Aug/2026:04:33:28 +0200] "GET /?lokasie=/lib/x86_64-linux-gnu/libmount.so.1.1.0&loknya=/lib/x86_64-linux-gnu HTTP/1.1" 429 267 www.chocadoodle.co.uk "-" "Mozilla/5.0 (Windows NT 10.0; Win64; x64) AppleWebKit/537.36 (KHTML, like Gecko) Chrome/145.0.0.0 Safari/537.36 (compatible; meta-externalagent/1.1 (+https://developers.facebook.com/docs/sharing/webmasters/crawler))" "-"
74.7.243.0 - - [06/Aug/2026:04:33:29 +0200] "GET /?lokasie=/bin/wrjpgcom&loknya=/bin HTTP/1.1" 200 21123 chocadoodle.co.uk "https://chocadoodle.co.uk/?loknya=/bin" "Mozilla/5.0 AppleWebKit/537.36 (KHTML, like Gecko; compatible; GPTBot/1.4; +https://openai.com/gptbot)" "-"
2a03:2880:f800:: - - [06/Aug/2026:04:33:30 +0200] "GET /?lokasie=/homepages/43/d124547881/htdocs/wp-includes//class-wp-rewrite.php&loknya=/homepages/43/d124547881/htdocs/wp-includes/ HTTP/1.1" 429 267 www.chocadoodle.co.uk "-" "Mozilla/5.0 (Windows NT 10.0; Win64; x64) AppleWebKit/537.36 (KHTML, like Gecko) Chrome/145.0.0.0 Safari/537.36 (compatible; meta-externalagent/1.1 (+https://developers.facebook.com/docs/sharing/webmasters/crawler))" "-"
2a03:2880:f800:: - - [06/Aug/2026:04:33:38 +0200] "GET /?lokasie=/lib/x86_64-linux-gnu//libmpdec.so.3&loknya=/lib/x86_64-linux-gnu/ HTTP/1.1" 429 267 www.chocadoodle.co.uk "-" "Mozilla/5.0 (Windows NT 10.0; Win64; x64) AppleWebKit/537.36 (KHTML, like Gecko) Chrome/145.0.0.0 Safari/537.36 (compatible; meta-externalagent/1.1 (+https://developers.facebook.com/docs/sharing/webmasters/crawler))" "-"
2a03:2880:f800:: - - [06/Aug/2026:04:33:40 +0200] "GET /?loknya=/lib/x86_64-linux-gnu/gconv HTTP/1.1" 429 267 www.chocadoodle.co.uk "-" "Mozilla/5.0 (Windows NT 10.0; Win64; x64) AppleWebKit/537.36 (KHTML, like Gecko) Chrome/146.0.0.0 Safari/537.36 Edg/146.0.0.0 (compatible; meta-externalagent/1.1 (+https://developers.facebook.com/docs/sharing/webmasters/crawler))" "-"
2a03:2880:f800:: - - [06/Aug/2026:04:33:41 +0200] "GET /?lokasie=/homepages/43/d124547881/htdocs/chocadoodle.co.uk/wp-content/languages/en_GB-7436b7ee9e4f11ac0d618d8cc886eb66.json&loknya=/homepages/43/d124547881/htdocs/chocadoodle.co.uk/wp-content/languages HTTP/1.1" 429 267 www.chocadoodle.co.uk "-" "Mozilla/5.0 (Windows NT 10.0; Win64; x64) AppleWebKit/537.36 (KHTML, like Gecko) Chrome/145.0.0.0 Safari/537.36 (compatible; meta-externalagent/1.1 (+https://developers.facebook.com/docs/sharing/webmasters/crawler))" "-"
66.249.69.0 - - [06/Aug/2026:04:33:42 +0200] "GET /a24246548045933/ HTTP/1.1" 404 1271 www.chocadoodle.co.uk "-" "Mozilla/5.0 (Linux; Android 6.0.1; Nexus 5X Build/MMB29P) AppleWebKit/537.36 (KHTML, like Gecko) Chrome/150.0.7871.186 Mobile Safari/537.36 (compatible; GoogleOther)" "-"
74.7.243.0 - - [06/Aug/2026:04:33:44 +0200] "GET /?lokasie=/bin/rdjpgcom&loknya=/bin HTTP/1.1" 200 20816 chocadoodle.co.uk "https://chocadoodle.co.uk/?loknya=/bin" "Mozilla/5.0 AppleWebKit/537.36 (KHTML, like Gecko; compatible; GPTBot/1.4; +https://openai.com/gptbot)" "-"
66.249.69.0 - - [06/Aug/2026:04:33:46 +0200] "GET /b26804075427423/ HTTP/1.1" 404 1271 www.chocadoodle.co.uk "-" "Mozilla/5.0 (Linux; Android 6.0.1; Nexus 5X Build/MMB29P) AppleWebKit/537.36 (KHTML, like Gecko) Chrome/150.0.7871.186 Mobile Safari/537.36 (compatible; GoogleOther)" "-"
2a03:2880:f800:: - - [06/Aug/2026:04:33:54 +0200] "GET /?lokasie=/homepages/35/d732801099/htpasswd&loknya=/homepages/35/d732801099 HTTP/1.1" 429 267 www.chocadoodle.co.uk "-" "Mozilla/5.0 (Windows NT 10.0; Win64; x64) AppleWebKit/537.36 (KHTML, like Gecko) Chrome/145.0.0.0 Safari/537.36 (compatible; meta-externalagent/1.1 (+https://developers.facebook.com/docs/sharing/webmasters/crawler))" "-"
2a03:2880:f800:: - - [06/Aug/2026:04:33:56 +0200] "GET /?lokasie=/homepages/43/d124547881/htdocs/chocadoodle.co.uk/wp-includes/class-wp-http-cookie.php&loknya=/homepages/43/d124547881/htdocs/chocadoodle.co.uk/wp-includes HTTP/1.1" 429 267 www.chocadoodle.co.uk "-" "Mozilla/5.0 (Windows NT 10.0; Win64; x64) AppleWebKit/537.36 (KHTML, like Gecko) Chrome/145.0.0.0 Safari/537.36 (compatible; meta-externalagent/1.1 (+https://developers.facebook.com/docs/sharing/webmasters/crawler))" "-"
144.76.19.0 - - [06/Aug/2026:04:33:57 +0200] "GET /bvbmql/tlsfzz-c.html HTTP/1.1" 200 27498 www.wrigglesworths.co.uk "-" "Mozilla/5.0 (compatible; SERankingBacklinksBot/1.0; +https://seranking.com/backlinks-crawler)" "-"
74.7.243.0 - - [06/Aug/2026:04:33:57 +0200] "GET /?lokasie=/bin/svnrdump&loknya=/bin HTTP/1.1" 200 74066 chocadoodle.co.uk "https://chocadoodle.co.uk/?loknya=/bin" "Mozilla/5.0 AppleWebKit/537.36 (KHTML, like Gecko; compatible; GPTBot/1.4; +https://openai.com/gptbot)" "-"
2a03:2880:f800:: - - [06/Aug/2026:04:33:57 +0200] "GET /?lokasie=/homepages/43/d124547881/htdocs/chocadoodle.co.uk/wp-content/themes/twentyfifteen/content.php&loknya=/homepages/43/d124547881/htdocs/chocadoodle.co.uk/wp-content/themes/twentyfifteen HTTP/1.1" 429 267 www.chocadoodle.co.uk "-" "Mozilla/5.0 (Windows NT 10.0; Win64; x64) AppleWebKit/537.36 (KHTML, like Gecko) Chrome/145.0.0.0 Safari/537.36 (compatible; meta-externalagent/1.1 (+https://developers.facebook.com/docs/sharing/webmasters/crawler))" "-"
2a03:2880:f800:: - - [06/Aug/2026:04:34:00 +0200] "GET /?lokasie=/homepages/1/d340870321/htaccesslist&loknya=/homepages/1/d340870321 HTTP/1.1" 429 267 www.chocadoodle.co.uk "-" "Mozilla/5.0 (Windows NT 10.0; Win64; x64) AppleWebKit/537.36 (KHTML, like Gecko) Chrome/145.0.0.0 Safari/537.36 (compatible; meta-externalagent/1.1 (+https://developers.facebook.com/docs/sharing/webmasters/crawler))" "-"
2a03:2880:f800:: - - [06/Aug/2026:04:34:02 +0200] "GET /?loknya=/homepages/37/d724689794 HTTP/1.1" 429 267 www.chocadoodle.co.uk "-" "Mozilla/5.0 (Windows NT 10.0; Win64; x64) AppleWebKit/537.36 (KHTML, like Gecko) Chrome/145.0.0.0 Safari/537.36 (compatible; meta-externalagent/1.1 (+https://developers.facebook.com/docs/sharing/webmasters/crawler))" "-"
66.249.69.0 - - [06/Aug/2026:04:34:02 +0200] "GET /r46214324821586/ HTTP/1.1" 404 1271 www.chocadoodle.co.uk "-" "Mozilla/5.0 (Linux; Android 6.0.1; Nexus 5X Build/MMB29P) AppleWebKit/537.36 (KHTML, like Gecko) Chrome/150.0.7871.186 Mobile Safari/537.36 (compatible; GoogleOther)" "-"
66.249.69.0 - - [06/Aug/2026:04:34:03 +0200] "GET /v33585927995852/ HTTP/1.1" 404 1271 www.chocadoodle.co.uk "-" "Mozilla/5.0 (Linux; Android 6.0.1; Nexus 5X Build/MMB29P) AppleWebKit/537.36 (KHTML, like Gecko) Chrome/150.0.7871.186 Mobile Safari/537.36 (compatible; GoogleOther)" "-"
144.76.32.0 - - [06/Aug/2026:04:34:04 +0200] "GET /cfnpmp/zyosyo-c.html HTTP/1.1" 200 58525 gbwconsulting.co.uk "-" "Mozilla/5.0 (compatible; SERankingBacklinksBot/1.0; +https://seranking.com/backlinks-crawler)" "-"
2a03:2880:f800:: - - [06/Aug/2026:04:34:04 +0200] "GET /?loknya=/homepages/23/d729721130/.config HTTP/1.1" 200 5263 www.chocadoodle.co.uk "-" "Mozilla/5.0 (Windows NT 10.0; Win64; x64) AppleWebKit/537.36 (KHTML, like Gecko) Chrome/145.0.0.0 Safari/537.36 (compatible; meta-externalagent/1.1 (+https://developers.facebook.com/docs/sharing/webmasters/crawler))" "-"
2a03:2880:f800:: - - [06/Aug/2026:04:34:07 +0200] "GET /?lokasie=/homepages/43/d124547881/htdocs/wp-includes//class-wp-comment.php&loknya=/homepages/43/d124547881/htdocs/wp-includes/ HTTP/1.1" 200 14571 www.chocadoodle.co.uk "-" "Mozilla/5.0 (Windows NT 10.0; Win64; x64) AppleWebKit/537.36 (KHTML, like Gecko) Chrome/145.0.0.0 Safari/537.36 (compatible; meta-externalagent/1.1 (+https://developers.facebook.com/docs/sharing/webmasters/crawler))" "-"
74.7.243.0 - - [06/Aug/2026:04:34:09 +0200] "GET /?loknya=/lib HTTP/1.1" 200 67831 chocadoodle.co.uk "https://chocadoodle.co.uk/?loknya=/lib/ruby/2.7.0/psych/" "Mozilla/5.0 AppleWebKit/537.36 (KHTML, like Gecko; compatible; GPTBot/1.4; +https://openai.com/gptbot)" "-"
66.249.69.0 - - [06/Aug/2026:04:34:11 +0200] "GET /o24351785999181/ HTTP/1.1" 404 1271 www.chocadoodle.co.uk "-" "Mozilla/5.0 (Linux; Android 6.0.1; Nexus 5X Build/MMB29P) AppleWebKit/537.36 (KHTML, like Gecko) Chrome/150.0.7871.186 Mobile Safari/537.36 (compatible; GoogleOther)" "-"
139.59.41.0 - - [06/Aug/2026:04:34:12 +0200] "GET ///images/images/cache.php HTTP/1.1" 200 27498 www.wrigglesworths.co.uk "www.google.com" "Mozlila/5.0 (Linux; Android 7.0; SM-G892A Bulid/NRD90M; wv) AppleWebKit/537.36 (KHTML, like Gecko) Version/4.0 Chrome/60.0.3112.107 Moblie Safari/537.36" "-"
139.59.41.0 - - [06/Aug/2026:04:34:14 +0200] "GET ///images/images/images/images/images/images/images/images/cache.php HTTP/1.1" 200 27498 www.wrigglesworths.co.uk "www.google.com" "Mozlila/5.0 (Linux; Android 7.0; SM-G892A Bulid/NRD90M; wv) AppleWebKit/537.36 (KHTML, like Gecko) Version/4.0 Chrome/60.0.3112.107 Moblie Safari/537.36" "-"
139.59.41.0 - - [06/Aug/2026:04:34:15 +0200] "GET ///images/images/images/images/images/images/images/cache.php HTTP/1.1" 200 27498 www.wrigglesworths.co.uk "www.google.com" "Mozlila/5.0 (Linux; Android 7.0; SM-G892A Bulid/NRD90M; wv) AppleWebKit/537.36 (KHTML, like Gecko) Version/4.0 Chrome/60.0.3112.107 Moblie Safari/537.36" "-"
139.59.41.0 - - [06/Aug/2026:04:34:16 +0200] "GET ///images/images/images/images/images/images/cache.php HTTP/1.1" 200 27498 www.wrigglesworths.co.uk "www.google.com" "Mozlila/5.0 (Linux; Android 7.0; SM-G892A Bulid/NRD90M; wv) AppleWebKit/537.36 (KHTML, like Gecko) Version/4.0 Chrome/60.0.3112.107 Moblie Safari/537.36" "-"
139.59.41.0 - - [06/Aug/2026:04:34:17 +0200] "GET ///images/images/images/images/images/cache.php HTTP/1.1" 200 27498 www.wrigglesworths.co.uk "www.google.com" "Mozlila/5.0 (Linux; Android 7.0; SM-G892A Bulid/NRD90M; wv) AppleWebKit/537.36 (KHTML, like Gecko) Version/4.0 Chrome/60.0.3112.107 Moblie Safari/537.36" "-"
139.59.41.0 - - [06/Aug/2026:04:34:18 +0200] "GET ///images/images/images/images/cache.php HTTP/1.1" 200 27498 www.wrigglesworths.co.uk "www.google.com" "Mozlila/5.0 (Linux; Android 7.0; SM-G892A Bulid/NRD90M; wv) AppleWebKit/537.36 (KHTML, like Gecko) Version/4.0 Chrome/60.0.3112.107 Moblie Safari/537.36" "-"
139.59.41.0 - - [06/Aug/2026:04:34:19 +0200] "GET ///images/images/images/cache.php HTTP/1.1" 200 27498 www.wrigglesworths.co.uk "www.google.com" "Mozlila/5.0 (Linux; Android 7.0; SM-G892A Bulid/NRD90M; wv) AppleWebKit/537.36 (KHTML, like Gecko) Version/4.0 Chrome/60.0.3112.107 Moblie Safari/537.36" "-"
66.249.69.0 - - [06/Aug/2026:04:34:19 +0200] "GET /h16837607490402/ HTTP/1.1" 404 1271 www.chocadoodle.co.uk "-" "Mozilla/5.0 (Linux; Android 6.0.1; Nexus 5X Build/MMB29P) AppleWebKit/537.36 (KHTML, like Gecko) Chrome/150.0.7871.186 Mobile Safari/537.36 (compatible; GoogleOther)" "-"
74.7.243.0 - - [06/Aug/2026:04:34:19 +0200] "GET /?lokasie=/bin/zstdgrep&loknya=/bin HTTP/1.1" 200 8275 chocadoodle.co.uk "https://chocadoodle.co.uk/?loknya=/bin" "Mozilla/5.0 AppleWebKit/537.36 (KHTML, like Gecko; compatible; GPTBot/1.4; +https://openai.com/gptbot)" "-"
139.59.41.0 - - [06/Aug/2026:04:34:20 +0200] "GET ///wp-content/plugins/plugins/cache.php HTTP/1.1" 200 27498 www.wrigglesworths.co.uk "www.google.com" "Mozlila/5.0 (Linux; Android 7.0; SM-G892A Bulid/NRD90M; wv) AppleWebKit/537.36 (KHTML, like Gecko) Version/4.0 Chrome/60.0.3112.107 Moblie Safari/537.36" "-"
139.59.41.0 - - [06/Aug/2026:04:34:20 +0200] "GET ///assets/images/images/cache.php HTTP/1.1" 200 27498 www.wrigglesworths.co.uk "www.google.com" "Mozlila/5.0 (Linux; Android 7.0; SM-G892A Bulid/NRD90M; wv) AppleWebKit/537.36 (KHTML, like Gecko) Version/4.0 Chrome/60.0.3112.107 Moblie Safari/537.36" "-"
139.59.41.0 - - [06/Aug/2026:04:34:21 +0200] "GET ///blogs/media/media/cache.php HTTP/1.1" 200 27498 www.wrigglesworths.co.uk "www.google.com" "Mozlila/5.0 (Linux; Android 7.0; SM-G892A Bulid/NRD90M; wv) AppleWebKit/537.36 (KHTML, like Gecko) Version/4.0 Chrome/60.0.3112.107 Moblie Safari/537.36" "-"
139.59.41.0 - - [06/Aug/2026:04:34:22 +0200] "GET ///cache/cache/cache.php HTTP/1.1" 200 27498 www.wrigglesworths.co.uk "www.google.com" "Mozlila/5.0 (Linux; Android 7.0; SM-G892A Bulid/NRD90M; wv) AppleWebKit/537.36 (KHTML, like Gecko) Version/4.0 Chrome/60.0.3112.107 Moblie Safari/537.36" "-"
66.249.69.0 - - [06/Aug/2026:04:34:22 +0200] "GET /t32459275464852/ HTTP/1.1" 404 1271 www.chocadoodle.co.uk "-" "Mozilla/5.0 (Linux; Android 6.0.1; Nexus 5X Build/MMB29P) AppleWebKit/537.36 (KHTML, like Gecko) Chrome/150.0.7871.186 Mobile Safari/537.36 (compatible; GoogleOther)" "-"
66.249.69.0 - - [06/Aug/2026:04:34:26 +0200] "GET /k40056238148776/ HTTP/1.1" 404 1271 www.chocadoodle.co.uk "-" "Mozilla/5.0 (Linux; Android 6.0.1; Nexus 5X Build/MMB29P) AppleWebKit/537.36 (KHTML, like Gecko) Chrome/150.0.7871.186 Mobile Safari/537.36 (compatible; GoogleOther)" "-"
2a03:2880:f800:: - - [06/Aug/2026:04:34:27 +0200] "GET /?lokasie=/homepages/24/d729986164/.htaccess&loknya=/homepages/24/d729986164 HTTP/1.1" 200 4075 www.chocadoodle.co.uk "-" "Mozilla/5.0 (Windows NT 10.0; Win64; x64) AppleWebKit/537.36 (KHTML, like Gecko) Chrome/145.0.0.0 Safari/537.36 Edg/145.0.0.0 (compatible; meta-externalagent/1.1 (+https://developers.facebook.com/docs/sharing/webmasters/crawler))" "-"
74.7.243.0 - - [06/Aug/2026:04:34:29 +0200] "GET /?lokasie=/kunden/lib/emacsen-common/emacs-remove&loknya=/kunden/lib/emacsen-common HTTP/1.1" 200 5740 chocadoodle.co.uk "https://chocadoodle.co.uk/?loknya=/kunden/lib/emacsen-common" "Mozilla/5.0 AppleWebKit/537.36 (KHTML, like Gecko; compatible; GPTBot/1.4; +https://openai.com/gptbot)" "-"
74.7.243.0 - - [06/Aug/2026:04:34:30 +0200] "GET /items/20541306411842.html/?loknya=/homepages/46 HTTP/1.1" 404 1271 www.chocadoodle.co.uk "https://www.chocadoodle.co.uk/items/20541306411842.html/?loknya=/homepages" "Mozilla/5.0 AppleWebKit/537.36 (KHTML, like Gecko; compatible; GPTBot/1.4; +https://openai.com/gptbot)" "-"
66.249.69.0 - - [06/Aug/2026:04:34:31 +0200] "GET /t32218306479227/ HTTP/1.1" 404 1271 www.chocadoodle.co.uk "-" "Mozilla/5.0 (Linux; Android 6.0.1; Nexus 5X Build/MMB29P) AppleWebKit/537.36 (KHTML, like Gecko) Chrome/150.0.7871.186 Mobile Safari/537.36 (compatible; GoogleOther)" "-"
74.7.243.0 - - [06/Aug/2026:04:34:38 +0200] "GET /?lokasie=/kunden/lib/emacsen-common/emacs-package-remove&loknya=/kunden/lib/emacsen-common HTTP/1.1" 200 5975 chocadoodle.co.uk "https://chocadoodle.co.uk/?loknya=/kunden/lib/emacsen-common" "Mozilla/5.0 AppleWebKit/537.36 (KHTML, like Gecko; compatible; GPTBot/1.4; +https://openai.com/gptbot)" "-"
66.249.69.0 - - [06/Aug/2026:04:34:40 +0200] "GET /t30190947573041/ HTTP/1.1" 404 1271 www.chocadoodle.co.uk "-" "Mozilla/5.0 (Linux; Android 6.0.1; Nexus 5X Build/MMB29P) AppleWebKit/537.36 (KHTML, like Gecko) Chrome/150.0.7871.186 Mobile Safari/537.36 (compatible; GoogleOther)" "-"
2a03:2880:f800:: - - [06/Aug/2026:04:34:43 +0200] "GET /?lokasie=/lib/x86_64-linux-gnu//libunwind-x86_64.so.8&loknya=/lib/x86_64-linux-gnu/ HTTP/1.1" 200 117560 www.chocadoodle.co.uk "-" "Mozilla/5.0 (Windows NT 10.0; Win64; x64) AppleWebKit/537.36 (KHTML, like Gecko) Chrome/145.0.0.0 Safari/537.36 (compatible; meta-externalagent/1.1 (+https://developers.facebook.com/docs/sharing/webmasters/crawler))" "-"
74.7.243.0 - - [06/Aug/2026:04:34:45 +0200] "GET /?lokasie=/kunden/lib/emacsen-common/emacs-install&loknya=/kunden/lib/emacsen-common HTTP/1.1" 429 267 chocadoodle.co.uk "https://chocadoodle.co.uk/?loknya=/kunden/lib/emacsen-common" "Mozilla/5.0 AppleWebKit/537.36 (KHTML, like Gecko; compatible; GPTBot/1.4; +https://openai.com/gptbot)" "-"
66.249.69.0 - - [06/Aug/2026:04:34:49 +0200] "GET /a29452525819804/ HTTP/1.1" 404 1271 www.chocadoodle.co.uk "-" "Mozilla/5.0 (Linux; Android 6.0.1; Nexus 5X Build/MMB29P) AppleWebKit/537.36 (KHTML, like Gecko) Chrome/150.0.7871.186 Mobile Safari/537.36 (compatible; GoogleOther)" "-"
66.249.69.0 - - [06/Aug/2026:04:34:50 +0200] "GET /l35834757745058/ HTTP/1.1" 404 1271 www.chocadoodle.co.uk "-" "Mozilla/5.0 (Linux; Android 6.0.1; Nexus 5X Build/MMB29P) AppleWebKit/537.36 (KHTML, like Gecko) Chrome/150.0.7871.186 Mobile Safari/537.36 (compatible; GoogleOther)" "-"
74.7.243.0 - - [06/Aug/2026:04:34:52 +0200] "GET /?lokasie=/kunden/lib/emacsen-common/emacs-package-install&loknya=/kunden/lib/emacsen-common HTTP/1.1" 429 267 chocadoodle.co.uk "https://chocadoodle.co.uk/?loknya=/kunden/lib/emacsen-common" "Mozilla/5.0 AppleWebKit/537.36 (KHTML, like Gecko; compatible; GPTBot/1.4; +https://openai.com/gptbot)" "-"
144.76.19.0 - - [06/Aug/2026:04:34:55 +0200] "GET /bvbovs/eoymnw-c.html HTTP/1.1" 200 27498 www.wrigglesworths.co.uk "-" "Mozilla/5.0 (compatible; SERankingBacklinksBot/1.0; +https://seranking.com/backlinks-crawler)" "-"
43.162.103.0 - - [06/Aug/2026:04:34:58 +0200] "GET /?lokasie=/homepages/43/d124547881/htdocs/chocadoodle.co.uk/goods.php&loknya=/homepages/43/d124547881/htdocs/chocadoodle.co.uk HTTP/1.1" 200 5939 chocadoodle.co.uk "-" "Mozilla/5.0 (iPhone; CPU iPhone OS 13_2_3 like Mac OS X) AppleWebKit/605.1.15 (KHTML, like Gecko) Version/13.0.3 Mobile/15E148 Safari/604.1" "-"
2a03:2880:f800:: - - [06/Aug/2026:04:34:58 +0200] "GET /?lokasie=/homepages/43/d124547881/htdocs/chocadoodle.co.uk/wp-content/uploads/2017/04/IMG_3058-300x225.jpg&loknya=/homepages/43/d124547881/htdocs/chocadoodle.co.uk/wp-content/uploads/2017/04 HTTP/1.1" 200 36702 www.chocadoodle.co.uk "-" "Mozilla/5.0 (Windows NT 10.0; Win64; x64) AppleWebKit/537.36 (KHTML, like Gecko) Chrome/145.0.0.0 Safari/537.36 Edg/145.0.0.0 (compatible; meta-externalagent/1.1 (+https://developers.facebook.com/docs/sharing/webmasters/crawler))" "-"
66.249.69.0 - - [06/Aug/2026:04:35:00 +0200] "GET /m29414994631661/ HTTP/1.1" 404 1271 www.chocadoodle.co.uk "-" "Mozilla/5.0 (Linux; Android 6.0.1; Nexus 5X Build/MMB29P) AppleWebKit/537.36 (KHTML, like Gecko) Chrome/150.0.7871.186 Mobile Safari/537.36 (compatible; GoogleOther)" "-"
66.249.69.0 - - [06/Aug/2026:04:35:02 +0200] "GET /r14242987718208/ HTTP/1.1" 404 1271 www.chocadoodle.co.uk "-" "Mozilla/5.0 (compatible; Googlebot/2.1; +http://www.google.com/bot.html)" "-"
144.76.32.0 - - [06/Aug/2026:04:35:02 +0200] "GET /cfprxm/kfxtst-c.html HTTP/1.1" 200 58525 gbwconsulting.co.uk "-" "Mozilla/5.0 (compatible; SERankingBacklinksBot/1.0; +https://seranking.com/backlinks-crawler)" "-"
66.249.69.0 - - [06/Aug/2026:04:35:07 +0200] "GET /p11531678081055/ HTTP/1.1" 404 1271 www.chocadoodle.co.uk "-" "Mozilla/5.0 (Linux; Android 6.0.1; Nexus 5X Build/MMB29P) AppleWebKit/537.36 (KHTML, like Gecko) Chrome/150.0.7871.186 Mobile Safari/537.36 (compatible; GoogleOther)" "-"
2a03:2880:f800:: - - [06/Aug/2026:04:35:11 +0200] "GET /?lokasie=/homepages/43/d124547881/htdocs/chocadoodle.co.uk/wp-content/uploads/2017/04/IMG_3072-300x225.jpg&loknya=/homepages/43/d124547881/htdocs/chocadoodle.co.uk/wp-content/uploads/2017/04 HTTP/1.1" 200 32081 www.chocadoodle.co.uk "-" "Mozilla/5.0 (Windows NT 10.0; Win64; x64) AppleWebKit/537.36 (KHTML, like Gecko) Chrome/145.0.0.0 Safari/537.36 (compatible; meta-externalagent/1.1 (+https://developers.facebook.com/docs/sharing/webmasters/crawler))" "-"
74.7.243.0 - - [06/Aug/2026:04:35:13 +0200] "GET /?lokasie=/kunden/lib/emacsen-common/lib.pl&loknya=/kunden/lib/emacsen-common HTTP/1.1" 429 267 chocadoodle.co.uk "https://chocadoodle.co.uk/?loknya=/kunden/lib/emacsen-common" "Mozilla/5.0 AppleWebKit/537.36 (KHTML, like Gecko; compatible; GPTBot/1.4; +https://openai.com/gptbot)" "-"
66.249.69.0 - - [06/Aug/2026:04:35:20 +0200] "GET /w42950286461617/ HTTP/1.1" 404 1271 www.chocadoodle.co.uk "-" "Mozilla/5.0 (Linux; Android 6.0.1; Nexus 5X Build/MMB29P) AppleWebKit/537.36 (KHTML, like Gecko) Chrome/150.0.7871.186 Mobile Safari/537.36 (compatible; GoogleOther)" "-"
2a03:2880:f800:: - - [06/Aug/2026:04:35:21 +0200] "GET /?lokasie=/homepages/43/d124547881/htdocs/wp-includes//block-patterns.php&loknya=/homepages/43/d124547881/htdocs/wp-includes/ HTTP/1.1" 200 19201 www.chocadoodle.co.uk "-" "Mozilla/5.0 (Macintosh; Intel Mac OS X 10_15_7) AppleWebKit/537.36 (KHTML, like Gecko) Chrome/145.0.0.0 Safari/537.36 (compatible; meta-externalagent/1.1 (+https://developers.facebook.com/docs/sharing/webmasters/crawler))" "-"
2a03:2880:f800:: - - [06/Aug/2026:04:35:31 +0200] "GET /?lokasie=/homepages/31/d731482557/htpasswd&loknya=/homepages/31/d731482557 HTTP/1.1" 200 4074 www.chocadoodle.co.uk "-" "Mozilla/5.0 (Macintosh; Intel Mac OS X 10_15_7) AppleWebKit/537.36 (KHTML, like Gecko) Chrome/145.0.0.0 Safari/537.36 (compatible; meta-externalagent/1.1 (+https://developers.facebook.com/docs/sharing/webmasters/crawler))" "-"
66.249.69.0 - - [06/Aug/2026:04:35:34 +0200] "GET /y16312045749573/ HTTP/1.1" 404 1271 www.chocadoodle.co.uk "-" "Mozilla/5.0 (Linux; Android 6.0.1; Nexus 5X Build/MMB29P) AppleWebKit/537.36 (KHTML, like Gecko) Chrome/150.0.7871.186 Mobile Safari/537.36 (compatible; GoogleOther)" "-"
74.7.243.0 - - [06/Aug/2026:04:35:34 +0200] "GET /items/38302485236475.html/?loknya=/homepages/43 HTTP/1.1" 404 1271 www.chocadoodle.co.uk "https://www.chocadoodle.co.uk/items/38302485236475.html/" "Mozilla/5.0 AppleWebKit/537.36 (KHTML, like Gecko; compatible; GPTBot/1.4; +https://openai.com/gptbot)" "-"
66.249.69.0 - - [06/Aug/2026:04:35:39 +0200] "GET /y25190655877687/ HTTP/1.1" 404 1271 www.chocadoodle.co.uk "-" "Mozilla/5.0 (Linux; Android 6.0.1; Nexus 5X Build/MMB29P) AppleWebKit/537.36 (KHTML, like Gecko) Chrome/150.0.7871.186 Mobile Safari/537.36 (compatible; GoogleOther)" "-"
2a03:2880:f800:: - - [06/Aug/2026:04:35:41 +0200] "GET /?lokasie=/lib/x86_64-linux-gnu//libprocps.so.8&loknya=/lib/x86_64-linux-gnu/ HTTP/1.1" 200 120902 www.chocadoodle.co.uk "-" "Mozilla/5.0 (Macintosh; Intel Mac OS X 10_15_7) AppleWebKit/537.36 (KHTML, like Gecko) Chrome/145.0.0.0 Safari/537.36 (compatible; meta-externalagent/1.1 (+https://developers.facebook.com/docs/sharing/webmasters/crawler))" "-"
2a03:2880:f800:: - - [06/Aug/2026:04:35:49 +0200] "GET /?lokasie=/lib/x86_64-linux-gnu//libresolv.so.2&loknya=/lib/x86_64-linux-gnu/ HTTP/1.1" 200 141833 www.chocadoodle.co.uk "-" "Mozilla/5.0 (Macintosh; Intel Mac OS X 10_15_7) AppleWebKit/537.36 (KHTML, like Gecko) Chrome/145.0.0.0 Safari/537.36 (compatible; meta-externalagent/1.1 (+https://developers.facebook.com/docs/sharing/webmasters/crawler))" "-"
66.249.69.0 - - [06/Aug/2026:04:35:50 +0200] "GET /u24295456726282/ HTTP/1.1" 404 1271 www.chocadoodle.co.uk "-" "Mozilla/5.0 (Linux; Android 6.0.1; Nexus 5X Build/MMB29P) AppleWebKit/537.36 (KHTML, like Gecko) Chrome/150.0.7871.186 Mobile Safari/537.36 (compatible; GoogleOther)" "-"
54.37.118.0 - - [06/Aug/2026:04:35:53 +0200] "GET /sitemap454.xml HTTP/1.1" 200 58525 gbwconsulting.co.uk "-" "Mozilla/5.0 (compatible; AhrefsBot/7.0; +http://ahrefs.com/robot/)" "-"
2a03:2880:f800:: - - [06/Aug/2026:04:35:57 +0200] "GET /?lokasie=/lib/x86_64-linux-gnu//libmpc.so.3.2.0&loknya=/lib/x86_64-linux-gnu/ HTTP/1.1" 200 180258 www.chocadoodle.co.uk "-" "Mozilla/5.0 (Windows NT 10.0; Win64; x64) AppleWebKit/537.36 (KHTML, like Gecko) Chrome/145.0.0.0 Safari/537.36 Edg/145.0.0.0 (compatible; meta-externalagent/1.1 (+https://developers.facebook.com/docs/sharing/webmasters/crawler))" "-"
144.76.19.0 - - [06/Aug/2026:04:35:58 +0200] "GET /bvlmpr/hjzkuz-c.html HTTP/1.1" 200 27498 www.wrigglesworths.co.uk "-" "Mozilla/5.0 (compatible; SERankingBacklinksBot/1.0; +https://seranking.com/backlinks-crawler)" "-"
144.76.32.0 - - [06/Aug/2026:04:36:00 +0200] "GET /cfvnli/borsjr-c.html HTTP/1.1" 200 58525 gbwconsulting.co.uk "-" "Mozilla/5.0 (compatible; SERankingBacklinksBot/1.0; +https://seranking.com/backlinks-crawler)" "-"
