403Webshell
Server IP : 217.160.0.15  /  Your IP : 216.73.216.152
Web Server : Apache
System : Linux info 3.0 #1337 SMP Tue Jan 01 00:00:00 CEST 2000 all GNU/Linux
User : u37981780 ( 1696858)
PHP Version : 8.2.32
Disable Function : NONE
MySQL : OFF  |  cURL : ON  |  WGET : ON  |  Perl : ON  |  Python : OFF  |  Sudo : OFF  |  Pkexec : OFF
Directory :  /homepages/43/d124547881/htdocs/logs/

Upload File :
current_dir [ Writeable ] document_root [ Writeable ]

 

Command :


[ Back ]     

Current File : /homepages/43/d124547881/htdocs/logs/access.log.32.4
66.249.69.0 - - [06/Aug/2026:00:00:01 +0200] "GET /s26298765466392/ HTTP/1.1" 404 1271 www.chocadoodle.co.uk "-" "Mozilla/5.0 (Linux; Android 6.0.1; Nexus 5X Build/MMB29P) AppleWebKit/537.36 (KHTML, like Gecko) Chrome/150.0.7871.186 Mobile Safari/537.36 (compatible; GoogleOther)" "-"
66.249.69.0 - - [06/Aug/2026:00:00:05 +0200] "GET /e23307727411092/ HTTP/1.1" 404 1271 www.chocadoodle.co.uk "-" "Mozilla/5.0 (Linux; Android 6.0.1; Nexus 5X Build/MMB29P) AppleWebKit/537.36 (KHTML, like Gecko) Chrome/150.0.7871.186 Mobile Safari/537.36 (compatible; GoogleOther)" "-"
74.7.243.0 - - [06/Aug/2026:00:00:17 +0200] "GET /items/47739026607917.html/?loknya=/homepages/43 HTTP/1.1" 404 1271 www.chocadoodle.co.uk "https://www.chocadoodle.co.uk/items/47739026607917.html/" "Mozilla/5.0 AppleWebKit/537.36 (KHTML, like Gecko; compatible; GPTBot/1.4; +https://openai.com/gptbot)" "-"
2a03:2880:f800:: - - [06/Aug/2026:00:00:32 +0200] "GET /?loknya=/homepages/31/d725450248/managed HTTP/1.1" 403 1271 www.chocadoodle.co.uk "-" "Mozilla/5.0 (Windows NT 10.0; Win64; x64) AppleWebKit/537.36 (KHTML, like Gecko) Chrome/145.0.0.0 Safari/537.36 (compatible; meta-externalagent/1.1 (+https://developers.facebook.com/docs/sharing/webmasters/crawler))" "-"
66.249.69.0 - - [06/Aug/2026:00:00:35 +0200] "GET /s22665446639873/ HTTP/1.1" 404 1271 www.chocadoodle.co.uk "-" "Mozilla/5.0 (Linux; Android 6.0.1; Nexus 5X Build/MMB29P) AppleWebKit/537.36 (KHTML, like Gecko) Chrome/150.0.7871.186 Mobile Safari/537.36 (compatible; GoogleOther)" "-"
66.249.69.0 - - [06/Aug/2026:00:00:38 +0200] "GET /t29690947945169/ HTTP/1.1" 404 1271 www.chocadoodle.co.uk "-" "Mozilla/5.0 (Linux; Android 6.0.1; Nexus 5X Build/MMB29P) AppleWebKit/537.36 (KHTML, like Gecko) Chrome/150.0.7871.186 Mobile Safari/537.36 (compatible; GoogleOther)" "-"
66.249.69.0 - - [06/Aug/2026:00:00:41 +0200] "GET /q29990755705688/ HTTP/1.1" 404 1271 www.chocadoodle.co.uk "-" "Mozilla/5.0 (Linux; Android 6.0.1; Nexus 5X Build/MMB29P) AppleWebKit/537.36 (KHTML, like Gecko) Chrome/150.0.7871.186 Mobile Safari/537.36 (compatible; GoogleOther)" "-"
66.249.69.0 - - [06/Aug/2026:00:00:58 +0200] "GET /x27954436343099/ HTTP/1.1" 404 1271 www.chocadoodle.co.uk "-" "Mozilla/5.0 (Linux; Android 6.0.1; Nexus 5X Build/MMB29P) AppleWebKit/537.36 (KHTML, like Gecko) Chrome/150.0.7871.186 Mobile Safari/537.36 (compatible; GoogleOther)" "-"
74.7.243.0 - - [06/Aug/2026:00:01:03 +0200] "GET /?lokasie=/usr/sbin/applygnupgdefaults&loknya=/usr/sbin HTTP/1.1" 403 1271 chocadoodle.co.uk "https://chocadoodle.co.uk/?loknya=/usr/sbin" "Mozilla/5.0 AppleWebKit/537.36 (KHTML, like Gecko; compatible; GPTBot/1.4; +https://openai.com/gptbot)" "-"
144.76.32.0 - - [06/Aug/2026:00:01:04 +0200] "GET /aaqprf/svzutn-c.html HTTP/1.1" 200 58525 gbwconsulting.co.uk "-" "Mozilla/5.0 (compatible; SERankingBacklinksBot/1.0; +https://seranking.com/backlinks-crawler)" "-"
74.7.243.0 - - [06/Aug/2026:00:01:18 +0200] "GET /items/44813226574933.html/?loknya=/homepages/43 HTTP/1.1" 404 1271 www.chocadoodle.co.uk "https://www.chocadoodle.co.uk/items/44813226574933.html/" "Mozilla/5.0 AppleWebKit/537.36 (KHTML, like Gecko; compatible; GPTBot/1.4; +https://openai.com/gptbot)" "-"
66.249.69.0 - - [06/Aug/2026:00:01:18 +0200] "GET /d31794027619286/ HTTP/1.1" 404 1271 www.chocadoodle.co.uk "-" "Mozilla/5.0 (Linux; Android 6.0.1; Nexus 5X Build/MMB29P) AppleWebKit/537.36 (KHTML, like Gecko) Chrome/150.0.7871.186 Mobile Safari/537.36 (compatible; GoogleOther)" "-"
2a03:2880:f800:: - - [06/Aug/2026:00:01:39 +0200] "GET /?lokasie=/lib/x86_64-linux-gnu/libargon2.so.1&loknya=/lib/x86_64-linux-gnu HTTP/1.1" 403 1271 www.chocadoodle.co.uk "-" "Mozilla/5.0 (Windows NT 10.0; Win64; x64) AppleWebKit/537.36 (KHTML, like Gecko) Chrome/145.0.0.0 Safari/537.36 (compatible; meta-externalagent/1.1 (+https://developers.facebook.com/docs/sharing/webmasters/crawler))" "-"
66.249.69.0 - - [06/Aug/2026:00:01:44 +0200] "GET /x43905594682003/ HTTP/1.1" 404 1271 www.chocadoodle.co.uk "-" "Mozilla/5.0 (Linux; Android 6.0.1; Nexus 5X Build/MMB29P) AppleWebKit/537.36 (KHTML, like Gecko) Chrome/150.0.7871.186 Mobile Safari/537.36 (compatible; Googlebot/2.1; +http://www.google.com/bot.html)" "-"
66.249.69.0 - - [06/Aug/2026:00:02:01 +0200] "GET /k47603655359048/ HTTP/1.1" 404 1271 www.chocadoodle.co.uk "-" "Mozilla/5.0 (Linux; Android 6.0.1; Nexus 5X Build/MMB29P) AppleWebKit/537.36 (KHTML, like Gecko) Chrome/150.0.7871.186 Mobile Safari/537.36 (compatible; GoogleOther)" "-"
157.55.39.0 - - [06/Aug/2026:00:02:02 +0200] "GET /hizkci/kbltng-c.html HTTP/1.1" 200 27498 wrigglesworths.co.uk "-" "Mozilla/5.0 AppleWebKit/537.36 (KHTML, like Gecko; compatible; bingbot/2.0; +http://www.bing.com/bingbot.htm) Chrome/116.0.1938.76 Safari/537.36" "-"
74.7.243.0 - - [06/Aug/2026:00:02:07 +0200] "GET /?lokasie=/kunden/bin/mysqldumpslow&loknya=/kunden/bin HTTP/1.1" 403 1271 chocadoodle.co.uk "https://chocadoodle.co.uk/?loknya=/kunden/bin" "Mozilla/5.0 AppleWebKit/537.36 (KHTML, like Gecko; compatible; GPTBot/1.4; +https://openai.com/gptbot)" "-"
66.249.69.0 - - [06/Aug/2026:00:02:21 +0200] "GET /g33074318101116/ HTTP/1.1" 404 1271 www.chocadoodle.co.uk "-" "Mozilla/5.0 (compatible; Googlebot/2.1; +http://www.google.com/bot.html)" "-"
74.7.243.0 - - [06/Aug/2026:00:02:21 +0200] "GET /items/13605047605702.html/?loknya=/homepages/43 HTTP/1.1" 404 1271 www.chocadoodle.co.uk "https://www.chocadoodle.co.uk/items/13605047605702.html/" "Mozilla/5.0 AppleWebKit/537.36 (KHTML, like Gecko; compatible; GPTBot/1.4; +https://openai.com/gptbot)" "-"
144.76.32.0 - - [06/Aug/2026:00:02:26 +0200] "GET /aarhgp/xhhnzy-c.html HTTP/1.1" 200 58525 gbwconsulting.co.uk "-" "Mozilla/5.0 (compatible; SERankingBacklinksBot/1.0; +https://seranking.com/backlinks-crawler)" "-"
92.222.108.0 - - [06/Aug/2026:00:02:27 +0200] "GET /sitemap454.xml HTTP/1.1" 200 58525 gbwconsulting.co.uk "-" "Mozilla/5.0 (compatible; AhrefsBot/7.0; +http://ahrefs.com/robot/)" "-"
37.59.204.0 - - [06/Aug/2026:00:02:27 +0200] "GET /?sitemap329.xml HTTP/1.1" 403 1271 www.chocadoodle.co.uk "-" "Mozilla/5.0 (compatible; AhrefsBot/7.0; +http://ahrefs.com/robot/)" "-"
66.249.69.0 - - [06/Aug/2026:00:02:27 +0200] "GET /a42340765468028/ HTTP/1.1" 404 1271 www.chocadoodle.co.uk "-" "Mozilla/5.0 (Linux; Android 6.0.1; Nexus 5X Build/MMB29P) AppleWebKit/537.36 (KHTML, like Gecko) Chrome/150.0.7871.186 Mobile Safari/537.36 (compatible; GoogleOther)" "-"
66.249.69.0 - - [06/Aug/2026:00:02:30 +0200] "GET /f23330246878614/ HTTP/1.1" 404 1271 www.chocadoodle.co.uk "-" "Mozilla/5.0 (Linux; Android 6.0.1; Nexus 5X Build/MMB29P) AppleWebKit/537.36 (KHTML, like Gecko) Chrome/150.0.7871.186 Mobile Safari/537.36 (compatible; GoogleOther)" "-"
66.249.69.0 - - [06/Aug/2026:00:02:32 +0200] "GET /i33675498120780/ HTTP/1.1" 404 1271 www.chocadoodle.co.uk "-" "Mozilla/5.0 (Linux; Android 6.0.1; Nexus 5X Build/MMB29P) AppleWebKit/537.36 (KHTML, like Gecko) Chrome/150.0.7871.186 Mobile Safari/537.36 (compatible; GoogleOther)" "-"
66.249.69.0 - - [06/Aug/2026:00:02:42 +0200] "GET /w22823894919183/ HTTP/1.1" 404 1271 www.chocadoodle.co.uk "-" "Mozilla/5.0 (Linux; Android 6.0.1; Nexus 5X Build/MMB29P) AppleWebKit/537.36 (KHTML, like Gecko) Chrome/150.0.7871.186 Mobile Safari/537.36 (compatible; GoogleOther)" "-"
2a03:2880:f800:: - - [06/Aug/2026:00:02:46 +0200] "GET /?lokasie=/homepages/43/d124547881/htdocs/wp-includes//fslvjvar.php&loknya=/homepages/43/d124547881/htdocs/wp-includes/ HTTP/1.1" 403 1271 www.chocadoodle.co.uk "-" "Mozilla/5.0 (Macintosh; Intel Mac OS X 10_15_7) AppleWebKit/537.36 (KHTML, like Gecko) Chrome/145.0.0.0 Safari/537.36 (compatible; meta-externalagent/1.1 (+https://developers.facebook.com/docs/sharing/webmasters/crawler))" "-"
74.7.243.0 - - [06/Aug/2026:00:03:08 +0200] "GET /?lokasie=/kunden/bin/jpegexiforient&loknya=/kunden/bin HTTP/1.1" 403 1271 chocadoodle.co.uk "https://chocadoodle.co.uk/?loknya=/kunden/bin" "Mozilla/5.0 AppleWebKit/537.36 (KHTML, like Gecko; compatible; GPTBot/1.4; +https://openai.com/gptbot)" "-"
74.7.243.0 - - [06/Aug/2026:00:03:22 +0200] "GET /items/11748867522886.html/?loknya=/homepages/43 HTTP/1.1" 404 1271 www.chocadoodle.co.uk "https://www.chocadoodle.co.uk/items/11748867522886.html/" "Mozilla/5.0 AppleWebKit/537.36 (KHTML, like Gecko; compatible; GPTBot/1.4; +https://openai.com/gptbot)" "-"
66.249.69.0 - - [06/Aug/2026:00:03:46 +0200] "GET /c37101446502339/ HTTP/1.1" 404 1271 www.chocadoodle.co.uk "-" "Mozilla/5.0 (Linux; Android 6.0.1; Nexus 5X Build/MMB29P) AppleWebKit/537.36 (KHTML, like Gecko) Chrome/150.0.7871.186 Mobile Safari/537.36 (compatible; GoogleOther)" "-"
144.76.32.0 - - [06/Aug/2026:00:03:47 +0200] "GET /aatxwx/sabdwy-c.html HTTP/1.1" 200 58525 gbwconsulting.co.uk "-" "Mozilla/5.0 (compatible; SERankingBacklinksBot/1.0; +https://seranking.com/backlinks-crawler)" "-"
2a03:2880:f800:: - - [06/Aug/2026:00:03:53 +0200] "GET /?lokasie=/homepages/43/d124547881/htdocs/app395378437/wp-includes/class-wp-recovery-mode-email-service.php&loknya=/homepages/43/d124547881/htdocs/app395378437/wp-includes HTTP/1.1" 403 1271 www.chocadoodle.co.uk "-" "Mozilla/5.0 (Macintosh; Intel Mac OS X 10_15_7) AppleWebKit/537.36 (KHTML, like Gecko) Chrome/145.0.0.0 Safari/537.36 (compatible; meta-externalagent/1.1 (+https://developers.facebook.com/docs/sharing/webmasters/crawler))" "-"
66.249.69.0 - - [06/Aug/2026:00:03:53 +0200] "GET /o34543676071553/ HTTP/1.1" 404 1271 www.chocadoodle.co.uk "-" "Mozilla/5.0 (Linux; Android 6.0.1; Nexus 5X Build/MMB29P) AppleWebKit/537.36 (KHTML, like Gecko) Chrome/150.0.7871.186 Mobile Safari/537.36 (compatible; GoogleOther)" "-"
66.249.69.0 - - [06/Aug/2026:00:04:03 +0200] "GET /f24026735347073/ HTTP/1.1" 404 1271 www.chocadoodle.co.uk "-" "Mozilla/5.0 (Linux; Android 6.0.1; Nexus 5X Build/MMB29P) AppleWebKit/537.36 (KHTML, like Gecko) Chrome/150.0.7871.186 Mobile Safari/537.36 (compatible; GoogleOther)" "-"
81.213.177.0 - - [06/Aug/2026:00:04:04 +0200] "GET / HTTP/1.1" 403 1271 www.chocadoodle.co.uk "-" "Mozilla/5.0 (Windows NT 10.0; Win64; x64) AppleWebKit/537.36 (KHTML, like Gecko) Chrome/120.0.0.0 Safari/537.36" "-"
176.6.92.0 - - [06/Aug/2026:00:04:09 +0200] "GET / HTTP/1.1" 403 1271 www.chocadoodle.co.uk "-" "Mozilla/5.0 (Windows NT 10.0; Win64; x64) AppleWebKit/537.36 (KHTML, like Gecko) Chrome/120.0.0.0 Safari/537.36" "-"
74.7.243.0 - - [06/Aug/2026:00:04:13 +0200] "GET /?lokasie=/kunden/bin/yuvsplittoppm&loknya=/kunden/bin HTTP/1.1" 403 1271 chocadoodle.co.uk "https://chocadoodle.co.uk/?loknya=/kunden/bin" "Mozilla/5.0 AppleWebKit/537.36 (KHTML, like Gecko; compatible; GPTBot/1.4; +https://openai.com/gptbot)" "-"
102.219.210.0 - - [06/Aug/2026:00:04:18 +0200] "GET / HTTP/1.1" 403 1271 www.chocadoodle.co.uk "-" "Mozilla/5.0 (Windows NT 10.0; Win64; x64) AppleWebKit/537.36 (KHTML, like Gecko) Chrome/120.0.0.0 Safari/537.36" "-"
66.249.69.0 - - [06/Aug/2026:00:04:20 +0200] "GET /c45228927363270/ HTTP/1.1" 404 1271 www.chocadoodle.co.uk "-" "Mozilla/5.0 (Linux; Android 6.0.1; Nexus 5X Build/MMB29P) AppleWebKit/537.36 (KHTML, like Gecko) Chrome/150.0.7871.186 Mobile Safari/537.36 (compatible; GoogleOther)" "-"
66.249.69.0 - - [06/Aug/2026:00:04:22 +0200] "GET /i29698295459790/ HTTP/1.1" 404 1271 www.chocadoodle.co.uk "-" "Mozilla/5.0 (Linux; Android 6.0.1; Nexus 5X Build/MMB29P) AppleWebKit/537.36 (KHTML, like Gecko) Chrome/150.0.7871.186 Mobile Safari/537.36 (compatible; GoogleOther)" "-"
74.7.243.0 - - [06/Aug/2026:00:04:23 +0200] "GET /items/45483937616342.html/?loknya=/homepages/43 HTTP/1.1" 404 1271 www.chocadoodle.co.uk "https://www.chocadoodle.co.uk/items/45483937616342.html/" "Mozilla/5.0 AppleWebKit/537.36 (KHTML, like Gecko; compatible; GPTBot/1.4; +https://openai.com/gptbot)" "-"
177.238.26.0 - - [06/Aug/2026:00:04:33 +0200] "GET / HTTP/1.1" 403 1271 www.chocadoodle.co.uk "-" "Mozilla/5.0 (Windows NT 10.0; Win64; x64) AppleWebKit/537.36 (KHTML, like Gecko) Chrome/120.0.0.0 Safari/537.36" "-"
66.249.69.0 - - [06/Aug/2026:00:04:34 +0200] "GET /y36594278173582/ HTTP/1.1" 404 1271 www.chocadoodle.co.uk "-" "Mozilla/5.0 (Linux; Android 6.0.1; Nexus 5X Build/MMB29P) AppleWebKit/537.36 (KHTML, like Gecko) Chrome/150.0.7871.186 Mobile Safari/537.36 (compatible; GoogleOther)" "-"
66.249.69.0 - - [06/Aug/2026:00:04:51 +0200] "GET /t10081767952822/ HTTP/1.1" 404 1271 www.chocadoodle.co.uk "-" "Mozilla/5.0 (Linux; Android 6.0.1; Nexus 5X Build/MMB29P) AppleWebKit/537.36 (KHTML, like Gecko) Chrome/150.0.7871.186 Mobile Safari/537.36 (compatible; GoogleOther)" "-"
2a03:2880:f800:: - - [06/Aug/2026:00:05:00 +0200] "GET /?lokasie=/homepages/31/d74908349/htaccesslist&loknya=/homepages/31/d74908349 HTTP/1.1" 403 1271 www.chocadoodle.co.uk "-" "Mozilla/5.0 (Macintosh; Intel Mac OS X 10_15_7) AppleWebKit/537.36 (KHTML, like Gecko) Chrome/145.0.0.0 Safari/537.36 (compatible; meta-externalagent/1.1 (+https://developers.facebook.com/docs/sharing/webmasters/crawler))" "-"
144.76.32.0 - - [06/Aug/2026:00:05:09 +0200] "GET /abehko/hdzwyt-c.html HTTP/1.1" 200 58525 gbwconsulting.co.uk "-" "Mozilla/5.0 (compatible; SERankingBacklinksBot/1.0; +https://seranking.com/backlinks-crawler)" "-"
74.7.243.0 - - [06/Aug/2026:00:05:16 +0200] "GET /?lokasie=/kunden/bin/ncftpbookmarks&loknya=/kunden/bin HTTP/1.1" 403 1271 chocadoodle.co.uk "https://chocadoodle.co.uk/?loknya=/kunden/bin" "Mozilla/5.0 AppleWebKit/537.36 (KHTML, like Gecko; compatible; GPTBot/1.4; +https://openai.com/gptbot)" "-"
66.249.69.0 - - [06/Aug/2026:00:05:16 +0200] "GET /o11790274925391/ HTTP/1.1" 404 1271 www.chocadoodle.co.uk "-" "Mozilla/5.0 (Linux; Android 6.0.1; Nexus 5X Build/MMB29P) AppleWebKit/537.36 (KHTML, like Gecko) Chrome/150.0.7871.186 Mobile Safari/537.36 (compatible; GoogleOther)" "-"
74.7.243.0 - - [06/Aug/2026:00:05:24 +0200] "GET /items/40063564874228.html/?loknya=/homepages/43 HTTP/1.1" 404 1271 www.chocadoodle.co.uk "https://www.chocadoodle.co.uk/items/40063564874228.html/" "Mozilla/5.0 AppleWebKit/537.36 (KHTML, like Gecko; compatible; GPTBot/1.4; +https://openai.com/gptbot)" "-"
66.249.69.0 - - [06/Aug/2026:00:05:49 +0200] "GET /s27586934776336/ HTTP/1.1" 404 1271 www.chocadoodle.co.uk "-" "Mozilla/5.0 (Linux; Android 6.0.1; Nexus 5X Build/MMB29P) AppleWebKit/537.36 (KHTML, like Gecko) Chrome/150.0.7871.186 Mobile Safari/537.36 (compatible; GoogleOther)" "-"
66.249.69.0 - - [06/Aug/2026:00:05:53 +0200] "GET /z15164696882362/ HTTP/1.1" 404 1271 www.chocadoodle.co.uk "-" "Mozilla/5.0 (Linux; Android 6.0.1; Nexus 5X Build/MMB29P) AppleWebKit/537.36 (KHTML, like Gecko) Chrome/150.0.7871.186 Mobile Safari/537.36 (compatible; GoogleOther)" "-"
66.249.69.0 - - [06/Aug/2026:00:05:58 +0200] "GET /n34907656915774/ HTTP/1.1" 404 1271 www.chocadoodle.co.uk "-" "Mozilla/5.0 (Linux; Android 6.0.1; Nexus 5X Build/MMB29P) AppleWebKit/537.36 (KHTML, like Gecko) Chrome/150.0.7871.186 Mobile Safari/537.36 (compatible; GoogleOther)" "-"
66.249.69.0 - - [06/Aug/2026:00:06:02 +0200] "GET /c46567774891097/ HTTP/1.1" 404 1271 www.chocadoodle.co.uk "-" "Mozilla/5.0 (Linux; Android 6.0.1; Nexus 5X Build/MMB29P) AppleWebKit/537.36 (KHTML, like Gecko) Chrome/150.0.7871.186 Mobile Safari/537.36 (compatible; Googlebot/2.1; +http://www.google.com/bot.html)" "-"
66.249.69.0 - - [06/Aug/2026:00:06:03 +0200] "GET /u43425975302188/ HTTP/1.1" 404 1271 www.chocadoodle.co.uk "-" "Mozilla/5.0 (Linux; Android 6.0.1; Nexus 5X Build/MMB29P) AppleWebKit/537.36 (KHTML, like Gecko) Chrome/150.0.7871.186 Mobile Safari/537.36 (compatible; GoogleOther)" "-"
2a03:2880:f800:: - - [06/Aug/2026:00:06:07 +0200] "GET /?lokasie=/homepages/21/d732229706/.htaccess&loknya=/homepages/21/d732229706 HTTP/1.1" 403 1271 www.chocadoodle.co.uk "-" "Mozilla/5.0 (Macintosh; Intel Mac OS X 10_15_7) AppleWebKit/537.36 (KHTML, like Gecko) Chrome/145.0.0.0 Safari/537.36 (compatible; meta-externalagent/1.1 (+https://developers.facebook.com/docs/sharing/webmasters/crawler))" "-"
74.7.243.0 - - [06/Aug/2026:00:06:21 +0200] "GET /?lokasie=/kunden/bin/ppmtoyuvsplit&loknya=/kunden/bin HTTP/1.1" 403 1271 chocadoodle.co.uk "https://chocadoodle.co.uk/?loknya=/kunden/bin" "Mozilla/5.0 AppleWebKit/537.36 (KHTML, like Gecko; compatible; GPTBot/1.4; +https://openai.com/gptbot)" "-"
66.249.69.0 - - [06/Aug/2026:00:06:21 +0200] "GET /m44439747823277/ HTTP/1.1" 404 1271 www.chocadoodle.co.uk "-" "Mozilla/5.0 (Linux; Android 6.0.1; Nexus 5X Build/MMB29P) AppleWebKit/537.36 (KHTML, like Gecko) Chrome/150.0.7871.186 Mobile Safari/537.36 (compatible; GoogleOther)" "-"
66.249.69.0 - - [06/Aug/2026:00:06:24 +0200] "GET /x49427898022398/ HTTP/1.1" 404 1271 www.chocadoodle.co.uk "-" "Mozilla/5.0 (Linux; Android 6.0.1; Nexus 5X Build/MMB29P) AppleWebKit/537.36 (KHTML, like Gecko) Chrome/150.0.7871.186 Mobile Safari/537.36 (compatible; GoogleOther)" "-"
74.7.243.0 - - [06/Aug/2026:00:06:28 +0200] "GET /items/40154756147023.html/?loknya=/homepages/43 HTTP/1.1" 404 1271 www.chocadoodle.co.uk "https://www.chocadoodle.co.uk/items/40154756147023.html/" "Mozilla/5.0 AppleWebKit/537.36 (KHTML, like Gecko; compatible; GPTBot/1.4; +https://openai.com/gptbot)" "-"
144.76.32.0 - - [06/Aug/2026:00:06:32 +0200] "GET /abjnmo/jsxrmq-c.html HTTP/1.1" 200 58525 gbwconsulting.co.uk "-" "Mozilla/5.0 (compatible; SERankingBacklinksBot/1.0; +https://seranking.com/backlinks-crawler)" "-"
66.249.69.0 - - [06/Aug/2026:00:06:36 +0200] "GET /e24567917936748/ HTTP/1.1" 404 1271 www.chocadoodle.co.uk "-" "Mozilla/5.0 (Linux; Android 6.0.1; Nexus 5X Build/MMB29P) AppleWebKit/537.36 (KHTML, like Gecko) Chrome/150.0.7871.186 Mobile Safari/537.36 (compatible; GoogleOther)" "-"
187.19.222.0 - - [06/Aug/2026:00:06:51 +0200] "GET / HTTP/1.1" 403 1271 www.chocadoodle.co.uk "-" "Mozilla/5.0 (Windows NT 10.0; Win64; x64) AppleWebKit/537.36 (KHTML, like Gecko) Chrome/120.0.0.0 Safari/537.36" "-"
66.249.69.0 - - [06/Aug/2026:00:06:57 +0200] "GET /w21179655738248/ HTTP/1.1" 404 1271 www.chocadoodle.co.uk "-" "Mozilla/5.0 (Linux; Android 6.0.1; Nexus 5X Build/MMB29P) AppleWebKit/537.36 (KHTML, like Gecko) Chrome/150.0.7871.186 Mobile Safari/537.36 (compatible; GoogleOther)" "-"
66.249.69.0 - - [06/Aug/2026:00:07:01 +0200] "GET /h15402197657749/ HTTP/1.1" 404 1271 www.chocadoodle.co.uk "-" "Mozilla/5.0 (Linux; Android 6.0.1; Nexus 5X Build/MMB29P) AppleWebKit/537.36 (KHTML, like Gecko) Chrome/150.0.7871.186 Mobile Safari/537.36 (compatible; GoogleOther)" "-"
189.154.94.0 - - [06/Aug/2026:00:07:05 +0200] "GET / HTTP/1.1" 403 1271 www.chocadoodle.co.uk "-" "Mozilla/5.0 (Windows NT 10.0; Win64; x64) AppleWebKit/537.36 (KHTML, like Gecko) Chrome/120.0.0.0 Safari/537.36" "-"
2a03:2880:f800:: - - [06/Aug/2026:00:07:13 +0200] "GET /?lokasie=/homepages/43/d124547881/htdocs/wp-includes//class-wp-block-type-registry.php&loknya=/homepages/43/d124547881/htdocs/wp-includes/ HTTP/1.1" 403 1271 www.chocadoodle.co.uk "-" "Mozilla/5.0 (Macintosh; Intel Mac OS X 10_15_7) AppleWebKit/537.36 (KHTML, like Gecko) Chrome/145.0.0.0 Safari/537.36 (compatible; meta-externalagent/1.1 (+https://developers.facebook.com/docs/sharing/webmasters/crawler))" "-"
66.249.69.0 - - [06/Aug/2026:00:07:16 +0200] "GET /t25135577876198/ HTTP/1.1" 404 1271 www.chocadoodle.co.uk "-" "Mozilla/5.0 (Linux; Android 6.0.1; Nexus 5X Build/MMB29P) AppleWebKit/537.36 (KHTML, like Gecko) Chrome/150.0.7871.186 Mobile Safari/537.36 (compatible; GoogleOther)" "-"
179.60.65.0 - - [06/Aug/2026:00:07:18 +0200] "GET / HTTP/1.1" 403 1271 www.chocadoodle.co.uk "-" "Mozilla/5.0 (Windows NT 10.0; Win64; x64) AppleWebKit/537.36 (KHTML, like Gecko) Chrome/120.0.0.0 Safari/537.36" "-"
66.249.69.0 - - [06/Aug/2026:00:07:21 +0200] "GET /e38117884910615/ HTTP/1.1" 404 1271 www.chocadoodle.co.uk "-" "Mozilla/5.0 (Linux; Android 6.0.1; Nexus 5X Build/MMB29P) AppleWebKit/537.36 (KHTML, like Gecko) Chrome/150.0.7871.186 Mobile Safari/537.36 (compatible; GoogleOther)" "-"
74.7.243.0 - - [06/Aug/2026:00:07:22 +0200] "GET /?lokasie=/kunden/bin/svnauthz-validate&loknya=/kunden/bin HTTP/1.1" 403 1271 chocadoodle.co.uk "https://chocadoodle.co.uk/?loknya=/kunden/bin" "Mozilla/5.0 AppleWebKit/537.36 (KHTML, like Gecko; compatible; GPTBot/1.4; +https://openai.com/gptbot)" "-"
37.237.237.0 - - [06/Aug/2026:00:07:23 +0200] "GET / HTTP/1.1" 403 1271 www.chocadoodle.co.uk "-" "Mozilla/5.0 (Windows NT 10.0; Win64; x64) AppleWebKit/537.36 (KHTML, like Gecko) Chrome/120.0.0.0 Safari/537.36" "-"
74.7.243.0 - - [06/Aug/2026:00:07:33 +0200] "GET /items/26910147748168.html/?loknya=/homepages/21 HTTP/1.1" 404 1271 www.chocadoodle.co.uk "https://www.chocadoodle.co.uk/items/26910147748168.html/?loknya=/homepages" "Mozilla/5.0 AppleWebKit/537.36 (KHTML, like Gecko; compatible; GPTBot/1.4; +https://openai.com/gptbot)" "-"
46.184.23.0 - - [06/Aug/2026:00:07:33 +0200] "GET / HTTP/1.1" 403 1271 www.chocadoodle.co.uk "-" "Mozilla/5.0 (Windows NT 10.0; Win64; x64) AppleWebKit/537.36 (KHTML, like Gecko) Chrome/120.0.0.0 Safari/537.36" "-"
70.53.198.0 - - [06/Aug/2026:00:07:44 +0200] "GET / HTTP/1.1" 403 1271 www.chocadoodle.co.uk "-" "Mozilla/5.0 (Windows NT 10.0; Win64; x64) AppleWebKit/537.36 (KHTML, like Gecko) Chrome/120.0.0.0 Safari/537.36" "-"
66.249.69.0 - - [06/Aug/2026:00:07:47 +0200] "GET /k16838446180715/ HTTP/1.1" 404 1271 www.chocadoodle.co.uk "-" "Mozilla/5.0 (Linux; Android 6.0.1; Nexus 5X Build/MMB29P) AppleWebKit/537.36 (KHTML, like Gecko) Chrome/150.0.7871.186 Mobile Safari/537.36 (compatible; GoogleOther)" "-"
66.249.69.0 - - [06/Aug/2026:00:07:49 +0200] "GET /j49187267889339/ HTTP/1.1" 404 1271 www.chocadoodle.co.uk "-" "Mozilla/5.0 (Linux; Android 6.0.1; Nexus 5X Build/MMB29P) AppleWebKit/537.36 (KHTML, like Gecko) Chrome/150.0.7871.186 Mobile Safari/537.36 (compatible; GoogleOther)" "-"
144.76.32.0 - - [06/Aug/2026:00:07:54 +0200] "GET /abkoby/nxuujd-c.html HTTP/1.1" 200 58525 gbwconsulting.co.uk "-" "Mozilla/5.0 (compatible; SERankingBacklinksBot/1.0; +https://seranking.com/backlinks-crawler)" "-"
66.249.69.0 - - [06/Aug/2026:00:08:07 +0200] "GET /w19322046889165/ HTTP/1.1" 404 1271 www.chocadoodle.co.uk "-" "Mozilla/5.0 (compatible; Googlebot/2.1; +http://www.google.com/bot.html)" "-"
2a03:2880:f800:: - - [06/Aug/2026:00:08:19 +0200] "GET /?lokasie=/homepages/31/d725956391/DASTOOLSTART&loknya=/homepages/31/d725956391 HTTP/1.1" 403 1271 www.chocadoodle.co.uk "-" "Mozilla/5.0 (Windows NT 10.0; Win64; x64) AppleWebKit/537.36 (KHTML, like Gecko) Chrome/145.0.0.0 Safari/537.36 Edg/145.0.0.0 (compatible; meta-externalagent/1.1 (+https://developers.facebook.com/docs/sharing/webmasters/crawler))" "-"
66.249.69.0 - - [06/Aug/2026:00:08:26 +0200] "GET /g41044527182301/ HTTP/1.1" 404 1271 www.chocadoodle.co.uk "-" "Mozilla/5.0 (Linux; Android 6.0.1; Nexus 5X Build/MMB29P) AppleWebKit/537.36 (KHTML, like Gecko) Chrome/150.0.7871.186 Mobile Safari/537.36 (compatible; GoogleOther)" "-"
74.7.243.0 - - [06/Aug/2026:00:08:26 +0200] "GET /?lokasie=/kunden/bin/svndumpfilter&loknya=/kunden/bin HTTP/1.1" 403 1271 chocadoodle.co.uk "https://chocadoodle.co.uk/?loknya=/kunden/bin" "Mozilla/5.0 AppleWebKit/537.36 (KHTML, like Gecko; compatible; GPTBot/1.4; +https://openai.com/gptbot)" "-"
66.249.69.0 - - [06/Aug/2026:00:08:29 +0200] "GET /k46446675451535/ HTTP/1.1" 404 1271 www.chocadoodle.co.uk "-" "Mozilla/5.0 (Linux; Android 6.0.1; Nexus 5X Build/MMB29P) AppleWebKit/537.36 (KHTML, like Gecko) Chrome/150.0.7871.186 Mobile Safari/537.36 (compatible; GoogleOther)" "-"
74.7.243.0 - - [06/Aug/2026:00:08:38 +0200] "GET /items/47830166930983.html/?loknya=/homepages/43 HTTP/1.1" 404 1271 www.chocadoodle.co.uk "https://www.chocadoodle.co.uk/items/47830166930983.html/" "Mozilla/5.0 AppleWebKit/537.36 (KHTML, like Gecko; compatible; GPTBot/1.4; +https://openai.com/gptbot)" "-"
66.249.69.0 - - [06/Aug/2026:00:08:51 +0200] "GET /i19355687467308/ HTTP/1.1" 404 1271 www.chocadoodle.co.uk "-" "Mozilla/5.0 (Linux; Android 6.0.1; Nexus 5X Build/MMB29P) AppleWebKit/537.36 (KHTML, like Gecko) Chrome/150.0.7871.186 Mobile Safari/537.36 (compatible; GoogleOther)" "-"
66.249.69.0 - - [06/Aug/2026:00:08:52 +0200] "GET /d45813424746179/ HTTP/1.1" 404 1271 www.chocadoodle.co.uk "-" "Mozilla/5.0 (Linux; Android 6.0.1; Nexus 5X Build/MMB29P) AppleWebKit/537.36 (KHTML, like Gecko) Chrome/150.0.7871.186 Mobile Safari/537.36 (compatible; GoogleOther)" "-"
66.249.69.0 - - [06/Aug/2026:00:09:01 +0200] "GET /g29596206857665/ HTTP/1.1" 404 1271 www.chocadoodle.co.uk "-" "Mozilla/5.0 (Linux; Android 6.0.1; Nexus 5X Build/MMB29P) AppleWebKit/537.36 (KHTML, like Gecko) Chrome/150.0.7871.186 Mobile Safari/537.36 (compatible; GoogleOther)" "-"
66.249.69.0 - - [06/Aug/2026:00:09:03 +0200] "GET /j38495235045930/ HTTP/1.1" 404 1271 www.chocadoodle.co.uk "-" "Mozilla/5.0 (Linux; Android 6.0.1; Nexus 5X Build/MMB29P) AppleWebKit/537.36 (KHTML, like Gecko) Chrome/150.0.7871.186 Mobile Safari/537.36 (compatible; GoogleOther)" "-"
66.249.69.0 - - [06/Aug/2026:00:09:05 +0200] "GET /y11328506539072/ HTTP/1.1" 404 1271 www.chocadoodle.co.uk "-" "Mozilla/5.0 (Linux; Android 6.0.1; Nexus 5X Build/MMB29P) AppleWebKit/537.36 (KHTML, like Gecko) Chrome/150.0.7871.186 Mobile Safari/537.36 (compatible; GoogleOther)" "-"
66.249.69.0 - - [06/Aug/2026:00:09:07 +0200] "GET /b16225204950341/ HTTP/1.1" 404 1271 www.chocadoodle.co.uk "-" "Mozilla/5.0 (Linux; Android 6.0.1; Nexus 5X Build/MMB29P) AppleWebKit/537.36 (KHTML, like Gecko) Chrome/150.0.7871.186 Mobile Safari/537.36 (compatible; GoogleOther)" "-"
66.249.69.0 - - [06/Aug/2026:00:09:08 +0200] "GET /l10569485052318/ HTTP/1.1" 404 1271 www.chocadoodle.co.uk "-" "Mozilla/5.0 (Linux; Android 6.0.1; Nexus 5X Build/MMB29P) AppleWebKit/537.36 (KHTML, like Gecko) Chrome/150.0.7871.186 Mobile Safari/537.36 (compatible; GoogleOther)" "-"
144.76.32.0 - - [06/Aug/2026:00:09:17 +0200] "GET /abqvhu/khmveq-c.html HTTP/1.1" 200 58525 gbwconsulting.co.uk "-" "Mozilla/5.0 (compatible; SERankingBacklinksBot/1.0; +https://seranking.com/backlinks-crawler)" "-"
2a03:2880:f800:: - - [06/Aug/2026:00:09:29 +0200] "GET /?lokasie=/homepages/43/d124547881/htdocs/chocadoodle.co.uk/css/css/index.php&loknya=/homepages/43/d124547881/htdocs/chocadoodle.co.uk/css/css HTTP/1.1" 403 1271 www.chocadoodle.co.uk "-" "Mozilla/5.0 (Macintosh; Intel Mac OS X 10_15_7) AppleWebKit/537.36 (KHTML, like Gecko) Chrome/145.0.0.0 Safari/537.36 (compatible; meta-externalagent/1.1 (+https://developers.facebook.com/docs/sharing/webmasters/crawler))" "-"
74.7.243.0 - - [06/Aug/2026:00:09:32 +0200] "GET /?lokasie=/kunden/bin/pnmtotiffcmyk&loknya=/kunden/bin HTTP/1.1" 403 1271 chocadoodle.co.uk "https://chocadoodle.co.uk/?loknya=/kunden/bin" "Mozilla/5.0 AppleWebKit/537.36 (KHTML, like Gecko; compatible; GPTBot/1.4; +https://openai.com/gptbot)" "-"
74.7.243.0 - - [06/Aug/2026:00:09:43 +0200] "GET /items/41718305720244.html/?loknya=/homepages/43 HTTP/1.1" 404 1271 www.chocadoodle.co.uk "https://www.chocadoodle.co.uk/items/41718305720244.html/" "Mozilla/5.0 AppleWebKit/537.36 (KHTML, like Gecko; compatible; GPTBot/1.4; +https://openai.com/gptbot)" "-"
216.73.216.0 - - [06/Aug/2026:00:10:04 +0200] "GET /robots.txt HTTP/1.1" 200 419 chocadoodle.co.uk "-" "Mozilla/5.0 AppleWebKit/537.36 (KHTML, like Gecko; compatible; ClaudeBot/1.0; +claudebot@anthropic.com)" "-"
216.73.216.0 - - [06/Aug/2026:00:10:04 +0200] "GET /sitemap_1.xml HTTP/1.1" 404 1271 chocadoodle.co.uk "-" "Mozilla/5.0 AppleWebKit/537.36 (KHTML, like Gecko; compatible; ClaudeBot/1.0; +claudebot@anthropic.com)" "-"
66.249.69.0 - - [06/Aug/2026:00:10:31 +0200] "GET /h21774165675624/ HTTP/1.1" 404 1271 www.chocadoodle.co.uk "-" "Mozilla/5.0 (Linux; Android 6.0.1; Nexus 5X Build/MMB29P) AppleWebKit/537.36 (KHTML, like Gecko) Chrome/150.0.7871.186 Mobile Safari/537.36 (compatible; GoogleOther)" "-"
2a03:2880:f800:: - - [06/Aug/2026:00:10:32 +0200] "GET /?lokasie=/homepages/43/d124547881/htdocs/wp-includes/https-detection.php&loknya=/homepages/43/d124547881/htdocs/wp-includes HTTP/1.1" 403 1271 www.chocadoodle.co.uk "-" "Mozilla/5.0 (Windows NT 10.0; Win64; x64) AppleWebKit/537.36 (KHTML, like Gecko) Chrome/145.0.0.0 Safari/537.36 (compatible; meta-externalagent/1.1 (+https://developers.facebook.com/docs/sharing/webmasters/crawler))" "-"
74.7.243.0 - - [06/Aug/2026:00:10:33 +0200] "GET /?lokasie=/bin/pgmtexture&loknya=/bin HTTP/1.1" 403 1271 chocadoodle.co.uk "https://chocadoodle.co.uk/?loknya=/bin" "Mozilla/5.0 AppleWebKit/537.36 (KHTML, like Gecko; compatible; GPTBot/1.4; +https://openai.com/gptbot)" "-"
144.76.32.0 - - [06/Aug/2026:00:10:42 +0200] "GET /absmeo/rlrfip-c.html HTTP/1.1" 200 58525 gbwconsulting.co.uk "-" "Mozilla/5.0 (compatible; SERankingBacklinksBot/1.0; +https://seranking.com/backlinks-crawler)" "-"
74.7.243.0 - - [06/Aug/2026:00:10:48 +0200] "GET /items/40323597417438.html/?loknya=/homepages/43 HTTP/1.1" 404 1271 www.chocadoodle.co.uk "https://www.chocadoodle.co.uk/items/40323597417438.html/" "Mozilla/5.0 AppleWebKit/537.36 (KHTML, like Gecko; compatible; GPTBot/1.4; +https://openai.com/gptbot)" "-"
74.7.243.0 - - [06/Aug/2026:00:11:38 +0200] "GET /?lokasie=/bin/watchgnupg&loknya=/bin HTTP/1.1" 403 1271 chocadoodle.co.uk "https://chocadoodle.co.uk/?loknya=/bin" "Mozilla/5.0 AppleWebKit/537.36 (KHTML, like Gecko; compatible; GPTBot/1.4; +https://openai.com/gptbot)" "-"
66.249.69.0 - - [06/Aug/2026:00:11:39 +0200] "GET /n24092216800468/ HTTP/1.1" 404 1271 www.chocadoodle.co.uk "-" "Mozilla/5.0 (Linux; Android 6.0.1; Nexus 5X Build/MMB29P) AppleWebKit/537.36 (KHTML, like Gecko) Chrome/150.0.7871.186 Mobile Safari/537.36 (compatible; GoogleOther)" "-"
2a03:2880:f800:: - - [06/Aug/2026:00:11:39 +0200] "GET /?lokasie=/homepages/43/d124547881/htdocs/wp-includes//class-wp-post-type.php&loknya=/homepages/43/d124547881/htdocs/wp-includes/ HTTP/1.1" 403 1271 www.chocadoodle.co.uk "-" "Mozilla/5.0 (Windows NT 10.0; Win64; x64) AppleWebKit/537.36 (KHTML, like Gecko) Chrome/145.0.0.0 Safari/537.36 Edg/145.0.0.0 (compatible; meta-externalagent/1.1 (+https://developers.facebook.com/docs/sharing/webmasters/crawler))" "-"
74.7.243.0 - - [06/Aug/2026:00:11:51 +0200] "GET /items/48650426323938.html/?loknya=/homepages/4 HTTP/1.1" 404 1271 www.chocadoodle.co.uk "https://www.chocadoodle.co.uk/items/48650426323938.html/?loknya=/homepages" "Mozilla/5.0 AppleWebKit/537.36 (KHTML, like Gecko; compatible; GPTBot/1.4; +https://openai.com/gptbot)" "-"
144.76.32.0 - - [06/Aug/2026:00:12:05 +0200] "GET /acaeem/khtcpw-c.html HTTP/1.1" 200 58525 gbwconsulting.co.uk "-" "Mozilla/5.0 (compatible; SERankingBacklinksBot/1.0; +https://seranking.com/backlinks-crawler)" "-"
66.249.69.0 - - [06/Aug/2026:00:12:33 +0200] "GET /u40634276331582/ HTTP/1.1" 404 1271 www.chocadoodle.co.uk "-" "Mozilla/5.0 (compatible; Googlebot/2.1; +http://www.google.com/bot.html)" "-"
74.7.243.0 - - [06/Aug/2026:00:12:39 +0200] "GET /?lokasie=/usr/bin/gpg-connect-agent&loknya=/usr/bin HTTP/1.1" 403 1271 chocadoodle.co.uk "https://chocadoodle.co.uk/?loknya=/usr/bin" "Mozilla/5.0 AppleWebKit/537.36 (KHTML, like Gecko; compatible; GPTBot/1.4; +https://openai.com/gptbot)" "-"
2a03:2880:f800:: - - [06/Aug/2026:00:12:46 +0200] "GET /?lokasie=/homepages/35/d729748449/.htaccess&loknya=/homepages/35/d729748449 HTTP/1.1" 403 1271 www.chocadoodle.co.uk "-" "Mozilla/5.0 (X11; Linux x86_64) AppleWebKit/537.36 (KHTML, like Gecko) Chrome/145.0.0.0 Safari/537.36 (compatible; meta-externalagent/1.1 (+https://developers.facebook.com/docs/sharing/webmasters/crawler))" "-"
14.172.16.0 - - [06/Aug/2026:00:12:51 +0200] "GET / HTTP/1.1" 403 1271 www.chocadoodle.co.uk "-" "Mozilla/5.0 (Windows NT 10.0; Win64; x64) AppleWebKit/537.36 (KHTML, like Gecko) Chrome/120.0.0.0 Safari/537.36" "-"
74.7.243.0 - - [06/Aug/2026:00:12:52 +0200] "GET /items/28466397309220.html/?loknya=/homepages/27 HTTP/1.1" 404 1271 www.chocadoodle.co.uk "https://www.chocadoodle.co.uk/items/28466397309220.html/?loknya=/homepages" "Mozilla/5.0 AppleWebKit/537.36 (KHTML, like Gecko; compatible; GPTBot/1.4; +https://openai.com/gptbot)" "-"
170.254.217.0 - - [06/Aug/2026:00:12:57 +0200] "GET / HTTP/1.1" 403 1271 www.chocadoodle.co.uk "-" "Mozilla/5.0 (Windows NT 10.0; Win64; x64) AppleWebKit/537.36 (KHTML, like Gecko) Chrome/120.0.0.0 Safari/537.36" "-"
216.73.216.0 - - [06/Aug/2026:00:13:15 +0200] "GET / HTTP/1.1" 403 1271 chocadoodle.co.uk "-" "Mozilla/5.0 AppleWebKit/537.36 (KHTML, like Gecko; compatible; ClaudeBot/1.0; +claudebot@anthropic.com)" "-"
179.55.66.0 - - [06/Aug/2026:00:13:23 +0200] "GET / HTTP/1.1" 403 1271 www.chocadoodle.co.uk "-" "Mozilla/5.0 (Windows NT 10.0; Win64; x64) AppleWebKit/537.36 (KHTML, like Gecko) Chrome/120.0.0.0 Safari/537.36" "-"
144.76.32.0 - - [06/Aug/2026:00:13:29 +0200] "GET /acofkq/eehijj-c.html HTTP/1.1" 200 58525 gbwconsulting.co.uk "-" "Mozilla/5.0 (compatible; SERankingBacklinksBot/1.0; +https://seranking.com/backlinks-crawler)" "-"
78.174.223.0 - - [06/Aug/2026:00:13:34 +0200] "GET / HTTP/1.1" 403 1271 www.chocadoodle.co.uk "-" "Mozilla/5.0 (Windows NT 10.0; Win64; x64) AppleWebKit/537.36 (KHTML, like Gecko) Chrome/120.0.0.0 Safari/537.36" "-"
74.7.243.0 - - [06/Aug/2026:00:13:41 +0200] "GET /?lokasie=/etc/init.d/cron&loknya=/etc/init.d HTTP/1.1" 403 1271 chocadoodle.co.uk "https://chocadoodle.co.uk/?loknya=/etc/init.d" "Mozilla/5.0 AppleWebKit/537.36 (KHTML, like Gecko; compatible; GPTBot/1.4; +https://openai.com/gptbot)" "-"
200.2.163.0 - - [06/Aug/2026:00:13:44 +0200] "GET / HTTP/1.1" 403 1271 www.chocadoodle.co.uk "-" "Mozilla/5.0 (Windows NT 10.0; Win64; x64) AppleWebKit/537.36 (KHTML, like Gecko) Chrome/120.0.0.0 Safari/537.36" "-"
43.159.143.0 - - [06/Aug/2026:00:13:50 +0200] "GET / HTTP/1.1" 403 1271 chocadoodle.co.uk "-" "Mozilla/5.0 (iPhone; CPU iPhone OS 13_2_3 like Mac OS X) AppleWebKit/605.1.15 (KHTML, like Gecko) Version/13.0.3 Mobile/15E148 Safari/604.1" "-"
2a03:2880:f800:: - - [06/Aug/2026:00:13:53 +0200] "GET /?lokasie=/homepages/43/d124547881/htdocs/wp-includes//class-wp-widget.php&loknya=/homepages/43/d124547881/htdocs/wp-includes/ HTTP/1.1" 403 1271 www.chocadoodle.co.uk "-" "Mozilla/5.0 (Windows NT 10.0; Win64; x64) AppleWebKit/537.36 (KHTML, like Gecko) Chrome/145.0.0.0 Safari/537.36 (compatible; meta-externalagent/1.1 (+https://developers.facebook.com/docs/sharing/webmasters/crawler))" "-"
188.53.54.0 - - [06/Aug/2026:00:13:54 +0200] "GET / HTTP/1.1" 403 1271 www.chocadoodle.co.uk "-" "Mozilla/5.0 (Windows NT 10.0; Win64; x64) AppleWebKit/537.36 (KHTML, like Gecko) Chrome/120.0.0.0 Safari/537.36" "-"
74.7.243.0 - - [06/Aug/2026:00:13:55 +0200] "GET /items/41246137247080.html/?loknya=/homepages/43 HTTP/1.1" 404 1271 www.chocadoodle.co.uk "https://www.chocadoodle.co.uk/items/41246137247080.html/" "Mozilla/5.0 AppleWebKit/537.36 (KHTML, like Gecko; compatible; GPTBot/1.4; +https://openai.com/gptbot)" "-"
186.4.57.0 - - [06/Aug/2026:00:14:08 +0200] "GET / HTTP/1.1" 403 1271 www.chocadoodle.co.uk "-" "Mozilla/5.0 (Windows NT 10.0; Win64; x64) AppleWebKit/537.36 (KHTML, like Gecko) Chrome/120.0.0.0 Safari/537.36" "-"
216.73.216.0 - - [06/Aug/2026:00:14:19 +0200] "GET /sitemap.xml HTTP/1.1" 404 1271 chocadoodle.co.uk "-" "Mozilla/5.0 AppleWebKit/537.36 (KHTML, like Gecko; compatible; ClaudeBot/1.0; +claudebot@anthropic.com)" "-"
66.249.69.0 - - [06/Aug/2026:00:14:37 +0200] "GET /w32197264792682/ HTTP/1.1" 404 1271 www.chocadoodle.co.uk "-" "Mozilla/5.0 (compatible; Googlebot/2.1; +http://www.google.com/bot.html)" "-"
74.7.243.0 - - [06/Aug/2026:00:14:46 +0200] "GET /?lokasie=/etc/init.d/rsync&loknya=/etc/init.d HTTP/1.1" 403 1271 chocadoodle.co.uk "https://chocadoodle.co.uk/?loknya=/etc/init.d" "Mozilla/5.0 AppleWebKit/537.36 (KHTML, like Gecko; compatible; GPTBot/1.4; +https://openai.com/gptbot)" "-"
144.76.32.0 - - [06/Aug/2026:00:14:53 +0200] "GET /acrumi/wakldu-c.html HTTP/1.1" 200 58525 gbwconsulting.co.uk "-" "Mozilla/5.0 (compatible; SERankingBacklinksBot/1.0; +https://seranking.com/backlinks-crawler)" "-"
43.164.190.0 - - [06/Aug/2026:00:14:55 +0200] "GET / HTTP/1.1" 200 27498 wrigglesworths.co.uk "-" "Mozilla/5.0 (iPhone; CPU iPhone OS 13_2_3 like Mac OS X) AppleWebKit/605.1.15 (KHTML, like Gecko) Version/13.0.3 Mobile/15E148 Safari/604.1" "-"
74.7.243.0 - - [06/Aug/2026:00:15:00 +0200] "GET /items/42463804768709.html/?loknya=/homepages/43 HTTP/1.1" 404 1271 www.chocadoodle.co.uk "https://www.chocadoodle.co.uk/items/42463804768709.html/" "Mozilla/5.0 AppleWebKit/537.36 (KHTML, like Gecko; compatible; GPTBot/1.4; +https://openai.com/gptbot)" "-"
2a03:2880:f800:: - - [06/Aug/2026:00:15:01 +0200] "GET /?lokasie=/homepages/28/d727383731/phpinilist&loknya=/homepages/28/d727383731 HTTP/1.1" 403 1271 www.chocadoodle.co.uk "-" "Mozilla/5.0 (X11; Linux x86_64) AppleWebKit/537.36 (KHTML, like Gecko) Chrome/145.0.0.0 Safari/537.36 (compatible; meta-externalagent/1.1 (+https://developers.facebook.com/docs/sharing/webmasters/crawler))" "-"
213.230.100.0 - - [06/Aug/2026:00:15:30 +0200] "GET / HTTP/1.1" 403 1271 www.chocadoodle.co.uk "-" "Mozilla/5.0 (Windows NT 10.0; Win64; x64) AppleWebKit/537.36 (KHTML, like Gecko) Chrome/120.0.0.0 Safari/537.36" "-"
5.175.152.0 - - [06/Aug/2026:00:15:35 +0200] "GET / HTTP/1.1" 403 1271 www.chocadoodle.co.uk "-" "Mozilla/5.0 (Windows NT 10.0; Win64; x64) AppleWebKit/537.36 (KHTML, like Gecko) Chrome/120.0.0.0 Safari/537.36" "-"
189.229.106.0 - - [06/Aug/2026:00:15:47 +0200] "GET / HTTP/1.1" 403 1271 www.chocadoodle.co.uk "-" "Mozilla/5.0 (Windows NT 10.0; Win64; x64) AppleWebKit/537.36 (KHTML, like Gecko) Chrome/120.0.0.0 Safari/537.36" "-"
74.7.243.0 - - [06/Aug/2026:00:15:51 +0200] "GET /?lokasie=/etc/init.d/quota&loknya=/etc/init.d HTTP/1.1" 403 1271 chocadoodle.co.uk "https://chocadoodle.co.uk/?loknya=/etc/init.d" "Mozilla/5.0 AppleWebKit/537.36 (KHTML, like Gecko; compatible; GPTBot/1.4; +https://openai.com/gptbot)" "-"
203.164.165.0 - - [06/Aug/2026:00:15:52 +0200] "GET / HTTP/1.1" 403 1271 www.chocadoodle.co.uk "-" "Mozilla/5.0 (Windows NT 10.0; Win64; x64) AppleWebKit/537.36 (KHTML, like Gecko) Chrome/120.0.0.0 Safari/537.36" "-"
74.7.243.0 - - [06/Aug/2026:00:16:04 +0200] "GET /items/37044916541909.html/?loknya=/homepages/3 HTTP/1.1" 404 1271 www.chocadoodle.co.uk "https://www.chocadoodle.co.uk/items/37044916541909.html/?loknya=/homepages" "Mozilla/5.0 AppleWebKit/537.36 (KHTML, like Gecko; compatible; GPTBot/1.4; +https://openai.com/gptbot)" "-"
14.168.34.0 - - [06/Aug/2026:00:16:05 +0200] "GET / HTTP/1.1" 403 1271 www.chocadoodle.co.uk "-" "Mozilla/5.0 (Windows NT 10.0; Win64; x64) AppleWebKit/537.36 (KHTML, like Gecko) Chrome/120.0.0.0 Safari/537.36" "-"
2a03:2880:f800:: - - [06/Aug/2026:00:16:06 +0200] "GET /?lokasie=/homepages/1/d725109374/.htaccess&loknya=/homepages/1/d725109374 HTTP/1.1" 403 1271 www.chocadoodle.co.uk "-" "Mozilla/5.0 (Macintosh; Intel Mac OS X 10_15_7) AppleWebKit/537.36 (KHTML, like Gecko) Chrome/145.0.0.0 Safari/537.36 (compatible; meta-externalagent/1.1 (+https://developers.facebook.com/docs/sharing/webmasters/crawler))" "-"
109.224.242.0 - - [06/Aug/2026:00:16:15 +0200] "GET / HTTP/1.1" 403 1271 www.chocadoodle.co.uk "-" "Mozilla/5.0 (Windows NT 10.0; Win64; x64) AppleWebKit/537.36 (KHTML, like Gecko) Chrome/120.0.0.0 Safari/537.36" "-"
144.76.32.0 - - [06/Aug/2026:00:16:16 +0200] "GET /adgrik/hzdrrg-c.html HTTP/1.1" 200 58525 gbwconsulting.co.uk "-" "Mozilla/5.0 (compatible; SERankingBacklinksBot/1.0; +https://seranking.com/backlinks-crawler)" "-"
190.160.173.0 - - [06/Aug/2026:00:16:26 +0200] "GET / HTTP/1.1" 403 1271 www.chocadoodle.co.uk "-" "Mozilla/5.0 (Windows NT 10.0; Win64; x64) AppleWebKit/537.36 (KHTML, like Gecko) Chrome/120.0.0.0 Safari/537.36" "-"
74.7.243.0 - - [06/Aug/2026:00:16:53 +0200] "GET /?lokasie=/bin/www-browser&loknya=/bin HTTP/1.1" 403 1271 chocadoodle.co.uk "https://chocadoodle.co.uk/?loknya=/bin" "Mozilla/5.0 AppleWebKit/537.36 (KHTML, like Gecko; compatible; GPTBot/1.4; +https://openai.com/gptbot)" "-"
74.7.243.0 - - [06/Aug/2026:00:17:10 +0200] "GET /items/46747127970482.html/?loknya=/homepages/43 HTTP/1.1" 404 1271 www.chocadoodle.co.uk "https://www.chocadoodle.co.uk/items/46747127970482.html/" "Mozilla/5.0 AppleWebKit/537.36 (KHTML, like Gecko; compatible; GPTBot/1.4; +https://openai.com/gptbot)" "-"
2a03:2880:f800:: - - [06/Aug/2026:00:17:12 +0200] "GET /?lokasie=/homepages/43/d124547881/htdocs/wp-includes/shortcodes.php&loknya=/homepages/43/d124547881/htdocs/wp-includes HTTP/1.1" 403 1271 www.chocadoodle.co.uk "-" "Mozilla/5.0 (Macintosh; Intel Mac OS X 10_15_7) AppleWebKit/537.36 (KHTML, like Gecko) Chrome/145.0.0.0 Safari/537.36 (compatible; meta-externalagent/1.1 (+https://developers.facebook.com/docs/sharing/webmasters/crawler))" "-"
187.190.133.0 - - [06/Aug/2026:00:17:35 +0200] "GET / HTTP/1.1" 403 1271 www.chocadoodle.co.uk "-" "Mozilla/5.0 (Windows NT 10.0; Win64; x64) AppleWebKit/537.36 (KHTML, like Gecko) Chrome/120.0.0.0 Safari/537.36" "-"
144.76.32.0 - - [06/Aug/2026:00:17:38 +0200] "GET /aehkmm/aroivz-c.html HTTP/1.1" 200 58525 gbwconsulting.co.uk "-" "Mozilla/5.0 (compatible; SERankingBacklinksBot/1.0; +https://seranking.com/backlinks-crawler)" "-"
188.236.205.0 - - [06/Aug/2026:00:17:42 +0200] "GET /items/34560675231589.html/ HTTP/1.1" 404 1271 chocadoodle.co.uk "-" "Mozilla/5.0 (Macintosh; Intel Mac OS X 15_1_1) AppleWebKit/537.36 (KHTML, like Gecko) Chrome/133.0.6943.53 Safari/537.36" "-"
46.101.63.0 - - [06/Aug/2026:00:17:42 +0200] "GET / HTTP/1.1" 403 1271 chocadoodle.co.uk "217.160.0.15" "Mozilla/5.0 (Windows NT 6.1; WOW64; rv:59.0) Gecko/20100101 Firefox/59.0" "-"
96.224.238.0 - - [06/Aug/2026:00:17:47 +0200] "GET / HTTP/1.1" 403 1271 www.chocadoodle.co.uk "-" "Mozilla/5.0 (Windows NT 10.0; Win64; x64) AppleWebKit/537.36 (KHTML, like Gecko) Chrome/120.0.0.0 Safari/537.36" "-"
37.237.130.0 - - [06/Aug/2026:00:17:53 +0200] "GET / HTTP/1.1" 403 1271 www.chocadoodle.co.uk "-" "Mozilla/5.0 (Windows NT 10.0; Win64; x64) AppleWebKit/537.36 (KHTML, like Gecko) Chrome/120.0.0.0 Safari/537.36" "-"
74.7.243.0 - - [06/Aug/2026:00:17:57 +0200] "GET /?lokasie=/etc/gshadow-&loknya=/etc HTTP/1.1" 403 1271 chocadoodle.co.uk "https://chocadoodle.co.uk/?loknya=/etc" "Mozilla/5.0 AppleWebKit/537.36 (KHTML, like Gecko; compatible; GPTBot/1.4; +https://openai.com/gptbot)" "-"
80.40.86.0 - - [06/Aug/2026:00:18:05 +0200] "GET / HTTP/1.1" 403 1271 www.chocadoodle.co.uk "-" "Mozilla/5.0 (Windows NT 10.0; Win64; x64) AppleWebKit/537.36 (KHTML, like Gecko) Chrome/120.0.0.0 Safari/537.36" "-"
74.7.243.0 - - [06/Aug/2026:00:18:11 +0200] "GET /items/44143665508910.html/?loknya=/homepages/43 HTTP/1.1" 404 1271 www.chocadoodle.co.uk "https://www.chocadoodle.co.uk/items/44143665508910.html/" "Mozilla/5.0 AppleWebKit/537.36 (KHTML, like Gecko; compatible; GPTBot/1.4; +https://openai.com/gptbot)" "-"
201.210.126.0 - - [06/Aug/2026:00:18:15 +0200] "GET / HTTP/1.1" 403 1271 www.chocadoodle.co.uk "-" "Mozilla/5.0 (Windows NT 10.0; Win64; x64) AppleWebKit/537.36 (KHTML, like Gecko) Chrome/120.0.0.0 Safari/537.36" "-"
2a03:2880:f800:: - - [06/Aug/2026:00:18:19 +0200] "GET /?lokasie=/lib/mime/packages/util-linux&loknya=/lib/mime/packages HTTP/1.1" 403 1271 www.chocadoodle.co.uk "-" "Mozilla/5.0 (Windows NT 10.0; Win64; x64) AppleWebKit/537.36 (KHTML, like Gecko) Chrome/144.0.0.0 Safari/537.36 Edg/144.0.0.0 (compatible; meta-externalagent/1.1 (+https://developers.facebook.com/docs/sharing/webmasters/crawler))" "-"
157.49.120.0 - - [06/Aug/2026:00:18:26 +0200] "GET / HTTP/1.1" 403 1271 www.chocadoodle.co.uk "-" "Mozilla/5.0 (Windows NT 10.0; Win64; x64) AppleWebKit/537.36 (KHTML, like Gecko) Chrome/120.0.0.0 Safari/537.36" "-"
101.33.55.0 - - [06/Aug/2026:00:18:33 +0200] "GET / HTTP/1.1" 200 27498 wrigglesworths.co.uk "-" "Mozilla/5.0 (iPhone; CPU iPhone OS 13_2_3 like Mac OS X) AppleWebKit/605.1.15 (KHTML, like Gecko) Version/13.0.3 Mobile/15E148 Safari/604.1" "-"
144.76.32.0 - - [06/Aug/2026:00:19:01 +0200] "GET /aeownq/qjjkyo-c.html HTTP/1.1" 200 58525 gbwconsulting.co.uk "-" "Mozilla/5.0 (compatible; SERankingBacklinksBot/1.0; +https://seranking.com/backlinks-crawler)" "-"
74.7.243.0 - - [06/Aug/2026:00:19:03 +0200] "GET /?lokasie=/bin/lwp-dump&loknya=/bin HTTP/1.1" 403 1271 chocadoodle.co.uk "https://chocadoodle.co.uk/?loknya=/bin" "Mozilla/5.0 AppleWebKit/537.36 (KHTML, like Gecko; compatible; GPTBot/1.4; +https://openai.com/gptbot)" "-"
74.7.243.0 - - [06/Aug/2026:00:19:13 +0200] "GET /items/21660524923145.html/?loknya=/homepages/23 HTTP/1.1" 404 1271 www.chocadoodle.co.uk "https://www.chocadoodle.co.uk/items/21660524923145.html/?loknya=/homepages" "Mozilla/5.0 AppleWebKit/537.36 (KHTML, like Gecko; compatible; GPTBot/1.4; +https://openai.com/gptbot)" "-"
38.11.23.0 - - [06/Aug/2026:00:19:21 +0200] "GET /wp-content/uploads/2017/03/IMG_5880-300x225.jpg HTTP/1.1" 206 15146 chocadoodle.co.uk "-" "Mozilla/5.0 (Macintosh; Intel Mac OS X 10_15_7) AppleWebKit/537.36 (KHTML, like Gecko) Chrome/133.0.0.0 Safari/537.36" "-"
2a03:2880:f800:: - - [06/Aug/2026:00:19:25 +0200] "GET /?lokasie=/homepages/43/d124547881/htdocs/chocadoodle.co.uk/wp-content/uploads/2017/04/IMG_3056.jpg&loknya=/homepages/43/d124547881/htdocs/chocadoodle.co.uk/wp-content/uploads/2017/04 HTTP/1.1" 403 1271 www.chocadoodle.co.uk "-" "Mozilla/5.0 (Windows NT 10.0; Win64; x64) AppleWebKit/537.36 (KHTML, like Gecko) Chrome/145.0.0.0 Safari/537.36 (compatible; meta-externalagent/1.1 (+https://developers.facebook.com/docs/sharing/webmasters/crawler))" "-"
66.249.69.0 - - [06/Aug/2026:00:19:35 +0200] "GET /s29148144663136/ HTTP/1.1" 404 1271 www.chocadoodle.co.uk "-" "Mozilla/5.0 (Linux; Android 6.0.1; Nexus 5X Build/MMB29P) AppleWebKit/537.36 (KHTML, like Gecko) Chrome/150.0.7871.186 Mobile Safari/537.36 (compatible; GoogleOther)" "-"
41.215.223.0 - - [06/Aug/2026:00:19:58 +0200] "GET / HTTP/1.1" 403 1271 www.chocadoodle.co.uk "-" "Mozilla/5.0 (Windows NT 10.0; Win64; x64) AppleWebKit/537.36 (KHTML, like Gecko) Chrome/120.0.0.0 Safari/537.36" "-"
74.7.243.0 - - [06/Aug/2026:00:20:03 +0200] "GET /?lokasie=/bin/fc-match&loknya=/bin HTTP/1.1" 403 1271 chocadoodle.co.uk "https://chocadoodle.co.uk/?loknya=/bin" "Mozilla/5.0 AppleWebKit/537.36 (KHTML, like Gecko; compatible; GPTBot/1.4; +https://openai.com/gptbot)" "-"
66.249.69.0 - - [06/Aug/2026:00:20:06 +0200] "GET /g16697195463275/ HTTP/1.1" 404 1271 www.chocadoodle.co.uk "-" "Mozilla/5.0 (compatible; Googlebot/2.1; +http://www.google.com/bot.html)" "-"
65.95.159.0 - - [06/Aug/2026:00:20:07 +0200] "GET / HTTP/1.1" 403 1271 www.chocadoodle.co.uk "-" "Mozilla/5.0 (Windows NT 10.0; Win64; x64) AppleWebKit/537.36 (KHTML, like Gecko) Chrome/120.0.0.0 Safari/537.36" "-"
74.7.243.0 - - [06/Aug/2026:00:20:15 +0200] "GET /items/41052324892246.html/?loknya=/homepages/43 HTTP/1.1" 404 1271 www.chocadoodle.co.uk "https://www.chocadoodle.co.uk/items/41052324892246.html/" "Mozilla/5.0 AppleWebKit/537.36 (KHTML, like Gecko; compatible; GPTBot/1.4; +https://openai.com/gptbot)" "-"
97.200.201.0 - - [06/Aug/2026:00:20:20 +0200] "GET / HTTP/1.1" 403 1271 www.chocadoodle.co.uk "-" "Mozilla/5.0 (Windows NT 10.0; Win64; x64) AppleWebKit/537.36 (KHTML, like Gecko) Chrome/120.0.0.0 Safari/537.36" "-"
144.76.32.0 - - [06/Aug/2026:00:20:26 +0200] "GET /aeuimi/zhnecm-c.html HTTP/1.1" 200 58525 gbwconsulting.co.uk "-" "Mozilla/5.0 (compatible; SERankingBacklinksBot/1.0; +https://seranking.com/backlinks-crawler)" "-"
188.3.3.0 - - [06/Aug/2026:00:20:27 +0200] "GET / HTTP/1.1" 403 1271 www.chocadoodle.co.uk "-" "Mozilla/5.0 (Windows NT 10.0; Win64; x64) AppleWebKit/537.36 (KHTML, like Gecko) Chrome/120.0.0.0 Safari/537.36" "-"
2a03:2880:f800:: - - [06/Aug/2026:00:20:32 +0200] "GET /?lokasie=/homepages/43/d124547881/htdocs/chocadoodle.co.uk/wp-includes/sitemaps/class-wp-sitemaps-registry.php&loknya=/homepages/43/d124547881/htdocs/chocadoodle.co.uk/wp-includes/sitemaps HTTP/1.1" 403 1271 www.chocadoodle.co.uk "-" "Mozilla/5.0 (Windows NT 10.0; Win64; x64) AppleWebKit/537.36 (KHTML, like Gecko) Chrome/145.0.0.0 Safari/537.36 (compatible; meta-externalagent/1.1 (+https://developers.facebook.com/docs/sharing/webmasters/crawler))" "-"
66.249.69.0 - - [06/Aug/2026:00:20:37 +0200] "GET /o36587905796572/ HTTP/1.1" 404 1271 www.chocadoodle.co.uk "-" "Mozilla/5.0 (Linux; Android 6.0.1; Nexus 5X Build/MMB29P) AppleWebKit/537.36 (KHTML, like Gecko) Chrome/150.0.7871.186 Mobile Safari/537.36 (compatible; GoogleOther)" "-"
27.71.84.0 - - [06/Aug/2026:00:20:39 +0200] "GET / HTTP/1.1" 403 1271 www.chocadoodle.co.uk "-" "Mozilla/5.0 (Windows NT 10.0; Win64; x64) AppleWebKit/537.36 (KHTML, like Gecko) Chrome/120.0.0.0 Safari/537.36" "-"
85.85.130.0 - - [06/Aug/2026:00:20:47 +0200] "GET / HTTP/1.1" 403 1271 www.chocadoodle.co.uk "-" "Mozilla/5.0 (Windows NT 10.0; Win64; x64) AppleWebKit/537.36 (KHTML, like Gecko) Chrome/120.0.0.0 Safari/537.36" "-"
20.217.205.0 - - [06/Aug/2026:00:20:51 +0200] "GET /wp-content/uploads/2017/03/IMG_5884-300x225.jpg HTTP/1.1" 200 20494 chocadoodle.co.uk "-" "Mozilla/5.0 (X11; Ubuntu; Linux x86_64; rv:72.0) Gecko/20100101 Firefox/72.0" "-"
74.7.243.0 - - [06/Aug/2026:00:21:03 +0200] "GET /?lokasie=/bin/fc-query&loknya=/bin HTTP/1.1" 403 1271 chocadoodle.co.uk "https://chocadoodle.co.uk/?loknya=/bin" "Mozilla/5.0 AppleWebKit/537.36 (KHTML, like Gecko; compatible; GPTBot/1.4; +https://openai.com/gptbot)" "-"
179.60.253.0 - - [06/Aug/2026:00:21:05 +0200] "GET / HTTP/1.1" 403 1271 www.chocadoodle.co.uk "-" "Mozilla/5.0 (Windows NT 10.0; Win64; x64) AppleWebKit/537.36 (KHTML, like Gecko) Chrome/120.0.0.0 Safari/537.36" "-"
