66.249.69.0 - - [06/Aug/2026:02:00:39 +0200] "GET /b16761954663053/ HTTP/1.1" 404 1271 www.chocadoodle.co.uk "-" "Mozilla/5.0 (Linux; Android 6.0.1; Nexus 5X Build/MMB29P) AppleWebKit/537.36 (KHTML, like Gecko) Chrome/150.0.7871.186 Mobile Safari/537.36 (compatible; GoogleOther)" "-"
151.236.162.0 - - [06/Aug/2026:02:00:40 +0200] "GET / HTTP/1.1" 403 1271 www.chocadoodle.co.uk "-" "Mozilla/5.0 (Windows NT 10.0; Win64; x64) AppleWebKit/537.36 (KHTML, like Gecko) Chrome/120.0.0.0 Safari/537.36" "-"
46.101.63.0 - - [06/Aug/2026:02:00:41 +0200] "GET / HTTP/1.1" 403 1271 www.chocadoodle.co.uk "217.160.0.15" "Mozilla/5.0 (Windows NT 6.1; WOW64; rv:59.0) Gecko/20100101 Firefox/59.0" "-"
144.76.32.0 - - [06/Aug/2026:02:00:41 +0200] "GET /bcxgcn/bizzpu-c.html HTTP/1.1" 200 58525 gbwconsulting.co.uk "-" "Mozilla/5.0 (compatible; SERankingBacklinksBot/1.0; +https://seranking.com/backlinks-crawler)" "-"
66.249.69.0 - - [06/Aug/2026:02:00:42 +0200] "GET /b34955987663107/ HTTP/1.1" 404 1271 www.chocadoodle.co.uk "-" "Mozilla/5.0 (compatible; Googlebot/2.1; +http://www.google.com/bot.html)" "-"
66.249.69.0 - - [06/Aug/2026:02:00:47 +0200] "GET /f32457855389433/ HTTP/1.1" 404 1271 www.chocadoodle.co.uk "-" "Mozilla/5.0 (Linux; Android 6.0.1; Nexus 5X Build/MMB29P) AppleWebKit/537.36 (KHTML, like Gecko) Chrome/150.0.7871.186 Mobile Safari/537.36 (compatible; GoogleOther)" "-"
179.6.24.0 - - [06/Aug/2026:02:00:49 +0200] "GET / HTTP/1.1" 403 1271 www.chocadoodle.co.uk "-" "Mozilla/5.0 (Windows NT 10.0; Win64; x64) AppleWebKit/537.36 (KHTML, like Gecko) Chrome/120.0.0.0 Safari/537.36" "-"
168.197.19.0 - - [06/Aug/2026:02:00:53 +0200] "GET / HTTP/1.1" 403 1271 www.chocadoodle.co.uk "-" "Mozilla/5.0 (Windows NT 10.0; Win64; x64) AppleWebKit/537.36 (KHTML, like Gecko) Chrome/120.0.0.0 Safari/537.36" "-"
66.249.69.0 - - [06/Aug/2026:02:00:58 +0200] "GET /d44980637251831/ HTTP/1.1" 404 1271 www.chocadoodle.co.uk "-" "Mozilla/5.0 (Linux; Android 6.0.1; Nexus 5X Build/MMB29P) AppleWebKit/537.36 (KHTML, like Gecko) Chrome/150.0.7871.186 Mobile Safari/537.36 (compatible; GoogleOther)" "-"
66.249.69.0 - - [06/Aug/2026:02:00:59 +0200] "GET /l47487226882495/ HTTP/1.1" 404 1271 www.chocadoodle.co.uk "-" "Mozilla/5.0 (Linux; Android 6.0.1; Nexus 5X Build/MMB29P) AppleWebKit/537.36 (KHTML, like Gecko) Chrome/150.0.7871.186 Mobile Safari/537.36 (compatible; GoogleOther)" "-"
167.249.147.0 - - [06/Aug/2026:02:01:02 +0200] "GET / HTTP/1.1" 403 1271 www.chocadoodle.co.uk "-" "Mozilla/5.0 (Windows NT 10.0; Win64; x64) AppleWebKit/537.36 (KHTML, like Gecko) Chrome/120.0.0.0 Safari/537.36" "-"
144.76.19.0 - - [06/Aug/2026:02:01:04 +0200] "GET /aocruz/zibmev-c.html HTTP/1.1" 200 27498 www.wrigglesworths.co.uk "-" "Mozilla/5.0 (compatible; SERankingBacklinksBot/1.0; +https://seranking.com/backlinks-crawler)" "-"
66.249.69.0 - - [06/Aug/2026:02:01:04 +0200] "GET /t16169317490625/ HTTP/1.1" 404 1271 www.chocadoodle.co.uk "-" "Mozilla/5.0 (Linux; Android 6.0.1; Nexus 5X Build/MMB29P) AppleWebKit/537.36 (KHTML, like Gecko) Chrome/150.0.7871.186 Mobile Safari/537.36 (compatible; GoogleOther)" "-"
45.231.126.0 - - [06/Aug/2026:02:01:07 +0200] "GET / HTTP/1.1" 403 1271 www.chocadoodle.co.uk "-" "Mozilla/5.0 (Windows NT 10.0; Win64; x64) AppleWebKit/537.36 (KHTML, like Gecko) Chrome/120.0.0.0 Safari/537.36" "-"
74.7.243.0 - - [06/Aug/2026:02:01:08 +0200] "GET /?loknya=/kunden/etc/ssl HTTP/1.1" 403 1271 chocadoodle.co.uk "https://chocadoodle.co.uk/?loknya=/kunden/etc" "Mozilla/5.0 AppleWebKit/537.36 (KHTML, like Gecko; compatible; GPTBot/1.4; +https://openai.com/gptbot)" "-"
66.249.69.0 - - [06/Aug/2026:02:01:14 +0200] "GET /x11974756979235/ HTTP/1.1" 404 1271 www.chocadoodle.co.uk "-" "Mozilla/5.0 (Linux; Android 6.0.1; Nexus 5X Build/MMB29P) AppleWebKit/537.36 (KHTML, like Gecko) Chrome/150.0.7871.186 Mobile Safari/537.36 (compatible; GoogleOther)" "-"
74.7.243.0 - - [06/Aug/2026:02:01:14 +0200] "GET /items/49853996320086.html/?loknya=/homepages/38 HTTP/1.1" 404 1271 www.chocadoodle.co.uk "https://www.chocadoodle.co.uk/items/49853996320086.html/?loknya=/homepages" "Mozilla/5.0 AppleWebKit/537.36 (KHTML, like Gecko; compatible; GPTBot/1.4; +https://openai.com/gptbot)" "-"
66.249.69.0 - - [06/Aug/2026:02:01:16 +0200] "GET /t43510686315553/ HTTP/1.1" 404 1271 www.chocadoodle.co.uk "-" "Mozilla/5.0 (Linux; Android 6.0.1; Nexus 5X Build/MMB29P) AppleWebKit/537.36 (KHTML, like Gecko) Chrome/150.0.7871.186 Mobile Safari/537.36 (compatible; GoogleOther)" "-"
67.181.248.0 - - [06/Aug/2026:02:01:17 +0200] "GET / HTTP/1.1" 403 1271 www.chocadoodle.co.uk "-" "Mozilla/5.0 (Windows NT 10.0; Win64; x64) AppleWebKit/537.36 (KHTML, like Gecko) Chrome/120.0.0.0 Safari/537.36" "-"
66.249.69.0 - - [06/Aug/2026:02:01:17 +0200] "GET /l47636086886724/ HTTP/1.1" 404 1271 www.chocadoodle.co.uk "-" "Mozilla/5.0 (Linux; Android 6.0.1; Nexus 5X Build/MMB29P) AppleWebKit/537.36 (KHTML, like Gecko) Chrome/150.0.7871.186 Mobile Safari/537.36 (compatible; GoogleOther)" "-"
66.249.69.0 - - [06/Aug/2026:02:01:20 +0200] "GET /p35320764982037/ HTTP/1.1" 404 1271 www.chocadoodle.co.uk "-" "Mozilla/5.0 (Linux; Android 6.0.1; Nexus 5X Build/MMB29P) AppleWebKit/537.36 (KHTML, like Gecko) Chrome/150.0.7871.186 Mobile Safari/537.36 (compatible; GoogleOther)" "-"
103.111.225.0 - - [06/Aug/2026:02:01:21 +0200] "GET / HTTP/1.1" 403 1271 www.chocadoodle.co.uk "-" "Mozilla/5.0 (Windows NT 10.0; Win64; x64) AppleWebKit/537.36 (KHTML, like Gecko) Chrome/120.0.0.0 Safari/537.36" "-"
66.249.69.0 - - [06/Aug/2026:02:01:30 +0200] "GET /j32495496488506/ HTTP/1.1" 404 1271 www.chocadoodle.co.uk "-" "Mozilla/5.0 (Linux; Android 6.0.1; Nexus 5X Build/MMB29P) AppleWebKit/537.36 (KHTML, like Gecko) Chrome/150.0.7871.186 Mobile Safari/537.36 (compatible; GoogleOther)" "-"
46.251.146.0 - - [06/Aug/2026:02:01:31 +0200] "GET / HTTP/1.1" 403 1271 www.chocadoodle.co.uk "-" "Mozilla/5.0 (Windows NT 10.0; Win64; x64) AppleWebKit/537.36 (KHTML, like Gecko) Chrome/120.0.0.0 Safari/537.36" "-"
66.249.69.0 - - [06/Aug/2026:02:01:34 +0200] "GET /g44680196709910/ HTTP/1.1" 404 1271 www.chocadoodle.co.uk "-" "Mozilla/5.0 (Linux; Android 6.0.1; Nexus 5X Build/MMB29P) AppleWebKit/537.36 (KHTML, like Gecko) Chrome/150.0.7871.186 Mobile Safari/537.36 (compatible; GoogleOther)" "-"
136.158.123.0 - - [06/Aug/2026:02:01:36 +0200] "GET / HTTP/1.1" 403 1271 www.chocadoodle.co.uk "-" "Mozilla/5.0 (Windows NT 10.0; Win64; x64) AppleWebKit/537.36 (KHTML, like Gecko) Chrome/120.0.0.0 Safari/537.36" "-"
66.249.69.0 - - [06/Aug/2026:02:01:37 +0200] "GET /a18052914873496/ HTTP/1.1" 404 1271 www.chocadoodle.co.uk "-" "Mozilla/5.0 (Linux; Android 6.0.1; Nexus 5X Build/MMB29P) AppleWebKit/537.36 (KHTML, like Gecko) Chrome/150.0.7871.186 Mobile Safari/537.36 (compatible; GoogleOther)" "-"
2a03:2880:f800:: - - [06/Aug/2026:02:01:39 +0200] "GET /?lokasie=/homepages/10/d732792849/phpinilist&loknya=/homepages/10/d732792849 HTTP/1.1" 403 1271 www.chocadoodle.co.uk "-" "Mozilla/5.0 (Macintosh; Intel Mac OS X 10_15_7) AppleWebKit/537.36 (KHTML, like Gecko) Chrome/145.0.0.0 Safari/537.36 (compatible; meta-externalagent/1.1 (+https://developers.facebook.com/docs/sharing/webmasters/crawler))" "-"
50.17.193.0 - - [06/Aug/2026:02:01:40 +0200] "GET /index.php?loknya=/homepages/43/d124547881/htdocs/chocadoodle.co.uk/wp-admin HTTP/1.1" 404 1271 www.chocadoodle.co.uk "-" "Mozilla/5.0 AppleWebKit/537.36 (KHTML, like Gecko; compatible; Amazonbot/0.1; +https://developer.amazon.com/support/amazonbot) Chrome/119.0.6045.214 Safari/537.36" "-"
54.164.106.0 - - [06/Aug/2026:02:01:42 +0200] "GET /?loknya=/bin HTTP/1.1" 403 1271 chocadoodle.co.uk "-" "Mozilla/5.0 AppleWebKit/537.36 (KHTML, like Gecko; compatible; Amazonbot/0.1; +https://developer.amazon.com/support/amazonbot) Chrome/119.0.6045.214 Safari/537.36" "-"
144.76.32.0 - - [06/Aug/2026:02:01:42 +0200] "GET /bdjpny/oohkbs-c.html HTTP/1.1" 200 58525 gbwconsulting.co.uk "-" "Mozilla/5.0 (compatible; SERankingBacklinksBot/1.0; +https://seranking.com/backlinks-crawler)" "-"
23.23.214.0 - - [06/Aug/2026:02:01:46 +0200] "GET /?loknya=/kunden HTTP/1.1" 403 1271 chocadoodle.co.uk "-" "Mozilla/5.0 AppleWebKit/537.36 (KHTML, like Gecko; compatible; Amazonbot/0.1; +https://developer.amazon.com/support/amazonbot) Chrome/119.0.6045.214 Safari/537.36" "-"
66.249.69.0 - - [06/Aug/2026:02:01:48 +0200] "GET /p41585448136816/ HTTP/1.1" 404 1271 www.chocadoodle.co.uk "-" "Mozilla/5.0 (Linux; Android 6.0.1; Nexus 5X Build/MMB29P) AppleWebKit/537.36 (KHTML, like Gecko) Chrome/150.0.7871.186 Mobile Safari/537.36 (compatible; GoogleOther)" "-"
34.234.200.0 - - [06/Aug/2026:02:01:50 +0200] "GET /?loknya=/homepages/43/d124547881/ HTTP/1.1" 403 1271 chocadoodle.co.uk "-" "Mozilla/5.0 AppleWebKit/537.36 (KHTML, like Gecko; compatible; Amazonbot/0.1; +https://developer.amazon.com/support/amazonbot) Chrome/119.0.6045.214 Safari/537.36" "-"
66.249.69.0 - - [06/Aug/2026:02:01:51 +0200] "GET /w41581856627021/ HTTP/1.1" 404 1271 www.chocadoodle.co.uk "-" "Mozilla/5.0 (Linux; Android 6.0.1; Nexus 5X Build/MMB29P) AppleWebKit/537.36 (KHTML, like Gecko) Chrome/150.0.7871.186 Mobile Safari/537.36 (compatible; GoogleOther)" "-"
66.249.69.0 - - [06/Aug/2026:02:01:51 +0200] "GET /c23536545629733/ HTTP/1.1" 404 1271 www.chocadoodle.co.uk "-" "Mozilla/5.0 (compatible; Googlebot/2.1; +http://www.google.com/bot.html)" "-"
66.249.69.0 - - [06/Aug/2026:02:01:53 +0200] "GET /o45559125268442/ HTTP/1.1" 404 1271 www.chocadoodle.co.uk "-" "Mozilla/5.0 (Linux; Android 6.0.1; Nexus 5X Build/MMB29P) AppleWebKit/537.36 (KHTML, like Gecko) Chrome/150.0.7871.186 Mobile Safari/537.36 (compatible; GoogleOther)" "-"
44.206.65.0 - - [06/Aug/2026:02:01:54 +0200] "GET /?loknya=/sbin HTTP/1.1" 403 1271 chocadoodle.co.uk "-" "Mozilla/5.0 AppleWebKit/537.36 (KHTML, like Gecko; compatible; Amazonbot/0.1; +https://developer.amazon.com/support/amazonbot) Chrome/119.0.6045.214 Safari/537.36" "-"
3.219.80.0 - - [06/Aug/2026:02:01:58 +0200] "GET /?loknya=/homepages/43/d730151764 HTTP/1.1" 403 1271 chocadoodle.co.uk "-" "Mozilla/5.0 AppleWebKit/537.36 (KHTML, like Gecko; compatible; Amazonbot/0.1; +https://developer.amazon.com/support/amazonbot) Chrome/119.0.6045.214 Safari/537.36" "-"
66.249.69.0 - - [06/Aug/2026:02:02:01 +0200] "GET /z21231535422199/ HTTP/1.1" 404 1271 www.chocadoodle.co.uk "-" "Mozilla/5.0 (Linux; Android 6.0.1; Nexus 5X Build/MMB29P) AppleWebKit/537.36 (KHTML, like Gecko) Chrome/150.0.7871.186 Mobile Safari/537.36 (compatible; GoogleOther)" "-"
18.204.152.0 - - [06/Aug/2026:02:02:02 +0200] "GET /?loknya=/homepages/43/d124547881/htdocs/chocadoodle.co.uk/wp-content/upgrade-temp-backup HTTP/1.1" 403 1271 chocadoodle.co.uk "-" "Mozilla/5.0 AppleWebKit/537.36 (KHTML, like Gecko; compatible; Amazonbot/0.1; +https://developer.amazon.com/support/amazonbot) Chrome/119.0.6045.214 Safari/537.36" "-"
144.76.19.0 - - [06/Aug/2026:02:02:03 +0200] "GET /aolntf/fweqdu-c.html HTTP/1.1" 200 27498 www.wrigglesworths.co.uk "-" "Mozilla/5.0 (compatible; SERankingBacklinksBot/1.0; +https://seranking.com/backlinks-crawler)" "-"
50.16.216.0 - - [06/Aug/2026:02:02:06 +0200] "GET /index.php?loknya=/homepages/43/d124547881/htdocs/ HTTP/1.1" 404 1271 chocadoodle.co.uk "-" "Mozilla/5.0 AppleWebKit/537.36 (KHTML, like Gecko; compatible; Amazonbot/0.1; +https://developer.amazon.com/support/amazonbot) Chrome/119.0.6045.214 Safari/537.36" "-"
66.249.69.0 - - [06/Aug/2026:02:02:06 +0200] "GET /f37121897876759/ HTTP/1.1" 404 1271 www.chocadoodle.co.uk "-" "Mozilla/5.0 (Linux; Android 6.0.1; Nexus 5X Build/MMB29P) AppleWebKit/537.36 (KHTML, like Gecko) Chrome/150.0.7871.186 Mobile Safari/537.36 (compatible; GoogleOther)" "-"
66.249.69.0 - - [06/Aug/2026:02:02:09 +0200] "GET /w35319646316603/ HTTP/1.1" 404 1271 www.chocadoodle.co.uk "-" "Mozilla/5.0 (Linux; Android 6.0.1; Nexus 5X Build/MMB29P) AppleWebKit/537.36 (KHTML, like Gecko) Chrome/150.0.7871.186 Mobile Safari/537.36 (compatible; GoogleOther)" "-"
66.249.69.0 - - [06/Aug/2026:02:02:12 +0200] "GET /r10302916288920/ HTTP/1.1" 404 1271 www.chocadoodle.co.uk "-" "Mozilla/5.0 (Linux; Android 6.0.1; Nexus 5X Build/MMB29P) AppleWebKit/537.36 (KHTML, like Gecko) Chrome/150.0.7871.186 Mobile Safari/537.36 (compatible; GoogleOther)" "-"
74.7.243.0 - - [06/Aug/2026:02:02:13 +0200] "GET /?loknya=/kunden/lib/lsb HTTP/1.1" 403 1271 chocadoodle.co.uk "https://chocadoodle.co.uk/?loknya=/kunden/lib" "Mozilla/5.0 AppleWebKit/537.36 (KHTML, like Gecko; compatible; GPTBot/1.4; +https://openai.com/gptbot)" "-"
74.7.243.0 - - [06/Aug/2026:02:02:17 +0200] "GET /items/34173597507067.html/?loknya=/homepages/43 HTTP/1.1" 404 1271 www.chocadoodle.co.uk "https://www.chocadoodle.co.uk/items/34173597507067.html/" "Mozilla/5.0 AppleWebKit/537.36 (KHTML, like Gecko; compatible; GPTBot/1.4; +https://openai.com/gptbot)" "-"
66.249.69.0 - - [06/Aug/2026:02:02:17 +0200] "GET /v33823005194441/ HTTP/1.1" 404 1271 www.chocadoodle.co.uk "-" "Mozilla/5.0 (Linux; Android 6.0.1; Nexus 5X Build/MMB29P) AppleWebKit/537.36 (KHTML, like Gecko) Chrome/150.0.7871.186 Mobile Safari/537.36 (compatible; GoogleOther)" "-"
66.249.69.0 - - [06/Aug/2026:02:02:24 +0200] "GET /b32875425047785/ HTTP/1.1" 404 1271 www.chocadoodle.co.uk "-" "Mozilla/5.0 (Linux; Android 6.0.1; Nexus 5X Build/MMB29P) AppleWebKit/537.36 (KHTML, like Gecko) Chrome/150.0.7871.186 Mobile Safari/537.36 (compatible; GoogleOther)" "-"
66.249.69.0 - - [06/Aug/2026:02:02:26 +0200] "GET /z12174327731884/ HTTP/1.1" 404 1271 www.chocadoodle.co.uk "-" "Mozilla/5.0 (Linux; Android 6.0.1; Nexus 5X Build/MMB29P) AppleWebKit/537.36 (KHTML, like Gecko) Chrome/150.0.7871.186 Mobile Safari/537.36 (compatible; GoogleOther)" "-"
66.249.69.0 - - [06/Aug/2026:02:02:33 +0200] "GET /k46581827718531/ HTTP/1.1" 404 1271 www.chocadoodle.co.uk "-" "Mozilla/5.0 (Linux; Android 6.0.1; Nexus 5X Build/MMB29P) AppleWebKit/537.36 (KHTML, like Gecko) Chrome/150.0.7871.186 Mobile Safari/537.36 (compatible; GoogleOther)" "-"
66.249.69.0 - - [06/Aug/2026:02:02:35 +0200] "GET /t10198136693473/ HTTP/1.1" 404 1271 www.chocadoodle.co.uk "-" "Mozilla/5.0 (Linux; Android 6.0.1; Nexus 5X Build/MMB29P) AppleWebKit/537.36 (KHTML, like Gecko) Chrome/150.0.7871.186 Mobile Safari/537.36 (compatible; GoogleOther)" "-"
66.249.69.0 - - [06/Aug/2026:02:02:43 +0200] "GET /g49987545973227/ HTTP/1.1" 404 1271 www.chocadoodle.co.uk "-" "Mozilla/5.0 (Linux; Android 6.0.1; Nexus 5X Build/MMB29P) AppleWebKit/537.36 (KHTML, like Gecko) Chrome/150.0.7871.186 Mobile Safari/537.36 (compatible; GoogleOther)" "-"
144.76.32.0 - - [06/Aug/2026:02:02:44 +0200] "GET /bdrxus/kecyct-c.html HTTP/1.1" 200 58525 gbwconsulting.co.uk "-" "Mozilla/5.0 (compatible; SERankingBacklinksBot/1.0; +https://seranking.com/backlinks-crawler)" "-"
2a03:2880:f800:: - - [06/Aug/2026:02:02:46 +0200] "GET /?loknya=/kunden/lib/mime HTTP/1.1" 403 1271 www.chocadoodle.co.uk "-" "Mozilla/5.0 (Windows NT 10.0; Win64; x64) AppleWebKit/537.36 (KHTML, like Gecko) Chrome/145.0.0.0 Safari/537.36 (compatible; meta-externalagent/1.1 (+https://developers.facebook.com/docs/sharing/webmasters/crawler))" "-"
66.249.69.0 - - [06/Aug/2026:02:02:49 +0200] "GET /q46672585259024/ HTTP/1.1" 404 1271 www.chocadoodle.co.uk "-" "Mozilla/5.0 (Linux; Android 6.0.1; Nexus 5X Build/MMB29P) AppleWebKit/537.36 (KHTML, like Gecko) Chrome/150.0.7871.186 Mobile Safari/537.36 (compatible; GoogleOther)" "-"
66.249.69.0 - - [06/Aug/2026:02:02:51 +0200] "GET /g11966166606913/ HTTP/1.1" 404 1271 www.chocadoodle.co.uk "-" "Mozilla/5.0 (Linux; Android 6.0.1; Nexus 5X Build/MMB29P) AppleWebKit/537.36 (KHTML, like Gecko) Chrome/150.0.7871.186 Mobile Safari/537.36 (compatible; GoogleOther)" "-"
216.73.216.0 - - [06/Aug/2026:02:02:58 +0200] "GET /robots.txt HTTP/1.1" 200 419 www.chocadoodle.co.uk "-" "Mozilla/5.0 AppleWebKit/537.36 (KHTML, like Gecko; compatible; ClaudeBot/1.0; +claudebot@anthropic.com)" "-"
216.73.216.0 - - [06/Aug/2026:02:02:58 +0200] "GET /?lokasie=%2Fbin%2Fmt-gnu&loknya=%2Fbin HTTP/1.1" 403 1271 www.chocadoodle.co.uk "-" "Mozilla/5.0 AppleWebKit/537.36 (KHTML, like Gecko; compatible; ClaudeBot/1.0; +claudebot@anthropic.com)" "-"
216.73.216.0 - - [06/Aug/2026:02:02:58 +0200] "GET /?lokasie=%2Fbin%2Fx86_64-linux-gnu-dwp&loknya=%2Fbin HTTP/1.1" 403 1271 www.chocadoodle.co.uk "-" "Mozilla/5.0 AppleWebKit/537.36 (KHTML, like Gecko; compatible; ClaudeBot/1.0; +claudebot@anthropic.com)" "-"
216.73.216.0 - - [06/Aug/2026:02:02:59 +0200] "GET /?lokasie=%2Fbin%2Fdbiproxy&loknya=%2Fbin HTTP/1.1" 403 1271 www.chocadoodle.co.uk "-" "Mozilla/5.0 AppleWebKit/537.36 (KHTML, like Gecko; compatible; ClaudeBot/1.0; +claudebot@anthropic.com)" "-"
216.73.216.0 - - [06/Aug/2026:02:02:59 +0200] "GET /?lokasie=%2Fbin%2Fui-atomic-create&loknya=%2Fbin HTTP/1.1" 403 1271 www.chocadoodle.co.uk "-" "Mozilla/5.0 AppleWebKit/537.36 (KHTML, like Gecko; compatible; ClaudeBot/1.0; +claudebot@anthropic.com)" "-"
216.73.216.0 - - [06/Aug/2026:02:03:00 +0200] "GET /index.php?loknya=%2Fhomepages%2F43%2Fd124547881%2Fhtdocs HTTP/1.1" 404 1271 www.chocadoodle.co.uk "-" "Mozilla/5.0 AppleWebKit/537.36 (KHTML, like Gecko; compatible; ClaudeBot/1.0; +claudebot@anthropic.com)" "-"
216.73.216.0 - - [06/Aug/2026:02:03:00 +0200] "GET /?loknya=%2Fhomepages%2F43%2Fd124547881%2Fhtdocs%2Fchocadoodle.co.uk%2Fcss%2Fcss HTTP/1.1" 403 1271 www.chocadoodle.co.uk "-" "Mozilla/5.0 AppleWebKit/537.36 (KHTML, like Gecko; compatible; ClaudeBot/1.0; +claudebot@anthropic.com)" "-"
66.249.69.0 - - [06/Aug/2026:02:03:00 +0200] "GET /r46614986646063/ HTTP/1.1" 404 1271 www.chocadoodle.co.uk "-" "Mozilla/5.0 (Linux; Android 6.0.1; Nexus 5X Build/MMB29P) AppleWebKit/537.36 (KHTML, like Gecko) Chrome/150.0.7871.186 Mobile Safari/537.36 (compatible; GoogleOther)" "-"
216.73.216.0 - - [06/Aug/2026:02:03:01 +0200] "GET /index.php?loknya=%2Fhomepages%2F6 HTTP/1.1" 404 1271 www.chocadoodle.co.uk "-" "Mozilla/5.0 AppleWebKit/537.36 (KHTML, like Gecko; compatible; ClaudeBot/1.0; +claudebot@anthropic.com)" "-"
216.73.216.0 - - [06/Aug/2026:02:03:01 +0200] "GET /?loknya=%2Fetc%2Flynx HTTP/1.1" 403 1271 www.chocadoodle.co.uk "-" "Mozilla/5.0 AppleWebKit/537.36 (KHTML, like Gecko; compatible; ClaudeBot/1.0; +claudebot@anthropic.com)" "-"
144.76.19.0 - - [06/Aug/2026:02:03:02 +0200] "GET /aomqbu/lwvyje-c.html HTTP/1.1" 200 27498 www.wrigglesworths.co.uk "-" "Mozilla/5.0 (compatible; SERankingBacklinksBot/1.0; +https://seranking.com/backlinks-crawler)" "-"
66.249.69.0 - - [06/Aug/2026:02:03:03 +0200] "GET /e17857817722068/ HTTP/1.1" 404 1271 www.chocadoodle.co.uk "-" "Mozilla/5.0 (Linux; Android 6.0.1; Nexus 5X Build/MMB29P) AppleWebKit/537.36 (KHTML, like Gecko) Chrome/150.0.7871.186 Mobile Safari/537.36 (compatible; GoogleOther)" "-"
66.249.69.0 - - [06/Aug/2026:02:03:09 +0200] "GET /t46696336913963/ HTTP/1.1" 404 1271 www.chocadoodle.co.uk "-" "Mozilla/5.0 (Linux; Android 6.0.1; Nexus 5X Build/MMB29P) AppleWebKit/537.36 (KHTML, like Gecko) Chrome/150.0.7871.186 Mobile Safari/537.36 (compatible; GoogleOther)" "-"
74.7.243.0 - - [06/Aug/2026:02:03:15 +0200] "GET /?loknya=/usr/local/sbin HTTP/1.1" 403 1271 chocadoodle.co.uk "https://chocadoodle.co.uk/?loknya=/usr/local" "Mozilla/5.0 AppleWebKit/537.36 (KHTML, like Gecko; compatible; GPTBot/1.4; +https://openai.com/gptbot)" "-"
66.249.69.0 - - [06/Aug/2026:02:03:16 +0200] "GET /o31063135683241/ HTTP/1.1" 404 1271 www.chocadoodle.co.uk "-" "Mozilla/5.0 (Linux; Android 6.0.1; Nexus 5X Build/MMB29P) AppleWebKit/537.36 (KHTML, like Gecko) Chrome/150.0.7871.186 Mobile Safari/537.36 (compatible; GoogleOther)" "-"
74.7.243.0 - - [06/Aug/2026:02:03:17 +0200] "GET /items/34599407029563.html/?loknya=/homepages/43 HTTP/1.1" 404 1271 www.chocadoodle.co.uk "https://www.chocadoodle.co.uk/items/34599407029563.html/" "Mozilla/5.0 AppleWebKit/537.36 (KHTML, like Gecko; compatible; GPTBot/1.4; +https://openai.com/gptbot)" "-"
216.73.216.0 - - [06/Aug/2026:02:03:17 +0200] "GET /?lokasie=%2Fbin%2Fwrite&loknya=%2Fbin HTTP/1.1" 403 1271 www.chocadoodle.co.uk "-" "Mozilla/5.0 AppleWebKit/537.36 (KHTML, like Gecko; compatible; ClaudeBot/1.0; +claudebot@anthropic.com)" "-"
216.73.216.0 - - [06/Aug/2026:02:03:17 +0200] "GET /?loknya=%2Flib%2Fgold-ld HTTP/1.1" 403 1271 www.chocadoodle.co.uk "-" "Mozilla/5.0 AppleWebKit/537.36 (KHTML, like Gecko; compatible; ClaudeBot/1.0; +claudebot@anthropic.com)" "-"
216.73.216.0 - - [06/Aug/2026:02:03:17 +0200] "GET /index.php?loknya=%2Fhomepages%2Flnk HTTP/1.1" 404 1271 www.chocadoodle.co.uk "-" "Mozilla/5.0 AppleWebKit/537.36 (KHTML, like Gecko; compatible; ClaudeBot/1.0; +claudebot@anthropic.com)" "-"
216.73.216.0 - - [06/Aug/2026:02:03:18 +0200] "GET /?loknya=%2Fhomepages%2F43%2Fd124547881%2Fhtdocs%2Fhtml HTTP/1.1" 403 1271 www.chocadoodle.co.uk "-" "Mozilla/5.0 AppleWebKit/537.36 (KHTML, like Gecko; compatible; ClaudeBot/1.0; +claudebot@anthropic.com)" "-"
216.73.216.0 - - [06/Aug/2026:02:03:18 +0200] "GET /?lokasie=%2Fbin%2Fdb5.3_replicate&loknya=%2Fbin HTTP/1.1" 403 1271 www.chocadoodle.co.uk "-" "Mozilla/5.0 AppleWebKit/537.36 (KHTML, like Gecko; compatible; ClaudeBot/1.0; +claudebot@anthropic.com)" "-"
216.73.216.0 - - [06/Aug/2026:02:03:19 +0200] "GET /index.php?loknya=%2Fhomepages%2F43%2Fd124547881%2Fhtdocs%2F HTTP/1.1" 404 1271 www.chocadoodle.co.uk "-" "Mozilla/5.0 AppleWebKit/537.36 (KHTML, like Gecko; compatible; ClaudeBot/1.0; +claudebot@anthropic.com)" "-"
216.73.216.0 - - [06/Aug/2026:02:03:19 +0200] "GET /?lokasie=%2Fbin%2Fwrite.ul&loknya=%2Fbin HTTP/1.1" 403 1271 www.chocadoodle.co.uk "-" "Mozilla/5.0 AppleWebKit/537.36 (KHTML, like Gecko; compatible; ClaudeBot/1.0; +claudebot@anthropic.com)" "-"
216.73.216.0 - - [06/Aug/2026:02:03:20 +0200] "GET /?lokasie=%2Fbin%2Fgpgparsemail&loknya=%2Fbin HTTP/1.1" 403 1271 www.chocadoodle.co.uk "-" "Mozilla/5.0 AppleWebKit/537.36 (KHTML, like Gecko; compatible; ClaudeBot/1.0; +claudebot@anthropic.com)" "-"
66.249.69.0 - - [06/Aug/2026:02:03:26 +0200] "GET /e21903986332607/ HTTP/1.1" 404 1271 www.chocadoodle.co.uk "-" "Mozilla/5.0 (Linux; Android 6.0.1; Nexus 5X Build/MMB29P) AppleWebKit/537.36 (KHTML, like Gecko) Chrome/150.0.7871.186 Mobile Safari/537.36 (compatible; GoogleOther)" "-"
66.249.69.0 - - [06/Aug/2026:02:03:26 +0200] "GET /b12601608009645/ HTTP/1.1" 404 1271 www.chocadoodle.co.uk "-" "Mozilla/5.0 (Linux; Android 6.0.1; Nexus 5X Build/MMB29P) AppleWebKit/537.36 (KHTML, like Gecko) Chrome/150.0.7871.186 Mobile Safari/537.36 (compatible; GoogleOther)" "-"
66.249.69.0 - - [06/Aug/2026:02:03:27 +0200] "GET /s39369507114501/ HTTP/1.1" 404 1271 www.chocadoodle.co.uk "-" "Mozilla/5.0 (Linux; Android 6.0.1; Nexus 5X Build/MMB29P) AppleWebKit/537.36 (KHTML, like Gecko) Chrome/150.0.7871.186 Mobile Safari/537.36 (compatible; GoogleOther)" "-"
216.73.216.0 - - [06/Aug/2026:02:03:28 +0200] "GET /?loknya=%2Fhomepages%2F8 HTTP/1.1" 403 1271 www.chocadoodle.co.uk "-" "Mozilla/5.0 AppleWebKit/537.36 (KHTML, like Gecko; compatible; ClaudeBot/1.0; +claudebot@anthropic.com)" "-"
216.73.216.0 - - [06/Aug/2026:02:03:29 +0200] "GET /?loknya=%2Fhomepages%2F5 HTTP/1.1" 403 1271 www.chocadoodle.co.uk "-" "Mozilla/5.0 AppleWebKit/537.36 (KHTML, like Gecko; compatible; ClaudeBot/1.0; +claudebot@anthropic.com)" "-"
216.73.216.0 - - [06/Aug/2026:02:03:29 +0200] "GET /?loknya=%2Fhomepages%2F0 HTTP/1.1" 429 267 www.chocadoodle.co.uk "-" "Mozilla/5.0 AppleWebKit/537.36 (KHTML, like Gecko; compatible; ClaudeBot/1.0; +claudebot@anthropic.com)" "-"
216.73.216.0 - - [06/Aug/2026:02:03:30 +0200] "GET /?loknya=%2Fhomepages%2F7 HTTP/1.1" 429 267 www.chocadoodle.co.uk "-" "Mozilla/5.0 AppleWebKit/537.36 (KHTML, like Gecko; compatible; ClaudeBot/1.0; +claudebot@anthropic.com)" "-"
216.73.216.0 - - [06/Aug/2026:02:03:30 +0200] "GET /?loknya=%2Fhomepages%2F4 HTTP/1.1" 429 267 www.chocadoodle.co.uk "-" "Mozilla/5.0 AppleWebKit/537.36 (KHTML, like Gecko; compatible; ClaudeBot/1.0; +claudebot@anthropic.com)" "-"
216.73.216.0 - - [06/Aug/2026:02:03:31 +0200] "GET /?loknya=%2Fhomepages%2F3 HTTP/1.1" 429 267 www.chocadoodle.co.uk "-" "Mozilla/5.0 AppleWebKit/537.36 (KHTML, like Gecko; compatible; ClaudeBot/1.0; +claudebot@anthropic.com)" "-"
216.73.216.0 - - [06/Aug/2026:02:03:31 +0200] "GET /?loknya=%2Fhomepages%2F43%2Fd124547881%2Fhtdocs%2Fchocadoodle.co.uk%2Fwp-includes%2Frest-api HTTP/1.1" 429 267 www.chocadoodle.co.uk "-" "Mozilla/5.0 AppleWebKit/537.36 (KHTML, like Gecko; compatible; ClaudeBot/1.0; +claudebot@anthropic.com)" "-"
216.73.216.0 - - [06/Aug/2026:02:03:32 +0200] "GET /?lokasie=%2Fbin%2Flinux32&loknya=%2Fbin HTTP/1.1" 429 267 www.chocadoodle.co.uk "-" "Mozilla/5.0 AppleWebKit/537.36 (KHTML, like Gecko; compatible; ClaudeBot/1.0; +claudebot@anthropic.com)" "-"
66.249.69.0 - - [06/Aug/2026:02:03:43 +0200] "GET /p22970957692629/ HTTP/1.1" 404 1271 www.chocadoodle.co.uk "-" "Mozilla/5.0 (Linux; Android 6.0.1; Nexus 5X Build/MMB29P) AppleWebKit/537.36 (KHTML, like Gecko) Chrome/150.0.7871.186 Mobile Safari/537.36 (compatible; GoogleOther)" "-"
66.249.69.0 - - [06/Aug/2026:02:03:44 +0200] "GET /e39864824971767/ HTTP/1.1" 404 1271 www.chocadoodle.co.uk "-" "Mozilla/5.0 (Linux; Android 6.0.1; Nexus 5X Build/MMB29P) AppleWebKit/537.36 (KHTML, like Gecko) Chrome/150.0.7871.186 Mobile Safari/537.36 (compatible; GoogleOther)" "-"
66.249.69.0 - - [06/Aug/2026:02:03:44 +0200] "GET /s49485175552010/ HTTP/1.1" 404 1271 www.chocadoodle.co.uk "-" "Mozilla/5.0 (Linux; Android 6.0.1; Nexus 5X Build/MMB29P) AppleWebKit/537.36 (KHTML, like Gecko) Chrome/150.0.7871.186 Mobile Safari/537.36 (compatible; GoogleOther)" "-"
144.76.32.0 - - [06/Aug/2026:02:03:45 +0200] "GET /bdslkp/woaxyq-c.html HTTP/1.1" 200 58525 gbwconsulting.co.uk "-" "Mozilla/5.0 (compatible; SERankingBacklinksBot/1.0; +https://seranking.com/backlinks-crawler)" "-"
213.200.15.0 - - [06/Aug/2026:02:03:49 +0200] "GET / HTTP/1.1" 403 1271 www.chocadoodle.co.uk "-" "Mozilla/5.0 (Windows NT 10.0; Win64; x64) AppleWebKit/537.36 (KHTML, like Gecko) Chrome/120.0.0.0 Safari/537.36" "-"
66.249.69.0 - - [06/Aug/2026:02:03:51 +0200] "GET /j46892586427552/ HTTP/1.1" 404 1271 www.chocadoodle.co.uk "-" "Mozilla/5.0 (Linux; Android 6.0.1; Nexus 5X Build/MMB29P) AppleWebKit/537.36 (KHTML, like Gecko) Chrome/150.0.7871.186 Mobile Safari/537.36 (compatible; GoogleOther)" "-"
2a03:2880:f800:: - - [06/Aug/2026:02:03:53 +0200] "GET /?lokasie=/homepages/43/d124547881/htdocs/outofboundsldn.co.uk//wp-mail.php&loknya=/homepages/43/d124547881/htdocs/outofboundsldn.co.uk/ HTTP/1.1" 403 1271 www.chocadoodle.co.uk "-" "Mozilla/5.0 (Macintosh; Intel Mac OS X 10_15_7) AppleWebKit/537.36 (KHTML, like Gecko) Chrome/145.0.0.0 Safari/537.36 (compatible; meta-externalagent/1.1 (+https://developers.facebook.com/docs/sharing/webmasters/crawler))" "-"
188.52.135.0 - - [06/Aug/2026:02:03:58 +0200] "GET / HTTP/1.1" 403 1271 www.chocadoodle.co.uk "-" "Mozilla/5.0 (Windows NT 10.0; Win64; x64) AppleWebKit/537.36 (KHTML, like Gecko) Chrome/120.0.0.0 Safari/537.36" "-"
216.73.216.0 - - [06/Aug/2026:02:04:00 +0200] "GET /?loknya=%2Fhomepages%2F39 HTTP/1.1" 429 267 www.chocadoodle.co.uk "-" "Mozilla/5.0 AppleWebKit/537.36 (KHTML, like Gecko; compatible; ClaudeBot/1.0; +claudebot@anthropic.com)" "-"
216.73.216.0 - - [06/Aug/2026:02:04:00 +0200] "GET /?loknya=%2Fhomepages%2F23 HTTP/1.1" 429 267 www.chocadoodle.co.uk "-" "Mozilla/5.0 AppleWebKit/537.36 (KHTML, like Gecko; compatible; ClaudeBot/1.0; +claudebot@anthropic.com)" "-"
216.73.216.0 - - [06/Aug/2026:02:04:00 +0200] "GET /?loknya=%2Fhomepages%2F43%2Fd124547881%2Fhtdocs%2Fchocadoodle.co.uk%2Fwp-includes%2Fstyle-engine HTTP/1.1" 429 267 www.chocadoodle.co.uk "-" "Mozilla/5.0 AppleWebKit/537.36 (KHTML, like Gecko; compatible; ClaudeBot/1.0; +claudebot@anthropic.com)" "-"
216.73.216.0 - - [06/Aug/2026:02:04:01 +0200] "GET /?loknya=%2Fhomepages%2F44 HTTP/1.1" 429 267 www.chocadoodle.co.uk "-" "Mozilla/5.0 AppleWebKit/537.36 (KHTML, like Gecko; compatible; ClaudeBot/1.0; +claudebot@anthropic.com)" "-"
216.73.216.0 - - [06/Aug/2026:02:04:01 +0200] "GET /?loknya=%2Fhomepages%2F41 HTTP/1.1" 429 267 www.chocadoodle.co.uk "-" "Mozilla/5.0 AppleWebKit/537.36 (KHTML, like Gecko; compatible; ClaudeBot/1.0; +claudebot@anthropic.com)" "-"
216.73.216.0 - - [06/Aug/2026:02:04:02 +0200] "GET /?loknya=%2Fhomepages%2F28 HTTP/1.1" 429 267 www.chocadoodle.co.uk "-" "Mozilla/5.0 AppleWebKit/537.36 (KHTML, like Gecko; compatible; ClaudeBot/1.0; +claudebot@anthropic.com)" "-"
144.76.19.0 - - [06/Aug/2026:02:04:02 +0200] "GET /apnzzq/adzybu-c.html HTTP/1.1" 200 27498 www.wrigglesworths.co.uk "-" "Mozilla/5.0 (compatible; SERankingBacklinksBot/1.0; +https://seranking.com/backlinks-crawler)" "-"
66.249.69.0 - - [06/Aug/2026:02:04:03 +0200] "GET /j24771915063035/ HTTP/1.1" 404 1271 www.chocadoodle.co.uk "-" "Mozilla/5.0 (Linux; Android 6.0.1; Nexus 5X Build/MMB29P) AppleWebKit/537.36 (KHTML, like Gecko) Chrome/150.0.7871.186 Mobile Safari/537.36 (compatible; GoogleOther)" "-"
66.249.69.0 - - [06/Aug/2026:02:04:05 +0200] "GET /p47028377967884/ HTTP/1.1" 404 1271 www.chocadoodle.co.uk "-" "Mozilla/5.0 (Linux; Android 6.0.1; Nexus 5X Build/MMB29P) AppleWebKit/537.36 (KHTML, like Gecko) Chrome/150.0.7871.186 Mobile Safari/537.36 (compatible; GoogleOther)" "-"
216.73.216.0 - - [06/Aug/2026:02:04:07 +0200] "GET /?loknya=%2Fhomepages%2F43%2Fd124547881%2Fhtdocs%2Fchocadoodle.co.uk%2Fwp-includes%2FSimplePie HTTP/1.1" 429 267 www.chocadoodle.co.uk "-" "Mozilla/5.0 AppleWebKit/537.36 (KHTML, like Gecko; compatible; ClaudeBot/1.0; +claudebot@anthropic.com)" "-"
66.249.69.0 - - [06/Aug/2026:02:04:08 +0200] "GET /f39700567690492/ HTTP/1.1" 404 1271 www.chocadoodle.co.uk "-" "Mozilla/5.0 (Linux; Android 6.0.1; Nexus 5X Build/MMB29P) AppleWebKit/537.36 (KHTML, like Gecko) Chrome/150.0.7871.186 Mobile Safari/537.36 (compatible; GoogleOther)" "-"
216.73.216.0 - - [06/Aug/2026:02:04:09 +0200] "GET /?lokasie=%2Fsbin%2Fstart-stop-daemon&loknya=%2Fsbin HTTP/1.1" 429 267 www.chocadoodle.co.uk "-" "Mozilla/5.0 AppleWebKit/537.36 (KHTML, like Gecko; compatible; ClaudeBot/1.0; +claudebot@anthropic.com)" "-"
181.42.224.0 - - [06/Aug/2026:02:04:09 +0200] "GET / HTTP/1.1" 403 1271 www.chocadoodle.co.uk "-" "Mozilla/5.0 (Windows NT 10.0; Win64; x64) AppleWebKit/537.36 (KHTML, like Gecko) Chrome/120.0.0.0 Safari/537.36" "-"
216.73.216.0 - - [06/Aug/2026:02:04:13 +0200] "GET /?loknya=%2Fhomepages%2F43%2Fd124547881%2Fhtdocs%2Fchocadoodle.co.uk%2Fwp-admin%2Fmaint HTTP/1.1" 429 267 www.chocadoodle.co.uk "-" "Mozilla/5.0 AppleWebKit/537.36 (KHTML, like Gecko; compatible; ClaudeBot/1.0; +claudebot@anthropic.com)" "-"
66.249.69.0 - - [06/Aug/2026:02:04:15 +0200] "GET /s17570756641803/ HTTP/1.1" 404 1271 www.chocadoodle.co.uk "-" "Mozilla/5.0 (Linux; Android 6.0.1; Nexus 5X Build/MMB29P) AppleWebKit/537.36 (KHTML, like Gecko) Chrome/150.0.7871.186 Mobile Safari/537.36 (compatible; GoogleOther)" "-"
66.249.69.0 - - [06/Aug/2026:02:04:16 +0200] "GET /f28146605662930/ HTTP/1.1" 404 1271 www.chocadoodle.co.uk "-" "Mozilla/5.0 (Linux; Android 6.0.1; Nexus 5X Build/MMB29P) AppleWebKit/537.36 (KHTML, like Gecko) Chrome/150.0.7871.186 Mobile Safari/537.36 (compatible; GoogleOther)" "-"
74.7.243.0 - - [06/Aug/2026:02:04:16 +0200] "GET /?loknya=/kunden/etc/opt HTTP/1.1" 403 1271 chocadoodle.co.uk "https://chocadoodle.co.uk/?loknya=/kunden/etc" "Mozilla/5.0 AppleWebKit/537.36 (KHTML, like Gecko; compatible; GPTBot/1.4; +https://openai.com/gptbot)" "-"
216.73.216.0 - - [06/Aug/2026:02:04:18 +0200] "GET /?loknya=%2Fhomepages%2F45 HTTP/1.1" 429 267 www.chocadoodle.co.uk "-" "Mozilla/5.0 AppleWebKit/537.36 (KHTML, like Gecko; compatible; ClaudeBot/1.0; +claudebot@anthropic.com)" "-"
74.7.243.0 - - [06/Aug/2026:02:04:19 +0200] "GET /items/31407365946973.html/?loknya=/homepages/46 HTTP/1.1" 429 267 www.chocadoodle.co.uk "https://www.chocadoodle.co.uk/items/31407365946973.html/?loknya=/homepages" "Mozilla/5.0 AppleWebKit/537.36 (KHTML, like Gecko; compatible; GPTBot/1.4; +https://openai.com/gptbot)" "-"
2806:2a0:1000:: - - [06/Aug/2026:02:04:20 +0200] "GET / HTTP/1.1" 403 1271 www.chocadoodle.co.uk "-" "Mozilla/5.0 (Windows NT 10.0; Win64; x64) AppleWebKit/537.36 (KHTML, like Gecko) Chrome/120.0.0.0 Safari/537.36" "-"
66.249.69.0 - - [06/Aug/2026:02:04:22 +0200] "GET /w31146996033669/ HTTP/1.1" 404 1271 www.chocadoodle.co.uk "-" "Mozilla/5.0 (Linux; Android 6.0.1; Nexus 5X Build/MMB29P) AppleWebKit/537.36 (KHTML, like Gecko) Chrome/150.0.7871.186 Mobile Safari/537.36 (compatible; GoogleOther)" "-"
66.249.69.0 - - [06/Aug/2026:02:04:31 +0200] "GET /h45883445473407/ HTTP/1.1" 404 1271 www.chocadoodle.co.uk "-" "Mozilla/5.0 (Linux; Android 6.0.1; Nexus 5X Build/MMB29P) AppleWebKit/537.36 (KHTML, like Gecko) Chrome/150.0.7871.186 Mobile Safari/537.36 (compatible; GoogleOther)" "-"
66.249.69.0 - - [06/Aug/2026:02:04:34 +0200] "GET /f11391236536924/ HTTP/1.1" 404 1271 www.chocadoodle.co.uk "-" "Mozilla/5.0 (Linux; Android 6.0.1; Nexus 5X Build/MMB29P) AppleWebKit/537.36 (KHTML, like Gecko) Chrome/150.0.7871.186 Mobile Safari/537.36 (compatible; GoogleOther)" "-"
66.249.69.0 - - [06/Aug/2026:02:04:40 +0200] "GET /v18300605503357/ HTTP/1.1" 404 1271 www.chocadoodle.co.uk "-" "Mozilla/5.0 (Linux; Android 6.0.1; Nexus 5X Build/MMB29P) AppleWebKit/537.36 (KHTML, like Gecko) Chrome/150.0.7871.186 Mobile Safari/537.36 (compatible; GoogleOther)" "-"
66.249.69.0 - - [06/Aug/2026:02:04:40 +0200] "GET /l39301017661747/ HTTP/1.1" 404 1271 www.chocadoodle.co.uk "-" "Mozilla/5.0 (Linux; Android 6.0.1; Nexus 5X Build/MMB29P) AppleWebKit/537.36 (KHTML, like Gecko) Chrome/150.0.7871.186 Mobile Safari/537.36 (compatible; GoogleOther)" "-"
144.76.32.0 - - [06/Aug/2026:02:04:45 +0200] "GET /becwrk/bemcjh-c.html HTTP/1.1" 200 58525 gbwconsulting.co.uk "-" "Mozilla/5.0 (compatible; SERankingBacklinksBot/1.0; +https://seranking.com/backlinks-crawler)" "-"
187.19.252.0 - - [06/Aug/2026:02:04:46 +0200] "GET / HTTP/1.1" 403 1271 www.chocadoodle.co.uk "-" "Mozilla/5.0 (Windows NT 10.0; Win64; x64) AppleWebKit/537.36 (KHTML, like Gecko) Chrome/120.0.0.0 Safari/537.36" "-"
216.73.216.0 - - [06/Aug/2026:02:04:51 +0200] "GET /?lokasie=%2Fbin%2Fzegrep&loknya=%2Fbin HTTP/1.1" 403 1271 www.chocadoodle.co.uk "-" "Mozilla/5.0 AppleWebKit/537.36 (KHTML, like Gecko; compatible; ClaudeBot/1.0; +claudebot@anthropic.com)" "-"
66.249.69.0 - - [06/Aug/2026:02:04:52 +0200] "GET /o12932785598939/ HTTP/1.1" 404 1271 www.chocadoodle.co.uk "-" "Mozilla/5.0 (Linux; Android 6.0.1; Nexus 5X Build/MMB29P) AppleWebKit/537.36 (KHTML, like Gecko) Chrome/150.0.7871.186 Mobile Safari/537.36 (compatible; GoogleOther)" "-"
66.249.69.0 - - [06/Aug/2026:02:04:56 +0200] "GET /l36916114950957/ HTTP/1.1" 404 1271 www.chocadoodle.co.uk "-" "Mozilla/5.0 (Linux; Android 6.0.1; Nexus 5X Build/MMB29P) AppleWebKit/537.36 (KHTML, like Gecko) Chrome/150.0.7871.186 Mobile Safari/537.36 (compatible; GoogleOther)" "-"
216.73.216.0 - - [06/Aug/2026:02:04:56 +0200] "GET /?lokasie=%2Fbin%2Frlogin&loknya=%2Fbin HTTP/1.1" 403 1271 www.chocadoodle.co.uk "-" "Mozilla/5.0 AppleWebKit/537.36 (KHTML, like Gecko; compatible; ClaudeBot/1.0; +claudebot@anthropic.com)" "-"
42.117.45.0 - - [06/Aug/2026:02:04:58 +0200] "GET / HTTP/1.1" 403 1271 www.chocadoodle.co.uk "-" "Mozilla/5.0 (Windows NT 10.0; Win64; x64) AppleWebKit/537.36 (KHTML, like Gecko) Chrome/120.0.0.0 Safari/537.36" "-"
2a03:2880:f800:: - - [06/Aug/2026:02:04:59 +0200] "GET /?lokasie=/homepages/43/d124547881/htdocs/chocadoodle.co.uk/wp-admin/admin-functions.php&loknya=/homepages/43/d124547881/htdocs/chocadoodle.co.uk/wp-admin HTTP/1.1" 403 1271 www.chocadoodle.co.uk "-" "Mozilla/5.0 (Windows NT 10.0; Win64; x64) AppleWebKit/537.36 (KHTML, like Gecko) Chrome/145.0.0.0 Safari/537.36 (compatible; meta-externalagent/1.1 (+https://developers.facebook.com/docs/sharing/webmasters/crawler))" "-"
144.76.19.0 - - [06/Aug/2026:02:05:01 +0200] "GET /apucce/twzfqn-c.html HTTP/1.1" 200 27498 www.wrigglesworths.co.uk "-" "Mozilla/5.0 (compatible; SERankingBacklinksBot/1.0; +https://seranking.com/backlinks-crawler)" "-"
216.73.216.0 - - [06/Aug/2026:02:05:02 +0200] "GET /?lokasie=%2Fbin%2Fionice&loknya=%2Fbin HTTP/1.1" 403 1271 www.chocadoodle.co.uk "-" "Mozilla/5.0 AppleWebKit/537.36 (KHTML, like Gecko; compatible; ClaudeBot/1.0; +claudebot@anthropic.com)" "-"
66.249.69.0 - - [06/Aug/2026:02:05:03 +0200] "GET /z17762777298361/ HTTP/1.1" 404 1271 www.chocadoodle.co.uk "-" "Mozilla/5.0 (Linux; Android 6.0.1; Nexus 5X Build/MMB29P) AppleWebKit/537.36 (KHTML, like Gecko) Chrome/150.0.7871.186 Mobile Safari/537.36 (compatible; GoogleOther)" "-"
66.249.69.0 - - [06/Aug/2026:02:05:06 +0200] "GET /f42995235987584/ HTTP/1.1" 404 1271 www.chocadoodle.co.uk "-" "Mozilla/5.0 (Linux; Android 6.0.1; Nexus 5X Build/MMB29P) AppleWebKit/537.36 (KHTML, like Gecko) Chrome/150.0.7871.186 Mobile Safari/537.36 (compatible; GoogleOther)" "-"
216.73.216.0 - - [06/Aug/2026:02:05:06 +0200] "GET /?lokasie=%2Fhomepages%2F43%2Fd124547881%2Fhtdocs%2Fchocadoodle.co.uk%2Fwp-includes%2Fclass-wp-object-cache.php&loknya=%2Fhomepages%2F43%2Fd124547881%2Fhtdocs%2Fchocadoodle.co.uk%2Fwp-includes HTTP/1.1" 403 1271 www.chocadoodle.co.uk "-" "Mozilla/5.0 AppleWebKit/537.36 (KHTML, like Gecko; compatible; ClaudeBot/1.0; +claudebot@anthropic.com)" "-"
186.33.54.0 - - [06/Aug/2026:02:05:09 +0200] "GET / HTTP/1.1" 403 1271 www.chocadoodle.co.uk "-" "Mozilla/5.0 (Windows NT 10.0; Win64; x64) AppleWebKit/537.36 (KHTML, like Gecko) Chrome/120.0.0.0 Safari/537.36" "-"
216.73.216.0 - - [06/Aug/2026:02:05:11 +0200] "GET /?lokasie=%2Fbin%2Fdpkg&loknya=%2Fbin HTTP/1.1" 403 1271 www.chocadoodle.co.uk "-" "Mozilla/5.0 AppleWebKit/537.36 (KHTML, like Gecko; compatible; ClaudeBot/1.0; +claudebot@anthropic.com)" "-"
66.249.69.0 - - [06/Aug/2026:02:05:12 +0200] "GET /o35811197081528/ HTTP/1.1" 404 1271 www.chocadoodle.co.uk "-" "Mozilla/5.0 (Linux; Android 6.0.1; Nexus 5X Build/MMB29P) AppleWebKit/537.36 (KHTML, like Gecko) Chrome/150.0.7871.186 Mobile Safari/537.36 (compatible; GoogleOther)" "-"
66.249.69.0 - - [06/Aug/2026:02:05:12 +0200] "GET /r18357068091333/ HTTP/1.1" 404 1271 www.chocadoodle.co.uk "-" "Mozilla/5.0 (Linux; Android 6.0.1; Nexus 5X Build/MMB29P) AppleWebKit/537.36 (KHTML, like Gecko) Chrome/150.0.7871.186 Mobile Safari/537.36 (compatible; Googlebot/2.1; +http://www.google.com/bot.html)" "-"
74.7.243.0 - - [06/Aug/2026:02:05:16 +0200] "GET /?loknya=/kunden/var/log HTTP/1.1" 403 1271 chocadoodle.co.uk "https://chocadoodle.co.uk/?loknya=/kunden/var" "Mozilla/5.0 AppleWebKit/537.36 (KHTML, like Gecko; compatible; GPTBot/1.4; +https://openai.com/gptbot)" "-"
216.73.216.0 - - [06/Aug/2026:02:05:16 +0200] "GET /?lokasie=%2Fbin%2Frzsh&loknya=%2Fbin HTTP/1.1" 403 1271 www.chocadoodle.co.uk "-" "Mozilla/5.0 AppleWebKit/537.36 (KHTML, like Gecko; compatible; ClaudeBot/1.0; +claudebot@anthropic.com)" "-"
66.249.69.0 - - [06/Aug/2026:02:05:19 +0200] "GET /e22456637698373/ HTTP/1.1" 404 1271 www.chocadoodle.co.uk "-" "Mozilla/5.0 (Linux; Android 6.0.1; Nexus 5X Build/MMB29P) AppleWebKit/537.36 (KHTML, like Gecko) Chrome/150.0.7871.186 Mobile Safari/537.36 (compatible; GoogleOther)" "-"
216.73.216.0 - - [06/Aug/2026:02:05:21 +0200] "GET /?lokasie=%2Fbin%2Fmdatopbm&loknya=%2Fbin HTTP/1.1" 403 1271 www.chocadoodle.co.uk "-" "Mozilla/5.0 AppleWebKit/537.36 (KHTML, like Gecko; compatible; ClaudeBot/1.0; +claudebot@anthropic.com)" "-"
74.7.243.0 - - [06/Aug/2026:02:05:23 +0200] "GET /items/26071715126163.html/?loknya=/homepages/43 HTTP/1.1" 404 1271 www.chocadoodle.co.uk "https://www.chocadoodle.co.uk/items/26071715126163.html/" "Mozilla/5.0 AppleWebKit/537.36 (KHTML, like Gecko; compatible; GPTBot/1.4; +https://openai.com/gptbot)" "-"
216.73.216.0 - - [06/Aug/2026:02:05:26 +0200] "GET /?loknya=%2Fhomepages%2F43%2Fd124547881%2F HTTP/1.1" 403 1271 www.chocadoodle.co.uk "-" "Mozilla/5.0 AppleWebKit/537.36 (KHTML, like Gecko; compatible; ClaudeBot/1.0; +claudebot@anthropic.com)" "-"
66.249.69.0 - - [06/Aug/2026:02:05:31 +0200] "GET /s33774226193149/ HTTP/1.1" 404 1271 www.chocadoodle.co.uk "-" "Mozilla/5.0 (Linux; Android 6.0.1; Nexus 5X Build/MMB29P) AppleWebKit/537.36 (KHTML, like Gecko) Chrome/150.0.7871.186 Mobile Safari/537.36 (compatible; GoogleOther)" "-"
216.73.216.0 - - [06/Aug/2026:02:05:31 +0200] "GET /?lokasie=%2Fbin%2Fmesg&loknya=%2Fbin HTTP/1.1" 403 1271 www.chocadoodle.co.uk "-" "Mozilla/5.0 AppleWebKit/537.36 (KHTML, like Gecko; compatible; ClaudeBot/1.0; +claudebot@anthropic.com)" "-"
66.249.69.0 - - [06/Aug/2026:02:05:32 +0200] "GET /f47130595498374/ HTTP/1.1" 404 1271 www.chocadoodle.co.uk "-" "Mozilla/5.0 (Linux; Android 6.0.1; Nexus 5X Build/MMB29P) AppleWebKit/537.36 (KHTML, like Gecko) Chrome/150.0.7871.186 Mobile Safari/537.36 (compatible; GoogleOther)" "-"
66.249.69.0 - - [06/Aug/2026:02:05:36 +0200] "GET /c35546954876611/ HTTP/1.1" 404 1271 www.chocadoodle.co.uk "-" "Mozilla/5.0 (Linux; Android 6.0.1; Nexus 5X Build/MMB29P) AppleWebKit/537.36 (KHTML, like Gecko) Chrome/150.0.7871.186 Mobile Safari/537.36 (compatible; GoogleOther)" "-"
216.73.216.0 - - [06/Aug/2026:02:05:37 +0200] "GET /?lokasie=%2Fhomepages%2F43%2Fd124547881%2Fhtdocs%2Fchocadoodle.co.uk%2Fwp-includes%2Fclass-wp-theme-json-data.php&loknya=%2Fhomepages%2F43%2Fd124547881%2Fhtdocs%2Fchocadoodle.co.uk%2Fwp-includes HTTP/1.1" 403 1271 www.chocadoodle.co.uk "-" "Mozilla/5.0 AppleWebKit/537.36 (KHTML, like Gecko; compatible; ClaudeBot/1.0; +claudebot@anthropic.com)" "-"
216.73.216.0 - - [06/Aug/2026:02:05:42 +0200] "GET /?lokasie=%2Fetc%2Fshadow-&loknya=%2Fetc HTTP/1.1" 403 1271 www.chocadoodle.co.uk "-" "Mozilla/5.0 AppleWebKit/537.36 (KHTML, like Gecko; compatible; ClaudeBot/1.0; +claudebot@anthropic.com)" "-"
144.76.32.0 - - [06/Aug/2026:02:05:46 +0200] "GET /bedfvu/fjrzyk-c.html HTTP/1.1" 200 58525 gbwconsulting.co.uk "-" "Mozilla/5.0 (compatible; SERankingBacklinksBot/1.0; +https://seranking.com/backlinks-crawler)" "-"
216.73.216.0 - - [06/Aug/2026:02:05:47 +0200] "GET /?lokasie=%2Fhomepages%2F43%2Fd124547881%2Fhtdocs%2Fchocadoodle.co.uk%2Fwp-includes%2Fwp-diff.php&loknya=%2Fhomepages%2F43%2Fd124547881%2Fhtdocs%2Fchocadoodle.co.uk%2Fwp-includes HTTP/1.1" 403 1271 www.chocadoodle.co.uk "-" "Mozilla/5.0 AppleWebKit/537.36 (KHTML, like Gecko; compatible; ClaudeBot/1.0; +claudebot@anthropic.com)" "-"
66.249.69.0 - - [06/Aug/2026:02:05:47 +0200] "GET /a42419205007622/ HTTP/1.1" 404 1271 www.chocadoodle.co.uk "-" "Mozilla/5.0 (Linux; Android 6.0.1; Nexus 5X Build/MMB29P) AppleWebKit/537.36 (KHTML, like Gecko) Chrome/150.0.7871.186 Mobile Safari/537.36 (compatible; GoogleOther)" "-"
66.249.69.0 - - [06/Aug/2026:02:05:50 +0200] "GET /c47476176346665/ HTTP/1.1" 404 1271 www.chocadoodle.co.uk "-" "Mozilla/5.0 (Linux; Android 6.0.1; Nexus 5X Build/MMB29P) AppleWebKit/537.36 (KHTML, like Gecko) Chrome/150.0.7871.186 Mobile Safari/537.36 (compatible; GoogleOther)" "-"
66.249.69.0 - - [06/Aug/2026:02:05:54 +0200] "GET /l43832275761520/ HTTP/1.1" 404 1271 www.chocadoodle.co.uk "-" "Mozilla/5.0 (Linux; Android 6.0.1; Nexus 5X Build/MMB29P) AppleWebKit/537.36 (KHTML, like Gecko) Chrome/150.0.7871.186 Mobile Safari/537.36 (compatible; GoogleOther)" "-"
66.249.69.0 - - [06/Aug/2026:02:05:54 +0200] "GET /s30716386736874/ HTTP/1.1" 404 1271 www.chocadoodle.co.uk "-" "Mozilla/5.0 (Linux; Android 6.0.1; Nexus 5X Build/MMB29P) AppleWebKit/537.36 (KHTML, like Gecko) Chrome/150.0.7871.186 Mobile Safari/537.36 (compatible; Googlebot/2.1; +http://www.google.com/bot.html)" "-"
66.249.69.0 - - [06/Aug/2026:02:05:55 +0200] "GET /z23523135330019/ HTTP/1.1" 404 1271 www.chocadoodle.co.uk "-" "Mozilla/5.0 (Linux; Android 6.0.1; Nexus 5X Build/MMB29P) AppleWebKit/537.36 (KHTML, like Gecko) Chrome/150.0.7871.186 Mobile Safari/537.36 (compatible; GoogleOther)" "-"
144.76.19.0 - - [06/Aug/2026:02:06:00 +0200] "GET /aqndsv/jaqojk-c.html HTTP/1.1" 200 27498 www.wrigglesworths.co.uk "-" "Mozilla/5.0 (compatible; SERankingBacklinksBot/1.0; +https://seranking.com/backlinks-crawler)" "-"
78.190.228.0 - - [06/Aug/2026:02:06:02 +0200] "GET / HTTP/1.1" 403 1271 www.chocadoodle.co.uk "-" "Mozilla/5.0 (Windows NT 10.0; Win64; x64) AppleWebKit/537.36 (KHTML, like Gecko) Chrome/120.0.0.0 Safari/537.36" "-"
2a03:2880:f800:: - - [06/Aug/2026:02:06:06 +0200] "GET /?lokasie=/homepages/43/d124547881/htdocs/wp-includes//class-wp-duotone.php&loknya=/homepages/43/d124547881/htdocs/wp-includes/ HTTP/1.1" 403 1271 www.chocadoodle.co.uk "-" "Mozilla/5.0 (Windows NT 10.0; Win64; x64) AppleWebKit/537.36 (KHTML, like Gecko) Chrome/145.0.0.0 Safari/537.36 Edg/145.0.0.0 (compatible; meta-externalagent/1.1 (+https://developers.facebook.com/docs/sharing/webmasters/crawler))" "-"
216.73.216.0 - - [06/Aug/2026:02:06:07 +0200] "GET /?lokasie=%2Fhomepages%2F43%2Fd124547881%2Fhtdocs%2Fchocadoodle.co.uk%2Fwp-includes%2Ffeed.php&loknya=%2Fhomepages%2F43%2Fd124547881%2Fhtdocs%2Fchocadoodle.co.uk%2Fwp-includes HTTP/1.1" 403 1271 www.chocadoodle.co.uk "-" "Mozilla/5.0 AppleWebKit/537.36 (KHTML, like Gecko; compatible; ClaudeBot/1.0; +claudebot@anthropic.com)" "-"
66.249.69.0 - - [06/Aug/2026:02:06:09 +0200] "GET /u36206546846202/ HTTP/1.1" 404 1271 www.chocadoodle.co.uk "-" "Mozilla/5.0 (Linux; Android 6.0.1; Nexus 5X Build/MMB29P) AppleWebKit/537.36 (KHTML, like Gecko) Chrome/150.0.7871.186 Mobile Safari/537.36 (compatible; GoogleOther)" "-"
66.249.69.0 - - [06/Aug/2026:02:06:12 +0200] "GET /t17844744708021/ HTTP/1.1" 404 1271 www.chocadoodle.co.uk "-" "Mozilla/5.0 (Linux; Android 6.0.1; Nexus 5X Build/MMB29P) AppleWebKit/537.36 (KHTML, like Gecko) Chrome/150.0.7871.186 Mobile Safari/537.36 (compatible; GoogleOther)" "-"
216.73.216.0 - - [06/Aug/2026:02:06:12 +0200] "GET /?lokasie=%2Fhomepages%2F43%2Fd124547881%2Fhtdocs%2Fchocadoodle.co.uk%2Fwp-includes%2Fnav-menu.php&loknya=%2Fhomepages%2F43%2Fd124547881%2Fhtdocs%2Fchocadoodle.co.uk%2Fwp-includes HTTP/1.1" 403 1271 www.chocadoodle.co.uk "-" "Mozilla/5.0 AppleWebKit/537.36 (KHTML, like Gecko; compatible; ClaudeBot/1.0; +claudebot@anthropic.com)" "-"
185.218.237.0 - - [06/Aug/2026:02:06:12 +0200] "GET / HTTP/1.1" 403 1271 www.chocadoodle.co.uk "-" "Mozilla/5.0 (Windows NT 10.0; Win64; x64) AppleWebKit/537.36 (KHTML, like Gecko) Chrome/120.0.0.0 Safari/537.36" "-"
66.249.69.0 - - [06/Aug/2026:02:06:12 +0200] "GET /o21806937537051/ HTTP/1.1" 404 1271 www.chocadoodle.co.uk "-" "Mozilla/5.0 (Linux; Android 6.0.1; Nexus 5X Build/MMB29P) AppleWebKit/537.36 (KHTML, like Gecko) Chrome/150.0.7871.186 Mobile Safari/537.36 (compatible; GoogleOther)" "-"
216.73.216.0 - - [06/Aug/2026:02:06:17 +0200] "GET /?lokasie=%2Fbin%2Fpnmnoraw&loknya=%2Fbin HTTP/1.1" 403 1271 www.chocadoodle.co.uk "-" "Mozilla/5.0 AppleWebKit/537.36 (KHTML, like Gecko; compatible; ClaudeBot/1.0; +claudebot@anthropic.com)" "-"
66.249.69.0 - - [06/Aug/2026:02:06:19 +0200] "GET /z28556316796064/ HTTP/1.1" 404 1271 www.chocadoodle.co.uk "-" "Mozilla/5.0 (Linux; Android 6.0.1; Nexus 5X Build/MMB29P) AppleWebKit/537.36 (KHTML, like Gecko) Chrome/150.0.7871.186 Mobile Safari/537.36 (compatible; GoogleOther)" "-"
38.10.240.0 - - [06/Aug/2026:02:06:21 +0200] "GET / HTTP/1.1" 403 1271 www.chocadoodle.co.uk "-" "Mozilla/5.0 (Windows NT 10.0; Win64; x64) AppleWebKit/537.36 (KHTML, like Gecko) Chrome/120.0.0.0 Safari/537.36" "-"
216.73.216.0 - - [06/Aug/2026:02:06:22 +0200] "GET /?lokasie=%2Fhomepages%2F43%2Fd124547881%2Fhtdocs%2Fchocadoodle.co.uk%2Fwp-includes%2Fclass-wp-user-request.php&loknya=%2Fhomepages%2F43%2Fd124547881%2Fhtdocs%2Fchocadoodle.co.uk%2Fwp-includes HTTP/1.1" 403 1271 www.chocadoodle.co.uk "-" "Mozilla/5.0 AppleWebKit/537.36 (KHTML, like Gecko; compatible; ClaudeBot/1.0; +claudebot@anthropic.com)" "-"
74.7.243.0 - - [06/Aug/2026:02:06:22 +0200] "GET /?loknya=/kunden/etc/joe HTTP/1.1" 403 1271 chocadoodle.co.uk "https://chocadoodle.co.uk/?loknya=/kunden/etc" "Mozilla/5.0 AppleWebKit/537.36 (KHTML, like Gecko; compatible; GPTBot/1.4; +https://openai.com/gptbot)" "-"
74.7.243.0 - - [06/Aug/2026:02:06:24 +0200] "GET /items/33769004723564.html/?loknya=/homepages/43 HTTP/1.1" 404 1271 www.chocadoodle.co.uk "https://www.chocadoodle.co.uk/items/33769004723564.html/" "Mozilla/5.0 AppleWebKit/537.36 (KHTML, like Gecko; compatible; GPTBot/1.4; +https://openai.com/gptbot)" "-"
66.249.69.0 - - [06/Aug/2026:02:06:26 +0200] "GET /l22389946517451/ HTTP/1.1" 404 1271 www.chocadoodle.co.uk "-" "Mozilla/5.0 (Linux; Android 6.0.1; Nexus 5X Build/MMB29P) AppleWebKit/537.36 (KHTML, like Gecko) Chrome/150.0.7871.186 Mobile Safari/537.36 (compatible; GoogleOther)" "-"
216.73.216.0 - - [06/Aug/2026:02:06:27 +0200] "GET /?lokasie=%2Fhomepages%2F43%2Fd124547881%2Fhtdocs%2Fchocadoodle.co.uk%2Fwp-includes%2Fclass-wp-error.php&loknya=%2Fhomepages%2F43%2Fd124547881%2Fhtdocs%2Fchocadoodle.co.uk%2Fwp-includes HTTP/1.1" 403 1271 www.chocadoodle.co.uk "-" "Mozilla/5.0 AppleWebKit/537.36 (KHTML, like Gecko; compatible; ClaudeBot/1.0; +claudebot@anthropic.com)" "-"
66.249.69.0 - - [06/Aug/2026:02:06:30 +0200] "GET /u15305016047323/ HTTP/1.1" 404 1271 www.chocadoodle.co.uk "-" "Mozilla/5.0 (Linux; Android 6.0.1; Nexus 5X Build/MMB29P) AppleWebKit/537.36 (KHTML, like Gecko) Chrome/150.0.7871.186 Mobile Safari/537.36 (compatible; GoogleOther)" "-"
216.73.216.0 - - [06/Aug/2026:02:06:32 +0200] "GET /?lokasie=%2Fhomepages%2F43%2Fd124547881%2Fhtdocs%2Fchocadoodle.co.uk%2Fwp-includes%2Fclass-wp-xmlrpc-server.php&loknya=%2Fhomepages%2F43%2Fd124547881%2Fhtdocs%2Fchocadoodle.co.uk%2Fwp-includes HTTP/1.1" 403 1271 www.chocadoodle.co.uk "-" "Mozilla/5.0 AppleWebKit/537.36 (KHTML, like Gecko; compatible; ClaudeBot/1.0; +claudebot@anthropic.com)" "-"
216.73.216.0 - - [06/Aug/2026:02:06:37 +0200] "GET /?loknya=%2Fhomepages%2F43%2Fd124547881%2Fhtdocs%2Foutofboundsldn.co.uk HTTP/1.1" 429 267 www.chocadoodle.co.uk "-" "Mozilla/5.0 AppleWebKit/537.36 (KHTML, like Gecko; compatible; ClaudeBot/1.0; +claudebot@anthropic.com)" "-"
66.249.69.0 - - [06/Aug/2026:02:06:43 +0200] "GET /w26347697951189/ HTTP/1.1" 404 1271 www.chocadoodle.co.uk "-" "Mozilla/5.0 (Linux; Android 6.0.1; Nexus 5X Build/MMB29P) AppleWebKit/537.36 (KHTML, like Gecko) Chrome/150.0.7871.186 Mobile Safari/537.36 (compatible; GoogleOther)" "-"
