74.7.243.0 - - [06/Aug/2026:01:01:29 +0200] "GET /items/20541306411842.html/?loknya=/homepages/4 HTTP/1.1" 404 1271 www.chocadoodle.co.uk "https://www.chocadoodle.co.uk/items/20541306411842.html/?loknya=/homepages" "Mozilla/5.0 AppleWebKit/537.36 (KHTML, like Gecko; compatible; GPTBot/1.4; +https://openai.com/gptbot)" "-"
2a03:2880:f800:: - - [06/Aug/2026:01:01:39 +0200] "GET /?loknya=/homepages/38/d732474217/managed HTTP/1.1" 403 1271 www.chocadoodle.co.uk "-" "Mozilla/5.0 (Macintosh; Intel Mac OS X 10_15_7) AppleWebKit/537.36 (KHTML, like Gecko) Chrome/145.0.0.0 Safari/537.36 (compatible; meta-externalagent/1.1 (+https://developers.facebook.com/docs/sharing/webmasters/crawler))" "-"
66.249.69.0 - - [06/Aug/2026:01:01:40 +0200] "GET /i37000717799786/ HTTP/1.1" 404 1271 www.chocadoodle.co.uk "-" "Mozilla/5.0 (Linux; Android 6.0.1; Nexus 5X Build/MMB29P) AppleWebKit/537.36 (KHTML, like Gecko) Chrome/150.0.7871.186 Mobile Safari/537.36 (compatible; GoogleOther)" "-"
66.249.69.0 - - [06/Aug/2026:01:01:44 +0200] "GET /h33162376786540/ HTTP/1.1" 404 1271 www.chocadoodle.co.uk "-" "Mozilla/5.0 (Linux; Android 6.0.1; Nexus 5X Build/MMB29P) AppleWebKit/537.36 (KHTML, like Gecko) Chrome/150.0.7871.186 Mobile Safari/537.36 (compatible; Googlebot/2.1; +http://www.google.com/bot.html)" "-"
66.249.69.0 - - [06/Aug/2026:01:01:55 +0200] "GET /q47905586337781/ HTTP/1.1" 404 1271 www.chocadoodle.co.uk "-" "Mozilla/5.0 (Linux; Android 6.0.1; Nexus 5X Build/MMB29P) AppleWebKit/537.36 (KHTML, like Gecko) Chrome/150.0.7871.186 Mobile Safari/537.36 (compatible; GoogleOther)" "-"
216.73.216.0 - - [06/Aug/2026:01:02:10 +0200] "GET /?lokasie=%2Fhomepages%2F43%2Fd124547881%2Fhtdocs%2Fchocadoodle.co.uk%2Findex.php&loknya=%2Fhomepages%2F43%2Fd124547881%2Fhtdocs%2Fchocadoodle.co.uk HTTP/1.1" 403 1271 www.chocadoodle.co.uk "-" "Mozilla/5.0 AppleWebKit/537.36 (KHTML, like Gecko; compatible; ClaudeBot/1.0; +claudebot@anthropic.com)" "-"
74.7.243.0 - - [06/Aug/2026:01:02:13 +0200] "GET /?lokasie=/bin/pbmtoatk&loknya=/bin HTTP/1.1" 403 1271 chocadoodle.co.uk "https://chocadoodle.co.uk/?loknya=/bin" "Mozilla/5.0 AppleWebKit/537.36 (KHTML, like Gecko; compatible; GPTBot/1.4; +https://openai.com/gptbot)" "-"
31.4.197.0 - - [06/Aug/2026:01:02:19 +0200] "GET /items/42050806727788.html/ HTTP/1.1" 404 1271 chocadoodle.co.uk "-" "Mozilla/5.0 (Macintosh; Intel Mac OS X 14_1_0) AppleWebKit/537.36 (KHTML, like Gecko) Chrome/129.0.6668.58 Safari/537.36" "-"
144.76.19.0 - - [06/Aug/2026:01:02:27 +0200] "GET /abkftb/megblv-c.html HTTP/1.1" 200 27498 www.wrigglesworths.co.uk "-" "Mozilla/5.0 (compatible; SERankingBacklinksBot/1.0; +https://seranking.com/backlinks-crawler)" "-"
66.249.69.0 - - [06/Aug/2026:01:02:29 +0200] "GET /x34150487621751/ HTTP/1.1" 404 1271 www.chocadoodle.co.uk "-" "Mozilla/5.0 (Linux; Android 6.0.1; Nexus 5X Build/MMB29P) AppleWebKit/537.36 (KHTML, like Gecko) Chrome/150.0.7871.186 Mobile Safari/537.36 (compatible; GoogleOther)" "-"
66.249.69.0 - - [06/Aug/2026:01:02:31 +0200] "GET /m20976676361014/ HTTP/1.1" 404 1271 www.chocadoodle.co.uk "-" "Mozilla/5.0 (Linux; Android 6.0.1; Nexus 5X Build/MMB29P) AppleWebKit/537.36 (KHTML, like Gecko) Chrome/150.0.7871.186 Mobile Safari/537.36 (compatible; GoogleOther)" "-"
74.7.243.0 - - [06/Aug/2026:01:02:33 +0200] "GET /items/20541306411842.html/?loknya=/homepages/1 HTTP/1.1" 404 1271 www.chocadoodle.co.uk "https://www.chocadoodle.co.uk/items/20541306411842.html/?loknya=/homepages" "Mozilla/5.0 AppleWebKit/537.36 (KHTML, like Gecko; compatible; GPTBot/1.4; +https://openai.com/gptbot)" "-"
144.76.32.0 - - [06/Aug/2026:01:02:39 +0200] "GET /amxbnt/goqpir-c.html HTTP/1.1" 200 58525 gbwconsulting.co.uk "-" "Mozilla/5.0 (compatible; SERankingBacklinksBot/1.0; +https://seranking.com/backlinks-crawler)" "-"
2a03:2880:f800:: - - [06/Aug/2026:01:02:46 +0200] "GET /?lokasie=/homepages/43/d124547881/htdocs/wp-includes//rewrite.php&loknya=/homepages/43/d124547881/htdocs/wp-includes/ HTTP/1.1" 403 1271 www.chocadoodle.co.uk "-" "Mozilla/5.0 (Windows NT 10.0; Win64; x64) AppleWebKit/537.36 (KHTML, like Gecko) Chrome/145.0.0.0 Safari/537.36 (compatible; meta-externalagent/1.1 (+https://developers.facebook.com/docs/sharing/webmasters/crawler))" "-"
66.249.69.0 - - [06/Aug/2026:01:02:59 +0200] "GET /g35422205755204/ HTTP/1.1" 404 1271 www.chocadoodle.co.uk "-" "Mozilla/5.0 (Linux; Android 6.0.1; Nexus 5X Build/MMB29P) AppleWebKit/537.36 (KHTML, like Gecko) Chrome/150.0.7871.186 Mobile Safari/537.36 (compatible; GoogleOther)" "-"
216.73.216.0 - - [06/Aug/2026:01:03:09 +0200] "GET /?lokasie=%2Fhomepages%2F43%2Fd124547881%2Fhtdocs%2Fchocadoodle.co.uk%2Fwp-login.php&loknya=%2Fhomepages%2F43%2Fd124547881%2Fhtdocs%2Fchocadoodle.co.uk HTTP/1.1" 403 1271 www.chocadoodle.co.uk "-" "Mozilla/5.0 AppleWebKit/537.36 (KHTML, like Gecko; compatible; ClaudeBot/1.0; +claudebot@anthropic.com)" "-"
66.249.69.0 - - [06/Aug/2026:01:03:12 +0200] "GET /z17746505571459/ HTTP/1.1" 404 1271 www.chocadoodle.co.uk "-" "Mozilla/5.0 (Linux; Android 6.0.1; Nexus 5X Build/MMB29P) AppleWebKit/537.36 (KHTML, like Gecko) Chrome/150.0.7871.186 Mobile Safari/537.36 (compatible; GoogleOther)" "-"
74.7.243.0 - - [06/Aug/2026:01:03:18 +0200] "GET /?lokasie=/bin/hostname&loknya=/bin HTTP/1.1" 403 1271 chocadoodle.co.uk "https://chocadoodle.co.uk/?loknya=/bin" "Mozilla/5.0 AppleWebKit/537.36 (KHTML, like Gecko; compatible; GPTBot/1.4; +https://openai.com/gptbot)" "-"
66.249.69.0 - - [06/Aug/2026:01:03:30 +0200] "GET /y34588587395806/ HTTP/1.1" 404 1271 www.chocadoodle.co.uk "-" "Mozilla/5.0 (Linux; Android 6.0.1; Nexus 5X Build/MMB29P) AppleWebKit/537.36 (KHTML, like Gecko) Chrome/150.0.7871.186 Mobile Safari/537.36 (compatible; GoogleOther)" "-"
74.7.243.0 - - [06/Aug/2026:01:03:39 +0200] "GET /items/15691855803381.html/?loknya=/homepages/43 HTTP/1.1" 404 1271 www.chocadoodle.co.uk "https://www.chocadoodle.co.uk/items/15691855803381.html/" "Mozilla/5.0 AppleWebKit/537.36 (KHTML, like Gecko; compatible; GPTBot/1.4; +https://openai.com/gptbot)" "-"
144.76.19.0 - - [06/Aug/2026:01:03:46 +0200] "GET /abupjr/kxpucs-c.html HTTP/1.1" 200 27498 www.wrigglesworths.co.uk "-" "Mozilla/5.0 (compatible; SERankingBacklinksBot/1.0; +https://seranking.com/backlinks-crawler)" "-"
2a03:2880:f800:: - - [06/Aug/2026:01:03:52 +0200] "GET /?lokasie=/homepages/43/d124547881/htdocs/wp-includes//class-wp-meta-query.php&loknya=/homepages/43/d124547881/htdocs/wp-includes/ HTTP/1.1" 403 1271 www.chocadoodle.co.uk "-" "Mozilla/5.0 (Windows NT 10.0; Win64; x64) AppleWebKit/537.36 (KHTML, like Gecko) Chrome/145.0.0.0 Safari/537.36 (compatible; meta-externalagent/1.1 (+https://developers.facebook.com/docs/sharing/webmasters/crawler))" "-"
66.249.69.0 - - [06/Aug/2026:01:03:59 +0200] "GET /u29931967691124/ HTTP/1.1" 404 1271 www.chocadoodle.co.uk "-" "Mozilla/5.0 (Linux; Android 6.0.1; Nexus 5X Build/MMB29P) AppleWebKit/537.36 (KHTML, like Gecko) Chrome/150.0.7871.186 Mobile Safari/537.36 (compatible; GoogleOther)" "-"
66.249.69.0 - - [06/Aug/2026:01:04:00 +0200] "GET /k29174945593748/ HTTP/1.1" 404 1271 www.chocadoodle.co.uk "-" "Mozilla/5.0 (Linux; Android 6.0.1; Nexus 5X Build/MMB29P) AppleWebKit/537.36 (KHTML, like Gecko) Chrome/150.0.7871.186 Mobile Safari/537.36 (compatible; GoogleOther)" "-"
144.76.32.0 - - [06/Aug/2026:01:04:01 +0200] "GET /amyayl/boivbf-c.html HTTP/1.1" 200 58525 gbwconsulting.co.uk "-" "Mozilla/5.0 (compatible; SERankingBacklinksBot/1.0; +https://seranking.com/backlinks-crawler)" "-"
216.73.216.0 - - [06/Aug/2026:01:04:07 +0200] "GET /?lokasie=%2Fhomepages%2F43%2Fd124547881%2Fhtdocs%2Fchocadoodle.co.uk%2Fwp-config.php&loknya=%2Fhomepages%2F43%2Fd124547881%2Fhtdocs%2Fchocadoodle.co.uk HTTP/1.1" 503 339 www.chocadoodle.co.uk "-" "Mozilla/5.0 AppleWebKit/537.36 (KHTML, like Gecko; compatible; ClaudeBot/1.0; +claudebot@anthropic.com)" "-"
216.73.216.0 - - [06/Aug/2026:01:04:07 +0200] "GET /?lokasie=%2Fhomepages%2F43%2Fd124547881%2Fhtdocs%2Fchocadoodle.co.uk%2Fwp-signup.php&loknya=%2Fhomepages%2F43%2Fd124547881%2Fhtdocs%2Fchocadoodle.co.uk HTTP/1.1" 403 1271 www.chocadoodle.co.uk "-" "Mozilla/5.0 AppleWebKit/537.36 (KHTML, like Gecko; compatible; ClaudeBot/1.0; +claudebot@anthropic.com)" "-"
74.7.243.0 - - [06/Aug/2026:01:04:22 +0200] "GET /?lokasie=/bin/uuencode&loknya=/bin HTTP/1.1" 403 1271 chocadoodle.co.uk "https://chocadoodle.co.uk/?loknya=/bin" "Mozilla/5.0 AppleWebKit/537.36 (KHTML, like Gecko; compatible; GPTBot/1.4; +https://openai.com/gptbot)" "-"
66.249.69.0 - - [06/Aug/2026:01:04:25 +0200] "GET /o46008785839274/ HTTP/1.1" 404 1271 www.chocadoodle.co.uk "-" "Mozilla/5.0 (Linux; Android 6.0.1; Nexus 5X Build/MMB29P) AppleWebKit/537.36 (KHTML, like Gecko) Chrome/150.0.7871.186 Mobile Safari/537.36 (compatible; Googlebot/2.1; +http://www.google.com/bot.html)" "-"
66.249.69.0 - - [06/Aug/2026:01:04:31 +0200] "GET /i30491465128296/ HTTP/1.1" 404 1271 www.chocadoodle.co.uk "-" "Mozilla/5.0 (Linux; Android 6.0.1; Nexus 5X Build/MMB29P) AppleWebKit/537.36 (KHTML, like Gecko) Chrome/150.0.7871.186 Mobile Safari/537.36 (compatible; GoogleOther)" "-"
66.249.69.0 - - [06/Aug/2026:01:04:44 +0200] "GET /o22549975079394/ HTTP/1.1" 404 1271 www.chocadoodle.co.uk "-" "Mozilla/5.0 (Linux; Android 6.0.1; Nexus 5X Build/MMB29P) AppleWebKit/537.36 (KHTML, like Gecko) Chrome/150.0.7871.186 Mobile Safari/537.36 (compatible; GoogleOther)" "-"
74.7.243.0 - - [06/Aug/2026:01:04:44 +0200] "GET /items/12381614839084.html/?loknya=/homepages/43 HTTP/1.1" 404 1271 www.chocadoodle.co.uk "https://www.chocadoodle.co.uk/items/12381614839084.html/" "Mozilla/5.0 AppleWebKit/537.36 (KHTML, like Gecko; compatible; GPTBot/1.4; +https://openai.com/gptbot)" "-"
216.73.216.0 - - [06/Aug/2026:01:04:45 +0200] "GET /?lokasie=%2Fhomepages%2F43%2Fd124547881%2Fhtdocs%2Fchocadoodle.co.uk%2Fproduct.php&loknya=%2Fhomepages%2F43%2Fd124547881%2Fhtdocs%2Fchocadoodle.co.uk HTTP/1.1" 403 1271 www.chocadoodle.co.uk "-" "Mozilla/5.0 AppleWebKit/537.36 (KHTML, like Gecko; compatible; ClaudeBot/1.0; +claudebot@anthropic.com)" "-"
2a03:2880:f800:: - - [06/Aug/2026:01:05:00 +0200] "GET /?lokasie=/homepages/43/d124547881/htdocs/wp-includes//cache-compat.php&loknya=/homepages/43/d124547881/htdocs/wp-includes/ HTTP/1.1" 403 1271 www.chocadoodle.co.uk "-" "Mozilla/5.0 (Windows NT 10.0; Win64; x64) AppleWebKit/537.36 (KHTML, like Gecko) Chrome/145.0.0.0 Safari/537.36 (compatible; meta-externalagent/1.1 (+https://developers.facebook.com/docs/sharing/webmasters/crawler))" "-"
66.249.69.0 - - [06/Aug/2026:01:05:02 +0200] "GET /x21835834774048/ HTTP/1.1" 404 1271 www.chocadoodle.co.uk "-" "Mozilla/5.0 (Linux; Android 6.0.1; Nexus 5X Build/MMB29P) AppleWebKit/537.36 (KHTML, like Gecko) Chrome/150.0.7871.186 Mobile Safari/537.36 (compatible; GoogleOther)" "-"
144.76.19.0 - - [06/Aug/2026:01:05:04 +0200] "GET /acetyt/gifvvp-c.html HTTP/1.1" 200 27498 www.wrigglesworths.co.uk "-" "Mozilla/5.0 (compatible; SERankingBacklinksBot/1.0; +https://seranking.com/backlinks-crawler)" "-"
144.76.32.0 - - [06/Aug/2026:01:05:21 +0200] "GET /andydt/agfbie-c.html HTTP/1.1" 200 58525 gbwconsulting.co.uk "-" "Mozilla/5.0 (compatible; SERankingBacklinksBot/1.0; +https://seranking.com/backlinks-crawler)" "-"
74.7.243.0 - - [06/Aug/2026:01:05:24 +0200] "GET /?lokasie=/bin/ppmtoneo&loknya=/bin HTTP/1.1" 403 1271 chocadoodle.co.uk "https://chocadoodle.co.uk/?loknya=/bin" "Mozilla/5.0 AppleWebKit/537.36 (KHTML, like Gecko; compatible; GPTBot/1.4; +https://openai.com/gptbot)" "-"
66.249.69.0 - - [06/Aug/2026:01:05:32 +0200] "GET /q31717326534406/ HTTP/1.1" 404 1271 www.chocadoodle.co.uk "-" "Mozilla/5.0 (Linux; Android 6.0.1; Nexus 5X Build/MMB29P) AppleWebKit/537.36 (KHTML, like Gecko) Chrome/150.0.7871.186 Mobile Safari/537.36 (compatible; GoogleOther)" "-"
66.249.69.0 - - [06/Aug/2026:01:05:36 +0200] "GET /k44267997645046/ HTTP/1.1" 404 1271 www.chocadoodle.co.uk "-" "Mozilla/5.0 (Linux; Android 6.0.1; Nexus 5X Build/MMB29P) AppleWebKit/537.36 (KHTML, like Gecko) Chrome/150.0.7871.186 Mobile Safari/537.36 (compatible; GoogleOther)" "-"
51.75.236.0 - - [06/Aug/2026:01:05:36 +0200] "GET /abby.php?sitemap8797.xml HTTP/1.1" 200 58525 gbwconsulting.co.uk "-" "Mozilla/5.0 (compatible; AhrefsBot/7.0; +http://ahrefs.com/robot/)" "-"
74.7.243.0 - - [06/Aug/2026:01:05:46 +0200] "GET /items/37044916541909.html/?loknya=/homepages/4 HTTP/1.1" 404 1271 www.chocadoodle.co.uk "https://www.chocadoodle.co.uk/items/37044916541909.html/?loknya=/homepages" "Mozilla/5.0 AppleWebKit/537.36 (KHTML, like Gecko; compatible; GPTBot/1.4; +https://openai.com/gptbot)" "-"
2a03:2880:f800:: - - [06/Aug/2026:01:06:06 +0200] "GET /?lokasie=/homepages/43/d124547881/htdocs/chocadoodle.co.uk/wp-content/uploads/2017/04/IMG_3077-1-768x576.jpg&loknya=/homepages/43/d124547881/htdocs/chocadoodle.co.uk/wp-content/uploads/2017/04 HTTP/1.1" 403 1271 www.chocadoodle.co.uk "-" "Mozilla/5.0 (Windows NT 10.0; Win64; x64) AppleWebKit/537.36 (KHTML, like Gecko) Chrome/145.0.0.0 Safari/537.36 (compatible; meta-externalagent/1.1 (+https://developers.facebook.com/docs/sharing/webmasters/crawler))" "-"
66.249.69.0 - - [06/Aug/2026:01:06:08 +0200] "GET /m23644105650170/ HTTP/1.1" 404 1271 www.chocadoodle.co.uk "-" "Mozilla/5.0 (Linux; Android 6.0.1; Nexus 5X Build/MMB29P) AppleWebKit/537.36 (KHTML, like Gecko) Chrome/150.0.7871.186 Mobile Safari/537.36 (compatible; GoogleOther)" "-"
66.249.69.0 - - [06/Aug/2026:01:06:09 +0200] "GET /n47981707857936/ HTTP/1.1" 404 1271 www.chocadoodle.co.uk "-" "Mozilla/5.0 (Linux; Android 6.0.1; Nexus 5X Build/MMB29P) AppleWebKit/537.36 (KHTML, like Gecko) Chrome/150.0.7871.186 Mobile Safari/537.36 (compatible; GoogleOther)" "-"
66.249.69.0 - - [06/Aug/2026:01:06:16 +0200] "GET /m27918506633541/ HTTP/1.1" 404 1271 www.chocadoodle.co.uk "-" "Mozilla/5.0 (Linux; Android 6.0.1; Nexus 5X Build/MMB29P) AppleWebKit/537.36 (KHTML, like Gecko) Chrome/150.0.7871.186 Mobile Safari/537.36 (compatible; GoogleOther)" "-"
144.76.19.0 - - [06/Aug/2026:01:06:21 +0200] "GET /acfpth/xesumw-c.html HTTP/1.1" 200 27498 www.wrigglesworths.co.uk "-" "Mozilla/5.0 (compatible; SERankingBacklinksBot/1.0; +https://seranking.com/backlinks-crawler)" "-"
74.7.243.0 - - [06/Aug/2026:01:06:27 +0200] "GET /?lokasie=/bin/zipcloak&loknya=/bin HTTP/1.1" 403 1271 chocadoodle.co.uk "https://chocadoodle.co.uk/?loknya=/bin" "Mozilla/5.0 AppleWebKit/537.36 (KHTML, like Gecko; compatible; GPTBot/1.4; +https://openai.com/gptbot)" "-"
66.249.69.0 - - [06/Aug/2026:01:06:37 +0200] "GET /y39638004717450/ HTTP/1.1" 404 1271 www.chocadoodle.co.uk "-" "Mozilla/5.0 (Linux; Android 6.0.1; Nexus 5X Build/MMB29P) AppleWebKit/537.36 (KHTML, like Gecko) Chrome/150.0.7871.186 Mobile Safari/537.36 (compatible; GoogleOther)" "-"
144.76.32.0 - - [06/Aug/2026:01:06:41 +0200] "GET /anynvi/yvayyh-c.html HTTP/1.1" 200 58525 gbwconsulting.co.uk "-" "Mozilla/5.0 (compatible; SERankingBacklinksBot/1.0; +https://seranking.com/backlinks-crawler)" "-"
74.7.243.0 - - [06/Aug/2026:01:06:48 +0200] "GET /items/19717165794063.html/?loknya=/homepages/7 HTTP/1.1" 404 1271 www.chocadoodle.co.uk "https://www.chocadoodle.co.uk/items/19717165794063.html/?loknya=/homepages" "Mozilla/5.0 AppleWebKit/537.36 (KHTML, like Gecko; compatible; GPTBot/1.4; +https://openai.com/gptbot)" "-"
66.249.69.0 - - [06/Aug/2026:01:06:55 +0200] "GET /u33095447729407/ HTTP/1.1" 404 1271 www.chocadoodle.co.uk "-" "Mozilla/5.0 (Linux; Android 6.0.1; Nexus 5X Build/MMB29P) AppleWebKit/537.36 (KHTML, like Gecko) Chrome/150.0.7871.186 Mobile Safari/537.36 (compatible; Googlebot/2.1; +http://www.google.com/bot.html)" "-"
66.249.69.0 - - [06/Aug/2026:01:07:04 +0200] "GET /n28831825007892/ HTTP/1.1" 404 1271 www.chocadoodle.co.uk "-" "Mozilla/5.0 (Linux; Android 6.0.1; Nexus 5X Build/MMB29P) AppleWebKit/537.36 (KHTML, like Gecko) Chrome/150.0.7871.186 Mobile Safari/537.36 (compatible; GoogleOther)" "-"
66.249.69.0 - - [06/Aug/2026:01:07:10 +0200] "GET /g18284366319716/ HTTP/1.1" 404 1271 www.chocadoodle.co.uk "-" "Mozilla/5.0 (Linux; Android 6.0.1; Nexus 5X Build/MMB29P) AppleWebKit/537.36 (KHTML, like Gecko) Chrome/150.0.7871.186 Mobile Safari/537.36 (compatible; GoogleOther)" "-"
2a03:2880:f800:: - - [06/Aug/2026:01:07:12 +0200] "GET /?lokasie=/homepages/43/d124547881/htdocs/chocadoodle.co.uk/wp-includes/meta.php&loknya=/homepages/43/d124547881/htdocs/chocadoodle.co.uk/wp-includes HTTP/1.1" 403 1271 www.chocadoodle.co.uk "-" "Mozilla/5.0 (Windows NT 10.0; Win64; x64) AppleWebKit/537.36 (KHTML, like Gecko) Chrome/145.0.0.0 Safari/537.36 (compatible; meta-externalagent/1.1 (+https://developers.facebook.com/docs/sharing/webmasters/crawler))" "-"
66.249.69.0 - - [06/Aug/2026:01:07:23 +0200] "GET /z25411594794618 HTTP/1.1" 404 1271 www.chocadoodle.co.uk "-" "Mozilla/5.0 (Linux; Android 6.0.1; Nexus 5X Build/MMB29P) AppleWebKit/537.36 (KHTML, like Gecko) Chrome/150.0.7871.186 Mobile Safari/537.36 (compatible; Googlebot/2.1; +http://www.google.com/bot.html)" "-"
74.7.243.0 - - [06/Aug/2026:01:07:28 +0200] "GET /?lokasie=/bin/pbmtoybm&loknya=/bin HTTP/1.1" 403 1271 chocadoodle.co.uk "https://chocadoodle.co.uk/?loknya=/bin" "Mozilla/5.0 AppleWebKit/537.36 (KHTML, like Gecko; compatible; GPTBot/1.4; +https://openai.com/gptbot)" "-"
144.76.19.0 - - [06/Aug/2026:01:07:38 +0200] "GET /acsaby/tcjxtt-c.html HTTP/1.1" 200 27498 www.wrigglesworths.co.uk "-" "Mozilla/5.0 (compatible; SERankingBacklinksBot/1.0; +https://seranking.com/backlinks-crawler)" "-"
66.249.69.0 - - [06/Aug/2026:01:07:38 +0200] "GET /i43097398057319/ HTTP/1.1" 404 1271 www.chocadoodle.co.uk "-" "Mozilla/5.0 (Linux; Android 6.0.1; Nexus 5X Build/MMB29P) AppleWebKit/537.36 (KHTML, like Gecko) Chrome/150.0.7871.186 Mobile Safari/537.36 (compatible; GoogleOther)" "-"
66.249.69.0 - - [06/Aug/2026:01:07:46 +0200] "GET /z47962956578077/ HTTP/1.1" 404 1271 www.chocadoodle.co.uk "-" "Mozilla/5.0 (Linux; Android 6.0.1; Nexus 5X Build/MMB29P) AppleWebKit/537.36 (KHTML, like Gecko) Chrome/150.0.7871.186 Mobile Safari/537.36 (compatible; GoogleOther)" "-"
66.249.69.0 - - [06/Aug/2026:01:07:51 +0200] "GET /j20564298172447/ HTTP/1.1" 404 1271 www.chocadoodle.co.uk "-" "Mozilla/5.0 (Linux; Android 6.0.1; Nexus 5X Build/MMB29P) AppleWebKit/537.36 (KHTML, like Gecko) Chrome/150.0.7871.186 Mobile Safari/537.36 (compatible; GoogleOther)" "-"
74.7.243.0 - - [06/Aug/2026:01:07:54 +0200] "GET /items/22490305034827.html/?loknya=/homepages/43 HTTP/1.1" 404 1271 www.chocadoodle.co.uk "https://www.chocadoodle.co.uk/items/22490305034827.html/" "Mozilla/5.0 AppleWebKit/537.36 (KHTML, like Gecko; compatible; GPTBot/1.4; +https://openai.com/gptbot)" "-"
144.76.32.0 - - [06/Aug/2026:01:07:59 +0200] "GET /aoilmv/omprcm-c.html HTTP/1.1" 200 58525 gbwconsulting.co.uk "-" "Mozilla/5.0 (compatible; SERankingBacklinksBot/1.0; +https://seranking.com/backlinks-crawler)" "-"
66.249.69.0 - - [06/Aug/2026:01:08:10 +0200] "GET /r45770038109188/ HTTP/1.1" 404 1271 www.chocadoodle.co.uk "-" "Mozilla/5.0 (Linux; Android 6.0.1; Nexus 5X Build/MMB29P) AppleWebKit/537.36 (KHTML, like Gecko) Chrome/150.0.7871.186 Mobile Safari/537.36 (compatible; GoogleOther)" "-"
2a03:2880:f800:: - - [06/Aug/2026:01:08:19 +0200] "GET /?lokasie=/lib/susshi/exec/backup&loknya=/lib/susshi/exec HTTP/1.1" 403 1271 www.chocadoodle.co.uk "-" "Mozilla/5.0 (Macintosh; Intel Mac OS X 10_15_7) AppleWebKit/537.36 (KHTML, like Gecko) Chrome/145.0.0.0 Safari/537.36 (compatible; meta-externalagent/1.1 (+https://developers.facebook.com/docs/sharing/webmasters/crawler))" "-"
74.7.243.0 - - [06/Aug/2026:01:08:32 +0200] "GET /?lokasie=/etc/hostname&loknya=/etc HTTP/1.1" 403 1271 chocadoodle.co.uk "https://chocadoodle.co.uk/?loknya=/etc" "Mozilla/5.0 AppleWebKit/537.36 (KHTML, like Gecko; compatible; GPTBot/1.4; +https://openai.com/gptbot)" "-"
66.249.69.0 - - [06/Aug/2026:01:08:34 +0200] "GET /j11526644633371/ HTTP/1.1" 404 1271 www.chocadoodle.co.uk "-" "Mozilla/5.0 (Linux; Android 6.0.1; Nexus 5X Build/MMB29P) AppleWebKit/537.36 (KHTML, like Gecko) Chrome/150.0.7871.186 Mobile Safari/537.36 (compatible; GoogleOther)" "-"
66.249.69.0 - - [06/Aug/2026:01:08:40 +0200] "GET /a39439577551387/ HTTP/1.1" 404 1271 www.chocadoodle.co.uk "-" "Mozilla/5.0 (Linux; Android 6.0.1; Nexus 5X Build/MMB29P) AppleWebKit/537.36 (KHTML, like Gecko) Chrome/150.0.7871.186 Mobile Safari/537.36 (compatible; GoogleOther)" "-"
66.249.69.0 - - [06/Aug/2026:01:08:41 +0200] "GET /l16367116688418/ HTTP/1.1" 404 1271 www.chocadoodle.co.uk "-" "Mozilla/5.0 (Linux; Android 6.0.1; Nexus 5X Build/MMB29P) AppleWebKit/537.36 (KHTML, like Gecko) Chrome/150.0.7871.186 Mobile Safari/537.36 (compatible; GoogleOther)" "-"
144.76.19.0 - - [06/Aug/2026:01:08:53 +0200] "GET /acvhvl/zizuau-c.html HTTP/1.1" 200 27498 www.wrigglesworths.co.uk "-" "Mozilla/5.0 (compatible; SERankingBacklinksBot/1.0; +https://seranking.com/backlinks-crawler)" "-"
74.7.243.0 - - [06/Aug/2026:01:08:59 +0200] "GET /items/33043648167374.html/?loknya=/homepages/2 HTTP/1.1" 404 1271 www.chocadoodle.co.uk "https://www.chocadoodle.co.uk/items/33043648167374.html/?loknya=/homepages" "Mozilla/5.0 AppleWebKit/537.36 (KHTML, like Gecko; compatible; GPTBot/1.4; +https://openai.com/gptbot)" "-"
66.249.69.0 - - [06/Aug/2026:01:09:11 +0200] "GET /v48667177743777/ HTTP/1.1" 404 1271 www.chocadoodle.co.uk "-" "Mozilla/5.0 (Linux; Android 6.0.1; Nexus 5X Build/MMB29P) AppleWebKit/537.36 (KHTML, like Gecko) Chrome/150.0.7871.186 Mobile Safari/537.36 (compatible; GoogleOther)" "-"
144.76.32.0 - - [06/Aug/2026:01:09:16 +0200] "GET /aoqnxw/aetrmq-c.html HTTP/1.1" 200 58525 gbwconsulting.co.uk "-" "Mozilla/5.0 (compatible; SERankingBacklinksBot/1.0; +https://seranking.com/backlinks-crawler)" "-"
66.249.69.0 - - [06/Aug/2026:01:09:19 +0200] "GET /q26478947946146/ HTTP/1.1" 404 1271 www.chocadoodle.co.uk "-" "Mozilla/5.0 (Linux; Android 6.0.1; Nexus 5X Build/MMB29P) AppleWebKit/537.36 (KHTML, like Gecko) Chrome/150.0.7871.186 Mobile Safari/537.36 (compatible; GoogleOther)" "-"
2a03:2880:f800:: - - [06/Aug/2026:01:09:26 +0200] "GET /?lokasie=/homepages/23/d732244372/last_traffic&loknya=/homepages/23/d732244372 HTTP/1.1" 403 1271 www.chocadoodle.co.uk "-" "Mozilla/5.0 (Windows NT 10.0; Win64; x64) AppleWebKit/537.36 (KHTML, like Gecko) Chrome/145.0.0.0 Safari/537.36 (compatible; meta-externalagent/1.1 (+https://developers.facebook.com/docs/sharing/webmasters/crawler))" "-"
74.7.243.0 - - [06/Aug/2026:01:09:32 +0200] "GET /?lokasie=/bin/zstdless&loknya=/bin HTTP/1.1" 403 1271 chocadoodle.co.uk "https://chocadoodle.co.uk/?loknya=/bin" "Mozilla/5.0 AppleWebKit/537.36 (KHTML, like Gecko; compatible; GPTBot/1.4; +https://openai.com/gptbot)" "-"
66.249.69.0 - - [06/Aug/2026:01:09:43 +0200] "GET /k29758278101658/ HTTP/1.1" 404 1271 www.chocadoodle.co.uk "-" "Mozilla/5.0 (Linux; Android 6.0.1; Nexus 5X Build/MMB29P) AppleWebKit/537.36 (KHTML, like Gecko) Chrome/150.0.7871.186 Mobile Safari/537.36 (compatible; GoogleOther)" "-"
74.7.243.0 - - [06/Aug/2026:01:10:02 +0200] "GET /items/17892927857298.html/?loknya=/homepages/43 HTTP/1.1" 404 1271 www.chocadoodle.co.uk "https://www.chocadoodle.co.uk/items/17892927857298.html/" "Mozilla/5.0 AppleWebKit/537.36 (KHTML, like Gecko; compatible; GPTBot/1.4; +https://openai.com/gptbot)" "-"
66.249.69.0 - - [06/Aug/2026:01:10:08 +0200] "GET /a49312635481002/ HTTP/1.1" 404 1271 www.chocadoodle.co.uk "-" "Mozilla/5.0 (Linux; Android 6.0.1; Nexus 5X Build/MMB29P) AppleWebKit/537.36 (KHTML, like Gecko) Chrome/150.0.7871.186 Mobile Safari/537.36 (compatible; GoogleOther)" "-"
144.76.19.0 - - [06/Aug/2026:01:10:08 +0200] "GET /acvumk/neuuej-c.html HTTP/1.1" 200 27498 www.wrigglesworths.co.uk "-" "Mozilla/5.0 (compatible; SERankingBacklinksBot/1.0; +https://seranking.com/backlinks-crawler)" "-"
66.249.69.0 - - [06/Aug/2026:01:10:15 +0200] "GET /w11231746136196/ HTTP/1.1" 404 1271 www.chocadoodle.co.uk "-" "Mozilla/5.0 (Linux; Android 6.0.1; Nexus 5X Build/MMB29P) AppleWebKit/537.36 (KHTML, like Gecko) Chrome/150.0.7871.186 Mobile Safari/537.36 (compatible; GoogleOther)" "-"
2a03:2880:f800:: - - [06/Aug/2026:01:10:32 +0200] "GET /?lokasie=/homepages/43/d124547881/htdocs/app395378437/wp-includes/class-wp-rewrite.php&loknya=/homepages/43/d124547881/htdocs/app395378437/wp-includes HTTP/1.1" 403 1271 www.chocadoodle.co.uk "-" "Mozilla/5.0 (Windows NT 10.0; Win64; x64) AppleWebKit/537.36 (KHTML, like Gecko) Chrome/145.0.0.0 Safari/537.36 Edg/145.0.0.0 (compatible; meta-externalagent/1.1 (+https://developers.facebook.com/docs/sharing/webmasters/crawler))" "-"
144.76.32.0 - - [06/Aug/2026:01:10:34 +0200] "GET /apefot/bztsyc-c.html HTTP/1.1" 200 58525 gbwconsulting.co.uk "-" "Mozilla/5.0 (compatible; SERankingBacklinksBot/1.0; +https://seranking.com/backlinks-crawler)" "-"
74.7.243.0 - - [06/Aug/2026:01:10:38 +0200] "GET /?lokasie=/bin/autoscan&loknya=/bin HTTP/1.1" 403 1271 chocadoodle.co.uk "https://chocadoodle.co.uk/?loknya=/bin" "Mozilla/5.0 AppleWebKit/537.36 (KHTML, like Gecko; compatible; GPTBot/1.4; +https://openai.com/gptbot)" "-"
66.249.69.0 - - [06/Aug/2026:01:10:40 +0200] "GET /k19949137931564/ HTTP/1.1" 404 1271 www.chocadoodle.co.uk "-" "Mozilla/5.0 (Linux; Android 6.0.1; Nexus 5X Build/MMB29P) AppleWebKit/537.36 (KHTML, like Gecko) Chrome/150.0.7871.186 Mobile Safari/537.36 (compatible; Googlebot/2.1; +http://www.google.com/bot.html)" "-"
66.249.69.0 - - [06/Aug/2026:01:10:45 +0200] "GET /f42699296788585/ HTTP/1.1" 404 1271 www.chocadoodle.co.uk "-" "Mozilla/5.0 (Linux; Android 6.0.1; Nexus 5X Build/MMB29P) AppleWebKit/537.36 (KHTML, like Gecko) Chrome/150.0.7871.186 Mobile Safari/537.36 (compatible; GoogleOther)" "-"
66.249.69.0 - - [06/Aug/2026:01:10:54 +0200] "GET /n12587197485687/ HTTP/1.1" 404 1271 www.chocadoodle.co.uk "-" "Mozilla/5.0 (Linux; Android 6.0.1; Nexus 5X Build/MMB29P) AppleWebKit/537.36 (KHTML, like Gecko) Chrome/150.0.7871.186 Mobile Safari/537.36 (compatible; GoogleOther)" "-"
74.7.243.0 - - [06/Aug/2026:01:11:06 +0200] "GET /items/37044916541909.html/?loknya=/homepages/9 HTTP/1.1" 404 1271 www.chocadoodle.co.uk "https://www.chocadoodle.co.uk/items/37044916541909.html/?loknya=/homepages" "Mozilla/5.0 AppleWebKit/537.36 (KHTML, like Gecko; compatible; GPTBot/1.4; +https://openai.com/gptbot)" "-"
66.249.69.0 - - [06/Aug/2026:01:11:16 +0200] "GET /y49288355977950/ HTTP/1.1" 404 1271 www.chocadoodle.co.uk "-" "Mozilla/5.0 (Linux; Android 6.0.1; Nexus 5X Build/MMB29P) AppleWebKit/537.36 (KHTML, like Gecko) Chrome/150.0.7871.186 Mobile Safari/537.36 (compatible; GoogleOther)" "-"
144.76.19.0 - - [06/Aug/2026:01:11:21 +0200] "GET /acxipv/dwwtsd-c.html HTTP/1.1" 200 27498 www.wrigglesworths.co.uk "-" "Mozilla/5.0 (compatible; SERankingBacklinksBot/1.0; +https://seranking.com/backlinks-crawler)" "-"
2a03:2880:f800:: - - [06/Aug/2026:01:11:39 +0200] "GET /?lokasie=/lib/x86_64-linux-gnu//libbrotlidec.so.1.0.9&loknya=/lib/x86_64-linux-gnu/ HTTP/1.1" 403 1271 www.chocadoodle.co.uk "-" "Mozilla/5.0 (Windows NT 10.0; Win64; x64) AppleWebKit/537.36 (KHTML, like Gecko) Chrome/145.0.0.0 Safari/537.36 (compatible; meta-externalagent/1.1 (+https://developers.facebook.com/docs/sharing/webmasters/crawler))" "-"
74.7.243.0 - - [06/Aug/2026:01:11:39 +0200] "GET /?lokasie=/bin/pgmnoise&loknya=/bin HTTP/1.1" 403 1271 chocadoodle.co.uk "https://chocadoodle.co.uk/?loknya=/bin" "Mozilla/5.0 AppleWebKit/537.36 (KHTML, like Gecko; compatible; GPTBot/1.4; +https://openai.com/gptbot)" "-"
66.249.69.0 - - [06/Aug/2026:01:11:39 +0200] "GET /b34760088100978/ HTTP/1.1" 404 1271 www.chocadoodle.co.uk "-" "Mozilla/5.0 (Linux; Android 6.0.1; Nexus 5X Build/MMB29P) AppleWebKit/537.36 (KHTML, like Gecko) Chrome/150.0.7871.186 Mobile Safari/537.36 (compatible; GoogleOther)" "-"
144.76.32.0 - - [06/Aug/2026:01:11:50 +0200] "GET /vpexrn/xxazbg-c.html HTTP/1.1" 200 58525 gbwconsulting.co.uk "-" "Mozilla/5.0 (compatible; SERankingBacklinksBot/1.0; +https://seranking.com/backlinks-crawler)" "-"
74.7.243.0 - - [06/Aug/2026:01:12:08 +0200] "GET /items/45848495781229.html/?loknya=/homepages/43/d124547881/htdocs/ HTTP/1.1" 404 1271 www.chocadoodle.co.uk "https://www.chocadoodle.co.uk/items/45848495781229.html/" "Mozilla/5.0 AppleWebKit/537.36 (KHTML, like Gecko; compatible; GPTBot/1.4; +https://openai.com/gptbot)" "-"
144.76.19.0 - - [06/Aug/2026:01:12:35 +0200] "GET /adadxw/yhwijv-c.html HTTP/1.1" 200 27498 www.wrigglesworths.co.uk "-" "Mozilla/5.0 (compatible; SERankingBacklinksBot/1.0; +https://seranking.com/backlinks-crawler)" "-"
204.12.208.0 - - [06/Aug/2026:01:12:38 +0200] "GET /wp-content/xebc497/index.php HTTP/1.1" 403 15 chocadoodle.co.uk "https://chocadoodle.co.uk/wp-content/xebc497/index.php" "Mozilla/5.0 (Macintosh; U; Intel Mac OS X 10_5_3; ja-jp) AppleWebKit/525.18 (KHTML, like Gecko) Version/3.1.1 Safari/525.20" "-"
204.12.208.0 - - [06/Aug/2026:01:12:39 +0200] "GET /wp-content/xebc497/index.php HTTP/1.1" 403 15 chocadoodle.co.uk "https://chocadoodle.co.uk/wp-content/xebc497/index.php" "Mozilla/5.0 (Macintosh; U; Intel Mac OS X 10_5_6; ja-jp) AppleWebKit/525.27.1 (KHTML, like Gecko) Version/3.2.1 Safari/525.27.1" "-"
204.12.208.0 - - [06/Aug/2026:01:12:40 +0200] "GET /wp-content/xebc497/index.php HTTP/1.1" 403 15 chocadoodle.co.uk "https://chocadoodle.co.uk/wp-content/xebc497/index.php" "Mozilla/5.0 (Macintosh; Intel Mac OS X 10_6_8) AppleWebKit/534.57.2 (KHTML, like Gecko) Version/5.1.7 Safari/534.57.2" "-"
74.7.243.0 - - [06/Aug/2026:01:12:43 +0200] "GET /?lokasie=/bin/ri2.7&loknya=/bin HTTP/1.1" 403 1271 chocadoodle.co.uk "https://chocadoodle.co.uk/?loknya=/bin" "Mozilla/5.0 AppleWebKit/537.36 (KHTML, like Gecko; compatible; GPTBot/1.4; +https://openai.com/gptbot)" "-"
2a03:2880:f800:: - - [06/Aug/2026:01:12:46 +0200] "GET /?lokasie=/lib/python3.9/sndhdr.py&loknya=/lib/python3.9 HTTP/1.1" 403 1271 www.chocadoodle.co.uk "-" "Mozilla/5.0 (Macintosh; Intel Mac OS X 10_15_7) AppleWebKit/537.36 (KHTML, like Gecko) Chrome/145.0.0.0 Safari/537.36 Edg/145.0.0.0 (compatible; meta-externalagent/1.1 (+https://developers.facebook.com/docs/sharing/webmasters/crawler))" "-"
144.76.32.0 - - [06/Aug/2026:01:13:05 +0200] "GET /apgqme/elfjfy-c.html HTTP/1.1" 200 58525 gbwconsulting.co.uk "-" "Mozilla/5.0 (compatible; SERankingBacklinksBot/1.0; +https://seranking.com/backlinks-crawler)" "-"
74.7.243.0 - - [06/Aug/2026:01:13:08 +0200] "GET /items/44183405493493.html/?loknya=/homepages/43/d124547881/htdocs/ HTTP/1.1" 404 1271 www.chocadoodle.co.uk "https://www.chocadoodle.co.uk/items/44183405493493.html/" "Mozilla/5.0 AppleWebKit/537.36 (KHTML, like Gecko; compatible; GPTBot/1.4; +https://openai.com/gptbot)" "-"
66.249.69.0 - - [06/Aug/2026:01:13:23 +0200] "GET /p13070515570623/ HTTP/1.1" 404 1271 www.chocadoodle.co.uk "-" "Mozilla/5.0 (Linux; Android 6.0.1; Nexus 5X Build/MMB29P) AppleWebKit/537.36 (KHTML, like Gecko) Chrome/150.0.7871.186 Mobile Safari/537.36 (compatible; GoogleOther)" "-"
170.106.143.0 - - [06/Aug/2026:01:13:38 +0200] "GET / HTTP/1.1" 200 27498 www.wrigglesworths.co.uk "-" "Mozilla/5.0 (iPhone; CPU iPhone OS 13_2_3 like Mac OS X) AppleWebKit/605.1.15 (KHTML, like Gecko) Version/13.0.3 Mobile/15E148 Safari/604.1" "-"
74.7.243.0 - - [06/Aug/2026:01:13:45 +0200] "GET /?lokasie=/bin/pydoc3.9&loknya=/bin HTTP/1.1" 403 1271 chocadoodle.co.uk "https://chocadoodle.co.uk/?loknya=/bin" "Mozilla/5.0 AppleWebKit/537.36 (KHTML, like Gecko; compatible; GPTBot/1.4; +https://openai.com/gptbot)" "-"
144.76.19.0 - - [06/Aug/2026:01:13:47 +0200] "GET /adetsx/unbvrn-c.html HTTP/1.1" 200 27498 www.wrigglesworths.co.uk "-" "Mozilla/5.0 (compatible; SERankingBacklinksBot/1.0; +https://seranking.com/backlinks-crawler)" "-"
2a03:2880:f800:: - - [06/Aug/2026:01:13:52 +0200] "GET /?lokasie=/homepages/24/d730669121/.created&loknya=/homepages/24/d730669121 HTTP/1.1" 403 1271 www.chocadoodle.co.uk "-" "Mozilla/5.0 (Macintosh; Intel Mac OS X 10_15_7) AppleWebKit/537.36 (KHTML, like Gecko) Chrome/145.0.0.0 Safari/537.36 (compatible; meta-externalagent/1.1 (+https://developers.facebook.com/docs/sharing/webmasters/crawler))" "-"
66.249.69.0 - - [06/Aug/2026:01:14:11 +0200] "GET /c40510417695147/ HTTP/1.1" 404 1271 www.chocadoodle.co.uk "-" "Mozilla/5.0 (compatible; Googlebot/2.1; +http://www.google.com/bot.html)" "-"
74.7.243.0 - - [06/Aug/2026:01:14:12 +0200] "GET /items/47426435374857.html/?loknya=/homepages/43/d124547881/htdocs/ HTTP/1.1" 404 1271 www.chocadoodle.co.uk "https://www.chocadoodle.co.uk/items/47426435374857.html/" "Mozilla/5.0 AppleWebKit/537.36 (KHTML, like Gecko; compatible; GPTBot/1.4; +https://openai.com/gptbot)" "-"
66.249.69.0 - - [06/Aug/2026:01:14:16 +0200] "GET /l20094486042819/ HTTP/1.1" 404 1271 www.chocadoodle.co.uk "-" "Mozilla/5.0 (compatible; Googlebot/2.1; +http://www.google.com/bot.html)" "-"
144.76.32.0 - - [06/Aug/2026:01:14:18 +0200] "GET /apiqjo/rgvxth-c.html HTTP/1.1" 200 58525 gbwconsulting.co.uk "-" "Mozilla/5.0 (compatible; SERankingBacklinksBot/1.0; +https://seranking.com/backlinks-crawler)" "-"
66.249.69.0 - - [06/Aug/2026:01:14:21 +0200] "GET /l20094486042819/ HTTP/1.1" 404 1271 www.chocadoodle.co.uk "-" "Mozilla/5.0 (Linux; Android 6.0.1; Nexus 5X Build/MMB29P) AppleWebKit/537.36 (KHTML, like Gecko) Chrome/150.0.7871.186 Mobile Safari/537.36 (compatible; Googlebot/2.1; +http://www.google.com/bot.html)" "-"
66.249.69.0 - - [06/Aug/2026:01:14:24 +0200] "GET /o18915935645716/ HTTP/1.1" 404 1271 www.chocadoodle.co.uk "-" "Mozilla/5.0 (Linux; Android 6.0.1; Nexus 5X Build/MMB29P) AppleWebKit/537.36 (KHTML, like Gecko) Chrome/150.0.7871.186 Mobile Safari/537.36 (compatible; GoogleOther)" "-"
74.7.243.0 - - [06/Aug/2026:01:14:46 +0200] "GET /?lokasie=/bin/db5.3_checkpoint&loknya=/bin HTTP/1.1" 403 1271 chocadoodle.co.uk "https://chocadoodle.co.uk/?loknya=/bin" "Mozilla/5.0 AppleWebKit/537.36 (KHTML, like Gecko; compatible; GPTBot/1.4; +https://openai.com/gptbot)" "-"
66.249.69.0 - - [06/Aug/2026:01:14:54 +0200] "GET /r40866407209625/ HTTP/1.1" 404 1271 www.chocadoodle.co.uk "-" "Mozilla/5.0 (Linux; Android 6.0.1; Nexus 5X Build/MMB29P) AppleWebKit/537.36 (KHTML, like Gecko) Chrome/150.0.7871.186 Mobile Safari/537.36 (compatible; GoogleOther)" "-"
144.76.19.0 - - [06/Aug/2026:01:14:58 +0200] "GET /adkgph/azlezm-c.html HTTP/1.1" 200 27498 www.wrigglesworths.co.uk "-" "Mozilla/5.0 (compatible; SERankingBacklinksBot/1.0; +https://seranking.com/backlinks-crawler)" "-"
2a03:2880:f800:: - - [06/Aug/2026:01:14:59 +0200] "GET /?lokasie=/homepages/43/d124547881/htdocs/gbwconsulting.co.uk/cache/wp-cron.php&loknya=/homepages/43/d124547881/htdocs/gbwconsulting.co.uk/cache HTTP/1.1" 403 1271 www.chocadoodle.co.uk "-" "Mozilla/5.0 (Windows NT 10.0; Win64; x64) AppleWebKit/537.36 (KHTML, like Gecko) Chrome/144.0.0.0 Safari/537.36 Edg/144.0.0.0 (compatible; meta-externalagent/1.1 (+https://developers.facebook.com/docs/sharing/webmasters/crawler))" "-"
74.7.243.0 - - [06/Aug/2026:01:15:18 +0200] "GET /items/41738164651851.html/?loknya=/homepages/43/d124547881/htdocs/ HTTP/1.1" 404 1271 www.chocadoodle.co.uk "https://www.chocadoodle.co.uk/items/41738164651851.html/" "Mozilla/5.0 AppleWebKit/537.36 (KHTML, like Gecko; compatible; GPTBot/1.4; +https://openai.com/gptbot)" "-"
66.249.69.0 - - [06/Aug/2026:01:15:25 +0200] "GET /e14432488087319/ HTTP/1.1" 404 1271 www.chocadoodle.co.uk "-" "Mozilla/5.0 (Linux; Android 6.0.1; Nexus 5X Build/MMB29P) AppleWebKit/537.36 (KHTML, like Gecko) Chrome/150.0.7871.186 Mobile Safari/537.36 (compatible; GoogleOther)" "-"
144.76.32.0 - - [06/Aug/2026:01:15:32 +0200] "GET /apljwv/bjhyaw-c.html HTTP/1.1" 200 58525 gbwconsulting.co.uk "-" "Mozilla/5.0 (compatible; SERankingBacklinksBot/1.0; +https://seranking.com/backlinks-crawler)" "-"
66.249.69.0 - - [06/Aug/2026:01:15:43 +0200] "GET /h14230368028286/ HTTP/1.1" 404 1271 www.chocadoodle.co.uk "-" "Mozilla/5.0 (Linux; Android 6.0.1; Nexus 5X Build/MMB29P) AppleWebKit/537.36 (KHTML, like Gecko) Chrome/150.0.7871.186 Mobile Safari/537.36 (compatible; GoogleOther)" "-"
66.249.69.0 - - [06/Aug/2026:01:15:45 +0200] "GET /n48019036295354/ HTTP/1.1" 404 1271 www.chocadoodle.co.uk "-" "Mozilla/5.0 (Linux; Android 6.0.1; Nexus 5X Build/MMB29P) AppleWebKit/537.36 (KHTML, like Gecko) Chrome/150.0.7871.186 Mobile Safari/537.36 (compatible; GoogleOther)" "-"
66.249.69.0 - - [06/Aug/2026:01:15:46 +0200] "GET /m27984927582341/ HTTP/1.1" 404 1271 www.chocadoodle.co.uk "-" "Mozilla/5.0 (Linux; Android 6.0.1; Nexus 5X Build/MMB29P) AppleWebKit/537.36 (KHTML, like Gecko) Chrome/150.0.7871.186 Mobile Safari/537.36 (compatible; GoogleOther)" "-"
66.249.69.0 - - [06/Aug/2026:01:15:47 +0200] "GET /d30563685426708/ HTTP/1.1" 404 1271 www.chocadoodle.co.uk "-" "Mozilla/5.0 (Linux; Android 6.0.1; Nexus 5X Build/MMB29P) AppleWebKit/537.36 (KHTML, like Gecko) Chrome/150.0.7871.186 Mobile Safari/537.36 (compatible; GoogleOther)" "-"
66.249.69.0 - - [06/Aug/2026:01:15:48 +0200] "GET /f49962274824578/ HTTP/1.1" 404 1271 www.chocadoodle.co.uk "-" "Mozilla/5.0 (Linux; Android 6.0.1; Nexus 5X Build/MMB29P) AppleWebKit/537.36 (KHTML, like Gecko) Chrome/150.0.7871.186 Mobile Safari/537.36 (compatible; GoogleOther)" "-"
66.249.69.0 - - [06/Aug/2026:01:15:49 +0200] "GET /e14817836328251/ HTTP/1.1" 404 1271 www.chocadoodle.co.uk "-" "Mozilla/5.0 (Linux; Android 6.0.1; Nexus 5X Build/MMB29P) AppleWebKit/537.36 (KHTML, like Gecko) Chrome/150.0.7871.186 Mobile Safari/537.36 (compatible; GoogleOther)" "-"
74.7.243.0 - - [06/Aug/2026:01:15:52 +0200] "GET /?loknya=/usr/lib/susshi HTTP/1.1" 403 1271 chocadoodle.co.uk "https://chocadoodle.co.uk/?loknya=/usr/lib" "Mozilla/5.0 AppleWebKit/537.36 (KHTML, like Gecko; compatible; GPTBot/1.4; +https://openai.com/gptbot)" "-"
66.249.69.0 - - [06/Aug/2026:01:15:57 +0200] "GET /y26221404771235/ HTTP/1.1" 404 1271 www.chocadoodle.co.uk "-" "Mozilla/5.0 (Linux; Android 6.0.1; Nexus 5X Build/MMB29P) AppleWebKit/537.36 (KHTML, like Gecko) Chrome/150.0.7871.186 Mobile Safari/537.36 (compatible; GoogleOther)" "-"
2a03:2880:f800:: - - [06/Aug/2026:01:16:06 +0200] "GET /?lokasie=/homepages/43/d124547881/htdocs/outofboundsldn.co.uk//radio.php&loknya=/homepages/43/d124547881/htdocs/outofboundsldn.co.uk/ HTTP/1.1" 403 1271 www.chocadoodle.co.uk "-" "Mozilla/5.0 (Windows NT 10.0; Win64; x64) AppleWebKit/537.36 (KHTML, like Gecko) Chrome/145.0.0.0 Safari/537.36 (compatible; meta-externalagent/1.1 (+https://developers.facebook.com/docs/sharing/webmasters/crawler))" "-"
144.76.19.0 - - [06/Aug/2026:01:16:10 +0200] "GET /adziet/mhlptc-c.html HTTP/1.1" 200 27498 www.wrigglesworths.co.uk "-" "Mozilla/5.0 (compatible; SERankingBacklinksBot/1.0; +https://seranking.com/backlinks-crawler)" "-"
66.249.69.0 - - [06/Aug/2026:01:16:13 +0200] "GET /f30284617698020/ HTTP/1.1" 404 1271 www.chocadoodle.co.uk "-" "Mozilla/5.0 (Linux; Android 6.0.1; Nexus 5X Build/MMB29P) AppleWebKit/537.36 (KHTML, like Gecko) Chrome/150.0.7871.186 Mobile Safari/537.36 (compatible; GoogleOther)" "-"
74.7.243.0 - - [06/Aug/2026:01:16:18 +0200] "GET /items/49145317344219.html/?loknya=/homepages/43/d124547881/htdocs/ HTTP/1.1" 404 1271 www.chocadoodle.co.uk "https://www.chocadoodle.co.uk/items/49145317344219.html/" "Mozilla/5.0 AppleWebKit/537.36 (KHTML, like Gecko; compatible; GPTBot/1.4; +https://openai.com/gptbot)" "-"
66.249.69.0 - - [06/Aug/2026:01:16:30 +0200] "GET /r15059697007089/ HTTP/1.1" 404 1271 www.chocadoodle.co.uk "-" "Mozilla/5.0 (Linux; Android 6.0.1; Nexus 5X Build/MMB29P) AppleWebKit/537.36 (KHTML, like Gecko) Chrome/150.0.7871.186 Mobile Safari/537.36 (compatible; GoogleOther)" "-"
144.76.32.0 - - [06/Aug/2026:01:16:44 +0200] "GET /apzzsl/mnrbxh-c.html HTTP/1.1" 200 58525 gbwconsulting.co.uk "-" "Mozilla/5.0 (compatible; SERankingBacklinksBot/1.0; +https://seranking.com/backlinks-crawler)" "-"
74.7.243.0 - - [06/Aug/2026:01:16:54 +0200] "GET /?loknya=/var/spool/cron HTTP/1.1" 403 1271 chocadoodle.co.uk "https://chocadoodle.co.uk/?loknya=/var/spool" "Mozilla/5.0 AppleWebKit/537.36 (KHTML, like Gecko; compatible; GPTBot/1.4; +https://openai.com/gptbot)" "-"
66.249.69.0 - - [06/Aug/2026:01:17:03 +0200] "GET /o26721067468262/ HTTP/1.1" 404 1271 www.chocadoodle.co.uk "-" "Mozilla/5.0 (Linux; Android 6.0.1; Nexus 5X Build/MMB29P) AppleWebKit/537.36 (KHTML, like Gecko) Chrome/150.0.7871.186 Mobile Safari/537.36 (compatible; GoogleOther)" "-"
2a03:2880:f800:: - - [06/Aug/2026:01:17:12 +0200] "GET /?lokasie=/homepages/43/d124547881/htdocs/outofboundsldn.co.uk//5uzgclr2.php&loknya=/homepages/43/d124547881/htdocs/outofboundsldn.co.uk/ HTTP/1.1" 403 1271 www.chocadoodle.co.uk "-" "Mozilla/5.0 (Windows NT 10.0; Win64; x64) AppleWebKit/537.36 (KHTML, like Gecko) Chrome/145.0.0.0 Safari/537.36 (compatible; meta-externalagent/1.1 (+https://developers.facebook.com/docs/sharing/webmasters/crawler))" "-"
66.249.69.0 - - [06/Aug/2026:01:17:16 +0200] "GET /o35164445533371/ HTTP/1.1" 404 1271 www.chocadoodle.co.uk "-" "Mozilla/5.0 (Linux; Android 6.0.1; Nexus 5X Build/MMB29P) AppleWebKit/537.36 (KHTML, like Gecko) Chrome/150.0.7871.186 Mobile Safari/537.36 (compatible; Googlebot/2.1; +http://www.google.com/bot.html)" "-"
144.76.19.0 - - [06/Aug/2026:01:17:19 +0200] "GET /aeaxjv/adkcrw-c.html HTTP/1.1" 200 27498 www.wrigglesworths.co.uk "-" "Mozilla/5.0 (compatible; SERankingBacklinksBot/1.0; +https://seranking.com/backlinks-crawler)" "-"
74.7.243.0 - - [06/Aug/2026:01:17:22 +0200] "GET /items/15847954758833.html/?loknya=/homepages/43/d124547881/htdocs/ HTTP/1.1" 404 1271 www.chocadoodle.co.uk "https://www.chocadoodle.co.uk/items/15847954758833.html/" "Mozilla/5.0 AppleWebKit/537.36 (KHTML, like Gecko; compatible; GPTBot/1.4; +https://openai.com/gptbot)" "-"
66.249.69.0 - - [06/Aug/2026:01:17:30 +0200] "GET /d22539504734756/ HTTP/1.1" 404 1271 www.chocadoodle.co.uk "-" "Mozilla/5.0 (Linux; Android 6.0.1; Nexus 5X Build/MMB29P) AppleWebKit/537.36 (KHTML, like Gecko) Chrome/150.0.7871.186 Mobile Safari/537.36 (compatible; GoogleOther)" "-"
66.249.69.0 - - [06/Aug/2026:01:17:45 +0200] "GET /x39464906951925/ HTTP/1.1" 404 1271 www.chocadoodle.co.uk "-" "Mozilla/5.0 (Linux; Android 6.0.1; Nexus 5X Build/MMB29P) AppleWebKit/537.36 (KHTML, like Gecko) Chrome/150.0.7871.186 Mobile Safari/537.36 (compatible; GoogleOther)" "-"
144.76.32.0 - - [06/Aug/2026:01:17:56 +0200] "GET /aqqdci/tlvgog-c.html HTTP/1.1" 200 58525 gbwconsulting.co.uk "-" "Mozilla/5.0 (compatible; SERankingBacklinksBot/1.0; +https://seranking.com/backlinks-crawler)" "-"
74.7.243.0 - - [06/Aug/2026:01:18:00 +0200] "GET /?loknya=/kunden/var/run HTTP/1.1" 403 1271 chocadoodle.co.uk "https://chocadoodle.co.uk/?loknya=/kunden/var" "Mozilla/5.0 AppleWebKit/537.36 (KHTML, like Gecko; compatible; GPTBot/1.4; +https://openai.com/gptbot)" "-"
66.249.69.0 - - [06/Aug/2026:01:18:03 +0200] "GET /u18275827498268/ HTTP/1.1" 404 1271 www.chocadoodle.co.uk "-" "Mozilla/5.0 (Linux; Android 6.0.1; Nexus 5X Build/MMB29P) AppleWebKit/537.36 (KHTML, like Gecko) Chrome/150.0.7871.186 Mobile Safari/537.36 (compatible; GoogleOther)" "-"
2a03:2880:f800:: - - [06/Aug/2026:01:18:19 +0200] "GET /?lokasie=/homepages/43/d732785362/.created&loknya=/homepages/43/d732785362 HTTP/1.1" 403 1271 www.chocadoodle.co.uk "-" "Mozilla/5.0 (Windows NT 10.0; Win64; x64) AppleWebKit/537.36 (KHTML, like Gecko) Chrome/145.0.0.0 Safari/537.36 (compatible; meta-externalagent/1.1 (+https://developers.facebook.com/docs/sharing/webmasters/crawler))" "-"
74.7.243.0 - - [06/Aug/2026:01:18:23 +0200] "GET /items/47087277081854.html/?loknya=/homepages/43/d124547881/htdocs/ HTTP/1.1" 404 1271 www.chocadoodle.co.uk "https://www.chocadoodle.co.uk/items/47087277081854.html/" "Mozilla/5.0 AppleWebKit/537.36 (KHTML, like Gecko; compatible; GPTBot/1.4; +https://openai.com/gptbot)" "-"
144.76.19.0 - - [06/Aug/2026:01:18:28 +0200] "GET /aecial/yesmrx-c.html HTTP/1.1" 200 27498 www.wrigglesworths.co.uk "-" "Mozilla/5.0 (compatible; SERankingBacklinksBot/1.0; +https://seranking.com/backlinks-crawler)" "-"
66.249.69.0 - - [06/Aug/2026:01:18:31 +0200] "GET /n45962974887028/ HTTP/1.1" 404 1271 www.chocadoodle.co.uk "-" "Mozilla/5.0 (Linux; Android 6.0.1; Nexus 5X Build/MMB29P) AppleWebKit/537.36 (KHTML, like Gecko) Chrome/150.0.7871.186 Mobile Safari/537.36 (compatible; GoogleOther)" "-"
66.249.69.0 - - [06/Aug/2026:01:18:32 +0200] "GET /e11265175923799/ HTTP/1.1" 404 1271 www.chocadoodle.co.uk "-" "Mozilla/5.0 (Linux; Android 6.0.1; Nexus 5X Build/MMB29P) AppleWebKit/537.36 (KHTML, like Gecko) Chrome/150.0.7871.186 Mobile Safari/537.36 (compatible; GoogleOther)" "-"
66.249.69.0 - - [06/Aug/2026:01:19:03 +0200] "GET /u17090115646371/ HTTP/1.1" 404 1271 www.chocadoodle.co.uk "-" "Mozilla/5.0 (Linux; Android 6.0.1; Nexus 5X Build/MMB29P) AppleWebKit/537.36 (KHTML, like Gecko) Chrome/150.0.7871.186 Mobile Safari/537.36 (compatible; GoogleOther)" "-"
74.7.243.0 - - [06/Aug/2026:01:19:05 +0200] "GET /?lokasie=/bin/pnmtopalm&loknya=/bin HTTP/1.1" 403 1271 chocadoodle.co.uk "https://chocadoodle.co.uk/?loknya=/bin" "Mozilla/5.0 AppleWebKit/537.36 (KHTML, like Gecko; compatible; GPTBot/1.4; +https://openai.com/gptbot)" "-"
144.76.32.0 - - [06/Aug/2026:01:19:07 +0200] "GET /aqqtyl/rbthiz-c.html HTTP/1.1" 200 58525 gbwconsulting.co.uk "-" "Mozilla/5.0 (compatible; SERankingBacklinksBot/1.0; +https://seranking.com/backlinks-crawler)" "-"
2a10:3c0:100:: - - [06/Aug/2026:01:19:11 +0200] "GET / HTTP/1.1" 403 1271 chocadoodle.co.uk "-" "Mozilla/5.0 AppleWebKit/537.36 (KHTML, like Gecko) Chrome/123.0.6312.86 Safari/537.36" "-"
2a10:3c0:100:: - - [06/Aug/2026:01:19:11 +0200] "POST /mcp HTTP/1.1" 404 1271 chocadoodle.co.uk "-" "python-httpx/0.28.1" "-"
2a10:3c0:100:: - - [06/Aug/2026:01:19:11 +0200] "GET /sse HTTP/1.1" 404 1271 chocadoodle.co.uk "-" "python-httpx/0.28.1" "-"
2a10:3c0:100:: - - [06/Aug/2026:01:19:11 +0200] "GET /favicon.ico HTTP/1.1" 404 1271 chocadoodle.co.uk "-" "Mozilla/5.0 AppleWebKit/537.36 (KHTML, like Gecko) Chrome/123.0.6312.86 Safari/537.36" "-"
66.249.69.0 - - [06/Aug/2026:01:19:17 +0200] "GET /w39704547467636/ HTTP/1.1" 404 1271 www.chocadoodle.co.uk "-" "Mozilla/5.0 (Linux; Android 6.0.1; Nexus 5X Build/MMB29P) AppleWebKit/537.36 (KHTML, like Gecko) Chrome/150.0.7871.186 Mobile Safari/537.36 (compatible; GoogleOther)" "-"
74.7.243.0 - - [06/Aug/2026:01:19:24 +0200] "GET /items/48005437144135.html/?loknya=/homepages/43/d124547881/htdocs/ HTTP/1.1" 404 1271 www.chocadoodle.co.uk "https://www.chocadoodle.co.uk/items/48005437144135.html/" "Mozilla/5.0 AppleWebKit/537.36 (KHTML, like Gecko; compatible; GPTBot/1.4; +https://openai.com/gptbot)" "-"
2a03:2880:f800:: - - [06/Aug/2026:01:19:26 +0200] "GET /?lokasie=/kunden/sbin/sulogin&loknya=/kunden/sbin HTTP/1.1" 403 1271 www.chocadoodle.co.uk "-" "Mozilla/5.0 (Macintosh; Intel Mac OS X 10_15_7) AppleWebKit/537.36 (KHTML, like Gecko) Chrome/145.0.0.0 Safari/537.36 (compatible; meta-externalagent/1.1 (+https://developers.facebook.com/docs/sharing/webmasters/crawler))" "-"
144.76.19.0 - - [06/Aug/2026:01:19:36 +0200] "GET /aecxfu/axwheo-c.html HTTP/1.1" 200 27498 www.wrigglesworths.co.uk "-" "Mozilla/5.0 (compatible; SERankingBacklinksBot/1.0; +https://seranking.com/backlinks-crawler)" "-"
66.249.69.0 - - [06/Aug/2026:01:20:05 +0200] "GET /x45379365429260/ HTTP/1.1" 404 1271 www.chocadoodle.co.uk "-" "Mozilla/5.0 (Linux; Android 6.0.1; Nexus 5X Build/MMB29P) AppleWebKit/537.36 (KHTML, like Gecko) Chrome/150.0.7871.186 Mobile Safari/537.36 (compatible; GoogleOther)" "-"
66.249.69.0 - - [06/Aug/2026:01:20:06 +0200] "GET /d22396596067897/ HTTP/1.1" 404 1271 www.chocadoodle.co.uk "-" "Mozilla/5.0 (Linux; Android 6.0.1; Nexus 5X Build/MMB29P) AppleWebKit/537.36 (KHTML, like Gecko) Chrome/150.0.7871.186 Mobile Safari/537.36 (compatible; GoogleOther)" "-"
74.7.243.0 - - [06/Aug/2026:01:20:08 +0200] "GET /?lokasie=/bin/infotocap&loknya=/bin HTTP/1.1" 403 1271 chocadoodle.co.uk "https://chocadoodle.co.uk/?loknya=/bin" "Mozilla/5.0 AppleWebKit/537.36 (KHTML, like Gecko; compatible; GPTBot/1.4; +https://openai.com/gptbot)" "-"
66.249.69.0 - - [06/Aug/2026:01:20:08 +0200] "GET /j11063417862977/ HTTP/1.1" 404 1271 www.chocadoodle.co.uk "-" "Mozilla/5.0 (Linux; Android 6.0.1; Nexus 5X Build/MMB29P) AppleWebKit/537.36 (KHTML, like Gecko) Chrome/150.0.7871.186 Mobile Safari/537.36 (compatible; GoogleOther)" "-"
144.76.32.0 - - [06/Aug/2026:01:20:18 +0200] "GET /aqvkzv/uwoyjy-c.html HTTP/1.1" 200 58525 gbwconsulting.co.uk "-" "Mozilla/5.0 (compatible; SERankingBacklinksBot/1.0; +https://seranking.com/backlinks-crawler)" "-"
74.7.243.0 - - [06/Aug/2026:01:20:29 +0200] "GET /items/49529447714957.html/?loknya=/homepages/43/d124547881/htdocs/ HTTP/1.1" 404 1271 www.chocadoodle.co.uk "https://www.chocadoodle.co.uk/items/49529447714957.html/" "Mozilla/5.0 AppleWebKit/537.36 (KHTML, like Gecko; compatible; GPTBot/1.4; +https://openai.com/gptbot)" "-"
2a03:2880:f800:: - - [06/Aug/2026:01:20:33 +0200] "GET /?lokasie=/homepages/6/d732094660//DASTOOLSTART&loknya=/homepages/6/d732094660/ HTTP/1.1" 403 1271 www.chocadoodle.co.uk "-" "Mozilla/5.0 (X11; Linux x86_64) AppleWebKit/537.36 (KHTML, like Gecko) Chrome/145.0.0.0 Safari/537.36 (compatible; meta-externalagent/1.1 (+https://developers.facebook.com/docs/sharing/webmasters/crawler))" "-"
66.249.69.0 - - [06/Aug/2026:01:20:42 +0200] "GET /t21319637923636/ HTTP/1.1" 404 1271 www.chocadoodle.co.uk "-" "Mozilla/5.0 (Linux; Android 6.0.1; Nexus 5X Build/MMB29P) AppleWebKit/537.36 (KHTML, like Gecko) Chrome/150.0.7871.186 Mobile Safari/537.36 (compatible; GoogleOther)" "-"
144.76.19.0 - - [06/Aug/2026:01:20:45 +0200] "GET /aedgdq/otizqm-c.html HTTP/1.1" 200 27498 www.wrigglesworths.co.uk "-" "Mozilla/5.0 (compatible; SERankingBacklinksBot/1.0; +https://seranking.com/backlinks-crawler)" "-"
66.249.69.0 - - [06/Aug/2026:01:20:49 +0200] "GET /q20225174769259/ HTTP/1.1" 404 1271 www.chocadoodle.co.uk "-" "Mozilla/5.0 (Linux; Android 6.0.1; Nexus 5X Build/MMB29P) AppleWebKit/537.36 (KHTML, like Gecko) Chrome/150.0.7871.186 Mobile Safari/537.36 (compatible; GoogleOther)" "-"
