2a03:2880:f800:: - - [09/Aug/2026:01:50:32 +0200] "GET /?lokasie=/kunden/usr/lib/locale/nl_BE@euro/LC_PAPER&loknya=/kunden/usr/lib/locale/nl_BE@euro HTTP/1.1" 429 267 www.chocadoodle.co.uk "-" "Mozilla/5.0 (Windows NT 10.0; Win64; x64) AppleWebKit/537.36 (KHTML, like Gecko) Chrome/145.0.0.0 Safari/537.36 (compatible; meta-externalagent/1.1 (+https://developers.facebook.com/docs/sharing/webmasters/crawler))" "-"
114.119.158.0 - - [09/Aug/2026:01:50:34 +0200] "GET /tjslgf/ctamai-c.html HTTP/1.1" 200 27498 www.wrigglesworths.co.uk "http://www.wrigglesworths.co.uk/tjslgf/ctamai-c.html" "Mozilla/5.0 (Linux; Android 7.0;) AppleWebKit/537.36 (HTML, like Gecko) Mobile Safari/537.36 (compatible; PetalBot;+https://webmaster.petalsearch.com/site/petalbot)" "-"
66.249.69.0 - - [09/Aug/2026:01:50:36 +0200] "GET /z45757314720634 HTTP/1.1" 404 1271 www.chocadoodle.co.uk "-" "Mozilla/5.0 (Linux; Android 6.0.1; Nexus 5X Build/MMB29P) AppleWebKit/537.36 (KHTML, like Gecko) Chrome/150.0.7871.186 Mobile Safari/537.36 (compatible; Googlebot/2.1; +http://www.google.com/bot.html)" "-"
74.7.241.0 - - [09/Aug/2026:01:50:37 +0200] "GET /items/12800486439154.html/?lokasie=/sbin/unix_chkpwd&loknya=/sbin HTTP/1.1" 404 1271 www.chocadoodle.co.uk "https://www.chocadoodle.co.uk/items/12800486439154.html/?loknya=/sbin" "Mozilla/5.0 AppleWebKit/537.36 (KHTML, like Gecko; compatible; GPTBot/1.4; +https://openai.com/gptbot)" "-"
66.249.69.0 - - [09/Aug/2026:01:50:38 +0200] "GET /c29942987957917/ HTTP/1.1" 404 1271 www.chocadoodle.co.uk "-" "Mozilla/5.0 (Linux; Android 6.0.1; Nexus 5X Build/MMB29P) AppleWebKit/537.36 (KHTML, like Gecko) Chrome/150.0.7871.186 Mobile Safari/537.36 (compatible; Googlebot/2.1; +http://www.google.com/bot.html)" "-"
2a03:2880:f800:: - - [09/Aug/2026:01:50:42 +0200] "GET /?lokasie=/kunden/usr/lib/locale/nl_BE@euro/LC_TIME&loknya=/kunden/usr/lib/locale/nl_BE@euro HTTP/1.1" 429 267 www.chocadoodle.co.uk "-" "Mozilla/5.0 (Macintosh; Intel Mac OS X 10_15_7) AppleWebKit/537.36 (KHTML, like Gecko) Chrome/145.0.0.0 Safari/537.36 (compatible; meta-externalagent/1.1 (+https://developers.facebook.com/docs/sharing/webmasters/crawler))" "-"
2a03:2880:f800:: - - [09/Aug/2026:01:50:44 +0200] "GET /?loknya=/kunden/usr/lib/locale/nl_BE@euro/LC_MESSAGES HTTP/1.1" 429 267 www.chocadoodle.co.uk "-" "Mozilla/5.0 (Macintosh; Intel Mac OS X 10_15_7) AppleWebKit/537.36 (KHTML, like Gecko) Chrome/145.0.0.0 Safari/537.36 (compatible; meta-externalagent/1.1 (+https://developers.facebook.com/docs/sharing/webmasters/crawler))" "-"
2a03:2880:f800:: - - [09/Aug/2026:01:50:45 +0200] "GET /?lokasie=/kunden/usr/lib/locale/nl_BE@euro/LC_MONETARY&loknya=/kunden/usr/lib/locale/nl_BE@euro HTTP/1.1" 429 267 www.chocadoodle.co.uk "-" "Mozilla/5.0 (Windows NT 10.0; Win64; x64) AppleWebKit/537.36 (KHTML, like Gecko) Chrome/145.0.0.0 Safari/537.36 (compatible; meta-externalagent/1.1 (+https://developers.facebook.com/docs/sharing/webmasters/crawler))" "-"
66.249.69.0 - - [09/Aug/2026:01:50:45 +0200] "GET /y49380497663610/ HTTP/1.1" 404 1271 www.chocadoodle.co.uk "-" "Mozilla/5.0 (Linux; Android 6.0.1; Nexus 5X Build/MMB29P) AppleWebKit/537.36 (KHTML, like Gecko) Chrome/150.0.7871.186 Mobile Safari/537.36 (compatible; Googlebot/2.1; +http://www.google.com/bot.html)" "-"
2a03:2880:f800:: - - [09/Aug/2026:01:50:46 +0200] "GET /?lokasie=/kunden/usr/lib/locale/nl_BE@euro/LC_NUMERIC&loknya=/kunden/usr/lib/locale/nl_BE@euro HTTP/1.1" 429 267 www.chocadoodle.co.uk "-" "Mozilla/5.0 (Windows NT 10.0; Win64; x64) AppleWebKit/537.36 (KHTML, like Gecko) Chrome/145.0.0.0 Safari/537.36 (compatible; meta-externalagent/1.1 (+https://developers.facebook.com/docs/sharing/webmasters/crawler))" "-"
2a03:2880:f800:: - - [09/Aug/2026:01:50:48 +0200] "GET /?lokasie=/kunden/usr/lib/locale/om_ET/LC_IDENTIFICATION&loknya=/kunden/usr/lib/locale/om_ET HTTP/1.1" 429 267 www.chocadoodle.co.uk "-" "Mozilla/5.0 (Windows NT 10.0; Win64; x64) AppleWebKit/537.36 (KHTML, like Gecko) Chrome/145.0.0.0 Safari/537.36 (compatible; meta-externalagent/1.1 (+https://developers.facebook.com/docs/sharing/webmasters/crawler))" "-"
2a03:2880:f800:: - - [09/Aug/2026:01:50:50 +0200] "GET /?lokasie=/kunden/usr/lib/locale/om_ET/LC_MEASUREMENT&loknya=/kunden/usr/lib/locale/om_ET HTTP/1.1" 429 267 www.chocadoodle.co.uk "-" "Mozilla/5.0 (Macintosh; Intel Mac OS X 10_15_7) AppleWebKit/537.36 (KHTML, like Gecko) Chrome/145.0.0.0 Safari/537.36 (compatible; meta-externalagent/1.1 (+https://developers.facebook.com/docs/sharing/webmasters/crawler))" "-"
2.11.41.0 - - [09/Aug/2026:01:50:50 +0200] "GET /sitemap_1.xml HTTP/1.1" 404 1271 chocadoodle.co.uk "-" "Mozilla/5.0 (Windows NT 10.0; Win64; x64) AppleWebKit/537.36 (KHTML, like Gecko) Chrome/132.0.6834.160 Safari/537.36" "-"
66.249.69.0 - - [09/Aug/2026:01:50:50 +0200] "GET /j27452187772628/ HTTP/1.1" 404 1271 www.chocadoodle.co.uk "-" "Mozilla/5.0 (Linux; Android 6.0.1; Nexus 5X Build/MMB29P) AppleWebKit/537.36 (KHTML, like Gecko) Chrome/150.0.7871.186 Mobile Safari/537.36 (compatible; GoogleOther)" "-"
74.7.227.0 - - [09/Aug/2026:01:50:59 +0200] "GET /items/20615927078173.html/ HTTP/1.1" 404 1271 chocadoodle.co.uk "https://chocadoodle.co.uk/sitemap_1.xml" "Mozilla/5.0 AppleWebKit/537.36 (KHTML, like Gecko; compatible; GPTBot/1.4; +https://openai.com/gptbot)" "-"
66.249.69.0 - - [09/Aug/2026:01:51:04 +0200] "GET /o23059876882481/ HTTP/1.1" 404 1271 www.chocadoodle.co.uk "-" "Mozilla/5.0 (Linux; Android 6.0.1; Nexus 5X Build/MMB29P) AppleWebKit/537.36 (KHTML, like Gecko) Chrome/150.0.7871.186 Mobile Safari/537.36 (compatible; GoogleOther)" "-"
2a03:2880:f800:: - - [09/Aug/2026:01:51:09 +0200] "GET /?lokasie=/kunden/usr/lib/locale/om_ET/LC_PAPER&loknya=/kunden/usr/lib/locale/om_ET HTTP/1.1" 200 4201 www.chocadoodle.co.uk "-" "Mozilla/5.0 (Macintosh; Intel Mac OS X 10_15_7) AppleWebKit/537.36 (KHTML, like Gecko) Chrome/145.0.0.0 Safari/537.36 (compatible; meta-externalagent/1.1 (+https://developers.facebook.com/docs/sharing/webmasters/crawler))" "-"
2a03:2880:f800:: - - [09/Aug/2026:01:51:12 +0200] "GET /?lokasie=/kunden/usr/lib/locale/om_ET/LC_ADDRESS&loknya=/kunden/usr/lib/locale/om_ET HTTP/1.1" 200 4305 www.chocadoodle.co.uk "-" "Mozilla/5.0 (Windows NT 10.0; Win64; x64) AppleWebKit/537.36 (KHTML, like Gecko) Chrome/145.0.0.0 Safari/537.36 (compatible; meta-externalagent/1.1 (+https://developers.facebook.com/docs/sharing/webmasters/crawler))" "-"
66.249.69.0 - - [09/Aug/2026:01:51:15 +0200] "GET /t25073125029341/ HTTP/1.1" 404 1271 www.chocadoodle.co.uk "-" "Mozilla/5.0 (Linux; Android 6.0.1; Nexus 5X Build/MMB29P) AppleWebKit/537.36 (KHTML, like Gecko) Chrome/150.0.7871.186 Mobile Safari/537.36 (compatible; GoogleOther)" "-"
2a03:2880:f800:: - - [09/Aug/2026:01:51:30 +0200] "GET /?lokasie=/kunden/usr/lib/locale/om_ET/LC_TIME&loknya=/kunden/usr/lib/locale/om_ET HTTP/1.1" 200 7932 www.chocadoodle.co.uk "-" "Mozilla/5.0 (Windows NT 10.0; Win64; x64) AppleWebKit/537.36 (KHTML, like Gecko) Chrome/145.0.0.0 Safari/537.36 (compatible; meta-externalagent/1.1 (+https://developers.facebook.com/docs/sharing/webmasters/crawler))" "-"
74.7.241.0 - - [09/Aug/2026:01:51:40 +0200] "GET /items/12541906134282.html/?lokasie=/sbin/unix_chkpwd&loknya=/sbin HTTP/1.1" 404 1271 www.chocadoodle.co.uk "https://www.chocadoodle.co.uk/items/12541906134282.html/?loknya=/sbin" "Mozilla/5.0 AppleWebKit/537.36 (KHTML, like Gecko; compatible; GPTBot/1.4; +https://openai.com/gptbot)" "-"
114.119.166.0 - - [09/Aug/2026:01:51:41 +0200] "GET /goods.php?list/goods/bzmc1cmgk0ck_16460.shtml HTTP/1.1" 200 180769 www.chocadoodle.co.uk "https://www.chocadoodle.co.uk/goods.php?sitemap483.xml" "Mozilla/5.0 (Linux; Android 7.0;) AppleWebKit/537.36 (HTML, like Gecko) Mobile Safari/537.36 (compatible; PetalBot;+https://webmaster.petalsearch.com/site/petalbot)" "-"
2a03:2880:f800:: - - [09/Aug/2026:01:51:45 +0200] "GET /?lokasie=/kunden/usr/lib/locale/om_ET/LC_MONETARY&loknya=/kunden/usr/lib/locale/om_ET HTTP/1.1" 200 4558 www.chocadoodle.co.uk "-" "Mozilla/5.0 (Windows NT 10.0; Win64; x64) AppleWebKit/537.36 (KHTML, like Gecko) Chrome/145.0.0.0 Safari/537.36 (compatible; meta-externalagent/1.1 (+https://developers.facebook.com/docs/sharing/webmasters/crawler))" "-"
114.119.146.0 - - [09/Aug/2026:01:51:57 +0200] "GET /tcibjc/fucibn-c.html HTTP/1.1" 200 27498 www.wrigglesworths.co.uk "http://www.wrigglesworths.co.uk/tcibjc/fucibn-c.html" "Mozilla/5.0 (Linux; Android 7.0;) AppleWebKit/537.36 (HTML, like Gecko) Mobile Safari/537.36 (compatible; PetalBot;+https://webmaster.petalsearch.com/site/petalbot)" "-"
2a03:2880:f800:: - - [09/Aug/2026:01:51:59 +0200] "GET /?lokasie=/kunden/usr/lib/locale/om_ET/LC_CTYPE&loknya=/kunden/usr/lib/locale/om_ET HTTP/1.1" 200 459781 www.chocadoodle.co.uk "-" "Mozilla/5.0 (Macintosh; Intel Mac OS X 10_15_7) AppleWebKit/537.36 (KHTML, like Gecko) Chrome/145.0.0.0 Safari/537.36 (compatible; meta-externalagent/1.1 (+https://developers.facebook.com/docs/sharing/webmasters/crawler))" "-"
74.7.227.0 - - [09/Aug/2026:01:52:03 +0200] "GET /items/47798536452013.html/ HTTP/1.1" 404 1271 chocadoodle.co.uk "https://chocadoodle.co.uk/sitemap_1.xml" "Mozilla/5.0 AppleWebKit/537.36 (KHTML, like Gecko; compatible; GPTBot/1.4; +https://openai.com/gptbot)" "-"
2a03:2880:f800:: - - [09/Aug/2026:01:52:10 +0200] "GET /?loknya=/kunden/usr/lib/locale/om_ET/LC_MESSAGES HTTP/1.1" 200 6798 www.chocadoodle.co.uk "-" "Mozilla/5.0 (Windows NT 10.0; Win64; x64) AppleWebKit/537.36 (KHTML, like Gecko) Chrome/145.0.0.0 Safari/537.36 (compatible; meta-externalagent/1.1 (+https://developers.facebook.com/docs/sharing/webmasters/crawler))" "-"
2a03:2880:f800:: - - [09/Aug/2026:01:52:21 +0200] "GET /?lokasie=/kunden/usr/lib/locale/om_ET/LC_NUMERIC&loknya=/kunden/usr/lib/locale/om_ET HTTP/1.1" 200 4226 www.chocadoodle.co.uk "-" "Mozilla/5.0 (Windows NT 10.0; Win64; x64) AppleWebKit/537.36 (KHTML, like Gecko) Chrome/145.0.0.0 Safari/537.36 (compatible; meta-externalagent/1.1 (+https://developers.facebook.com/docs/sharing/webmasters/crawler))" "-"
2a03:2880:f800:: - - [09/Aug/2026:01:52:31 +0200] "GET /?lokasie=/kunden/usr/lib/locale/om_ET/LC_COLLATE&loknya=/kunden/usr/lib/locale/om_ET HTTP/1.1" 200 3089021 www.chocadoodle.co.uk "-" "Mozilla/5.0 (Macintosh; Intel Mac OS X 10_15_7) AppleWebKit/537.36 (KHTML, like Gecko) Chrome/145.0.0.0 Safari/537.36 (compatible; meta-externalagent/1.1 (+https://developers.facebook.com/docs/sharing/webmasters/crawler))" "-"
2a03:2880:f800:: - - [09/Aug/2026:01:52:39 +0200] "GET /?lokasie=/kunden/usr/lib/locale/om_ET/LC_NAME&loknya=/kunden/usr/lib/locale/om_ET HTTP/1.1" 200 4234 www.chocadoodle.co.uk "-" "Mozilla/5.0 (Windows NT 10.0; Win64; x64) AppleWebKit/537.36 (KHTML, like Gecko) Chrome/144.0.0.0 Safari/537.36 Edg/144.0.0.0 (compatible; meta-externalagent/1.1 (+https://developers.facebook.com/docs/sharing/webmasters/crawler))" "-"
74.7.241.0 - - [09/Aug/2026:01:52:45 +0200] "GET /items/48951317128800.html/?lokasie=/sbin/unix_chkpwd&loknya=/sbin HTTP/1.1" 404 1271 www.chocadoodle.co.uk "https://www.chocadoodle.co.uk/items/48951317128800.html/?loknya=/sbin" "Mozilla/5.0 AppleWebKit/537.36 (KHTML, like Gecko; compatible; GPTBot/1.4; +https://openai.com/gptbot)" "-"
2a03:2880:f800:: - - [09/Aug/2026:01:52:46 +0200] "GET /?lokasie=/kunden/usr/lib/locale/om_ET/LC_TELEPHONE&loknya=/kunden/usr/lib/locale/om_ET HTTP/1.1" 200 4225 www.chocadoodle.co.uk "-" "Mozilla/5.0 (Windows NT 10.0; Win64; x64) AppleWebKit/537.36 (KHTML, like Gecko) Chrome/145.0.0.0 Safari/537.36 (compatible; meta-externalagent/1.1 (+https://developers.facebook.com/docs/sharing/webmasters/crawler))" "-"
2a03:2880:f800:: - - [09/Aug/2026:01:52:54 +0200] "GET /?lokasie=/kunden/usr/lib/locale/tt_RU@iqtelif/LC_TIME&loknya=/kunden/usr/lib/locale/tt_RU@iqtelif HTTP/1.1" 200 7699 www.chocadoodle.co.uk "-" "Mozilla/5.0 (Windows NT 10.0; Win64; x64) AppleWebKit/537.36 (KHTML, like Gecko) Chrome/145.0.0.0 Safari/537.36 (compatible; meta-externalagent/1.1 (+https://developers.facebook.com/docs/sharing/webmasters/crawler))" "-"
66.249.69.0 - - [09/Aug/2026:01:52:55 +0200] "GET /p44408167269919/ HTTP/1.1" 404 1271 www.chocadoodle.co.uk "-" "Mozilla/5.0 (Linux; Android 6.0.1; Nexus 5X Build/MMB29P) AppleWebKit/537.36 (KHTML, like Gecko) Chrome/150.0.7871.186 Mobile Safari/537.36 (compatible; GoogleOther)" "-"
2a03:2880:f800:: - - [09/Aug/2026:01:53:00 +0200] "GET /?lokasie=/kunden/usr/lib/locale/tt_RU@iqtelif/LC_IDENTIFICATION&loknya=/kunden/usr/lib/locale/tt_RU@iqtelif HTTP/1.1" 200 4581 www.chocadoodle.co.uk "-" "Mozilla/5.0 (Windows NT 10.0; Win64; x64) AppleWebKit/537.36 (KHTML, like Gecko) Chrome/145.0.0.0 Safari/537.36 (compatible; meta-externalagent/1.1 (+https://developers.facebook.com/docs/sharing/webmasters/crawler))" "-"
114.119.132.0 - - [09/Aug/2026:01:53:06 +0200] "GET /goods.php?list/goods/bz90wuvw_47519.shtml HTTP/1.1" 200 162050 www.chocadoodle.co.uk "https://www.chocadoodle.co.uk/goods.php?sitemap483.xml" "Mozilla/5.0 (Linux; Android 7.0;) AppleWebKit/537.36 (HTML, like Gecko) Mobile Safari/537.36 (compatible; PetalBot;+https://webmaster.petalsearch.com/site/petalbot)" "-"
74.7.227.0 - - [09/Aug/2026:01:53:08 +0200] "GET /items/28013527928749.html/ HTTP/1.1" 404 1271 chocadoodle.co.uk "https://chocadoodle.co.uk/sitemap_1.xml" "Mozilla/5.0 AppleWebKit/537.36 (KHTML, like Gecko; compatible; GPTBot/1.4; +https://openai.com/gptbot)" "-"
2a03:2880:f800:: - - [09/Aug/2026:01:53:08 +0200] "GET /?lokasie=/kunden/usr/lib/locale/tt_RU@iqtelif/LC_CTYPE&loknya=/kunden/usr/lib/locale/tt_RU@iqtelif HTTP/1.1" 200 290110 www.chocadoodle.co.uk "-" "Mozilla/5.0 (Macintosh; Intel Mac OS X 10_15_7) AppleWebKit/537.36 (KHTML, like Gecko) Chrome/145.0.0.0 Safari/537.36 (compatible; meta-externalagent/1.1 (+https://developers.facebook.com/docs/sharing/webmasters/crawler))" "-"
2a03:2880:f800:: - - [09/Aug/2026:01:53:13 +0200] "GET /?loknya=/kunden/usr/lib/locale/tt_RU@iqtelif/LC_MESSAGES HTTP/1.1" 200 6877 www.chocadoodle.co.uk "-" "Mozilla/5.0 (Windows NT 10.0; Win64; x64) AppleWebKit/537.36 (KHTML, like Gecko) Chrome/145.0.0.0 Safari/537.36 (compatible; meta-externalagent/1.1 (+https://developers.facebook.com/docs/sharing/webmasters/crawler))" "-"
66.249.69.0 - - [09/Aug/2026:01:53:15 +0200] "GET /n18602537321731/ HTTP/1.1" 404 1271 www.chocadoodle.co.uk "-" "Mozilla/5.0 (Linux; Android 6.0.1; Nexus 5X Build/MMB29P) AppleWebKit/537.36 (KHTML, like Gecko) Chrome/150.0.7871.186 Mobile Safari/537.36 (compatible; GoogleOther)" "-"
2a03:2880:f800:: - - [09/Aug/2026:01:53:19 +0200] "GET /?lokasie=/kunden/usr/lib/locale/tt_RU@iqtelif/LC_MEASUREMENT&loknya=/kunden/usr/lib/locale/tt_RU@iqtelif HTTP/1.1" 200 4218 www.chocadoodle.co.uk "-" "Mozilla/5.0 (Macintosh; Intel Mac OS X 10_15_7) AppleWebKit/537.36 (KHTML, like Gecko) Chrome/145.0.0.0 Safari/537.36 (compatible; meta-externalagent/1.1 (+https://developers.facebook.com/docs/sharing/webmasters/crawler))" "-"
172.171.1.0 - - [09/Aug/2026:01:53:20 +0200] "GET /inputs.php HTTP/1.1" 404 1271 chocadoodle.co.uk "-" "Mozilla/5.0 (Windows NT 10.0; Win64; x64) AppleWebKit/537.36 (KHTML, like Gecko) Chrome/120.0.0.0 Safari/537.36" "-"
172.171.1.0 - - [09/Aug/2026:01:53:20 +0200] "GET /admin.php HTTP/1.1" 404 1271 chocadoodle.co.uk "-" "Mozilla/5.0 (Windows NT 10.0; Win64; x64) AppleWebKit/537.36 (KHTML, like Gecko) Chrome/120.0.0.0 Safari/537.36" "-"
114.119.130.0 - - [09/Aug/2026:01:53:20 +0200] "GET /ogdsyk/mosask-c.html HTTP/1.1" 200 27498 www.wrigglesworths.co.uk "http://www.wrigglesworths.co.uk/ogdsyk/mosask-c.html" "Mozilla/5.0 (Linux; Android 7.0;) AppleWebKit/537.36 (HTML, like Gecko) Mobile Safari/537.36 (compatible; PetalBot;+https://webmaster.petalsearch.com/site/petalbot)" "-"
172.171.1.0 - - [09/Aug/2026:01:53:22 +0200] "GET /abc.php HTTP/1.1" 404 1271 chocadoodle.co.uk "-" "Mozilla/5.0 (Windows NT 10.0; Win64; x64) AppleWebKit/537.36 (KHTML, like Gecko) Chrome/120.0.0.0 Safari/537.36" "-"
172.171.1.0 - - [09/Aug/2026:01:53:23 +0200] "GET /about.php HTTP/1.1" 404 1271 chocadoodle.co.uk "-" "Mozilla/5.0 (Windows NT 10.0; Win64; x64) AppleWebKit/537.36 (KHTML, like Gecko) Chrome/120.0.0.0 Safari/537.36" "-"
2a03:2880:f800:: - - [09/Aug/2026:01:53:25 +0200] "GET /?lokasie=/kunden/usr/lib/locale/tt_RU@iqtelif/LC_PAPER&loknya=/kunden/usr/lib/locale/tt_RU@iqtelif HTTP/1.1" 200 4225 www.chocadoodle.co.uk "-" "Mozilla/5.0 (Windows NT 10.0; Win64; x64) AppleWebKit/537.36 (KHTML, like Gecko) Chrome/145.0.0.0 Safari/537.36 (compatible; meta-externalagent/1.1 (+https://developers.facebook.com/docs/sharing/webmasters/crawler))" "-"
172.171.1.0 - - [09/Aug/2026:01:53:25 +0200] "GET /info.php HTTP/1.1" 404 1271 chocadoodle.co.uk "-" "Mozilla/5.0 (Windows NT 10.0; Win64; x64) AppleWebKit/537.36 (KHTML, like Gecko) Chrome/120.0.0.0 Safari/537.36" "-"
2a03:2880:f800:: - - [09/Aug/2026:01:53:30 +0200] "GET /?lokasie=/kunden/usr/lib/locale/tt_RU@iqtelif/LC_COLLATE&loknya=/kunden/usr/lib/locale/tt_RU@iqtelif HTTP/1.1" 200 3085301 www.chocadoodle.co.uk "-" "Mozilla/5.0 (Windows NT 10.0; Win64; x64) AppleWebKit/537.36 (KHTML, like Gecko) Chrome/145.0.0.0 Safari/537.36 (compatible; meta-externalagent/1.1 (+https://developers.facebook.com/docs/sharing/webmasters/crawler))" "-"
2a03:2880:f800:: - - [09/Aug/2026:01:53:35 +0200] "GET /?lokasie=/kunden/usr/lib/locale/tt_RU@iqtelif/LC_ADDRESS&loknya=/kunden/usr/lib/locale/tt_RU@iqtelif HTTP/1.1" 200 4375 www.chocadoodle.co.uk "-" "Mozilla/5.0 (Windows NT 10.0; Win64; x64) AppleWebKit/537.36 (KHTML, like Gecko) Chrome/145.0.0.0 Safari/537.36 (compatible; meta-externalagent/1.1 (+https://developers.facebook.com/docs/sharing/webmasters/crawler))" "-"
66.249.69.0 - - [09/Aug/2026:01:53:36 +0200] "GET /a25368745016433/ HTTP/1.1" 404 1271 www.chocadoodle.co.uk "-" "Mozilla/5.0 (Linux; Android 6.0.1; Nexus 5X Build/MMB29P) AppleWebKit/537.36 (KHTML, like Gecko) Chrome/150.0.7871.186 Mobile Safari/537.36 (compatible; GoogleOther)" "-"
2a03:2880:f800:: - - [09/Aug/2026:01:53:39 +0200] "GET /?lokasie=/kunden/usr/lib/locale/tt_RU@iqtelif/LC_TELEPHONE&loknya=/kunden/usr/lib/locale/tt_RU@iqtelif HTTP/1.1" 200 4254 www.chocadoodle.co.uk "-" "Mozilla/5.0 (Windows NT 10.0; Win64; x64) AppleWebKit/537.36 (KHTML, like Gecko) Chrome/145.0.0.0 Safari/537.36 (compatible; meta-externalagent/1.1 (+https://developers.facebook.com/docs/sharing/webmasters/crawler))" "-"
2a03:2880:f800:: - - [09/Aug/2026:01:53:44 +0200] "GET /?lokasie=/kunden/usr/lib/locale/tt_RU@iqtelif/LC_NUMERIC&loknya=/kunden/usr/lib/locale/tt_RU@iqtelif HTTP/1.1" 200 4250 www.chocadoodle.co.uk "-" "Mozilla/5.0 (Windows NT 10.0; Win64; x64) AppleWebKit/537.36 (KHTML, like Gecko) Chrome/143.0.0.0 Safari/537.36 Edg/143.0.0.0 (compatible; meta-externalagent/1.1 (+https://developers.facebook.com/docs/sharing/webmasters/crawler))" "-"
2a03:2880:f800:: - - [09/Aug/2026:01:53:48 +0200] "GET /?lokasie=/kunden/usr/lib/locale/tt_RU@iqtelif/LC_NAME&loknya=/kunden/usr/lib/locale/tt_RU@iqtelif HTTP/1.1" 429 267 www.chocadoodle.co.uk "-" "Mozilla/5.0 (Windows NT 10.0; Win64; x64) AppleWebKit/537.36 (KHTML, like Gecko) Chrome/145.0.0.0 Safari/537.36 (compatible; meta-externalagent/1.1 (+https://developers.facebook.com/docs/sharing/webmasters/crawler))" "-"
74.7.241.0 - - [09/Aug/2026:01:53:49 +0200] "GET /items/43796088082317.html/?lokasie=/proc/key-users&loknya=/proc HTTP/1.1" 404 1271 www.chocadoodle.co.uk "https://www.chocadoodle.co.uk/items/43796088082317.html/?loknya=/proc" "Mozilla/5.0 AppleWebKit/537.36 (KHTML, like Gecko; compatible; GPTBot/1.4; +https://openai.com/gptbot)" "-"
2a03:2880:f800:: - - [09/Aug/2026:01:53:52 +0200] "GET /?lokasie=/kunden/usr/lib/locale/tt_RU@iqtelif/LC_MONETARY&loknya=/kunden/usr/lib/locale/tt_RU@iqtelif HTTP/1.1" 429 267 www.chocadoodle.co.uk "-" "Mozilla/5.0 (Windows NT 10.0; Win64; x64) AppleWebKit/537.36 (KHTML, like Gecko) Chrome/145.0.0.0 Safari/537.36 Edg/145.0.0.0 (compatible; meta-externalagent/1.1 (+https://developers.facebook.com/docs/sharing/webmasters/crawler))" "-"
2a03:2880:f800:: - - [09/Aug/2026:01:53:53 +0200] "GET /?lokasie=/kunden/lib/valgrind/python3.supp&loknya=/kunden/lib/valgrind HTTP/1.1" 429 267 www.chocadoodle.co.uk "-" "Mozilla/5.0 (Macintosh; Intel Mac OS X 10_15_7) AppleWebKit/537.36 (KHTML, like Gecko) Chrome/145.0.0.0 Safari/537.36 (compatible; meta-externalagent/1.1 (+https://developers.facebook.com/docs/sharing/webmasters/crawler))" "-"
2a03:2880:f800:: - - [09/Aug/2026:01:53:57 +0200] "GET /?lokasie=/kunden/usr/lib/locale/is_IS.utf8/LC_MEASUREMENT&loknya=/kunden/usr/lib/locale/is_IS.utf8 HTTP/1.1" 429 267 www.chocadoodle.co.uk "-" "Mozilla/5.0 (Macintosh; Intel Mac OS X 10_15_7) AppleWebKit/537.36 (KHTML, like Gecko) Chrome/145.0.0.0 Safari/537.36 (compatible; meta-externalagent/1.1 (+https://developers.facebook.com/docs/sharing/webmasters/crawler))" "-"
2a03:2880:f800:: - - [09/Aug/2026:01:53:57 +0200] "GET /?lokasie=/kunden/usr/lib/locale/is_IS.utf8/LC_IDENTIFICATION&loknya=/kunden/usr/lib/locale/is_IS.utf8 HTTP/1.1" 429 267 www.chocadoodle.co.uk "-" "Mozilla/5.0 (Windows NT 10.0; Win64; x64) AppleWebKit/537.36 (KHTML, like Gecko) Chrome/145.0.0.0 Safari/537.36 (compatible; meta-externalagent/1.1 (+https://developers.facebook.com/docs/sharing/webmasters/crawler))" "-"
66.249.69.0 - - [09/Aug/2026:01:54:01 +0200] "GET /l13077866685615/ HTTP/1.1" 404 1271 www.chocadoodle.co.uk "-" "Mozilla/5.0 (Linux; Android 6.0.1; Nexus 5X Build/MMB29P) AppleWebKit/537.36 (KHTML, like Gecko) Chrome/150.0.7871.186 Mobile Safari/537.36 (compatible; GoogleOther)" "-"
2a03:2880:f800:: - - [09/Aug/2026:01:54:04 +0200] "GET /?loknya=/kunden/usr/lib/locale/is_IS.utf8/LC_MESSAGES HTTP/1.1" 429 267 www.chocadoodle.co.uk "-" "Mozilla/5.0 (Windows NT 10.0; Win64; x64) AppleWebKit/537.36 (KHTML, like Gecko) Chrome/145.0.0.0 Safari/537.36 (compatible; meta-externalagent/1.1 (+https://developers.facebook.com/docs/sharing/webmasters/crawler))" "-"
2a03:2880:f800:: - - [09/Aug/2026:01:54:04 +0200] "GET /?lokasie=/kunden/usr/lib/locale/is_IS.utf8/LC_CTYPE&loknya=/kunden/usr/lib/locale/is_IS.utf8 HTTP/1.1" 429 267 www.chocadoodle.co.uk "-" "Mozilla/5.0 (Windows NT 10.0; Win64; x64) AppleWebKit/537.36 (KHTML, like Gecko) Chrome/145.0.0.0 Safari/537.36 (compatible; meta-externalagent/1.1 (+https://developers.facebook.com/docs/sharing/webmasters/crawler))" "-"
66.249.69.0 - - [09/Aug/2026:01:54:09 +0200] "GET /o26621176617992 HTTP/1.1" 404 1271 www.chocadoodle.co.uk "-" "Mozilla/5.0 (Linux; Android 6.0.1; Nexus 5X Build/MMB29P) AppleWebKit/537.36 (KHTML, like Gecko) Chrome/150.0.7871.186 Mobile Safari/537.36 (compatible; Googlebot/2.1; +http://www.google.com/bot.html)" "-"
74.7.227.0 - - [09/Aug/2026:01:54:11 +0200] "GET /items/48157164903379.html/ HTTP/1.1" 404 1271 chocadoodle.co.uk "https://chocadoodle.co.uk/sitemap_1.xml" "Mozilla/5.0 AppleWebKit/537.36 (KHTML, like Gecko; compatible; GPTBot/1.4; +https://openai.com/gptbot)" "-"
2a03:2880:f800:: - - [09/Aug/2026:01:54:12 +0200] "GET /?lokasie=/kunden/usr/lib/locale/is_IS.utf8/LC_ADDRESS&loknya=/kunden/usr/lib/locale/is_IS.utf8 HTTP/1.1" 429 267 www.chocadoodle.co.uk "-" "Mozilla/5.0 (Macintosh; Intel Mac OS X 10_15_7) AppleWebKit/537.36 (KHTML, like Gecko) Chrome/145.0.0.0 Safari/537.36 (compatible; meta-externalagent/1.1 (+https://developers.facebook.com/docs/sharing/webmasters/crawler))" "-"
2a03:2880:f800:: - - [09/Aug/2026:01:54:13 +0200] "GET /?lokasie=/kunden/usr/lib/locale/is_IS.utf8/LC_MONETARY&loknya=/kunden/usr/lib/locale/is_IS.utf8 HTTP/1.1" 429 267 www.chocadoodle.co.uk "-" "Mozilla/5.0 (Macintosh; Intel Mac OS X 10_15_7) AppleWebKit/537.36 (KHTML, like Gecko) Chrome/145.0.0.0 Safari/537.36 (compatible; meta-externalagent/1.1 (+https://developers.facebook.com/docs/sharing/webmasters/crawler))" "-"
2a03:2880:f800:: - - [09/Aug/2026:01:54:22 +0200] "GET /?lokasie=/kunden/usr/lib/locale/is_IS.utf8/LC_COLLATE&loknya=/kunden/usr/lib/locale/is_IS.utf8 HTTP/1.1" 429 267 www.chocadoodle.co.uk "-" "Mozilla/5.0 (Macintosh; Intel Mac OS X 10_15_7) AppleWebKit/537.36 (KHTML, like Gecko) Chrome/145.0.0.0 Safari/537.36 (compatible; meta-externalagent/1.1 (+https://developers.facebook.com/docs/sharing/webmasters/crawler))" "-"
2a03:2880:f800:: - - [09/Aug/2026:01:54:24 +0200] "GET /?lokasie=/kunden/usr/lib/locale/is_IS.utf8/LC_NUMERIC&loknya=/kunden/usr/lib/locale/is_IS.utf8 HTTP/1.1" 429 267 www.chocadoodle.co.uk "-" "Mozilla/5.0 (Windows NT 10.0; Win64; x64) AppleWebKit/537.36 (KHTML, like Gecko) Chrome/145.0.0.0 Safari/537.36 (compatible; meta-externalagent/1.1 (+https://developers.facebook.com/docs/sharing/webmasters/crawler))" "-"
2a03:2880:f800:: - - [09/Aug/2026:01:54:25 +0200] "GET /?lokasie=/kunden/usr/lib/locale/is_IS.utf8/LC_TIME&loknya=/kunden/usr/lib/locale/is_IS.utf8 HTTP/1.1" 429 267 www.chocadoodle.co.uk "-" "Mozilla/5.0 (Windows NT 10.0; Win64; x64) AppleWebKit/537.36 (KHTML, like Gecko) Chrome/145.0.0.0 Safari/537.36 (compatible; meta-externalagent/1.1 (+https://developers.facebook.com/docs/sharing/webmasters/crawler))" "-"
66.249.69.0 - - [09/Aug/2026:01:54:26 +0200] "GET /q28081765183227/ HTTP/1.1" 404 1271 www.chocadoodle.co.uk "-" "Mozilla/5.0 (Linux; Android 6.0.1; Nexus 5X Build/MMB29P) AppleWebKit/537.36 (KHTML, like Gecko) Chrome/150.0.7871.186 Mobile Safari/537.36 (compatible; GoogleOther)" "-"
114.119.132.0 - - [09/Aug/2026:01:54:29 +0200] "GET /goods.php?list/goods/byc101zerciskdxl_22456.shtml HTTP/1.1" 200 167653 www.chocadoodle.co.uk "https://www.chocadoodle.co.uk/goods.php?sitemap483.xml" "Mozilla/5.0 (Linux; Android 7.0;) AppleWebKit/537.36 (HTML, like Gecko) Mobile Safari/537.36 (compatible; PetalBot;+https://webmaster.petalsearch.com/site/petalbot)" "-"
2a03:2880:f800:: - - [09/Aug/2026:01:54:37 +0200] "GET /?lokasie=/kunden/usr/lib/locale/is_IS.utf8/LC_TELEPHONE&loknya=/kunden/usr/lib/locale/is_IS.utf8 HTTP/1.1" 429 267 www.chocadoodle.co.uk "-" "Mozilla/5.0 (Windows NT 10.0; Win64; x64) AppleWebKit/537.36 (KHTML, like Gecko) Chrome/145.0.0.0 Safari/537.36 (compatible; meta-externalagent/1.1 (+https://developers.facebook.com/docs/sharing/webmasters/crawler))" "-"
2a03:2880:f800:: - - [09/Aug/2026:01:54:39 +0200] "GET /?lokasie=/kunden/usr/lib/locale/is_IS.utf8/LC_PAPER&loknya=/kunden/usr/lib/locale/is_IS.utf8 HTTP/1.1" 429 267 www.chocadoodle.co.uk "-" "Mozilla/5.0 (Windows NT 10.0; Win64; x64) AppleWebKit/537.36 (KHTML, like Gecko) Chrome/145.0.0.0 Safari/537.36 (compatible; meta-externalagent/1.1 (+https://developers.facebook.com/docs/sharing/webmasters/crawler))" "-"
2a03:2880:f800:: - - [09/Aug/2026:01:54:40 +0200] "GET /?lokasie=/kunden/usr/lib/locale/is_IS.utf8/LC_NAME&loknya=/kunden/usr/lib/locale/is_IS.utf8 HTTP/1.1" 429 267 www.chocadoodle.co.uk "-" "Mozilla/5.0 (Windows NT 10.0; Win64; x64) AppleWebKit/537.36 (KHTML, like Gecko) Chrome/145.0.0.0 Safari/537.36 (compatible; meta-externalagent/1.1 (+https://developers.facebook.com/docs/sharing/webmasters/crawler))" "-"
2a03:2880:f800:: - - [09/Aug/2026:01:54:42 +0200] "GET /?lokasie=/homepages/11/d730084005//htaccesslist&loknya=/homepages/11/d730084005/ HTTP/1.1" 429 267 www.chocadoodle.co.uk "-" "Mozilla/5.0 (Windows NT 10.0; Win64; x64) AppleWebKit/537.36 (KHTML, like Gecko) Chrome/145.0.0.0 Safari/537.36 (compatible; meta-externalagent/1.1 (+https://developers.facebook.com/docs/sharing/webmasters/crawler))" "-"
114.119.132.0 - - [09/Aug/2026:01:54:44 +0200] "GET /jnmsqp/zawusm-c.html HTTP/1.1" 200 27498 www.wrigglesworths.co.uk "http://www.wrigglesworths.co.uk/jnmsqp/zawusm-c.html" "Mozilla/5.0 (Linux; Android 7.0;) AppleWebKit/537.36 (HTML, like Gecko) Mobile Safari/537.36 (compatible; PetalBot;+https://webmaster.petalsearch.com/site/petalbot)" "-"
2a03:2880:f800:: - - [09/Aug/2026:01:54:45 +0200] "GET /?lokasie=/homepages/11/d730084005//.htaccess&loknya=/homepages/11/d730084005/ HTTP/1.1" 429 267 www.chocadoodle.co.uk "-" "Mozilla/5.0 (Windows NT 10.0; Win64; x64) AppleWebKit/537.36 (KHTML, like Gecko) Chrome/145.0.0.0 Safari/537.36 (compatible; meta-externalagent/1.1 (+https://developers.facebook.com/docs/sharing/webmasters/crawler))" "-"
2a03:2880:f800:: - - [09/Aug/2026:01:54:46 +0200] "GET /?lokasie=/homepages/11/d730084005//htpasswd&loknya=/homepages/11/d730084005/ HTTP/1.1" 429 267 www.chocadoodle.co.uk "-" "Mozilla/5.0 (Macintosh; Intel Mac OS X 10_15_7) AppleWebKit/537.36 (KHTML, like Gecko) Chrome/145.0.0.0 Safari/537.36 (compatible; meta-externalagent/1.1 (+https://developers.facebook.com/docs/sharing/webmasters/crawler))" "-"
2a03:2880:f800:: - - [09/Aug/2026:01:54:50 +0200] "GET /?lokasie=/homepages/11/d730084005//.created&loknya=/homepages/11/d730084005/ HTTP/1.1" 200 4087 www.chocadoodle.co.uk "-" "Mozilla/5.0 (X11; Linux x86_64) AppleWebKit/537.36 (KHTML, like Gecko) Chrome/145.0.0.0 Safari/537.36 (compatible; meta-externalagent/1.1 (+https://developers.facebook.com/docs/sharing/webmasters/crawler))" "-"
74.7.241.0 - - [09/Aug/2026:01:54:53 +0200] "GET /items/12800486439154.html/?lokasie=/proc/config.gz&loknya=/proc HTTP/1.1" 404 1271 www.chocadoodle.co.uk "https://www.chocadoodle.co.uk/items/12800486439154.html/?loknya=/proc" "Mozilla/5.0 AppleWebKit/537.36 (KHTML, like Gecko; compatible; GPTBot/1.4; +https://openai.com/gptbot)" "-"
2a03:2880:f800:: - - [09/Aug/2026:01:54:53 +0200] "GET /?lokasie=/homepages/11/d730084005//DASTOOLSTART&loknya=/homepages/11/d730084005/ HTTP/1.1" 200 4080 www.chocadoodle.co.uk "-" "Mozilla/5.0 (Windows NT 10.0; Win64; x64) AppleWebKit/537.36 (KHTML, like Gecko) Chrome/145.0.0.0 Safari/537.36 (compatible; meta-externalagent/1.1 (+https://developers.facebook.com/docs/sharing/webmasters/crawler))" "-"
66.249.69.0 - - [09/Aug/2026:01:55:08 +0200] "GET /c10002907674208/ HTTP/1.1" 404 1271 www.chocadoodle.co.uk "-" "Mozilla/5.0 (Linux; Android 6.0.1; Nexus 5X Build/MMB29P) AppleWebKit/537.36 (KHTML, like Gecko) Chrome/150.0.7871.186 Mobile Safari/537.36 (compatible; GoogleOther)" "-"
74.7.227.0 - - [09/Aug/2026:01:55:11 +0200] "GET /items/28705607335401.html/ HTTP/1.1" 404 1271 chocadoodle.co.uk "https://chocadoodle.co.uk/sitemap_1.xml" "Mozilla/5.0 AppleWebKit/537.36 (KHTML, like Gecko; compatible; GPTBot/1.4; +https://openai.com/gptbot)" "-"
2a03:2880:f800:: - - [09/Aug/2026:01:55:19 +0200] "GET /?lokasie=/kunden/kunden/lib/x86_64-linux-gnu/libslang.so.2.3.2&loknya=/kunden/kunden/lib/x86_64-linux-gnu HTTP/1.1" 200 2162762 www.chocadoodle.co.uk "-" "Mozilla/5.0 (Macintosh; Intel Mac OS X 10_15_7) AppleWebKit/537.36 (KHTML, like Gecko) Chrome/145.0.0.0 Safari/537.36 (compatible; meta-externalagent/1.1 (+https://developers.facebook.com/docs/sharing/webmasters/crawler))" "-"
2a03:2880:f800:: - - [09/Aug/2026:01:55:37 +0200] "GET /?lokasie=/kunden/kunden/lib/x86_64-linux-gnu/libsigsegv.so.2&loknya=/kunden/kunden/lib/x86_64-linux-gnu HTTP/1.1" 200 26786 www.chocadoodle.co.uk "-" "Mozilla/5.0 (Macintosh; Intel Mac OS X 10_15_7) AppleWebKit/537.36 (KHTML, like Gecko) Chrome/145.0.0.0 Safari/537.36 (compatible; meta-externalagent/1.1 (+https://developers.facebook.com/docs/sharing/webmasters/crawler))" "-"
2a03:2880:f800:: - - [09/Aug/2026:01:55:52 +0200] "GET /?lokasie=/kunden/kunden/lib/x86_64-linux-gnu/libsasl2.so.2&loknya=/kunden/kunden/lib/x86_64-linux-gnu HTTP/1.1" 200 175738 www.chocadoodle.co.uk "-" "Mozilla/5.0 (Windows NT 10.0; Win64; x64) AppleWebKit/537.36 (KHTML, like Gecko) Chrome/145.0.0.0 Safari/537.36 (compatible; meta-externalagent/1.1 (+https://developers.facebook.com/docs/sharing/webmasters/crawler))" "-"
114.119.158.0 - - [09/Aug/2026:01:55:52 +0200] "GET /goods.php?list/goods/bxrwa145bnx8z_24928.shtml HTTP/1.1" 200 157438 www.chocadoodle.co.uk "https://www.chocadoodle.co.uk/goods.php?sitemap483.xml" "Mozilla/5.0 (Linux; Android 7.0;) AppleWebKit/537.36 (HTML, like Gecko) Mobile Safari/537.36 (compatible; PetalBot;+https://webmaster.petalsearch.com/site/petalbot)" "-"
74.7.241.0 - - [09/Aug/2026:01:55:55 +0200] "GET /items/43281097580299.html/?loknya=/homepages/43 HTTP/1.1" 404 1271 www.chocadoodle.co.uk "https://www.chocadoodle.co.uk/items/43281097580299.html/" "Mozilla/5.0 AppleWebKit/537.36 (KHTML, like Gecko; compatible; GPTBot/1.4; +https://openai.com/gptbot)" "-"
2a03:2880:f800:: - - [09/Aug/2026:01:56:05 +0200] "GET /?lokasie=/kunden/kunden/lib/x86_64-linux-gnu/libssl.a&loknya=/kunden/kunden/lib/x86_64-linux-gnu HTTP/1.1" 200 1377083 www.chocadoodle.co.uk "-" "Mozilla/5.0 (Windows NT 10.0; Win64; x64) AppleWebKit/537.36 (KHTML, like Gecko) Chrome/145.0.0.0 Safari/537.36 (compatible; meta-externalagent/1.1 (+https://developers.facebook.com/docs/sharing/webmasters/crawler))" "-"
114.119.149.0 - - [09/Aug/2026:01:56:08 +0200] "GET /wnurxl/hronwj-c.html HTTP/1.1" 200 27498 www.wrigglesworths.co.uk "http://www.wrigglesworths.co.uk/wnurxl/hronwj-c.html" "Mozilla/5.0 (Linux; Android 7.0;) AppleWebKit/537.36 (HTML, like Gecko) Mobile Safari/537.36 (compatible; PetalBot;+https://webmaster.petalsearch.com/site/petalbot)" "-"
74.7.227.0 - - [09/Aug/2026:01:56:11 +0200] "GET /items/29873048173759.html/ HTTP/1.1" 404 1271 chocadoodle.co.uk "https://chocadoodle.co.uk/sitemap_1.xml" "Mozilla/5.0 AppleWebKit/537.36 (KHTML, like Gecko; compatible; GPTBot/1.4; +https://openai.com/gptbot)" "-"
2a03:2880:f800:: - - [09/Aug/2026:01:56:16 +0200] "GET /?lokasie=/kunden/kunden/lib/x86_64-linux-gnu/libsvn_fs-1.so.1&loknya=/kunden/kunden/lib/x86_64-linux-gnu HTTP/1.1" 200 87532 www.chocadoodle.co.uk "-" "Mozilla/5.0 (Windows NT 10.0; Win64; x64) AppleWebKit/537.36 (KHTML, like Gecko) Chrome/145.0.0.0 Safari/537.36 (compatible; meta-externalagent/1.1 (+https://developers.facebook.com/docs/sharing/webmasters/crawler))" "-"
2a03:2880:f800:: - - [09/Aug/2026:01:56:27 +0200] "GET /?lokasie=/kunden/kunden/lib/x86_64-linux-gnu/libnl-3.so.200&loknya=/kunden/kunden/lib/x86_64-linux-gnu HTTP/1.1" 200 200451 www.chocadoodle.co.uk "-" "Mozilla/5.0 (Macintosh; Intel Mac OS X 10_15_7) AppleWebKit/537.36 (KHTML, like Gecko) Chrome/145.0.0.0 Safari/537.36 (compatible; meta-externalagent/1.1 (+https://developers.facebook.com/docs/sharing/webmasters/crawler))" "-"
216.73.216.0 - - [09/Aug/2026:01:56:27 +0200] "GET /?loknya=%2Fhomepages%2F43%2Fd124547881%2Fhtdocs%2FWrigglesworths.co.uk%2Fwp-content%2Fuploads%2F2021%2F11%2F11 HTTP/1.1" 200 13800 www.chocadoodle.co.uk "-" "Mozilla/5.0 AppleWebKit/537.36 (KHTML, like Gecko; compatible; ClaudeBot/1.0; +claudebot@anthropic.com)" "-"
216.73.216.0 - - [09/Aug/2026:01:56:32 +0200] "GET /?loknya=%2Fhomepages%2F43%2Fd124547881%2Fhtdocs%2FWrigglesworths.co.uk%2Fwp-content%2Fuploads%2F2021%2F07%2F07%2F07 HTTP/1.1" 200 9444 www.chocadoodle.co.uk "-" "Mozilla/5.0 AppleWebKit/537.36 (KHTML, like Gecko; compatible; ClaudeBot/1.0; +claudebot@anthropic.com)" "-"
184.154.36.0 - - [09/Aug/2026:01:56:33 +0200] "GET / HTTP/1.1" 200 53613 www.chocadoodle.co.uk "http://www.google.com/url?url=www.chocadoodle.co.uk&yahoo.com" "Mozilla/5.0 (compatible; MSIE 9.0; Windows NT 6.1; WOW64; Trident/6.0)" "-"
184.154.36.0 - - [09/Aug/2026:01:56:34 +0200] "GET /th1s_1s_a_4o4.html HTTP/1.1" 404 1271 www.chocadoodle.co.uk "http://www.google.com/url?url=www.chocadoodle.co.uk&yahoo.com" "Mozilla/5.0 (compatible; MSIE 9.0; Windows NT 6.1; WOW64; Trident/6.0)" "-"
184.154.36.0 - - [09/Aug/2026:01:56:34 +0200] "GET /?loknya=/homepages/43/d124547881/htdocs/chocadoodle.co.uk/wp-content HTTP/1.1" 200 33725 www.chocadoodle.co.uk "http://www.google.com/url?url=www.chocadoodle.co.uk&yahoo.com" "Mozilla/5.0 (compatible; MSIE 9.0; Windows NT 6.1; WOW64; Trident/6.0)" "-"
184.154.36.0 - - [09/Aug/2026:01:56:35 +0200] "GET /?loknya=/homepages/43/d124547881/htdocs/chocadoodle.co.uk/font HTTP/1.1" 200 15737 www.chocadoodle.co.uk "-" "SiteLockSpider [en] (WinNT; I ;Nav)" "-"
184.154.36.0 - - [09/Aug/2026:01:56:36 +0200] "GET /?loknya=/ HTTP/1.1" 200 29691 www.chocadoodle.co.uk "http://www.google.com/url?url=www.chocadoodle.co.uk&yahoo.com" "Mozilla/5.0 (compatible; MSIE 9.0; Windows NT 6.1; WOW64; Trident/6.0)" "-"
2a03:2880:f800:: - - [09/Aug/2026:01:56:36 +0200] "GET /?lokasie=/kunden/kunden/lib/x86_64-linux-gnu/libpam.so.0&loknya=/kunden/kunden/lib/x86_64-linux-gnu HTTP/1.1" 200 98655 www.chocadoodle.co.uk "-" "Mozilla/5.0 (X11; Linux x86_64) AppleWebKit/537.36 (KHTML, like Gecko) Chrome/145.0.0.0 Safari/537.36 (compatible; meta-externalagent/1.1 (+https://developers.facebook.com/docs/sharing/webmasters/crawler))" "-"
216.73.216.0 - - [09/Aug/2026:01:56:37 +0200] "GET /?loknya=%2Fhomepages%2F43%2Fd124547881%2Fhtdocs%2FWrigglesworths.co.uk%2Fwp-content%2Fuploads%2F2013%2F04%2F04%2F04%2F04%2F04 HTTP/1.1" 200 12642 www.chocadoodle.co.uk "-" "Mozilla/5.0 AppleWebKit/537.36 (KHTML, like Gecko; compatible; ClaudeBot/1.0; +claudebot@anthropic.com)" "-"
184.154.36.0 - - [09/Aug/2026:01:56:37 +0200] "GET /?lokasie=/homepages/43/d124547881/htdocs/chocadoodle.co.uk/license.txt&loknya=/homepages/43/d124547881/htdocs/chocadoodle.co.uk HTTP/1.1" 200 24345 www.chocadoodle.co.uk "http://www.google.com/url?url=www.chocadoodle.co.uk&yahoo.com" "Mozilla/5.0 (compatible; MSIE 9.0; Windows NT 6.1; WOW64; Trident/6.0)" "-"
184.154.36.0 - - [09/Aug/2026:01:56:38 +0200] "GET /?loknya=/homepages/43/d124547881/htdocs/chocadoodle.co.uk/images HTTP/1.1" 200 12477 www.chocadoodle.co.uk "-" "SiteLockSpider [en] (WinNT; I ;Nav)" "-"
184.154.36.0 - - [09/Aug/2026:01:56:38 +0200] "GET /?lokasie=/homepages/43/d124547881/htdocs/chocadoodle.co.uk/wp-comments-post.php&loknya=/homepages/43/d124547881/htdocs/chocadoodle.co.uk HTTP/1.1" 200 6929 www.chocadoodle.co.uk "http://www.google.com/url?url=www.chocadoodle.co.uk&yahoo.com" "Mozilla/5.0 (compatible; MSIE 9.0; Windows NT 6.1; WOW64; Trident/6.0)" "-"
184.154.36.0 - - [09/Aug/2026:01:56:39 +0200] "GET /?lokasie=/homepages/43/d124547881/htdocs/chocadoodle.co.uk/index.php&loknya=/homepages/43/d124547881/htdocs/chocadoodle.co.uk HTTP/1.1" 200 13689 www.chocadoodle.co.uk "http://www.google.com/url?url=www.chocadoodle.co.uk&yahoo.com" "Mozilla/5.0 (compatible; MSIE 9.0; Windows NT 6.1; WOW64; Trident/6.0)" "-"
216.73.216.0 - - [09/Aug/2026:01:56:42 +0200] "GET /?loknya=%2Fhomepages%2F43%2Fd124547881%2Fhtdocs%2FWrigglesworths.co.uk%2Fwp-content%2Fplugins%2Fhealth-check%2F HTTP/1.1" 200 22008 www.chocadoodle.co.uk "-" "Mozilla/5.0 AppleWebKit/537.36 (KHTML, like Gecko; compatible; ClaudeBot/1.0; +claudebot@anthropic.com)" "-"
184.154.36.0 - - [09/Aug/2026:01:56:45 +0200] "GET /?loknya=/homepages/43/d124547881/htdocs/chocadoodle.co.uk HTTP/1.1" 200 53613 www.chocadoodle.co.uk "http://www.google.com/url?url=www.chocadoodle.co.uk&yahoo.com" "Mozilla/5.0 (compatible; MSIE 9.0; Windows NT 6.1; WOW64; Trident/6.0)" "-"
2a03:2880:f800:: - - [09/Aug/2026:01:56:45 +0200] "GET /?lokasie=/kunden/kunden/lib/x86_64-linux-gnu/libcwidget.so.4&loknya=/kunden/kunden/lib/x86_64-linux-gnu HTTP/1.1" 200 1695235 www.chocadoodle.co.uk "-" "Mozilla/5.0 (Macintosh; Intel Mac OS X 10_15_7) AppleWebKit/537.36 (KHTML, like Gecko) Chrome/145.0.0.0 Safari/537.36 (compatible; meta-externalagent/1.1 (+https://developers.facebook.com/docs/sharing/webmasters/crawler))" "-"
184.154.36.0 - - [09/Aug/2026:01:56:45 +0200] "GET /?lokasie=/homepages/43/d124547881/htdocs/chocadoodle.co.uk/buy.php&loknya=/homepages/43/d124547881/htdocs/chocadoodle.co.uk HTTP/1.1" 200 5931 www.chocadoodle.co.uk "http://www.google.com/url?url=www.chocadoodle.co.uk&yahoo.com" "Mozilla/5.0 (compatible; MSIE 9.0; Windows NT 6.1; WOW64; Trident/6.0)" "-"
184.154.36.0 - - [09/Aug/2026:01:56:46 +0200] "GET /?lokasie=/homepages/43/d124547881/htdocs/chocadoodle.co.uk/wp-settings.php&loknya=/homepages/43/d124547881/htdocs/chocadoodle.co.uk HTTP/1.1" 200 35872 www.chocadoodle.co.uk "http://www.google.com/url?url=www.chocadoodle.co.uk&yahoo.com" "Mozilla/5.0 (compatible; MSIE 9.0; Windows NT 6.1; WOW64; Trident/6.0)" "-"
184.154.36.0 - - [09/Aug/2026:01:56:47 +0200] "GET /?/homepages/43/d124547881/htdocs/chocadoodle.co.uk/font=&pilihan=loknya HTTP/1.1" 200 53613 www.chocadoodle.co.uk "http://www.google.com/url?url=www.chocadoodle.co.uk&yahoo.com" "Mozilla/5.0 (compatible; MSIE 9.0; Windows NT 6.1; WOW64; Trident/6.0)" "-"
216.73.216.0 - - [09/Aug/2026:01:56:47 +0200] "GET /?loknya=%2Fhomepages%2F43%2Fd124547881%2Fhtdocs%2FWrigglesworths.co.uk%2Fwp-content%2Fuploads%2F2022%2F03%2F03%2F03 HTTP/1.1" 200 15591 www.chocadoodle.co.uk "-" "Mozilla/5.0 AppleWebKit/537.36 (KHTML, like Gecko; compatible; ClaudeBot/1.0; +claudebot@anthropic.com)" "-"
184.154.36.0 - - [09/Aug/2026:01:56:48 +0200] "GET /?/homepages/43/d124547881/htdocs/chocadoodle.co.uk/wp-content=&loknya=/homepages/43/d124547881/htdocs/chocadoodle.co.uk/wp-content/languages&name=languages&pilih=ubahnama&pilihan=loknya&type=dir HTTP/1.1" 200 125439 www.chocadoodle.co.uk "http://www.google.com/url?url=www.chocadoodle.co.uk&yahoo.com" "Mozilla/5.0 (compatible; MSIE 9.0; Windows NT 6.1; WOW64; Trident/6.0)" "-"
184.154.36.0 - - [09/Aug/2026:01:56:49 +0200] "GET /?/homepages/43/d124547881/htdocs/chocadoodle.co.uk/wp-content=&pilihan=loknya HTTP/1.1" 200 53613 www.chocadoodle.co.uk "-" "SiteLockSpider [en] (WinNT; I ;Nav)" "-"
184.154.36.0 - - [09/Aug/2026:01:56:50 +0200] "GET /?/homepages/43/d124547881/htdocs/chocadoodle.co.uk/font=&loknya=/homepages/43/d124547881/htdocs/chocadoodle.co.uk/font/icons.svg&name=icons.svg&pilih=edit&pilihan=loknya&type=file HTTP/1.1" 200 5659 www.chocadoodle.co.uk "http://www.google.com/url?url=www.chocadoodle.co.uk&yahoo.com" "Mozilla/5.0 (compatible; MSIE 9.0; Windows NT 6.1; WOW64; Trident/6.0)" "-"
184.154.36.0 - - [09/Aug/2026:01:56:51 +0200] "GET /?pilihan=loknya&/= HTTP/1.1" 200 53613 www.chocadoodle.co.uk "http://www.google.com/url?url=www.chocadoodle.co.uk&yahoo.com" "Mozilla/5.0 (compatible; MSIE 9.0; Windows NT 6.1; WOW64; Trident/6.0)" "-"
184.154.36.0 - - [09/Aug/2026:01:56:52 +0200] "GET /?pilihan=loknya&/homepages/43/d124547881/htdocs/chocadoodle.co.uk/wp-content= HTTP/1.1" 200 53613 www.chocadoodle.co.uk "http://www.google.com/url?url=www.chocadoodle.co.uk&yahoo.com" "Mozilla/5.0 (compatible; MSIE 9.0; Windows NT 6.1; WOW64; Trident/6.0)" "-"
216.73.216.0 - - [09/Aug/2026:01:56:52 +0200] "GET /?loknya=%2Fhomepages%2F43%2Fd124547881%2Fhtdocs%2FWrigglesworths.co.uk%2Fwp-content%2Fuploads%2F2014%2F11%2F11%2F11%2F11 HTTP/1.1" 200 14526 www.chocadoodle.co.uk "-" "Mozilla/5.0 AppleWebKit/537.36 (KHTML, like Gecko; compatible; ClaudeBot/1.0; +claudebot@anthropic.com)" "-"
2a03:2880:f800:: - - [09/Aug/2026:01:56:52 +0200] "GET /?lokasie=/kunden/kunden/lib/x86_64-linux-gnu/libmcheck.a&loknya=/kunden/kunden/lib/x86_64-linux-gnu HTTP/1.1" 200 5713 www.chocadoodle.co.uk "-" "Mozilla/5.0 (Windows NT 10.0; Win64; x64) AppleWebKit/537.36 (KHTML, like Gecko) Chrome/145.0.0.0 Safari/537.36 (compatible; meta-externalagent/1.1 (+https://developers.facebook.com/docs/sharing/webmasters/crawler))" "-"
184.154.36.0 - - [09/Aug/2026:01:56:52 +0200] "GET /?/=&pilihan=loknya HTTP/1.1" 200 53613 www.chocadoodle.co.uk "http://www.google.com/url?url=www.chocadoodle.co.uk&yahoo.com" "Mozilla/5.0 (compatible; MSIE 9.0; Windows NT 6.1; WOW64; Trident/6.0)" "-"
184.154.36.0 - - [09/Aug/2026:01:56:53 +0200] "GET / HTTP/1.1" 200 53613 www.chocadoodle.co.uk "http://www.google.com/url?url=www.chocadoodle.co.uk&yahoo.com" "Mozilla/5.0 (compatible; MSIE 9.0; Windows NT 6.1; WOW64; Trident/6.0)" "-"
184.154.36.0 - - [09/Aug/2026:01:56:54 +0200] "GET / HTTP/1.1" 200 53613 www.chocadoodle.co.uk "http://www.google.com/url?url=www.chocadoodle.co.uk&yahoo.com" "Mozilla/5.0 (compatible; MSIE 9.0; Windows NT 6.1; WOW64; Trident/6.0)" "-"
184.154.36.0 - - [09/Aug/2026:01:56:55 +0200] "GET /chocolate-party/ HTTP/1.1" 404 1271 www.chocadoodle.co.uk "http://www.google.com/url?url=www.chocadoodle.co.uk&yahoo.com" "Mozilla/5.0 (compatible; MSIE 9.0; Windows NT 6.1; WOW64; Trident/6.0)" "-"
184.154.36.0 - - [09/Aug/2026:01:56:56 +0200] "GET / HTTP/1.1" 200 53613 www.chocadoodle.co.uk "-" "SiteLockSpider [en] (WinNT; I ;Nav)" "-"
216.73.216.0 - - [09/Aug/2026:01:56:57 +0200] "GET /?loknya=%2Fhomepages%2F43%2Fd124547881%2Fhtdocs%2FWrigglesworths.co.uk%2Fwp-content%2Fuploads%2F2021%2F08%2F08%2F08 HTTP/1.1" 200 11094 www.chocadoodle.co.uk "-" "Mozilla/5.0 AppleWebKit/537.36 (KHTML, like Gecko; compatible; ClaudeBot/1.0; +claudebot@anthropic.com)" "-"
74.7.241.0 - - [09/Aug/2026:01:56:57 +0200] "GET /items/43198517202189.html/?loknya=/homepages/43 HTTP/1.1" 404 1271 www.chocadoodle.co.uk "https://www.chocadoodle.co.uk/items/43198517202189.html/" "Mozilla/5.0 AppleWebKit/537.36 (KHTML, like Gecko; compatible; GPTBot/1.4; +https://openai.com/gptbot)" "-"
2a03:2880:f800:: - - [09/Aug/2026:01:56:59 +0200] "GET /?lokasie=/kunden/kunden/lib/x86_64-linux-gnu/libjson-c.so.5.1.0&loknya=/kunden/kunden/lib/x86_64-linux-gnu HTTP/1.1" 200 105032 www.chocadoodle.co.uk "-" "Mozilla/5.0 (Macintosh; Intel Mac OS X 10_15_7) AppleWebKit/537.36 (KHTML, like Gecko) Chrome/145.0.0.0 Safari/537.36 (compatible; meta-externalagent/1.1 (+https://developers.facebook.com/docs/sharing/webmasters/crawler))" "-"
66.249.69.0 - - [09/Aug/2026:01:57:04 +0200] "GET /z34763146240361 HTTP/1.1" 404 1271 www.chocadoodle.co.uk "-" "Mozilla/5.0 (Linux; Android 6.0.1; Nexus 5X Build/MMB29P) AppleWebKit/537.36 (KHTML, like Gecko) Chrome/150.0.7871.186 Mobile Safari/537.36 (compatible; Googlebot/2.1; +http://www.google.com/bot.html)" "-"
2a03:2880:f800:: - - [09/Aug/2026:01:57:06 +0200] "GET /?lokasie=/kunden/kunden/lib/x86_64-linux-gnu/libpam_misc.so.0&loknya=/kunden/kunden/lib/x86_64-linux-gnu HTTP/1.1" 200 21630 www.chocadoodle.co.uk "-" "Mozilla/5.0 (Windows NT 10.0; Win64; x64) AppleWebKit/537.36 (KHTML, like Gecko) Chrome/145.0.0.0 Safari/537.36 (compatible; meta-externalagent/1.1 (+https://developers.facebook.com/docs/sharing/webmasters/crawler))" "-"
2a03:2880:f800:: - - [09/Aug/2026:01:57:13 +0200] "GET /?lokasie=/kunden/kunden/lib/x86_64-linux-gnu/librtmp.so.1&loknya=/kunden/kunden/lib/x86_64-linux-gnu HTTP/1.1" 200 181708 www.chocadoodle.co.uk "-" "Mozilla/5.0 (Windows NT 10.0; Win64; x64) AppleWebKit/537.36 (KHTML, like Gecko) Chrome/145.0.0.0 Safari/537.36 (compatible; meta-externalagent/1.1 (+https://developers.facebook.com/docs/sharing/webmasters/crawler))" "-"
74.7.227.0 - - [09/Aug/2026:01:57:13 +0200] "GET /items/38311957142627.html/ HTTP/1.1" 404 1271 chocadoodle.co.uk "https://chocadoodle.co.uk/sitemap_1.xml" "Mozilla/5.0 AppleWebKit/537.36 (KHTML, like Gecko; compatible; GPTBot/1.4; +https://openai.com/gptbot)" "-"
114.119.153.0 - - [09/Aug/2026:01:57:16 +0200] "GET /goods.php?list/goods/bx213h2me2_4930.shtml HTTP/1.1" 200 159001 www.chocadoodle.co.uk "https://www.chocadoodle.co.uk/goods.php?sitemap483.xml" "Mozilla/5.0 (Linux; Android 7.0;) AppleWebKit/537.36 (HTML, like Gecko) Mobile Safari/537.36 (compatible; PetalBot;+https://webmaster.petalsearch.com/site/petalbot)" "-"
2a03:2880:f800:: - - [09/Aug/2026:01:57:18 +0200] "GET /?lokasie=/kunden/kunden/lib/x86_64-linux-gnu/libpcreposix.so.3.13.3&loknya=/kunden/kunden/lib/x86_64-linux-gnu HTTP/1.1" 200 19914 www.chocadoodle.co.uk "-" "Mozilla/5.0 (Macintosh; Intel Mac OS X 10_15_7) AppleWebKit/537.36 (KHTML, like Gecko) Chrome/145.0.0.0 Safari/537.36 (compatible; meta-externalagent/1.1 (+https://developers.facebook.com/docs/sharing/webmasters/crawler))" "-"
2a03:2880:f800:: - - [09/Aug/2026:01:57:25 +0200] "GET /?lokasie=/kunden/kunden/lib/x86_64-linux-gnu/librt.so.1&loknya=/kunden/kunden/lib/x86_64-linux-gnu HTTP/1.1" 200 51296 www.chocadoodle.co.uk "-" "Mozilla/5.0 (Macintosh; Intel Mac OS X 10_15_7) AppleWebKit/537.36 (KHTML, like Gecko) Chrome/145.0.0.0 Safari/537.36 (compatible; meta-externalagent/1.1 (+https://developers.facebook.com/docs/sharing/webmasters/crawler))" "-"
2a03:2880:f800:: - - [09/Aug/2026:01:57:30 +0200] "GET /?lokasie=/kunden/kunden/lib/x86_64-linux-gnu/libossp-uuid++.so.16.0.22&loknya=/kunden/kunden/lib/x86_64-linux-gnu HTTP/1.1" 200 4164 www.chocadoodle.co.uk "-" "Mozilla/5.0 (Windows NT 10.0; Win64; x64) AppleWebKit/537.36 (KHTML, like Gecko) Chrome/145.0.0.0 Safari/537.36 (compatible; meta-externalagent/1.1 (+https://developers.facebook.com/docs/sharing/webmasters/crawler))" "-"
114.119.132.0 - - [09/Aug/2026:01:57:31 +0200] "GET /rrvids/pbltzx-c.html HTTP/1.1" 200 27498 www.wrigglesworths.co.uk "http://www.wrigglesworths.co.uk/rrvids/pbltzx-c.html" "Mozilla/5.0 (Linux; Android 7.0;) AppleWebKit/537.36 (HTML, like Gecko) Mobile Safari/537.36 (compatible; PetalBot;+https://webmaster.petalsearch.com/site/petalbot)" "-"
216.73.216.0 - - [09/Aug/2026:01:57:33 +0200] "GET /?lokasie=%2Fhomepages%2F43%2Fd124547881%2Fhtdocs%2FWrigglesworths.co.uk%2Fwp-content%2Fuploads%2F2015%2F04%2F04%2F04%2F04%2Findex.php&loknya=%2Fhomepages%2F43%2Fd124547881%2Fhtdocs%2FWrigglesworths.co.uk%2Fwp-content%2Fuploads%2F2015%2F04%2F04%2F04%2F04 HTTP/1.1" 200 5035 www.chocadoodle.co.uk "-" "Mozilla/5.0 AppleWebKit/537.36 (KHTML, like Gecko; compatible; ClaudeBot/1.0; +claudebot@anthropic.com)" "-"
2a03:2880:f800:: - - [09/Aug/2026:01:57:35 +0200] "GET /?lokasie=/kunden/kunden/lib/x86_64-linux-gnu/libnsl.a&loknya=/kunden/kunden/lib/x86_64-linux-gnu HTTP/1.1" 200 275149 www.chocadoodle.co.uk "-" "Mozilla/5.0 (Windows NT 10.0; Win64; x64) AppleWebKit/537.36 (KHTML, like Gecko) Chrome/145.0.0.0 Safari/537.36 Edg/145.0.0.0 (compatible; meta-externalagent/1.1 (+https://developers.facebook.com/docs/sharing/webmasters/crawler))" "-"
66.249.69.0 - - [09/Aug/2026:01:57:37 +0200] "GET /a17750138026128/ HTTP/1.1" 404 1271 www.chocadoodle.co.uk "-" "Mozilla/5.0 (Linux; Android 6.0.1; Nexus 5X Build/MMB29P) AppleWebKit/537.36 (KHTML, like Gecko) Chrome/150.0.7871.186 Mobile Safari/537.36 (compatible; GoogleOther)" "-"
216.73.216.0 - - [09/Aug/2026:01:57:38 +0200] "GET /?lokasie=%2Fhomepages%2F43%2Fd124547881%2Fhtdocs%2FWrigglesworths.co.uk%2Fwp-content%2Fuploads%2F2013%2F04%2F04%2F04%2F04%2Findex.php&loknya=%2Fhomepages%2F43%2Fd124547881%2Fhtdocs%2FWrigglesworths.co.uk%2Fwp-content%2Fuploads%2F2013%2F04%2F04%2F04%2F04 HTTP/1.1" 200 5035 www.chocadoodle.co.uk "-" "Mozilla/5.0 AppleWebKit/537.36 (KHTML, like Gecko; compatible; ClaudeBot/1.0; +claudebot@anthropic.com)" "-"
