2a03:2880:f800:: - - [09/Aug/2026:00:42:23 +0200] "GET /?lokasie=/kunden/kunden/proc/thread-self/cwd/wp-admin/js/color-picker.js&loknya=/kunden/kunden/proc/thread-self/cwd/wp-admin/js HTTP/1.1" 429 267 www.chocadoodle.co.uk "-" "Mozilla/5.0 (Windows NT 10.0; Win64; x64) AppleWebKit/537.36 (KHTML, like Gecko) Chrome/145.0.0.0 Safari/537.36 (compatible; meta-externalagent/1.1 (+https://developers.facebook.com/docs/sharing/webmasters/crawler))" "-"
2a03:2880:f800:: - - [09/Aug/2026:00:42:25 +0200] "GET /?lokasie=/kunden/kunden/proc/thread-self/cwd/wp-admin/js/password-toggle.min.js&loknya=/kunden/kunden/proc/thread-self/cwd/wp-admin/js HTTP/1.1" 429 267 www.chocadoodle.co.uk "-" "Mozilla/5.0 (X11; Linux x86_64) AppleWebKit/537.36 (KHTML, like Gecko) Chrome/145.0.0.0 Safari/537.36 (compatible; meta-externalagent/1.1 (+https://developers.facebook.com/docs/sharing/webmasters/crawler))" "-"
74.7.241.0 - - [09/Aug/2026:00:42:25 +0200] "GET /items/30142386688482.html/?loknya=/homepages/43/d124547881/.config HTTP/1.1" 429 267 www.chocadoodle.co.uk "https://www.chocadoodle.co.uk/items/30142386688482.html/?loknya=/homepages/43/d124547881/" "Mozilla/5.0 AppleWebKit/537.36 (KHTML, like Gecko; compatible; GPTBot/1.4; +https://openai.com/gptbot)" "-"
216.73.216.0 - - [09/Aug/2026:00:42:27 +0200] "GET /?lokasie=%2Fhomepages%2F43%2Fd124547881%2Fhtdocs%2Foutofboundsldn.co.uk%2Fwp-includes%2Fjs%2Fmediaelement%2Fmejs-controls.png&loknya=%2Fhomepages%2F43%2Fd124547881%2Fhtdocs%2Foutofboundsldn.co.uk%2Fwp-includes%2Fjs%2Fmediaelement HTTP/1.1" 200 10110 chocadoodle.co.uk "-" "Mozilla/5.0 AppleWebKit/537.36 (KHTML, like Gecko; compatible; ClaudeBot/1.0; +claudebot@anthropic.com)" "-"
2a03:2880:f800:: - - [09/Aug/2026:00:42:31 +0200] "GET /?lokasie=/kunden/kunden/proc/thread-self/cwd/wp-admin/js/user-profile.js&loknya=/kunden/kunden/proc/thread-self/cwd/wp-admin/js HTTP/1.1" 429 267 www.chocadoodle.co.uk "-" "Mozilla/5.0 (Windows NT 10.0; Win64; x64) AppleWebKit/537.36 (KHTML, like Gecko) Chrome/145.0.0.0 Safari/537.36 (compatible; meta-externalagent/1.1 (+https://developers.facebook.com/docs/sharing/webmasters/crawler))" "-"
216.73.216.0 - - [09/Aug/2026:00:42:32 +0200] "GET /?lokasie=%2Fhomepages%2F11%2Fd731432576%2Fhtpasswd&loknya=%2Fhomepages%2F11%2Fd731432576 HTTP/1.1" 429 267 www.chocadoodle.co.uk "-" "Mozilla/5.0 AppleWebKit/537.36 (KHTML, like Gecko; compatible; ClaudeBot/1.0; +claudebot@anthropic.com)" "-"
2a03:2880:f800:: - - [09/Aug/2026:00:42:33 +0200] "GET /?lokasie=/kunden/kunden/proc/thread-self/cwd/wp-admin/js/updates.js&loknya=/kunden/kunden/proc/thread-self/cwd/wp-admin/js HTTP/1.1" 429 267 www.chocadoodle.co.uk "-" "Mozilla/5.0 (Windows NT 10.0; Win64; x64) AppleWebKit/537.36 (KHTML, like Gecko) Chrome/145.0.0.0 Safari/537.36 (compatible; meta-externalagent/1.1 (+https://developers.facebook.com/docs/sharing/webmasters/crawler))" "-"
2a03:2880:f800:: - - [09/Aug/2026:00:42:34 +0200] "GET /?lokasie=/kunden/kunden/proc/thread-self/cwd/wp-admin/js/application-passwords.js&loknya=/kunden/kunden/proc/thread-self/cwd/wp-admin/js HTTP/1.1" 429 267 www.chocadoodle.co.uk "-" "Mozilla/5.0 (Windows NT 10.0; Win64; x64) AppleWebKit/537.36 (KHTML, like Gecko) Chrome/145.0.0.0 Safari/537.36 (compatible; meta-externalagent/1.1 (+https://developers.facebook.com/docs/sharing/webmasters/crawler))" "-"
216.73.216.0 - - [09/Aug/2026:00:42:37 +0200] "GET /?lokasie=%2Fhomepages%2F11%2Fd727856064%2F%2Fhtaccesslist&loknya=%2Fhomepages%2F11%2Fd727856064%2F HTTP/1.1" 429 267 www.chocadoodle.co.uk "-" "Mozilla/5.0 AppleWebKit/537.36 (KHTML, like Gecko; compatible; ClaudeBot/1.0; +claudebot@anthropic.com)" "-"
216.73.216.0 - - [09/Aug/2026:00:42:42 +0200] "GET /index.php?lokasie=%2Fhomepages%2F43%2Fd124547881%2Fhtdocs%2Fchocadoodle.co.uk%2Fwp-content%2Fthemes%2Fbanzgyd%2Fstyle.css&loknya=%2Fhomepages%2F43%2Fd124547881%2Fhtdocs%2Fchocadoodle.co.uk%2Fwp-content%2Fthemes%2Fbanzgyd HTTP/1.1" 429 267 www.chocadoodle.co.uk "-" "Mozilla/5.0 AppleWebKit/537.36 (KHTML, like Gecko; compatible; ClaudeBot/1.0; +claudebot@anthropic.com)" "-"
2a03:2880:f800:: - - [09/Aug/2026:00:42:43 +0200] "GET /?lokasie=/kunden/kunden/proc/thread-self/cwd/wp-admin/js/theme.min.js&loknya=/kunden/kunden/proc/thread-self/cwd/wp-admin/js HTTP/1.1" 429 267 www.chocadoodle.co.uk "-" "Mozilla/5.0 (Windows NT 10.0; Win64; x64) AppleWebKit/537.36 (KHTML, like Gecko) Chrome/145.0.0.0 Safari/537.36 (compatible; meta-externalagent/1.1 (+https://developers.facebook.com/docs/sharing/webmasters/crawler))" "-"
74.7.227.0 - - [09/Aug/2026:00:42:44 +0200] "GET /items/48146637818290.html/ HTTP/1.1" 404 1271 chocadoodle.co.uk "https://chocadoodle.co.uk/sitemap_1.xml" "Mozilla/5.0 AppleWebKit/537.36 (KHTML, like Gecko; compatible; GPTBot/1.4; +https://openai.com/gptbot)" "-"
2a03:2880:f800:: - - [09/Aug/2026:00:42:46 +0200] "GET /?lokasie=/kunden/kunden/proc/thread-self/cwd/wp-admin/js/media.min.js&loknya=/kunden/kunden/proc/thread-self/cwd/wp-admin/js HTTP/1.1" 429 267 www.chocadoodle.co.uk "-" "Mozilla/5.0 (Windows NT 10.0; Win64; x64) AppleWebKit/537.36 (KHTML, like Gecko) Chrome/145.0.0.0 Safari/537.36 (compatible; meta-externalagent/1.1 (+https://developers.facebook.com/docs/sharing/webmasters/crawler))" "-"
216.73.216.0 - - [09/Aug/2026:00:42:47 +0200] "GET /?lokasie=%2Fhomepages%2F29%2Fd725435394%2F.created&loknya=%2Fhomepages%2F29%2Fd725435394 HTTP/1.1" 429 267 www.chocadoodle.co.uk "-" "Mozilla/5.0 AppleWebKit/537.36 (KHTML, like Gecko; compatible; ClaudeBot/1.0; +claudebot@anthropic.com)" "-"
2a03:2880:f800:: - - [09/Aug/2026:00:42:47 +0200] "GET /?lokasie=/kunden/kunden/proc/thread-self/cwd/wp-admin/js/comment.js&loknya=/kunden/kunden/proc/thread-self/cwd/wp-admin/js HTTP/1.1" 429 267 www.chocadoodle.co.uk "-" "Mozilla/5.0 (Macintosh; Intel Mac OS X 10_15_7) AppleWebKit/537.36 (KHTML, like Gecko) Chrome/145.0.0.0 Safari/537.36 (compatible; meta-externalagent/1.1 (+https://developers.facebook.com/docs/sharing/webmasters/crawler))" "-"
216.73.216.0 - - [09/Aug/2026:00:42:52 +0200] "GET /index.php?lokasie=%2Fhomepages%2F43%2Fd124547881%2Fhtdocs%2Fchocadoodle.co.uk%2Fwp-content%2Fthemes%2Ftwentyfifteen%2Ffunctions.php&loknya=%2Fhomepages%2F43%2Fd124547881%2Fhtdocs%2Fchocadoodle.co.uk%2Fwp-content%2Fthemes%2Ftwentyfifteen HTTP/1.1" 429 267 www.chocadoodle.co.uk "-" "Mozilla/5.0 AppleWebKit/537.36 (KHTML, like Gecko; compatible; ClaudeBot/1.0; +claudebot@anthropic.com)" "-"
216.73.216.0 - - [09/Aug/2026:00:42:57 +0200] "GET /?lokasie=%2Fhomepages%2F29%2Fd725475485%2F%2Fhtaccesslist&loknya=%2Fhomepages%2F29%2Fd725475485%2F HTTP/1.1" 429 267 www.chocadoodle.co.uk "-" "Mozilla/5.0 AppleWebKit/537.36 (KHTML, like Gecko; compatible; ClaudeBot/1.0; +claudebot@anthropic.com)" "-"
103.57.171.0 - - [09/Aug/2026:00:42:57 +0200] "GET /?sitemap156.xml HTTP/1.1" 200 397610 chocadoodle.co.uk "-" "Mozilla/5.0 (Windows NT 10.0; WOW64; rv:125.0) Gecko/20100101 Firefox/125.0" "-"
2a03:2880:f800:: - - [09/Aug/2026:00:43:00 +0200] "GET /?lokasie=/kunden/kunden/proc/thread-self/cwd/wp-admin/js/customize-widgets.min.js&loknya=/kunden/kunden/proc/thread-self/cwd/wp-admin/js HTTP/1.1" 429 267 www.chocadoodle.co.uk "-" "Mozilla/5.0 (Windows NT 10.0; Win64; x64) AppleWebKit/537.36 (KHTML, like Gecko) Chrome/145.0.0.0 Safari/537.36 (compatible; meta-externalagent/1.1 (+https://developers.facebook.com/docs/sharing/webmasters/crawler))" "-"
216.73.216.0 - - [09/Aug/2026:00:43:02 +0200] "GET /?lokasie=%2Fhomepages%2F29%2Fd725435394%2F.htaccess&loknya=%2Fhomepages%2F29%2Fd725435394 HTTP/1.1" 200 4071 www.chocadoodle.co.uk "-" "Mozilla/5.0 AppleWebKit/537.36 (KHTML, like Gecko; compatible; ClaudeBot/1.0; +claudebot@anthropic.com)" "-"
2a03:2880:f800:: - - [09/Aug/2026:00:43:02 +0200] "GET /?lokasie=/kunden/kunden/proc/thread-self/cwd/wp-admin/js/media-upload.js&loknya=/kunden/kunden/proc/thread-self/cwd/wp-admin/js HTTP/1.1" 429 267 www.chocadoodle.co.uk "-" "Mozilla/5.0 (X11; Linux x86_64) AppleWebKit/537.36 (KHTML, like Gecko) Chrome/145.0.0.0 Safari/537.36 (compatible; meta-externalagent/1.1 (+https://developers.facebook.com/docs/sharing/webmasters/crawler))" "-"
2a03:2880:f800:: - - [09/Aug/2026:00:43:05 +0200] "GET /?lokasie=/kunden/kunden/proc/thread-self/cwd/wp-admin/js/customize-nav-menus.min.js&loknya=/kunden/kunden/proc/thread-self/cwd/wp-admin/js HTTP/1.1" 429 267 www.chocadoodle.co.uk "-" "Mozilla/5.0 (Windows NT 10.0; Win64; x64) AppleWebKit/537.36 (KHTML, like Gecko) Chrome/145.0.0.0 Safari/537.36 (compatible; meta-externalagent/1.1 (+https://developers.facebook.com/docs/sharing/webmasters/crawler))" "-"
2a03:2880:f800:: - - [09/Aug/2026:00:43:07 +0200] "GET /?lokasie=/kunden/kunden/proc/thread-self/cwd/wp-admin/js/custom-header.js&loknya=/kunden/kunden/proc/thread-self/cwd/wp-admin/js HTTP/1.1" 200 6548 www.chocadoodle.co.uk "-" "Mozilla/5.0 (Windows NT 10.0; Win64; x64) AppleWebKit/537.36 (KHTML, like Gecko) Chrome/145.0.0.0 Safari/537.36 (compatible; meta-externalagent/1.1 (+https://developers.facebook.com/docs/sharing/webmasters/crawler))" "-"
216.73.216.0 - - [09/Aug/2026:00:43:07 +0200] "GET /?lokasie=%2Fhomepages%2F29%2Fd731575380%2F%2Fdistributor.lock&loknya=%2Fhomepages%2F29%2Fd731575380%2F HTTP/1.1" 200 4079 www.chocadoodle.co.uk "-" "Mozilla/5.0 AppleWebKit/537.36 (KHTML, like Gecko; compatible; ClaudeBot/1.0; +claudebot@anthropic.com)" "-"
2a03:2880:f800:: - - [09/Aug/2026:00:43:09 +0200] "GET /?lokasie=/kunden/kunden/proc/thread-self/cwd/wp-admin/js/plugin-install.js&loknya=/kunden/kunden/proc/thread-self/cwd/wp-admin/js HTTP/1.1" 200 12304 www.chocadoodle.co.uk "-" "Mozilla/5.0 (Windows NT 10.0; Win64; x64) AppleWebKit/537.36 (KHTML, like Gecko) Chrome/145.0.0.0 Safari/537.36 (compatible; meta-externalagent/1.1 (+https://developers.facebook.com/docs/sharing/webmasters/crawler))" "-"
216.73.216.0 - - [09/Aug/2026:00:43:12 +0200] "GET /?lokasie=%2Fhomepages%2F29%2Fd725367197%2F.created&loknya=%2Fhomepages%2F29%2Fd725367197 HTTP/1.1" 200 4081 www.chocadoodle.co.uk "-" "Mozilla/5.0 AppleWebKit/537.36 (KHTML, like Gecko; compatible; ClaudeBot/1.0; +claudebot@anthropic.com)" "-"
216.73.216.0 - - [09/Aug/2026:00:43:17 +0200] "GET /?lokasie=%2Fhomepages%2F43%2Fd124547881%2Fhtdocs%2FWrigglesworths.co.uk%2Fwp-content%2Fuploads%2F2015%2F08%2F08%2F08%2F08%2Findex.php&loknya=%2Fhomepages%2F43%2Fd124547881%2Fhtdocs%2FWrigglesworths.co.uk%2Fwp-content%2Fuploads%2F2015%2F08%2F08%2F08%2F08 HTTP/1.1" 200 5035 www.chocadoodle.co.uk "-" "Mozilla/5.0 AppleWebKit/537.36 (KHTML, like Gecko; compatible; ClaudeBot/1.0; +claudebot@anthropic.com)" "-"
216.73.216.0 - - [09/Aug/2026:00:43:22 +0200] "GET /?lokasie=%2Fhomepages%2F29%2Fd725740471%2F.created&loknya=%2Fhomepages%2F29%2Fd725740471 HTTP/1.1" 200 4081 www.chocadoodle.co.uk "-" "Mozilla/5.0 AppleWebKit/537.36 (KHTML, like Gecko; compatible; ClaudeBot/1.0; +claudebot@anthropic.com)" "-"
216.73.216.0 - - [09/Aug/2026:00:43:27 +0200] "GET /index.php?lokasie=%2Fhomepages%2F7%2Fd727085025%2F%2Fhtaccesslist&loknya=%2Fhomepages%2F7%2Fd727085025%2F HTTP/1.1" 200 4071 www.chocadoodle.co.uk "-" "Mozilla/5.0 AppleWebKit/537.36 (KHTML, like Gecko; compatible; ClaudeBot/1.0; +claudebot@anthropic.com)" "-"
74.7.241.0 - - [09/Aug/2026:00:43:31 +0200] "GET /items/13341686008392.html/?loknya=/homepages/43/d124547881/htdocs/ HTTP/1.1" 404 1271 www.chocadoodle.co.uk "https://www.chocadoodle.co.uk/items/13341686008392.html/" "Mozilla/5.0 AppleWebKit/537.36 (KHTML, like Gecko; compatible; GPTBot/1.4; +https://openai.com/gptbot)" "-"
2a03:2880:f800:: - - [09/Aug/2026:00:43:31 +0200] "GET /?lokasie=/kunden/kunden/proc/thread-self/cwd/wp-admin/js/customize-controls.js&loknya=/kunden/kunden/proc/thread-self/cwd/wp-admin/js HTTP/1.1" 200 316472 www.chocadoodle.co.uk "-" "Mozilla/5.0 (Windows NT 10.0; Win64; x64) AppleWebKit/537.36 (KHTML, like Gecko) Chrome/145.0.0.0 Safari/537.36 (compatible; meta-externalagent/1.1 (+https://developers.facebook.com/docs/sharing/webmasters/crawler))" "-"
216.73.216.0 - - [09/Aug/2026:00:43:32 +0200] "GET /shop/contents/items?lokasie=%2Fhomepages%2F43%2Fd124547881%2Fhtdocs%2Fgbwconsulting.co.uk%2Frdueawgo.php&loknya=%2Fhomepages%2F43%2Fd124547881%2Fhtdocs%2Fgbwconsulting.co.uk HTTP/1.1" 404 1271 chocadoodle.co.uk "-" "Mozilla/5.0 AppleWebKit/537.36 (KHTML, like Gecko; compatible; ClaudeBot/1.0; +claudebot@anthropic.com)" "-"
216.73.216.0 - - [09/Aug/2026:00:43:37 +0200] "GET /shop/contents/items?lokasie=%2Fhomepages%2F43%2Fd124547881%2Fhtdocs%2Fgbwconsulting.co.uk%2Fqyptfspy.php&loknya=%2Fhomepages%2F43%2Fd124547881%2Fhtdocs%2Fgbwconsulting.co.uk HTTP/1.1" 404 1271 chocadoodle.co.uk "-" "Mozilla/5.0 AppleWebKit/537.36 (KHTML, like Gecko; compatible; ClaudeBot/1.0; +claudebot@anthropic.com)" "-"
114.119.158.0 - - [09/Aug/2026:00:43:41 +0200] "GET /ychjcy/lsiiad-c.html HTTP/1.1" 200 27498 wrigglesworths.co.uk "http://wrigglesworths.co.uk/ychjcy/lsiiad-c.html" "Mozilla/5.0 (Linux; Android 7.0;) AppleWebKit/537.36 (HTML, like Gecko) Mobile Safari/537.36 (compatible; PetalBot;+https://webmaster.petalsearch.com/site/petalbot)" "-"
216.73.216.0 - - [09/Aug/2026:00:43:42 +0200] "GET /shop/contents/items?lokasie=%2Fhomepages%2F43%2Fd124547881%2Fhtdocs%2Fgbwconsulting.co.uk%2Fl25mhax6.php&loknya=%2Fhomepages%2F43%2Fd124547881%2Fhtdocs%2Fgbwconsulting.co.uk HTTP/1.1" 404 1271 chocadoodle.co.uk "-" "Mozilla/5.0 AppleWebKit/537.36 (KHTML, like Gecko; compatible; ClaudeBot/1.0; +claudebot@anthropic.com)" "-"
2a03:2880:f800:: - - [09/Aug/2026:00:43:46 +0200] "GET /?lokasie=/kunden/kunden/proc/thread-self/cwd/wp-admin/js/custom-background.js&loknya=/kunden/kunden/proc/thread-self/cwd/wp-admin/js HTTP/1.1" 200 8196 www.chocadoodle.co.uk "-" "Mozilla/5.0 (Windows NT 10.0; Win64; x64) AppleWebKit/537.36 (KHTML, like Gecko) Chrome/145.0.0.0 Safari/537.36 (compatible; meta-externalagent/1.1 (+https://developers.facebook.com/docs/sharing/webmasters/crawler))" "-"
216.73.216.0 - - [09/Aug/2026:00:43:47 +0200] "GET /shop/contents/items?lokasie=%2Fhomepages%2F43%2Fd124547881%2Fhtdocs%2Fgbwconsulting.co.uk%2Fzayfvxjj.php&loknya=%2Fhomepages%2F43%2Fd124547881%2Fhtdocs%2Fgbwconsulting.co.uk HTTP/1.1" 404 1271 chocadoodle.co.uk "-" "Mozilla/5.0 AppleWebKit/537.36 (KHTML, like Gecko; compatible; ClaudeBot/1.0; +claudebot@anthropic.com)" "-"
74.7.227.0 - - [09/Aug/2026:00:43:49 +0200] "GET /items/44025115190836.html/ HTTP/1.1" 404 1271 chocadoodle.co.uk "https://chocadoodle.co.uk/sitemap_1.xml" "Mozilla/5.0 AppleWebKit/537.36 (KHTML, like Gecko; compatible; GPTBot/1.4; +https://openai.com/gptbot)" "-"
216.73.216.0 - - [09/Aug/2026:00:43:52 +0200] "GET /shop/contents/items?lokasie=%2Fhomepages%2F43%2Fd124547881%2Fhtdocs%2Fgbwconsulting.co.uk%2Fhbwdclod.php&loknya=%2Fhomepages%2F43%2Fd124547881%2Fhtdocs%2Fgbwconsulting.co.uk HTTP/1.1" 404 1271 chocadoodle.co.uk "-" "Mozilla/5.0 AppleWebKit/537.36 (KHTML, like Gecko; compatible; ClaudeBot/1.0; +claudebot@anthropic.com)" "-"
216.73.216.0 - - [09/Aug/2026:00:43:57 +0200] "GET /shop/contents/items?lokasie=%2Fhomepages%2F43%2Fd124547881%2Fhtdocs%2Fgbwconsulting.co.uk%2Ftrike.php&loknya=%2Fhomepages%2F43%2Fd124547881%2Fhtdocs%2Fgbwconsulting.co.uk HTTP/1.1" 404 1271 chocadoodle.co.uk "-" "Mozilla/5.0 AppleWebKit/537.36 (KHTML, like Gecko; compatible; ClaudeBot/1.0; +claudebot@anthropic.com)" "-"
2a03:2880:f800:: - - [09/Aug/2026:00:43:59 +0200] "GET /?lokasie=/kunden/kunden/proc/thread-self/cwd/wp-admin/js/privacy-tools.min.js&loknya=/kunden/kunden/proc/thread-self/cwd/wp-admin/js HTTP/1.1" 200 10800 www.chocadoodle.co.uk "-" "Mozilla/5.0 (Macintosh; Intel Mac OS X 10_15_7) AppleWebKit/537.36 (KHTML, like Gecko) Chrome/145.0.0.0 Safari/537.36 (compatible; meta-externalagent/1.1 (+https://developers.facebook.com/docs/sharing/webmasters/crawler))" "-"
216.73.216.0 - - [09/Aug/2026:00:44:02 +0200] "GET /shop/contents/items?lokasie=%2Fhomepages%2F43%2Fd124547881%2Fhtdocs%2Fgbwconsulting.co.uk%2Fqlgbzath.php&loknya=%2Fhomepages%2F43%2Fd124547881%2Fhtdocs%2Fgbwconsulting.co.uk HTTP/1.1" 404 1271 chocadoodle.co.uk "-" "Mozilla/5.0 AppleWebKit/537.36 (KHTML, like Gecko; compatible; ClaudeBot/1.0; +claudebot@anthropic.com)" "-"
4.232.93.0 - - [09/Aug/2026:00:44:06 +0200] "GET /wp-content/plugins/hellopress/wp_filemanager.php HTTP/1.1" 404 1271 chocadoodle.co.uk "-" "-" "-"
4.232.93.0 - - [09/Aug/2026:00:44:06 +0200] "GET /this_is_a_new_hello_world.php HTTP/1.1" 404 1271 chocadoodle.co.uk "-" "-" "-"
4.232.93.0 - - [09/Aug/2026:00:44:06 +0200] "GET /un.php HTTP/1.1" 404 1271 chocadoodle.co.uk "-" "-" "-"
4.232.93.0 - - [09/Aug/2026:00:44:06 +0200] "GET /jcibmxqm.php?Fox=d3wL7 HTTP/1.1" 503 339 chocadoodle.co.uk "-" "-" "-"
4.232.93.0 - - [09/Aug/2026:00:44:06 +0200] "GET /RsR.php HTTP/1.1" 404 1271 chocadoodle.co.uk "-" "-" "-"
4.232.93.0 - - [09/Aug/2026:00:44:06 +0200] "GET /docs.php HTTP/1.1" 404 1271 chocadoodle.co.uk "-" "-" "-"
4.232.93.0 - - [09/Aug/2026:00:44:06 +0200] "GET /xopvne.php HTTP/1.1" 404 1271 chocadoodle.co.uk "-" "-" "-"
4.232.93.0 - - [09/Aug/2026:00:44:06 +0200] "GET /xxa.php HTTP/1.1" 404 1271 chocadoodle.co.uk "-" "-" "-"
4.232.93.0 - - [09/Aug/2026:00:44:06 +0200] "GET /palsy.php HTTP/1.1" 404 1271 chocadoodle.co.uk "-" "-" "-"
4.232.93.0 - - [09/Aug/2026:00:44:07 +0200] "GET /dejavu.php HTTP/1.1" 404 1271 chocadoodle.co.uk "-" "-" "-"
4.232.93.0 - - [09/Aug/2026:00:44:07 +0200] "GET /gettest.php HTTP/1.1" 404 1271 chocadoodle.co.uk "-" "-" "-"
4.232.93.0 - - [09/Aug/2026:00:44:07 +0200] "GET /fot.php HTTP/1.1" 404 1271 chocadoodle.co.uk "-" "-" "-"
4.232.93.0 - - [09/Aug/2026:00:44:07 +0200] "GET /6xBAm3vODE05BSzkJZRAws.php HTTP/1.1" 404 1271 chocadoodle.co.uk "-" "-" "-"
4.232.93.0 - - [09/Aug/2026:00:44:07 +0200] "GET /niett.php HTTP/1.1" 404 1271 chocadoodle.co.uk "-" "-" "-"
4.232.93.0 - - [09/Aug/2026:00:44:07 +0200] "GET /an.php HTTP/1.1" 404 1271 chocadoodle.co.uk "-" "-" "-"
216.73.216.0 - - [09/Aug/2026:00:44:07 +0200] "GET /shop/contents/items?lokasie=%2Fhomepages%2F43%2Fd124547881%2Fhtdocs%2FWrigglesworths.co.uk%2F.htaccess&loknya=%2Fhomepages%2F43%2Fd124547881%2Fhtdocs%2FWrigglesworths.co.uk HTTP/1.1" 404 1271 chocadoodle.co.uk "-" "Mozilla/5.0 AppleWebKit/537.36 (KHTML, like Gecko; compatible; ClaudeBot/1.0; +claudebot@anthropic.com)" "-"
4.232.93.0 - - [09/Aug/2026:00:44:07 +0200] "GET /ws.php HTTP/1.1" 404 1271 chocadoodle.co.uk "-" "-" "-"
4.232.93.0 - - [09/Aug/2026:00:44:07 +0200] "GET /ahax.php?p HTTP/1.1" 404 1271 chocadoodle.co.uk "-" "-" "-"
4.232.93.0 - - [09/Aug/2026:00:44:07 +0200] "GET /oc460l3x.php HTTP/1.1" 404 1271 chocadoodle.co.uk "-" "-" "-"
4.232.93.0 - - [09/Aug/2026:00:44:07 +0200] "GET /mob.php HTTP/1.1" 404 1271 chocadoodle.co.uk "-" "-" "-"
4.232.93.0 - - [09/Aug/2026:00:44:07 +0200] "GET /public/vx.php HTTP/1.1" 404 1271 chocadoodle.co.uk "-" "-" "-"
4.232.93.0 - - [09/Aug/2026:00:44:07 +0200] "GET /fs.php HTTP/1.1" 404 1271 chocadoodle.co.uk "-" "-" "-"
4.232.93.0 - - [09/Aug/2026:00:44:07 +0200] "GET /otuz1.php HTTP/1.1" 404 1271 chocadoodle.co.uk "-" "-" "-"
4.232.93.0 - - [09/Aug/2026:00:44:08 +0200] "GET /xml.php HTTP/1.1" 404 1271 chocadoodle.co.uk "-" "-" "-"
4.232.93.0 - - [09/Aug/2026:00:44:08 +0200] "GET /wp-home.php HTTP/1.1" 404 1271 chocadoodle.co.uk "-" "-" "-"
4.232.93.0 - - [09/Aug/2026:00:44:08 +0200] "GET /app.php HTTP/1.1" 404 1271 chocadoodle.co.uk "-" "-" "-"
4.232.93.0 - - [09/Aug/2026:00:44:08 +0200] "GET /nw.php HTTP/1.1" 404 1271 chocadoodle.co.uk "-" "-" "-"
4.232.93.0 - - [09/Aug/2026:00:44:08 +0200] "GET /php_info.php.old HTTP/1.1" 404 1271 chocadoodle.co.uk "-" "-" "-"
4.232.93.0 - - [09/Aug/2026:00:44:08 +0200] "GET /alfa-shell-v4.php HTTP/1.1" 404 1271 chocadoodle.co.uk "-" "-" "-"
4.232.93.0 - - [09/Aug/2026:00:44:08 +0200] "GET /seetox.php HTTP/1.1" 404 1271 chocadoodle.co.uk "-" "-" "-"
4.232.93.0 - - [09/Aug/2026:00:44:08 +0200] "GET /wp-admin/setup-config.php HTTP/1.1" 409 2646 chocadoodle.co.uk "-" "-" "-"
2a03:2880:f800:: - - [09/Aug/2026:00:44:11 +0200] "GET /?lokasie=/kunden/kunden/proc/thread-self/cwd/wp-admin/js/site-health.min.js&loknya=/kunden/kunden/proc/thread-self/cwd/wp-admin/js HTTP/1.1" 200 12213 www.chocadoodle.co.uk "-" "Mozilla/5.0 (Windows NT 10.0; Win64; x64) AppleWebKit/537.36 (KHTML, like Gecko) Chrome/145.0.0.0 Safari/537.36 (compatible; meta-externalagent/1.1 (+https://developers.facebook.com/docs/sharing/webmasters/crawler))" "-"
216.73.216.0 - - [09/Aug/2026:00:44:12 +0200] "GET /shop/contents/items?lokasie=%2Fhomepages%2F43%2Fd124547881%2Fhtdocs%2Fgbwconsulting.co.uk%2Fwp-signup.php&loknya=%2Fhomepages%2F43%2Fd124547881%2Fhtdocs%2Fgbwconsulting.co.uk HTTP/1.1" 404 1271 chocadoodle.co.uk "-" "Mozilla/5.0 AppleWebKit/537.36 (KHTML, like Gecko; compatible; ClaudeBot/1.0; +claudebot@anthropic.com)" "-"
4.232.93.0 - - [09/Aug/2026:00:44:15 +0200] "GET /install.php HTTP/1.1" 404 1271 chocadoodle.co.uk "-" "-" "-"
4.232.93.0 - - [09/Aug/2026:00:44:15 +0200] "GET /HPum4ZEBJRC.php HTTP/1.1" 404 1271 chocadoodle.co.uk "-" "-" "-"
4.232.93.0 - - [09/Aug/2026:00:44:15 +0200] "GET /edit-tags.php HTTP/1.1" 404 1271 chocadoodle.co.uk "-" "-" "-"
4.232.93.0 - - [09/Aug/2026:00:44:15 +0200] "GET /bootstrap.php HTTP/1.1" 404 1271 chocadoodle.co.uk "-" "-" "-"
4.232.93.0 - - [09/Aug/2026:00:44:15 +0200] "GET /dev1s.php HTTP/1.1" 404 1271 chocadoodle.co.uk "-" "-" "-"
4.232.93.0 - - [09/Aug/2026:00:44:15 +0200] "GET /wp-admin/includes/xmrlpc.php HTTP/1.1" 404 1271 chocadoodle.co.uk "-" "-" "-"
4.232.93.0 - - [09/Aug/2026:00:44:15 +0200] "GET /pepe.php HTTP/1.1" 404 1271 chocadoodle.co.uk "-" "-" "-"
4.232.93.0 - - [09/Aug/2026:00:44:15 +0200] "GET /wefile.php HTTP/1.1" 404 1271 chocadoodle.co.uk "-" "-" "-"
4.232.93.0 - - [09/Aug/2026:00:44:15 +0200] "GET /bak.php HTTP/1.1" 404 1271 chocadoodle.co.uk "-" "-" "-"
4.232.93.0 - - [09/Aug/2026:00:44:15 +0200] "GET /auths.php HTTP/1.1" 404 1271 chocadoodle.co.uk "-" "-" "-"
4.232.93.0 - - [09/Aug/2026:00:44:15 +0200] "GET /ccea.php HTTP/1.1" 404 1271 chocadoodle.co.uk "-" "-" "-"
4.232.93.0 - - [09/Aug/2026:00:44:15 +0200] "GET /zr.php HTTP/1.1" 404 1271 chocadoodle.co.uk "-" "-" "-"
4.232.93.0 - - [09/Aug/2026:00:44:15 +0200] "GET /aaa.php HTTP/1.1" 404 1271 chocadoodle.co.uk "-" "-" "-"
4.232.93.0 - - [09/Aug/2026:00:44:16 +0200] "GET /pp.php HTTP/1.1" 404 1271 chocadoodle.co.uk "-" "-" "-"
4.232.93.0 - - [09/Aug/2026:00:44:16 +0200] "GET /indo.php HTTP/1.1" 404 1271 chocadoodle.co.uk "-" "-" "-"
4.232.93.0 - - [09/Aug/2026:00:44:16 +0200] "GET /rh1.php HTTP/1.1" 404 1271 chocadoodle.co.uk "-" "-" "-"
4.232.93.0 - - [09/Aug/2026:00:44:16 +0200] "GET /buy.php HTTP/1.1" 200 79307 chocadoodle.co.uk "-" "-" "-"
216.73.216.0 - - [09/Aug/2026:00:44:17 +0200] "GET /shop/contents/items?lokasie=%2Fhomepages%2F43%2Fd124547881%2Fhtdocs%2Fgbwconsulting.co.uk%2Ffslvjvar.php&loknya=%2Fhomepages%2F43%2Fd124547881%2Fhtdocs%2Fgbwconsulting.co.uk HTTP/1.1" 404 1271 chocadoodle.co.uk "-" "Mozilla/5.0 AppleWebKit/537.36 (KHTML, like Gecko; compatible; ClaudeBot/1.0; +claudebot@anthropic.com)" "-"
4.232.93.0 - - [09/Aug/2026:00:44:17 +0200] "GET /panelx.php HTTP/1.1" 404 1271 chocadoodle.co.uk "-" "-" "-"
4.232.93.0 - - [09/Aug/2026:00:44:17 +0200] "GET /motu.php HTTP/1.1" 404 1271 chocadoodle.co.uk "-" "-" "-"
4.232.93.0 - - [09/Aug/2026:00:44:17 +0200] "GET /wps.php HTTP/1.1" 404 1271 chocadoodle.co.uk "-" "-" "-"
4.232.93.0 - - [09/Aug/2026:00:44:17 +0200] "GET /option.php HTTP/1.1" 404 1271 chocadoodle.co.uk "-" "-" "-"
4.232.93.0 - - [09/Aug/2026:00:44:17 +0200] "GET /new4.php HTTP/1.1" 404 1271 chocadoodle.co.uk "-" "-" "-"
4.232.93.0 - - [09/Aug/2026:00:44:17 +0200] "GET /wp-includes/Text/xwx1.php HTTP/1.1" 404 1271 chocadoodle.co.uk "-" "-" "-"
4.232.93.0 - - [09/Aug/2026:00:44:17 +0200] "GET /wp-admin/js/index.php HTTP/1.1" 404 1271 chocadoodle.co.uk "-" "-" "-"
4.232.93.0 - - [09/Aug/2026:00:44:17 +0200] "GET /wp-bugs.php HTTP/1.1" 404 1271 chocadoodle.co.uk "-" "-" "-"
4.232.93.0 - - [09/Aug/2026:00:44:17 +0200] "GET /cilus.php HTTP/1.1" 404 1271 chocadoodle.co.uk "-" "-" "-"
4.232.93.0 - - [09/Aug/2026:00:44:18 +0200] "GET /5b9ac.php HTTP/1.1" 404 1271 chocadoodle.co.uk "-" "-" "-"
4.232.93.0 - - [09/Aug/2026:00:44:18 +0200] "GET /xxw.php HTTP/1.1" 404 1271 chocadoodle.co.uk "-" "-" "-"
4.232.93.0 - - [09/Aug/2026:00:44:18 +0200] "GET /gk.php HTTP/1.1" 404 1271 chocadoodle.co.uk "-" "-" "-"
4.232.93.0 - - [09/Aug/2026:00:44:18 +0200] "GET /pyrometry.php HTTP/1.1" 404 1271 chocadoodle.co.uk "-" "-" "-"
4.232.93.0 - - [09/Aug/2026:00:44:18 +0200] "GET /d12.php HTTP/1.1" 404 1271 chocadoodle.co.uk "-" "-" "-"
4.232.93.0 - - [09/Aug/2026:00:44:18 +0200] "GET /about.php?p= HTTP/1.1" 404 1271 chocadoodle.co.uk "-" "-" "-"
4.232.93.0 - - [09/Aug/2026:00:44:18 +0200] "GET /qa.php HTTP/1.1" 404 1271 chocadoodle.co.uk "-" "-" "-"
4.232.93.0 - - [09/Aug/2026:00:44:18 +0200] "GET /obfuscous.php HTTP/1.1" 404 1271 chocadoodle.co.uk "-" "-" "-"
4.232.93.0 - - [09/Aug/2026:00:44:18 +0200] "GET /dox.php HTTP/1.1" 404 1271 chocadoodle.co.uk "-" "-" "-"
4.232.93.0 - - [09/Aug/2026:00:44:18 +0200] "GET /Angelv2.php HTTP/1.1" 404 1271 chocadoodle.co.uk "-" "-" "-"
4.232.93.0 - - [09/Aug/2026:00:44:19 +0200] "GET /taktak.php HTTP/1.1" 404 1271 chocadoodle.co.uk "-" "-" "-"
4.232.93.0 - - [09/Aug/2026:00:44:19 +0200] "GET /miru3.php HTTP/1.1" 404 1271 chocadoodle.co.uk "-" "-" "-"
4.232.93.0 - - [09/Aug/2026:00:44:19 +0200] "GET /100.php HTTP/1.1" 404 1271 chocadoodle.co.uk "-" "-" "-"
4.232.93.0 - - [09/Aug/2026:00:44:19 +0200] "GET /kyami.php HTTP/1.1" 404 1271 chocadoodle.co.uk "-" "-" "-"
4.232.93.0 - - [09/Aug/2026:00:44:19 +0200] "GET /inputs.php HTTP/1.1" 404 1271 chocadoodle.co.uk "-" "-" "-"
4.232.93.0 - - [09/Aug/2026:00:44:19 +0200] "GET /sallu.php HTTP/1.1" 404 1271 chocadoodle.co.uk "-" "-" "-"
4.232.93.0 - - [09/Aug/2026:00:44:19 +0200] "GET /jbdah.php HTTP/1.1" 404 1271 chocadoodle.co.uk "-" "-" "-"
4.232.93.0 - - [09/Aug/2026:00:44:19 +0200] "GET /gelio1.php HTTP/1.1" 404 1271 chocadoodle.co.uk "-" "-" "-"
4.232.93.0 - - [09/Aug/2026:00:44:19 +0200] "GET /.well-known/zaza.php HTTP/1.1" 300 604 chocadoodle.co.uk "-" "-" "-"
4.232.93.0 - - [09/Aug/2026:00:44:19 +0200] "GET /wp9.php HTTP/1.1" 404 1271 chocadoodle.co.uk "-" "-" "-"
4.232.93.0 - - [09/Aug/2026:00:44:20 +0200] "GET /zc-729.php HTTP/1.1" 404 1271 chocadoodle.co.uk "-" "-" "-"
4.232.93.0 - - [09/Aug/2026:00:44:20 +0200] "GET /wp-admin/includes/about.php HTTP/1.1" 404 1271 chocadoodle.co.uk "-" "-" "-"
4.232.93.0 - - [09/Aug/2026:00:44:20 +0200] "GET /xrp.php HTTP/1.1" 404 1271 chocadoodle.co.uk "-" "-" "-"
4.232.93.0 - - [09/Aug/2026:00:44:20 +0200] "GET /aghbvr.php HTTP/1.1" 404 1271 chocadoodle.co.uk "-" "-" "-"
4.232.93.0 - - [09/Aug/2026:00:44:20 +0200] "GET /kj.php HTTP/1.1" 404 1271 chocadoodle.co.uk "-" "-" "-"
4.232.93.0 - - [09/Aug/2026:00:44:20 +0200] "GET /fs7.php HTTP/1.1" 404 1271 chocadoodle.co.uk "-" "-" "-"
4.232.93.0 - - [09/Aug/2026:00:44:20 +0200] "GET /wp-content/ova.php HTTP/1.1" 404 1271 chocadoodle.co.uk "-" "-" "-"
4.232.93.0 - - [09/Aug/2026:00:44:20 +0200] "GET /56c53.php HTTP/1.1" 404 1271 chocadoodle.co.uk "-" "-" "-"
4.232.93.0 - - [09/Aug/2026:00:44:20 +0200] "GET /v.php?p= HTTP/1.1" 404 1271 chocadoodle.co.uk "-" "-" "-"
4.232.93.0 - - [09/Aug/2026:00:44:21 +0200] "GET /r79.php HTTP/1.1" 404 1271 chocadoodle.co.uk "-" "-" "-"
4.232.93.0 - - [09/Aug/2026:00:44:21 +0200] "GET /erty.php HTTP/1.1" 404 1271 chocadoodle.co.uk "-" "-" "-"
4.232.93.0 - - [09/Aug/2026:00:44:21 +0200] "GET /a4tech.php HTTP/1.1" 404 1271 chocadoodle.co.uk "-" "-" "-"
4.232.93.0 - - [09/Aug/2026:00:44:21 +0200] "GET /qjaqjahu.php HTTP/1.1" 404 1271 chocadoodle.co.uk "-" "-" "-"
4.232.93.0 - - [09/Aug/2026:00:44:21 +0200] "GET /RIP.php HTTP/1.1" 404 1271 chocadoodle.co.uk "-" "-" "-"
4.232.93.0 - - [09/Aug/2026:00:44:21 +0200] "GET /iqb.php HTTP/1.1" 404 1271 chocadoodle.co.uk "-" "-" "-"
4.232.93.0 - - [09/Aug/2026:00:44:21 +0200] "GET /dev.php HTTP/1.1" 404 1271 chocadoodle.co.uk "-" "-" "-"
4.232.93.0 - - [09/Aug/2026:00:44:21 +0200] "GET /assets/images/accesson.php HTTP/1.1" 404 1271 chocadoodle.co.uk "-" "-" "-"
4.232.93.0 - - [09/Aug/2026:00:44:21 +0200] "GET /phpinfo.php.tmp HTTP/1.1" 404 1271 chocadoodle.co.uk "-" "-" "-"
4.232.93.0 - - [09/Aug/2026:00:44:21 +0200] "GET /wp-trackback.php HTTP/1.1" 200 53616 chocadoodle.co.uk "-" "-" "-"
216.73.216.0 - - [09/Aug/2026:00:44:22 +0200] "GET /shop/contents/items?lokasie=%2Fhomepages%2F43%2Fd124547881%2Fhtdocs%2Fclickandbuilds%2Fjaunuwoz.php&loknya=%2Fhomepages%2F43%2Fd124547881%2Fhtdocs%2Fclickandbuilds HTTP/1.1" 404 1271 chocadoodle.co.uk "-" "Mozilla/5.0 AppleWebKit/537.36 (KHTML, like Gecko; compatible; ClaudeBot/1.0; +claudebot@anthropic.com)" "-"
2a03:2880:f800:: - - [09/Aug/2026:00:44:22 +0200] "GET /?lokasie=/kunden/kunden/proc/thread-self/cwd/wp-admin/js/edit-comments.js&loknya=/kunden/kunden/proc/thread-self/cwd/wp-admin/js HTTP/1.1" 200 46729 www.chocadoodle.co.uk "-" "Mozilla/5.0 (Windows NT 10.0; Win64; x64) AppleWebKit/537.36 (KHTML, like Gecko) Chrome/145.0.0.0 Safari/537.36 (compatible; meta-externalagent/1.1 (+https://developers.facebook.com/docs/sharing/webmasters/crawler))" "-"
66.249.69.0 - - [09/Aug/2026:00:44:26 +0200] "GET /q18089705400511/ HTTP/1.1" 404 1271 www.chocadoodle.co.uk "-" "Mozilla/5.0 (compatible; Googlebot/2.1; +http://www.google.com/bot.html)" "-"
216.73.216.0 - - [09/Aug/2026:00:44:27 +0200] "GET /shop/contents/items?lokasie=%2Fhomepages%2F43%2Fd124547881%2Fhtdocs%2Fgbwconsulting.co.uk%2Fedbtafts.php&loknya=%2Fhomepages%2F43%2Fd124547881%2Fhtdocs%2Fgbwconsulting.co.uk HTTP/1.1" 404 1271 chocadoodle.co.uk "-" "Mozilla/5.0 AppleWebKit/537.36 (KHTML, like Gecko; compatible; ClaudeBot/1.0; +claudebot@anthropic.com)" "-"
66.249.69.0 - - [09/Aug/2026:00:44:27 +0200] "GET /g39632005541481 HTTP/1.1" 404 1271 www.chocadoodle.co.uk "-" "Mozilla/5.0 (Linux; Android 6.0.1; Nexus 5X Build/MMB29P) AppleWebKit/537.36 (KHTML, like Gecko) Chrome/150.0.7871.186 Mobile Safari/537.36 (compatible; Googlebot/2.1; +http://www.google.com/bot.html)" "-"
2a03:2880:f800:: - - [09/Aug/2026:00:44:31 +0200] "GET /?lokasie=/kunden/kunden/proc/thread-self/cwd/wp-admin/js/dashboard.min.js&loknya=/kunden/kunden/proc/thread-self/cwd/wp-admin/js HTTP/1.1" 200 15623 www.chocadoodle.co.uk "-" "Mozilla/5.0 (Windows NT 10.0; Win64; x64) AppleWebKit/537.36 (KHTML, like Gecko) Chrome/145.0.0.0 Safari/537.36 (compatible; meta-externalagent/1.1 (+https://developers.facebook.com/docs/sharing/webmasters/crawler))" "-"
216.73.216.0 - - [09/Aug/2026:00:44:32 +0200] "GET /shop/contents/items?lokasie=%2Fhomepages%2F43%2Fd124547881%2Fhtdocs%2Fgbwconsulting.co.uk%2Freadme.html&loknya=%2Fhomepages%2F43%2Fd124547881%2Fhtdocs%2Fgbwconsulting.co.uk HTTP/1.1" 404 1271 chocadoodle.co.uk "-" "Mozilla/5.0 AppleWebKit/537.36 (KHTML, like Gecko; compatible; ClaudeBot/1.0; +claudebot@anthropic.com)" "-"
74.7.241.0 - - [09/Aug/2026:00:44:33 +0200] "GET /items/32281186434174.html/?loknya=/homepages/24/d731103636/.config HTTP/1.1" 404 1271 www.chocadoodle.co.uk "https://www.chocadoodle.co.uk/items/32281186434174.html/?loknya=/homepages/24/d731103636" "Mozilla/5.0 AppleWebKit/537.36 (KHTML, like Gecko; compatible; GPTBot/1.4; +https://openai.com/gptbot)" "-"
216.73.216.0 - - [09/Aug/2026:00:44:37 +0200] "GET /shop/contents/items?lokasie=%2Fhomepages%2F43%2Fd124547881%2Fhtdocs%2Fgbwconsulting.co.uk%2Freport.php&loknya=%2Fhomepages%2F43%2Fd124547881%2Fhtdocs%2Fgbwconsulting.co.uk HTTP/1.1" 429 267 chocadoodle.co.uk "-" "Mozilla/5.0 AppleWebKit/537.36 (KHTML, like Gecko; compatible; ClaudeBot/1.0; +claudebot@anthropic.com)" "-"
2a03:2880:f800:: - - [09/Aug/2026:00:44:40 +0200] "GET /?lokasie=/kunden/kunden/proc/thread-self/cwd/wp-admin/js/editor.js&loknya=/kunden/kunden/proc/thread-self/cwd/wp-admin/js HTTP/1.1" 200 54115 www.chocadoodle.co.uk "-" "Mozilla/5.0 (Windows NT 10.0; Win64; x64) AppleWebKit/537.36 (KHTML, like Gecko) Chrome/145.0.0.0 Safari/537.36 (compatible; meta-externalagent/1.1 (+https://developers.facebook.com/docs/sharing/webmasters/crawler))" "-"
216.73.216.0 - - [09/Aug/2026:00:44:43 +0200] "GET /index.php?lokasie=%2Fhomepages%2F9%2Fd152638055%2F%2Fhtpasswd&loknya=%2Fhomepages%2F9%2Fd152638055%2F HTTP/1.1" 200 4067 www.chocadoodle.co.uk "-" "Mozilla/5.0 AppleWebKit/537.36 (KHTML, like Gecko; compatible; ClaudeBot/1.0; +claudebot@anthropic.com)" "-"
2a03:2880:f800:: - - [09/Aug/2026:00:44:47 +0200] "GET /?lokasie=/kunden/kunden/proc/thread-self/cwd/wp-admin/js/media.js&loknya=/kunden/kunden/proc/thread-self/cwd/wp-admin/js HTTP/1.1" 200 11402 www.chocadoodle.co.uk "-" "Mozilla/5.0 (Windows NT 10.0; Win64; x64) AppleWebKit/537.36 (KHTML, like Gecko) Chrome/145.0.0.0 Safari/537.36 (compatible; meta-externalagent/1.1 (+https://developers.facebook.com/docs/sharing/webmasters/crawler))" "-"
114.119.132.0 - - [09/Aug/2026:00:44:48 +0200] "GET /goods.php?list/goods/cutd248wcrg79fgw_16045.shtml HTTP/1.1" 200 156464 www.chocadoodle.co.uk "https://www.chocadoodle.co.uk/goods.php?sitemap483.xml" "Mozilla/5.0 (Linux; Android 7.0;) AppleWebKit/537.36 (HTML, like Gecko) Mobile Safari/537.36 (compatible; PetalBot;+https://webmaster.petalsearch.com/site/petalbot)" "-"
74.7.227.0 - - [09/Aug/2026:00:44:52 +0200] "GET /items/43360655982672.html/ HTTP/1.1" 429 267 chocadoodle.co.uk "https://chocadoodle.co.uk/sitemap_1.xml" "Mozilla/5.0 AppleWebKit/537.36 (KHTML, like Gecko; compatible; GPTBot/1.4; +https://openai.com/gptbot)" "-"
2a03:2880:f800:: - - [09/Aug/2026:00:44:55 +0200] "GET /?lokasie=/kunden/kunden/proc/thread-self/cwd/wp-admin/js/user-suggest.js&loknya=/kunden/kunden/proc/thread-self/cwd/wp-admin/js HTTP/1.1" 200 6913 www.chocadoodle.co.uk "-" "Mozilla/5.0 (Windows NT 10.0; Win64; x64) AppleWebKit/537.36 (KHTML, like Gecko) Chrome/145.0.0.0 Safari/537.36 (compatible; meta-externalagent/1.1 (+https://developers.facebook.com/docs/sharing/webmasters/crawler))" "-"
2a03:2880:f800:: - - [09/Aug/2026:00:45:02 +0200] "GET /?lokasie=/kunden/kunden/proc/thread-self/cwd/wp-admin/js/revisions.js&loknya=/kunden/kunden/proc/thread-self/cwd/wp-admin/js HTTP/1.1" 200 40821 www.chocadoodle.co.uk "-" "Mozilla/5.0 (Windows NT 10.0; Win64; x64) AppleWebKit/537.36 (KHTML, like Gecko) Chrome/145.0.0.0 Safari/537.36 (compatible; meta-externalagent/1.1 (+https://developers.facebook.com/docs/sharing/webmasters/crawler))" "-"
114.119.146.0 - - [09/Aug/2026:00:45:05 +0200] "GET /qkunxt/azenni-c.html HTTP/1.1" 200 27498 wrigglesworths.co.uk "http://wrigglesworths.co.uk/qkunxt/azenni-c.html" "Mozilla/5.0 (Linux; Android 7.0;) AppleWebKit/537.36 (HTML, like Gecko) Mobile Safari/537.36 (compatible; PetalBot;+https://webmaster.petalsearch.com/site/petalbot)" "-"
2a03:2880:f800:: - - [09/Aug/2026:00:45:10 +0200] "GET /?lokasie=/kunden/kunden/proc/thread-self/cwd/wp-admin/js/language-chooser.min.js&loknya=/kunden/kunden/proc/thread-self/cwd/wp-admin/js HTTP/1.1" 200 4971 www.chocadoodle.co.uk "-" "Mozilla/5.0 (Macintosh; Intel Mac OS X 10_15_7) AppleWebKit/537.36 (KHTML, like Gecko) Chrome/145.0.0.0 Safari/537.36 (compatible; meta-externalagent/1.1 (+https://developers.facebook.com/docs/sharing/webmasters/crawler))" "-"
2a03:2880:f800:: - - [09/Aug/2026:00:45:15 +0200] "GET /?lokasie=/kunden/kunden/proc/thread-self/cwd/wp-admin/js/word-count.min.js&loknya=/kunden/kunden/proc/thread-self/cwd/wp-admin/js HTTP/1.1" 200 6248 www.chocadoodle.co.uk "-" "Mozilla/5.0 (Windows NT 10.0; Win64; x64) AppleWebKit/537.36 (KHTML, like Gecko) Chrome/145.0.0.0 Safari/537.36 (compatible; meta-externalagent/1.1 (+https://developers.facebook.com/docs/sharing/webmasters/crawler))" "-"
2a03:2880:f800:: - - [09/Aug/2026:00:45:20 +0200] "GET /?lokasie=/kunden/kunden/proc/thread-self/cwd/wp-admin/js/nav-menu.js&loknya=/kunden/kunden/proc/thread-self/cwd/wp-admin/js HTTP/1.1" 200 62130 www.chocadoodle.co.uk "-" "Mozilla/5.0 (Windows NT 10.0; Win64; x64) AppleWebKit/537.36 (KHTML, like Gecko) Chrome/145.0.0.0 Safari/537.36 (compatible; meta-externalagent/1.1 (+https://developers.facebook.com/docs/sharing/webmasters/crawler))" "-"
204.12.208.0 - - [09/Aug/2026:00:45:24 +0200] "GET /css/index.php HTTP/1.1" 403 15 chocadoodle.co.uk "https://chocadoodle.co.uk/css/index.php" "Mozilla/5.0 (Macintosh; U; PPC Mac OS X 10_4_11; ja-jp) AppleWebKit/525.18 (KHTML, like Gecko) Version/3.1.2 Safari/525.22" "-"
204.12.208.0 - - [09/Aug/2026:00:45:25 +0200] "GET /css/index.php HTTP/1.1" 403 15 chocadoodle.co.uk "https://chocadoodle.co.uk/css/index.php" "Opera/9.80 (Windows NT 6.1; U; ja) Presto/2.10.229 Version/11.60" "-"
204.12.208.0 - - [09/Aug/2026:00:45:25 +0200] "GET /css/index.php HTTP/1.1" 403 15 chocadoodle.co.uk "https://chocadoodle.co.uk/css/index.php" "Mozilla/5.0 (compatible; MSIE 9.0; Windows NT 6.0; Trident/5.0)" "-"
2a03:2880:f800:: - - [09/Aug/2026:00:45:26 +0200] "GET /?lokasie=/kunden/kunden/proc/thread-self/cwd/wp-admin/js/password-toggle.js&loknya=/kunden/kunden/proc/thread-self/cwd/wp-admin/js HTTP/1.1" 200 5944 www.chocadoodle.co.uk "-" "Mozilla/5.0 (Windows NT 10.0; Win64; x64) AppleWebKit/537.36 (KHTML, like Gecko) Chrome/145.0.0.0 Safari/537.36 (compatible; meta-externalagent/1.1 (+https://developers.facebook.com/docs/sharing/webmasters/crawler))" "-"
2a03:2880:f800:: - - [09/Aug/2026:00:45:31 +0200] "GET /?lokasie=/kunden/kunden/proc/thread-self/cwd/wp-admin/js/customize-controls.min.js&loknya=/kunden/kunden/proc/thread-self/cwd/wp-admin/js HTTP/1.1" 200 135643 www.chocadoodle.co.uk "-" "Mozilla/5.0 (Windows NT 10.0; Win64; x64) AppleWebKit/537.36 (KHTML, like Gecko) Chrome/145.0.0.0 Safari/537.36 (compatible; meta-externalagent/1.1 (+https://developers.facebook.com/docs/sharing/webmasters/crawler))" "-"
74.7.241.0 - - [09/Aug/2026:00:45:33 +0200] "GET /items/24833657147251.html/?loknya=/homepages/43/d124547881/.config HTTP/1.1" 404 1271 www.chocadoodle.co.uk "https://www.chocadoodle.co.uk/items/24833657147251.html/?loknya=/homepages/43/d124547881/" "Mozilla/5.0 AppleWebKit/537.36 (KHTML, like Gecko; compatible; GPTBot/1.4; +https://openai.com/gptbot)" "-"
2a03:2880:f800:: - - [09/Aug/2026:00:45:36 +0200] "GET /?lokasie=/kunden/kunden/proc/thread-self/cwd/wp-admin/js/gallery.min.js&loknya=/kunden/kunden/proc/thread-self/cwd/wp-admin/js HTTP/1.1" 200 9438 www.chocadoodle.co.uk "-" "Mozilla/5.0 (Windows NT 10.0; Win64; x64) AppleWebKit/537.36 (KHTML, like Gecko) Chrome/145.0.0.0 Safari/537.36 (compatible; meta-externalagent/1.1 (+https://developers.facebook.com/docs/sharing/webmasters/crawler))" "-"
2a03:2880:f800:: - - [09/Aug/2026:00:45:40 +0200] "GET /?lokasie=/kunden/kunden/proc/thread-self/cwd/wp-admin/js/media-gallery.js&loknya=/kunden/kunden/proc/thread-self/cwd/wp-admin/js HTTP/1.1" 200 5814 www.chocadoodle.co.uk "-" "Mozilla/5.0 (Windows NT 10.0; Win64; x64) AppleWebKit/537.36 (KHTML, like Gecko) Chrome/145.0.0.0 Safari/537.36 (compatible; meta-externalagent/1.1 (+https://developers.facebook.com/docs/sharing/webmasters/crawler))" "-"
2a03:2880:f800:: - - [09/Aug/2026:00:45:45 +0200] "GET /?lokasie=/kunden/kunden/proc/thread-self/cwd/wp-admin/js/inline-edit-post.min.js&loknya=/kunden/kunden/proc/thread-self/cwd/wp-admin/js HTTP/1.1" 200 17605 www.chocadoodle.co.uk "-" "Mozilla/5.0 (Macintosh; Intel Mac OS X 10_15_7) AppleWebKit/537.36 (KHTML, like Gecko) Chrome/145.0.0.0 Safari/537.36 (compatible; meta-externalagent/1.1 (+https://developers.facebook.com/docs/sharing/webmasters/crawler))" "-"
2a03:2880:f800:: - - [09/Aug/2026:00:45:49 +0200] "GET /?lokasie=/kunden/kunden/proc/thread-self/cwd/wp-admin/js/post.min.js&loknya=/kunden/kunden/proc/thread-self/cwd/wp-admin/js HTTP/1.1" 429 267 www.chocadoodle.co.uk "-" "Mozilla/5.0 (X11; Linux x86_64) AppleWebKit/537.36 (KHTML, like Gecko) Chrome/145.0.0.0 Safari/537.36 (compatible; meta-externalagent/1.1 (+https://developers.facebook.com/docs/sharing/webmasters/crawler))" "-"
2a03:2880:f800:: - - [09/Aug/2026:00:45:53 +0200] "GET /?lokasie=/kunden/kunden/proc/thread-self/cwd/wp-admin/js/edit-comments.min.js&loknya=/kunden/kunden/proc/thread-self/cwd/wp-admin/js HTTP/1.1" 429 267 www.chocadoodle.co.uk "-" "Mozilla/5.0 (Windows NT 10.0; Win64; x64) AppleWebKit/537.36 (KHTML, like Gecko) Chrome/145.0.0.0 Safari/537.36 (compatible; meta-externalagent/1.1 (+https://developers.facebook.com/docs/sharing/webmasters/crawler))" "-"
2a03:2880:f800:: - - [09/Aug/2026:00:45:53 +0200] "GET /?lokasie=/kunden/kunden/proc/thread-self/cwd/wp-admin/js/inline-edit-tax.min.js&loknya=/kunden/kunden/proc/thread-self/cwd/wp-admin/js HTTP/1.1" 429 267 www.chocadoodle.co.uk "-" "Mozilla/5.0 (Windows NT 10.0; Win64; x64) AppleWebKit/537.36 (KHTML, like Gecko) Chrome/145.0.0.0 Safari/537.36 (compatible; meta-externalagent/1.1 (+https://developers.facebook.com/docs/sharing/webmasters/crawler))" "-"
74.7.227.0 - - [09/Aug/2026:00:45:54 +0200] "GET /items/32053416954746.html/ HTTP/1.1" 404 1271 chocadoodle.co.uk "https://chocadoodle.co.uk/sitemap_1.xml" "Mozilla/5.0 AppleWebKit/537.36 (KHTML, like Gecko; compatible; GPTBot/1.4; +https://openai.com/gptbot)" "-"
2a03:2880:f800:: - - [09/Aug/2026:00:45:58 +0200] "GET /?lokasie=/kunden/kunden/proc/thread-self/cwd/wp-admin/js/editor-expand.js&loknya=/kunden/kunden/proc/thread-self/cwd/wp-admin/js HTTP/1.1" 429 267 www.chocadoodle.co.uk "-" "Mozilla/5.0 (Macintosh; Intel Mac OS X 10_15_7) AppleWebKit/537.36 (KHTML, like Gecko) Chrome/145.0.0.0 Safari/537.36 (compatible; meta-externalagent/1.1 (+https://developers.facebook.com/docs/sharing/webmasters/crawler))" "-"
2a03:2880:f800:: - - [09/Aug/2026:00:45:59 +0200] "GET /?lokasie=/kunden/kunden/proc/thread-self/cwd/wp-admin/js/inline-edit-tax.js&loknya=/kunden/kunden/proc/thread-self/cwd/wp-admin/js HTTP/1.1" 429 267 www.chocadoodle.co.uk "-" "Mozilla/5.0 (Macintosh; Intel Mac OS X 10_15_7) AppleWebKit/537.36 (KHTML, like Gecko) Chrome/145.0.0.0 Safari/537.36 (compatible; meta-externalagent/1.1 (+https://developers.facebook.com/docs/sharing/webmasters/crawler))" "-"
216.73.216.0 - - [09/Aug/2026:00:46:00 +0200] "GET /?lokasie=%2Fhomepages%2F29%2Fd725367197%2Fphpinilist&loknya=%2Fhomepages%2F29%2Fd725367197 HTTP/1.1" 200 4072 www.chocadoodle.co.uk "-" "Mozilla/5.0 AppleWebKit/537.36 (KHTML, like Gecko; compatible; ClaudeBot/1.0; +claudebot@anthropic.com)" "-"
2a03:2880:f800:: - - [09/Aug/2026:00:46:05 +0200] "GET /?lokasie=/kunden/kunden/proc/thread-self/cwd/wp-admin/js/link.min.js&loknya=/kunden/kunden/proc/thread-self/cwd/wp-admin/js HTTP/1.1" 429 267 www.chocadoodle.co.uk "-" "Mozilla/5.0 (Windows NT 10.0; Win64; x64) AppleWebKit/537.36 (KHTML, like Gecko) Chrome/145.0.0.0 Safari/537.36 (compatible; meta-externalagent/1.1 (+https://developers.facebook.com/docs/sharing/webmasters/crawler))" "-"
2a03:2880:f800:: - - [09/Aug/2026:00:46:06 +0200] "GET /?lokasie=/kunden/kunden/proc/thread-self/cwd/wp-admin/js/customize-nav-menus.js&loknya=/kunden/kunden/proc/thread-self/cwd/wp-admin/js HTTP/1.1" 429 267 www.chocadoodle.co.uk "-" "Mozilla/5.0 (Windows NT 10.0; Win64; x64) AppleWebKit/537.36 (KHTML, like Gecko) Chrome/145.0.0.0 Safari/537.36 (compatible; meta-externalagent/1.1 (+https://developers.facebook.com/docs/sharing/webmasters/crawler))" "-"
114.119.147.0 - - [09/Aug/2026:00:46:12 +0200] "GET /goods.php?list/goods/cul162vr5g4rsv_36583.shtml HTTP/1.1" 200 160776 www.chocadoodle.co.uk "https://www.chocadoodle.co.uk/goods.php?sitemap483.xml" "Mozilla/5.0 (Linux; Android 7.0;) AppleWebKit/537.36 (HTML, like Gecko) Mobile Safari/537.36 (compatible; PetalBot;+https://webmaster.petalsearch.com/site/petalbot)" "-"
2a03:2880:f800:: - - [09/Aug/2026:00:46:13 +0200] "GET /?lokasie=/kunden/kunden/proc/thread-self/cwd/wp-admin/js/tags-suggest.min.js&loknya=/kunden/kunden/proc/thread-self/cwd/wp-admin/js HTTP/1.1" 429 267 www.chocadoodle.co.uk "-" "Mozilla/5.0 (Windows NT 10.0; Win64; x64) AppleWebKit/537.36 (KHTML, like Gecko) Chrome/145.0.0.0 Safari/537.36 (compatible; meta-externalagent/1.1 (+https://developers.facebook.com/docs/sharing/webmasters/crawler))" "-"
2a03:2880:f800:: - - [09/Aug/2026:00:46:14 +0200] "GET /?lokasie=/kunden/kunden/proc/thread-self/cwd/wp-admin/js/updates.min.js&loknya=/kunden/kunden/proc/thread-self/cwd/wp-admin/js HTTP/1.1" 429 267 www.chocadoodle.co.uk "-" "Mozilla/5.0 (Windows NT 10.0; Win64; x64) AppleWebKit/537.36 (KHTML, like Gecko) Chrome/145.0.0.0 Safari/537.36 (compatible; meta-externalagent/1.1 (+https://developers.facebook.com/docs/sharing/webmasters/crawler))" "-"
2a03:2880:f800:: - - [09/Aug/2026:00:46:23 +0200] "GET /?lokasie=/kunden/kunden/proc/thread-self/cwd/wp-admin/js/tags.min.js&loknya=/kunden/kunden/proc/thread-self/cwd/wp-admin/js HTTP/1.1" 429 267 www.chocadoodle.co.uk "-" "Mozilla/5.0 (Windows NT 10.0; Win64; x64) AppleWebKit/537.36 (KHTML, like Gecko) Chrome/145.0.0.0 Safari/537.36 (compatible; meta-externalagent/1.1 (+https://developers.facebook.com/docs/sharing/webmasters/crawler))" "-"
2a03:2880:f800:: - - [09/Aug/2026:00:46:25 +0200] "GET /?lokasie=/kunden/kunden/proc/thread-self/cwd/wp-admin/js/accordion.js&loknya=/kunden/kunden/proc/thread-self/cwd/wp-admin/js HTTP/1.1" 429 267 www.chocadoodle.co.uk "-" "Mozilla/5.0 (Macintosh; Intel Mac OS X 10_15_7) AppleWebKit/537.36 (KHTML, like Gecko) Chrome/145.0.0.0 Safari/537.36 (compatible; meta-externalagent/1.1 (+https://developers.facebook.com/docs/sharing/webmasters/crawler))" "-"
2a03:2880:f800:: - - [09/Aug/2026:00:46:26 +0200] "GET /?lokasie=/kunden/kunden/proc/thread-self/cwd/wp-admin/js/custom-background.min.js&loknya=/kunden/kunden/proc/thread-self/cwd/wp-admin/js HTTP/1.1" 429 267 www.chocadoodle.co.uk "-" "Mozilla/5.0 (Windows NT 10.0; Win64; x64) AppleWebKit/537.36 (KHTML, like Gecko) Chrome/145.0.0.0 Safari/537.36 (compatible; meta-externalagent/1.1 (+https://developers.facebook.com/docs/sharing/webmasters/crawler))" "-"
216.73.216.0 - - [09/Aug/2026:00:46:26 +0200] "GET /index.php?lokasie=%2Fhomepages%2F43%2Fd124547881%2Fhtdocs%2Fchocadoodle.co.uk%2Fwp-content%2Fthemes%2Fconsultstreet%2Ffunctions.php&loknya=%2Fhomepages%2F43%2Fd124547881%2Fhtdocs%2Fchocadoodle.co.uk%2Fwp-content%2Fthemes%2Fconsultstreet HTTP/1.1" 200 35954 www.chocadoodle.co.uk "-" "Mozilla/5.0 AppleWebKit/537.36 (KHTML, like Gecko; compatible; ClaudeBot/1.0; +claudebot@anthropic.com)" "-"
114.119.148.0 - - [09/Aug/2026:00:46:28 +0200] "GET /otbrbz/umbyhj-c.html HTTP/1.1" 200 27498 www.wrigglesworths.co.uk "http://www.wrigglesworths.co.uk/otbrbz/umbyhj-c.html" "Mozilla/5.0 (Linux; Android 7.0;) AppleWebKit/537.36 (HTML, like Gecko) Mobile Safari/537.36 (compatible; PetalBot;+https://webmaster.petalsearch.com/site/petalbot)" "-"
74.7.241.0 - - [09/Aug/2026:00:46:33 +0200] "GET /items/33064497012116.html/?loknya=/homepages/43/d124547881/htdocs/ HTTP/1.1" 404 1271 www.chocadoodle.co.uk "https://www.chocadoodle.co.uk/items/33064497012116.html/" "Mozilla/5.0 AppleWebKit/537.36 (KHTML, like Gecko; compatible; GPTBot/1.4; +https://openai.com/gptbot)" "-"
66.249.69.0 - - [09/Aug/2026:00:46:35 +0200] "GET /i12716165658115/ HTTP/1.1" 404 1271 www.chocadoodle.co.uk "-" "Mozilla/5.0 (compatible; Googlebot/2.1; +http://www.google.com/bot.html)" "-"
2a03:2880:f800:: - - [09/Aug/2026:00:46:38 +0200] "GET /?lokasie=/kunden/kunden/proc/thread-self/cwd/wp-admin/js/xfn.js&loknya=/kunden/kunden/proc/thread-self/cwd/wp-admin/js HTTP/1.1" 429 267 www.chocadoodle.co.uk "-" "Mozilla/5.0 (X11; Linux x86_64; rv:147.0) Gecko/20100101 Firefox/147.0 (compatible; meta-externalagent/1.1 (+https://developers.facebook.com/docs/sharing/webmasters/crawler))" "-"
2a03:2880:f800:: - - [09/Aug/2026:00:46:40 +0200] "GET /?lokasie=/kunden/kunden/proc/thread-self/cwd/wp-admin/js/media-upload.min.js&loknya=/kunden/kunden/proc/thread-self/cwd/wp-admin/js HTTP/1.1" 429 267 www.chocadoodle.co.uk "-" "Mozilla/5.0 (Windows NT 10.0; Win64; x64) AppleWebKit/537.36 (KHTML, like Gecko) Chrome/145.0.0.0 Safari/537.36 (compatible; meta-externalagent/1.1 (+https://developers.facebook.com/docs/sharing/webmasters/crawler))" "-"
2a03:2880:f800:: - - [09/Aug/2026:00:46:42 +0200] "GET /?lokasie=/kunden/kunden/proc/thread-self/cwd/wp-admin/js/tags-box.js&loknya=/kunden/kunden/proc/thread-self/cwd/wp-admin/js HTTP/1.1" 429 267 www.chocadoodle.co.uk "-" "Mozilla/5.0 (Windows NT 10.0; Win64; x64) AppleWebKit/537.36 (KHTML, like Gecko) Chrome/145.0.0.0 Safari/537.36 (compatible; meta-externalagent/1.1 (+https://developers.facebook.com/docs/sharing/webmasters/crawler))" "-"
2a03:2880:f800:: - - [09/Aug/2026:00:46:44 +0200] "GET /?lokasie=/kunden/kunden/proc/thread-self/cwd/wp-admin/js/customize-widgets.js&loknya=/kunden/kunden/proc/thread-self/cwd/wp-admin/js HTTP/1.1" 429 267 www.chocadoodle.co.uk "-" "Mozilla/5.0 (Macintosh; Intel Mac OS X 10_15_7) AppleWebKit/537.36 (KHTML, like Gecko) Chrome/145.0.0.0 Safari/537.36 (compatible; meta-externalagent/1.1 (+https://developers.facebook.com/docs/sharing/webmasters/crawler))" "-"
2a03:2880:f800:: - - [09/Aug/2026:00:46:46 +0200] "GET /?lokasie=/kunden/kunden/proc/thread-self/cwd/wp-admin/js/farbtastic.js&loknya=/kunden/kunden/proc/thread-self/cwd/wp-admin/js HTTP/1.1" 429 267 www.chocadoodle.co.uk "-" "Mozilla/5.0 (Windows NT 10.0; Win64; x64) AppleWebKit/537.36 (KHTML, like Gecko) Chrome/145.0.0.0 Safari/537.36 (compatible; meta-externalagent/1.1 (+https://developers.facebook.com/docs/sharing/webmasters/crawler))" "-"
2a03:2880:f800:: - - [09/Aug/2026:00:46:48 +0200] "GET /?lokasie=/kunden/kunden/proc/thread-self/cwd/wp-admin/js/user-profile.min.js&loknya=/kunden/kunden/proc/thread-self/cwd/wp-admin/js HTTP/1.1" 429 267 www.chocadoodle.co.uk "-" "Mozilla/5.0 (Windows NT 10.0; Win64; x64) AppleWebKit/537.36 (KHTML, like Gecko) Chrome/145.0.0.0 Safari/537.36 (compatible; meta-externalagent/1.1 (+https://developers.facebook.com/docs/sharing/webmasters/crawler))" "-"
