2a03:2880:f800:: - - [09/Aug/2026:02:04:19 +0200] "GET /?lokasie=/kunden/kunden/lib/x86_64-linux-gnu/libidn.so.11.6.16&loknya=/kunden/kunden/lib/x86_64-linux-gnu HTTP/1.1" 200 281048 www.chocadoodle.co.uk "-" "Mozilla/5.0 (Windows NT 10.0; Win64; x64) AppleWebKit/537.36 (KHTML, like Gecko) Chrome/145.0.0.0 Safari/537.36 (compatible; meta-externalagent/1.1 (+https://developers.facebook.com/docs/sharing/webmasters/crawler))" "-"
2a03:2880:f800:: - - [09/Aug/2026:02:04:25 +0200] "GET /?lokasie=/kunden/kunden/lib/x86_64-linux-gnu/libgssapi_krb5.so.2.2&loknya=/kunden/kunden/lib/x86_64-linux-gnu HTTP/1.1" 200 501881 www.chocadoodle.co.uk "-" "Mozilla/5.0 (Windows NT 10.0; Win64; x64) AppleWebKit/537.36 (KHTML, like Gecko) Chrome/145.0.0.0 Safari/537.36 (compatible; meta-externalagent/1.1 (+https://developers.facebook.com/docs/sharing/webmasters/crawler))" "-"
114.119.146.0 - - [09/Aug/2026:02:04:29 +0200] "GET /gohigq/fwssds-c.html HTTP/1.1" 200 27498 www.wrigglesworths.co.uk "http://www.wrigglesworths.co.uk/gohigq/fwssds-c.html" "Mozilla/5.0 (Linux; Android 7.0;) AppleWebKit/537.36 (HTML, like Gecko) Mobile Safari/537.36 (compatible; PetalBot;+https://webmaster.petalsearch.com/site/petalbot)" "-"
2a03:2880:f800:: - - [09/Aug/2026:02:04:30 +0200] "GET /?lokasie=/kunden/kunden/lib/x86_64-linux-gnu/libXau.so.6.0.0&loknya=/kunden/kunden/lib/x86_64-linux-gnu HTTP/1.1" 200 21933 www.chocadoodle.co.uk "-" "Mozilla/5.0 (Windows NT 10.0; Win64; x64) AppleWebKit/537.36 (KHTML, like Gecko) Chrome/145.0.0.0 Safari/537.36 (compatible; meta-externalagent/1.1 (+https://developers.facebook.com/docs/sharing/webmasters/crawler))" "-"
74.7.227.0 - - [09/Aug/2026:02:04:36 +0200] "GET /items/48217405652927.html/ HTTP/1.1" 404 1271 chocadoodle.co.uk "https://chocadoodle.co.uk/sitemap_1.xml" "Mozilla/5.0 AppleWebKit/537.36 (KHTML, like Gecko; compatible; GPTBot/1.4; +https://openai.com/gptbot)" "-"
2a03:2880:f800:: - - [09/Aug/2026:02:04:36 +0200] "GET /?lokasie=/kunden/kunden/lib/x86_64-linux-gnu/libsvn_ra-1.so.1.0.0&loknya=/kunden/kunden/lib/x86_64-linux-gnu HTTP/1.1" 200 90662 www.chocadoodle.co.uk "-" "Mozilla/5.0 (Windows NT 10.0; Win64; x64) AppleWebKit/537.36 (KHTML, like Gecko) Chrome/145.0.0.0 Safari/537.36 Edg/145.0.0.0 (compatible; meta-externalagent/1.1 (+https://developers.facebook.com/docs/sharing/webmasters/crawler))" "-"
2a03:2880:f800:: - - [09/Aug/2026:02:04:40 +0200] "GET /?lokasie=/kunden/kunden/lib/x86_64-linux-gnu/libnsl.so.2.0.1&loknya=/kunden/kunden/lib/x86_64-linux-gnu HTTP/1.1" 200 146223 www.chocadoodle.co.uk "-" "Mozilla/5.0 (Windows NT 10.0; Win64; x64) AppleWebKit/537.36 (KHTML, like Gecko) Chrome/145.0.0.0 Safari/537.36 (compatible; meta-externalagent/1.1 (+https://developers.facebook.com/docs/sharing/webmasters/crawler))" "-"
2a03:2880:f800:: - - [09/Aug/2026:02:04:46 +0200] "GET /?lokasie=/kunden/kunden/lib/x86_64-linux-gnu/libgomp.so.1.0.0&loknya=/kunden/kunden/lib/x86_64-linux-gnu HTTP/1.1" 200 404843 www.chocadoodle.co.uk "-" "Mozilla/5.0 (Macintosh; Intel Mac OS X 10_15_7) AppleWebKit/537.36 (KHTML, like Gecko) Chrome/145.0.0.0 Safari/537.36 (compatible; meta-externalagent/1.1 (+https://developers.facebook.com/docs/sharing/webmasters/crawler))" "-"
2a03:2880:f800:: - - [09/Aug/2026:02:04:51 +0200] "GET /?lokasie=/kunden/kunden/lib/x86_64-linux-gnu/libformw.so.6.2&loknya=/kunden/kunden/lib/x86_64-linux-gnu HTTP/1.1" 200 120700 www.chocadoodle.co.uk "-" "Mozilla/5.0 (Macintosh; Intel Mac OS X 10_15_7) AppleWebKit/537.36 (KHTML, like Gecko) Chrome/145.0.0.0 Safari/537.36 (compatible; meta-externalagent/1.1 (+https://developers.facebook.com/docs/sharing/webmasters/crawler))" "-"
2a03:2880:f800:: - - [09/Aug/2026:02:04:55 +0200] "GET /?lokasie=/kunden/kunden/lib/x86_64-linux-gnu/libIex-2_5.so.25.0.3&loknya=/kunden/kunden/lib/x86_64-linux-gnu HTTP/1.1" 200 541218 www.chocadoodle.co.uk "-" "Mozilla/5.0 (Windows NT 10.0; Win64; x64) AppleWebKit/537.36 (KHTML, like Gecko) Chrome/145.0.0.0 Safari/537.36 (compatible; meta-externalagent/1.1 (+https://developers.facebook.com/docs/sharing/webmasters/crawler))" "-"
138.68.180.0 - - [09/Aug/2026:02:04:56 +0200] "GET / HTTP/1.1" 200 27498 wrigglesworths.co.uk "-" "Mozilla/5.0 (X11; Linux x86_64) AppleWebKit/537.36 (KHTML, like Gecko) Chrome/142.0.0.0 Safari/537.36" "-"
2a03:2880:f800:: - - [09/Aug/2026:02:04:58 +0200] "GET /?lokasie=/kunden/kunden/lib/x86_64-linux-gnu/libmpdec++.so.3&loknya=/kunden/kunden/lib/x86_64-linux-gnu HTTP/1.1" 200 4154 www.chocadoodle.co.uk "-" "Mozilla/5.0 (Macintosh; Intel Mac OS X 10_15_7) AppleWebKit/537.36 (KHTML, like Gecko) Chrome/145.0.0.0 Safari/537.36 (compatible; meta-externalagent/1.1 (+https://developers.facebook.com/docs/sharing/webmasters/crawler))" "-"
2a03:2880:f800:: - - [09/Aug/2026:02:05:03 +0200] "GET /?lokasie=/kunden/kunden/lib/x86_64-linux-gnu/libssh2.so.1&loknya=/kunden/kunden/lib/x86_64-linux-gnu HTTP/1.1" 429 267 www.chocadoodle.co.uk "-" "Mozilla/5.0 (Macintosh; Intel Mac OS X 10_15_7) AppleWebKit/537.36 (KHTML, like Gecko) Chrome/145.0.0.0 Safari/537.36 (compatible; meta-externalagent/1.1 (+https://developers.facebook.com/docs/sharing/webmasters/crawler))" "-"
2a03:2880:f800:: - - [09/Aug/2026:02:05:06 +0200] "GET /?lokasie=/kunden/kunden/lib/x86_64-linux-gnu/libexpatw.so.1.6.12&loknya=/kunden/kunden/lib/x86_64-linux-gnu HTTP/1.1" 429 267 www.chocadoodle.co.uk "-" "Mozilla/5.0 (Macintosh; Intel Mac OS X 10_15_7) AppleWebKit/537.36 (KHTML, like Gecko) Chrome/145.0.0.0 Safari/537.36 (compatible; meta-externalagent/1.1 (+https://developers.facebook.com/docs/sharing/webmasters/crawler))" "-"
2a03:2880:f800:: - - [09/Aug/2026:02:05:07 +0200] "GET /?loknya=/kunden/kunden/lib/x86_64-linux-gnu/pkgconfig HTTP/1.1" 429 267 www.chocadoodle.co.uk "-" "Mozilla/5.0 (Windows NT 10.0; Win64; x64) AppleWebKit/537.36 (KHTML, like Gecko) Chrome/145.0.0.0 Safari/537.36 (compatible; meta-externalagent/1.1 (+https://developers.facebook.com/docs/sharing/webmasters/crawler))" "-"
2a03:2880:f800:: - - [09/Aug/2026:02:05:12 +0200] "GET /?lokasie=/kunden/kunden/lib/x86_64-linux-gnu/libssl.so.1.1&loknya=/kunden/kunden/lib/x86_64-linux-gnu HTTP/1.1" 429 267 www.chocadoodle.co.uk "-" "Mozilla/5.0 (Windows NT 10.0; Win64; x64) AppleWebKit/537.36 (KHTML, like Gecko) Chrome/145.0.0.0 Safari/537.36 (compatible; meta-externalagent/1.1 (+https://developers.facebook.com/docs/sharing/webmasters/crawler))" "-"
2a03:2880:f800:: - - [09/Aug/2026:02:05:12 +0200] "GET /?lokasie=/kunden/kunden/lib/x86_64-linux-gnu/libffi.so.7.1.0&loknya=/kunden/kunden/lib/x86_64-linux-gnu HTTP/1.1" 429 267 www.chocadoodle.co.uk "-" "Mozilla/5.0 (Windows NT 10.0; Win64; x64) AppleWebKit/537.36 (KHTML, like Gecko) Chrome/145.0.0.0 Safari/537.36 (compatible; meta-externalagent/1.1 (+https://developers.facebook.com/docs/sharing/webmasters/crawler))" "-"
2a03:2880:f800:: - - [09/Aug/2026:02:05:18 +0200] "GET /?lokasie=/kunden/kunden/lib/x86_64-linux-gnu/libns-9.16.50-Debian.so&loknya=/kunden/kunden/lib/x86_64-linux-gnu HTTP/1.1" 429 267 www.chocadoodle.co.uk "-" "Mozilla/5.0 (Windows NT 10.0; Win64; x64) AppleWebKit/537.36 (KHTML, like Gecko) Chrome/145.0.0.0 Safari/537.36 (compatible; meta-externalagent/1.1 (+https://developers.facebook.com/docs/sharing/webmasters/crawler))" "-"
2a03:2880:f800:: - - [09/Aug/2026:02:05:20 +0200] "GET /?lokasie=/kunden/kunden/lib/x86_64-linux-gnu/libdb-5.3.so&loknya=/kunden/kunden/lib/x86_64-linux-gnu HTTP/1.1" 429 267 www.chocadoodle.co.uk "-" "Mozilla/5.0 (Windows NT 10.0; Win64; x64) AppleWebKit/537.36 (KHTML, like Gecko) Chrome/145.0.0.0 Safari/537.36 (compatible; meta-externalagent/1.1 (+https://developers.facebook.com/docs/sharing/webmasters/crawler))" "-"
74.7.241.0 - - [09/Aug/2026:02:05:20 +0200] "GET /items/27243076024878.html/?lokasie=/proc/execdomains&loknya=/proc HTTP/1.1" 404 1271 www.chocadoodle.co.uk "https://www.chocadoodle.co.uk/items/27243076024878.html/?loknya=/proc" "Mozilla/5.0 AppleWebKit/537.36 (KHTML, like Gecko; compatible; GPTBot/1.4; +https://openai.com/gptbot)" "-"
2a03:2880:f800:: - - [09/Aug/2026:02:05:26 +0200] "GET /?lokasie=/kunden/kunden/lib/x86_64-linux-gnu/libhogweed.so.6&loknya=/kunden/kunden/lib/x86_64-linux-gnu HTTP/1.1" 429 267 www.chocadoodle.co.uk "-" "Mozilla/5.0 (Windows NT 10.0; Win64; x64) AppleWebKit/537.36 (KHTML, like Gecko) Chrome/145.0.0.0 Safari/537.36 (compatible; meta-externalagent/1.1 (+https://developers.facebook.com/docs/sharing/webmasters/crawler))" "-"
2a03:2880:f800:: - - [09/Aug/2026:02:05:27 +0200] "GET /?lokasie=/kunden/kunden/lib/x86_64-linux-gnu/libcrypto.a&loknya=/kunden/kunden/lib/x86_64-linux-gnu HTTP/1.1" 429 267 www.chocadoodle.co.uk "-" "Mozilla/5.0 (Windows NT 10.0; Win64; x64) AppleWebKit/537.36 (KHTML, like Gecko) Chrome/145.0.0.0 Safari/537.36 (compatible; meta-externalagent/1.1 (+https://developers.facebook.com/docs/sharing/webmasters/crawler))" "-"
2a03:2880:f800:: - - [09/Aug/2026:02:05:36 +0200] "GET /?lokasie=/kunden/kunden/lib/x86_64-linux-gnu/libasound.so.2.0.0&loknya=/kunden/kunden/lib/x86_64-linux-gnu HTTP/1.1" 429 267 www.chocadoodle.co.uk "-" "Mozilla/5.0 (X11; Linux x86_64) AppleWebKit/537.36 (KHTML, like Gecko) Chrome/145.0.0.0 Safari/537.36 (compatible; meta-externalagent/1.1 (+https://developers.facebook.com/docs/sharing/webmasters/crawler))" "-"
66.249.69.0 - - [09/Aug/2026:02:05:37 +0200] "GET /l39164326436303/ HTTP/1.1" 404 1271 www.chocadoodle.co.uk "-" "Mozilla/5.0 (Linux; Android 6.0.1; Nexus 5X Build/MMB29P) AppleWebKit/537.36 (KHTML, like Gecko) Chrome/150.0.7871.186 Mobile Safari/537.36 (compatible; GoogleOther)" "-"
114.119.153.0 - - [09/Aug/2026:02:05:37 +0200] "GET /goods.php?list/goods/bue84bjmqc0o9hy_11469.shtml HTTP/1.1" 200 169658 www.chocadoodle.co.uk "https://www.chocadoodle.co.uk/goods.php?sitemap483.xml" "Mozilla/5.0 (Linux; Android 7.0;) AppleWebKit/537.36 (HTML, like Gecko) Mobile Safari/537.36 (compatible; PetalBot;+https://webmaster.petalsearch.com/site/petalbot)" "-"
2a03:2880:f800:: - - [09/Aug/2026:02:05:38 +0200] "GET /?lokasie=/kunden/kunden/lib/x86_64-linux-gnu/libtic.so.6&loknya=/kunden/kunden/lib/x86_64-linux-gnu HTTP/1.1" 429 267 www.chocadoodle.co.uk "-" "Mozilla/5.0 (Windows NT 10.0; Win64; x64) AppleWebKit/537.36 (KHTML, like Gecko) Chrome/145.0.0.0 Safari/537.36 (compatible; meta-externalagent/1.1 (+https://developers.facebook.com/docs/sharing/webmasters/crawler))" "-"
2a03:2880:f800:: - - [09/Aug/2026:02:05:39 +0200] "GET /?lokasie=/kunden/kunden/lib/x86_64-linux-gnu/libwmflite-0.2.so.7&loknya=/kunden/kunden/lib/x86_64-linux-gnu HTTP/1.1" 429 267 www.chocadoodle.co.uk "-" "Mozilla/5.0 (X11; Linux x86_64) AppleWebKit/537.36 (KHTML, like Gecko) Chrome/145.0.0.0 Safari/537.36 (compatible; meta-externalagent/1.1 (+https://developers.facebook.com/docs/sharing/webmasters/crawler))" "-"
74.7.227.0 - - [09/Aug/2026:02:05:39 +0200] "GET /items/35937307641210.html/ HTTP/1.1" 404 1271 chocadoodle.co.uk "https://chocadoodle.co.uk/sitemap_1.xml" "Mozilla/5.0 AppleWebKit/537.36 (KHTML, like Gecko; compatible; GPTBot/1.4; +https://openai.com/gptbot)" "-"
2a03:2880:f800:: - - [09/Aug/2026:02:05:50 +0200] "GET /?lokasie=/kunden/kunden/lib/x86_64-linux-gnu/libjpeg.so.62.3.0&loknya=/kunden/kunden/lib/x86_64-linux-gnu HTTP/1.1" 429 267 www.chocadoodle.co.uk "-" "Mozilla/5.0 (Windows NT 10.0; Win64; x64) AppleWebKit/537.36 (KHTML, like Gecko) Chrome/145.0.0.0 Safari/537.36 (compatible; meta-externalagent/1.1 (+https://developers.facebook.com/docs/sharing/webmasters/crawler))" "-"
114.119.148.0 - - [09/Aug/2026:02:05:52 +0200] "GET /gllbzq/rmxcbf-c.html HTTP/1.1" 200 27498 www.wrigglesworths.co.uk "http://www.wrigglesworths.co.uk/gllbzq/rmxcbf-c.html" "Mozilla/5.0 (Linux; Android 7.0;) AppleWebKit/537.36 (HTML, like Gecko) Mobile Safari/537.36 (compatible; PetalBot;+https://webmaster.petalsearch.com/site/petalbot)" "-"
2a03:2880:f800:: - - [09/Aug/2026:02:05:53 +0200] "GET /?lokasie=/kunden/kunden/lib/x86_64-linux-gnu/libfcgi.so.0.0.0&loknya=/kunden/kunden/lib/x86_64-linux-gnu HTTP/1.1" 429 267 www.chocadoodle.co.uk "-" "Mozilla/5.0 (Windows NT 10.0; Win64; x64) AppleWebKit/537.36 (KHTML, like Gecko) Chrome/145.0.0.0 Safari/537.36 (compatible; meta-externalagent/1.1 (+https://developers.facebook.com/docs/sharing/webmasters/crawler))" "-"
2a03:2880:f800:: - - [09/Aug/2026:02:05:54 +0200] "GET /?lokasie=/kunden/kunden/lib/x86_64-linux-gnu/ld-2.31.so&loknya=/kunden/kunden/lib/x86_64-linux-gnu HTTP/1.1" 429 267 www.chocadoodle.co.uk "-" "Mozilla/5.0 (Macintosh; Intel Mac OS X 10_15_7) AppleWebKit/537.36 (KHTML, like Gecko) Chrome/145.0.0.0 Safari/537.36 (compatible; meta-externalagent/1.1 (+https://developers.facebook.com/docs/sharing/webmasters/crawler))" "-"
66.249.69.0 - - [09/Aug/2026:02:06:04 +0200] "GET /p39659905286621/ HTTP/1.1" 404 1271 www.chocadoodle.co.uk "-" "Mozilla/5.0 (Linux; Android 6.0.1; Nexus 5X Build/MMB29P) AppleWebKit/537.36 (KHTML, like Gecko) Chrome/150.0.7871.186 Mobile Safari/537.36 (compatible; Googlebot/2.1; +http://www.google.com/bot.html)" "-"
2a03:2880:f800:: - - [09/Aug/2026:02:06:10 +0200] "GET /?lokasie=/kunden/kunden/lib/x86_64-linux-gnu/libperl.so.5.32&loknya=/kunden/kunden/lib/x86_64-linux-gnu HTTP/1.1" 200 5246079 www.chocadoodle.co.uk "-" "Mozilla/5.0 (Windows NT 10.0; Win64; x64) AppleWebKit/537.36 (KHTML, like Gecko) Chrome/145.0.0.0 Safari/537.36 (compatible; meta-externalagent/1.1 (+https://developers.facebook.com/docs/sharing/webmasters/crawler))" "-"
2a03:2880:f800:: - - [09/Aug/2026:02:06:13 +0200] "GET /?lokasie=/kunden/kunden/lib/x86_64-linux-gnu/libxcb-render.so.0&loknya=/kunden/kunden/lib/x86_64-linux-gnu HTTP/1.1" 200 76037 www.chocadoodle.co.uk "-" "Mozilla/5.0 (Windows NT 10.0; Win64; x64) AppleWebKit/537.36 (KHTML, like Gecko) Chrome/145.0.0.0 Safari/537.36 (compatible; meta-externalagent/1.1 (+https://developers.facebook.com/docs/sharing/webmasters/crawler))" "-"
66.249.69.0 - - [09/Aug/2026:02:06:15 +0200] "GET /c17902675603945/ HTTP/1.1" 404 1271 www.chocadoodle.co.uk "-" "Mozilla/5.0 (Linux; Android 6.0.1; Nexus 5X Build/MMB29P) AppleWebKit/537.36 (KHTML, like Gecko) Chrome/150.0.7871.186 Mobile Safari/537.36 (compatible; GoogleOther)" "-"
74.7.241.0 - - [09/Aug/2026:02:06:26 +0200] "GET /items/12541906134282.html/?lokasie=/sbin/iconvconfig&loknya=/sbin HTTP/1.1" 404 1271 www.chocadoodle.co.uk "https://www.chocadoodle.co.uk/items/12541906134282.html/?loknya=/sbin" "Mozilla/5.0 AppleWebKit/537.36 (KHTML, like Gecko; compatible; GPTBot/1.4; +https://openai.com/gptbot)" "-"
2a03:2880:f800:: - - [09/Aug/2026:02:06:32 +0200] "GET /?lokasie=/kunden/kunden/lib/x86_64-linux-gnu/libbz2.so.1&loknya=/kunden/kunden/lib/x86_64-linux-gnu HTTP/1.1" 200 119228 www.chocadoodle.co.uk "-" "Mozilla/5.0 (Windows NT 10.0; Win64; x64) AppleWebKit/537.36 (KHTML, like Gecko) Chrome/145.0.0.0 Safari/537.36 (compatible; meta-externalagent/1.1 (+https://developers.facebook.com/docs/sharing/webmasters/crawler))" "-"
74.7.227.0 - - [09/Aug/2026:02:06:41 +0200] "GET /items/46712717345893.html/ HTTP/1.1" 404 1271 chocadoodle.co.uk "https://chocadoodle.co.uk/sitemap_1.xml" "Mozilla/5.0 AppleWebKit/537.36 (KHTML, like Gecko; compatible; GPTBot/1.4; +https://openai.com/gptbot)" "-"
66.249.69.0 - - [09/Aug/2026:02:06:42 +0200] "GET /l33393417605212 HTTP/1.1" 404 1271 www.chocadoodle.co.uk "-" "Mozilla/5.0 (Linux; Android 6.0.1; Nexus 5X Build/MMB29P) AppleWebKit/537.36 (KHTML, like Gecko) Chrome/150.0.7871.186 Mobile Safari/537.36 (compatible; Googlebot/2.1; +http://www.google.com/bot.html)" "-"
2a03:2880:f800:: - - [09/Aug/2026:02:06:45 +0200] "GET /?lokasie=/kunden/kunden/lib/x86_64-linux-gnu/libbfd-2.35.2-system.so&loknya=/kunden/kunden/lib/x86_64-linux-gnu HTTP/1.1" 200 2190906 www.chocadoodle.co.uk "-" "Mozilla/5.0 (Windows NT 10.0; Win64; x64) AppleWebKit/537.36 (KHTML, like Gecko) Chrome/145.0.0.0 Safari/537.36 (compatible; meta-externalagent/1.1 (+https://developers.facebook.com/docs/sharing/webmasters/crawler))" "-"
66.249.69.0 - - [09/Aug/2026:02:06:57 +0200] "GET /t26804096655212 HTTP/1.1" 404 1271 www.chocadoodle.co.uk "-" "Mozilla/5.0 (Linux; Android 6.0.1; Nexus 5X Build/MMB29P) AppleWebKit/537.36 (KHTML, like Gecko) Chrome/150.0.7871.186 Mobile Safari/537.36 (compatible; Googlebot/2.1; +http://www.google.com/bot.html)" "-"
2a03:2880:f800:: - - [09/Aug/2026:02:06:58 +0200] "GET /?lokasie=/kunden/kunden/lib/x86_64-linux-gnu/crti.o&loknya=/kunden/kunden/lib/x86_64-linux-gnu HTTP/1.1" 200 5407 www.chocadoodle.co.uk "-" "Mozilla/5.0 (Windows NT 10.0; Win64; x64) AppleWebKit/537.36 (KHTML, like Gecko) Chrome/145.0.0.0 Safari/537.36 (compatible; meta-externalagent/1.1 (+https://developers.facebook.com/docs/sharing/webmasters/crawler))" "-"
66.249.69.0 - - [09/Aug/2026:02:07:00 +0200] "GET /r38777727713947 HTTP/1.1" 404 1271 www.chocadoodle.co.uk "-" "Mozilla/5.0 (Linux; Android 6.0.1; Nexus 5X Build/MMB29P) AppleWebKit/537.36 (KHTML, like Gecko) Chrome/150.0.7871.186 Mobile Safari/537.36 (compatible; Googlebot/2.1; +http://www.google.com/bot.html)" "-"
114.119.129.0 - - [09/Aug/2026:02:07:01 +0200] "GET /goods.php?list/goods/btldm169f959t1_7734.shtml HTTP/1.1" 200 158041 www.chocadoodle.co.uk "https://www.chocadoodle.co.uk/goods.php?sitemap483.xml" "Mozilla/5.0 (Linux; Android 7.0;) AppleWebKit/537.36 (HTML, like Gecko) Mobile Safari/537.36 (compatible; PetalBot;+https://webmaster.petalsearch.com/site/petalbot)" "-"
2a03:2880:f800:: - - [09/Aug/2026:02:07:08 +0200] "GET /?lokasie=/kunden/kunden/lib/x86_64-linux-gnu/libbz2.so.1.0&loknya=/kunden/kunden/lib/x86_64-linux-gnu HTTP/1.1" 200 119231 www.chocadoodle.co.uk "-" "Mozilla/5.0 (Windows NT 10.0; Win64; x64) AppleWebKit/537.36 (KHTML, like Gecko) Chrome/145.0.0.0 Safari/537.36 (compatible; meta-externalagent/1.1 (+https://developers.facebook.com/docs/sharing/webmasters/crawler))" "-"
114.119.149.0 - - [09/Aug/2026:02:07:15 +0200] "GET /txunio/bcvfxm-c.html HTTP/1.1" 200 27498 www.wrigglesworths.co.uk "http://www.wrigglesworths.co.uk/txunio/bcvfxm-c.html" "Mozilla/5.0 (Linux; Android 7.0;) AppleWebKit/537.36 (HTML, like Gecko) Mobile Safari/537.36 (compatible; PetalBot;+https://webmaster.petalsearch.com/site/petalbot)" "-"
207.46.13.0 - - [09/Aug/2026:02:07:19 +0200] "GET /tvbfxr/gbrqpc-c.html HTTP/1.1" 200 27498 www.wrigglesworths.co.uk "-" "Mozilla/5.0 AppleWebKit/537.36 (KHTML, like Gecko; compatible; bingbot/2.0; +http://www.bing.com/bingbot.htm) Chrome/116.0.1938.76 Safari/537.36" "-"
2a03:2880:f800:: - - [09/Aug/2026:02:07:19 +0200] "GET /?lokasie=/kunden/kunden/lib/x86_64-linux-gnu/libpangocairo-1.0.so.0&loknya=/kunden/kunden/lib/x86_64-linux-gnu HTTP/1.1" 200 89259 www.chocadoodle.co.uk "-" "Mozilla/5.0 (Windows NT 10.0; Win64; x64) AppleWebKit/537.36 (KHTML, like Gecko) Chrome/145.0.0.0 Safari/537.36 (compatible; meta-externalagent/1.1 (+https://developers.facebook.com/docs/sharing/webmasters/crawler))" "-"
216.73.216.0 - - [09/Aug/2026:02:07:19 +0200] "GET /?loknya=%2Fhomepages%2F43%2Fd124547881%2Fhtdocs%2Foutofboundsldn.co.uk%2Fwp-admin%2Fcss%2Fcolors%2Fectoplasm HTTP/1.1" 200 14045 chocadoodle.co.uk "-" "Mozilla/5.0 AppleWebKit/537.36 (KHTML, like Gecko; compatible; ClaudeBot/1.0; +claudebot@anthropic.com)" "-"
216.73.216.0 - - [09/Aug/2026:02:07:19 +0200] "GET /?loknya=%2Fhomepages%2F43%2Fd124547881%2Fhtdocs%2Foutofboundsldn.co.uk%2Fwp-admin%2Fincludes%2F HTTP/1.1" 200 177887 chocadoodle.co.uk "-" "Mozilla/5.0 AppleWebKit/537.36 (KHTML, like Gecko; compatible; ClaudeBot/1.0; +claudebot@anthropic.com)" "-"
216.73.216.0 - - [09/Aug/2026:02:07:22 +0200] "GET /?loknya=%2Fhomepages%2F43%2Fd124547881%2Fhtdocs%2Fchocadoodle.co.uk%2Fwp-content%2Fuploads%2Fgravity_forms%2Fc%2Fa%2Fg%2Fb HTTP/1.1" 200 6328 www.chocadoodle.co.uk "-" "Mozilla/5.0 AppleWebKit/537.36 (KHTML, like Gecko; compatible; ClaudeBot/1.0; +claudebot@anthropic.com)" "-"
216.73.216.0 - - [09/Aug/2026:02:07:22 +0200] "GET /?loknya=%2Fhomepages%2F43%2Fd124547881%2Fhtdocs%2Fchocadoodle.co.uk%2Fwp-content%2Fuploads%2Fgravity_forms%2Fd%2Fe%2Fc%2Ff HTTP/1.1" 200 6312 www.chocadoodle.co.uk "-" "Mozilla/5.0 AppleWebKit/537.36 (KHTML, like Gecko; compatible; ClaudeBot/1.0; +claudebot@anthropic.com)" "-"
216.73.216.0 - - [09/Aug/2026:02:07:22 +0200] "GET /?loknya=%2Fhomepages%2F43%2Fd124547881%2Fhtdocs%2Fchocadoodle.co.uk%2Fwp-content%2Fuploads%2Fgravity_forms%2Fd%2Fc%2Ff%2Fe HTTP/1.1" 200 6309 www.chocadoodle.co.uk "-" "Mozilla/5.0 AppleWebKit/537.36 (KHTML, like Gecko; compatible; ClaudeBot/1.0; +claudebot@anthropic.com)" "-"
216.73.216.0 - - [09/Aug/2026:02:07:23 +0200] "GET /?loknya=%2Fhomepages%2F43%2Fd124547881%2Fhtdocs%2Fchocadoodle.co.uk%2Fwp-content%2Fuploads%2Fgravity_forms%2Fc%2Fd%2Ff%2Fe HTTP/1.1" 200 6309 www.chocadoodle.co.uk "-" "Mozilla/5.0 AppleWebKit/537.36 (KHTML, like Gecko; compatible; ClaudeBot/1.0; +claudebot@anthropic.com)" "-"
216.73.216.0 - - [09/Aug/2026:02:07:23 +0200] "GET /?loknya=%2Fhomepages%2F43%2Fd124547881%2Fhtdos%2Fhoadoodle.o.uk%2Fwp-ontent%2Fuploads%2Fgravity_forms%2Fe%2Fd%2Fd HTTP/1.1" 200 6128 www.chocadoodle.co.uk "-" "Mozilla/5.0 AppleWebKit/537.36 (KHTML, like Gecko; compatible; ClaudeBot/1.0; +claudebot@anthropic.com)" "-"
216.73.216.0 - - [09/Aug/2026:02:07:24 +0200] "GET /?loknya=%2Fhomepages%2F43%2Fd124547881%2Fhtdocs%2Fchocadoodle.co.uk%2Fwp-content%2Fuploads%2Fgravity_forms%2Fd%2Fb%2Fe%2Fh HTTP/1.1" 200 6310 www.chocadoodle.co.uk "-" "Mozilla/5.0 AppleWebKit/537.36 (KHTML, like Gecko; compatible; ClaudeBot/1.0; +claudebot@anthropic.com)" "-"
216.73.216.0 - - [09/Aug/2026:02:07:24 +0200] "GET /?loknya=%2Fhomepages%2F43%2Fd124547881%2Fhtdocs%2Fchocadoodle.co.uk%2Fwp-content%2Fuploads%2Fgravity_forms%2Fe%2Fd%2Fb%2Fh HTTP/1.1" 200 6310 www.chocadoodle.co.uk "-" "Mozilla/5.0 AppleWebKit/537.36 (KHTML, like Gecko; compatible; ClaudeBot/1.0; +claudebot@anthropic.com)" "-"
216.73.216.0 - - [09/Aug/2026:02:07:25 +0200] "GET /?loknya=%2Fhomepages%2F43%2Fd124547881%2Fhtdocs%2Fchocadoodle.co.uk%2Fwp-content%2Fuploads%2Fgravity_forms%2Fb%2Fe%2Fa%2Fg HTTP/1.1" 200 6311 www.chocadoodle.co.uk "-" "Mozilla/5.0 AppleWebKit/537.36 (KHTML, like Gecko; compatible; ClaudeBot/1.0; +claudebot@anthropic.com)" "-"
216.73.216.0 - - [09/Aug/2026:02:07:25 +0200] "GET /?loknya=%2Fhomepages%2F43%2Fd124547881%2Fhtdocs%2Fchocadoodle.co.uk%2Fwp-content%2Fuploads%2Fgravity_forms%2Fc%2Fa%2Fc%2Ff HTTP/1.1" 200 6312 www.chocadoodle.co.uk "-" "Mozilla/5.0 AppleWebKit/537.36 (KHTML, like Gecko; compatible; ClaudeBot/1.0; +claudebot@anthropic.com)" "-"
74.7.241.0 - - [09/Aug/2026:02:07:26 +0200] "GET /items/10100726488092.html/?lokasie=/sbin/readprofile&loknya=/sbin HTTP/1.1" 404 1271 www.chocadoodle.co.uk "https://www.chocadoodle.co.uk/items/10100726488092.html/?loknya=/sbin" "Mozilla/5.0 AppleWebKit/537.36 (KHTML, like Gecko; compatible; GPTBot/1.4; +https://openai.com/gptbot)" "-"
216.73.216.0 - - [09/Aug/2026:02:07:26 +0200] "GET /?loknya=%2Fhomepages%2F43%2Fd124547881%2Fhtdocs%2Fchocadoodle.co.uk%2Fwp-content%2Fuploads%2Fgravity_forms%2Fd%2Fb%2Fh%2Fe HTTP/1.1" 200 6309 www.chocadoodle.co.uk "-" "Mozilla/5.0 AppleWebKit/537.36 (KHTML, like Gecko; compatible; ClaudeBot/1.0; +claudebot@anthropic.com)" "-"
2a03:2880:f800:: - - [09/Aug/2026:02:07:26 +0200] "GET /?lokasie=/kunden/kunden/lib/x86_64-linux-gnu/libprotobuf-c.so.1&loknya=/kunden/kunden/lib/x86_64-linux-gnu HTTP/1.1" 200 61329 www.chocadoodle.co.uk "-" "Mozilla/5.0 (Macintosh; Intel Mac OS X 10_15_7) AppleWebKit/537.36 (KHTML, like Gecko) Chrome/145.0.0.0 Safari/537.36 (compatible; meta-externalagent/1.1 (+https://developers.facebook.com/docs/sharing/webmasters/crawler))" "-"
216.73.216.0 - - [09/Aug/2026:02:07:27 +0200] "GET /?loknya=%2Fhomepages%2F43%2Fd124547881%2Fhtdocs%2Fchocadoodle.co.uk%2Fwp-content%2Fuploads%2Fgravity_forms%2Fb%2Fh%2Fd%2Fe HTTP/1.1" 200 6309 www.chocadoodle.co.uk "-" "Mozilla/5.0 AppleWebKit/537.36 (KHTML, like Gecko; compatible; ClaudeBot/1.0; +claudebot@anthropic.com)" "-"
216.73.216.0 - - [09/Aug/2026:02:07:28 +0200] "GET /?loknya=%2Fhomepages%2F43%2Fd124547881%2Fhtdocs%2Fchocadoodle.co.uk%2Fwp-content%2Fuploads%2Fgravity_forms%2Fb%2Fa%2Fg%2Fe HTTP/1.1" 200 6309 www.chocadoodle.co.uk "-" "Mozilla/5.0 AppleWebKit/537.36 (KHTML, like Gecko; compatible; ClaudeBot/1.0; +claudebot@anthropic.com)" "-"
216.73.216.0 - - [09/Aug/2026:02:07:29 +0200] "GET /?loknya=%2Fhomepages%2F43%2Fd124547881%2Fhtdocs%2Fchocadoodle.co.uk%2Fwp-content%2Fuploads%2Fgravity_forms%2Fe%2Fd%2Fh%2Fb HTTP/1.1" 200 6328 www.chocadoodle.co.uk "-" "Mozilla/5.0 AppleWebKit/537.36 (KHTML, like Gecko; compatible; ClaudeBot/1.0; +claudebot@anthropic.com)" "-"
216.73.216.0 - - [09/Aug/2026:02:07:29 +0200] "GET /?loknya=%2Fhomepages%2F43%2Fd124547881%2Fhtdocs%2Fchocadoodle.co.uk%2Fwp-content%2Fuploads%2Fgravity_forms%2Fd%2Fh%2Fe%2Fb HTTP/1.1" 200 6328 www.chocadoodle.co.uk "-" "Mozilla/5.0 AppleWebKit/537.36 (KHTML, like Gecko; compatible; ClaudeBot/1.0; +claudebot@anthropic.com)" "-"
216.73.216.0 - - [09/Aug/2026:02:07:30 +0200] "GET /?loknya=%2Fhomepages%2F43%2Fd124547881%2Fhtdocs%2Fchocadoodle.co.uk%2Fwp-content%2Fuploads%2Fgravity_forms%2Fd%2Fc%2Fc%2Fd HTTP/1.1" 200 6306 www.chocadoodle.co.uk "-" "Mozilla/5.0 AppleWebKit/537.36 (KHTML, like Gecko; compatible; ClaudeBot/1.0; +claudebot@anthropic.com)" "-"
216.73.216.0 - - [09/Aug/2026:02:07:31 +0200] "GET /?loknya=%2Fhomepages%2F43%2Fd124547881%2Fhtdocs%2Fchocadoodle.co.uk%2Fwp-content%2Fuploads%2Fgravity_forms%2Fd%2Fe%2Ff%2Fe HTTP/1.1" 200 6307 www.chocadoodle.co.uk "-" "Mozilla/5.0 AppleWebKit/537.36 (KHTML, like Gecko; compatible; ClaudeBot/1.0; +claudebot@anthropic.com)" "-"
216.73.216.0 - - [09/Aug/2026:02:07:31 +0200] "GET /?loknya=%2Fhomepages%2F43%2Fd124547881%2Fhtdocs%2Fchocadoodle.co.uk%2Fwp-content%2Fuploads%2Fgravity_forms%2Fd%2Ff%2Fe%2Fe HTTP/1.1" 200 6307 www.chocadoodle.co.uk "-" "Mozilla/5.0 AppleWebKit/537.36 (KHTML, like Gecko; compatible; ClaudeBot/1.0; +claudebot@anthropic.com)" "-"
216.73.216.0 - - [09/Aug/2026:02:07:32 +0200] "GET /?loknya=%2Fhomepages%2F43%2Fd124547881%2Fhtdocs%2Fchocadoodle.co.uk%2Fwp-content%2Fuploads%2Fgravity_forms%2Fe%2Fd%2Ff%2Fe HTTP/1.1" 200 6307 www.chocadoodle.co.uk "-" "Mozilla/5.0 AppleWebKit/537.36 (KHTML, like Gecko; compatible; ClaudeBot/1.0; +claudebot@anthropic.com)" "-"
216.73.216.0 - - [09/Aug/2026:02:07:32 +0200] "GET /?loknya=%2Fhomepages%2F43%2Fd124547881%2Fhtdocs%2Fchocadoodle.co.uk%2Fwp-content%2Fuploads%2Fgravity_forms%2Fd%2Ff%2Fd%2Fg HTTP/1.1" 200 6311 www.chocadoodle.co.uk "-" "Mozilla/5.0 AppleWebKit/537.36 (KHTML, like Gecko; compatible; ClaudeBot/1.0; +claudebot@anthropic.com)" "-"
216.73.216.0 - - [09/Aug/2026:02:07:33 +0200] "GET /?loknya=%2Fhomepages%2F43%2Fd124547881%2Fhtdocs%2Fchocadoodle.co.uk%2Fwp-content%2Fuploads%2Fgravity_forms%2Fc%2Fa%2Fb%2Fh HTTP/1.1" 200 6310 www.chocadoodle.co.uk "-" "Mozilla/5.0 AppleWebKit/537.36 (KHTML, like Gecko; compatible; ClaudeBot/1.0; +claudebot@anthropic.com)" "-"
216.73.216.0 - - [09/Aug/2026:02:07:33 +0200] "GET /?loknya=%2Fhomepages%2F43%2Fd124547881%2Fhtdocs%2Fchocadoodle.co.uk%2Fwp-content%2Fuploads%2Fgravity_forms%2Fc%2Fb%2Fa%2Fh HTTP/1.1" 429 267 www.chocadoodle.co.uk "-" "Mozilla/5.0 AppleWebKit/537.36 (KHTML, like Gecko; compatible; ClaudeBot/1.0; +claudebot@anthropic.com)" "-"
216.73.216.0 - - [09/Aug/2026:02:07:34 +0200] "GET /?loknya=%2Fhomepages%2F43%2Fd124547881%2Fhtdocs%2Fchocadoodle.co.uk%2Fwp-content%2Fuploads%2Fgravity_forms%2Fc%2Fa%2Fh%2Fb HTTP/1.1" 429 267 www.chocadoodle.co.uk "-" "Mozilla/5.0 AppleWebKit/537.36 (KHTML, like Gecko; compatible; ClaudeBot/1.0; +claudebot@anthropic.com)" "-"
216.73.216.0 - - [09/Aug/2026:02:07:34 +0200] "GET /?loknya=%2Fhomepages%2F43%2Fd124547881%2Fhtdocs%2Fchocadoodle.co.uk%2Fwp-content%2Fuploads%2Fgravity_forms%2Fc%2Fa%2Fe%2Ff HTTP/1.1" 429 267 www.chocadoodle.co.uk "-" "Mozilla/5.0 AppleWebKit/537.36 (KHTML, like Gecko; compatible; ClaudeBot/1.0; +claudebot@anthropic.com)" "-"
216.73.216.0 - - [09/Aug/2026:02:07:35 +0200] "GET /?loknya=%2Fhomepages%2F43%2Fd124547881%2Fhtdocs%2Fchocadoodle.co.uk%2Fwp-content%2Fuploads%2Fgravity_forms%2Ff%2Fa%2Fc%2Fe HTTP/1.1" 429 267 www.chocadoodle.co.uk "-" "Mozilla/5.0 AppleWebKit/537.36 (KHTML, like Gecko; compatible; ClaudeBot/1.0; +claudebot@anthropic.com)" "-"
2a03:2880:f800:: - - [09/Aug/2026:02:07:35 +0200] "GET /?lokasie=/kunden/kunden/lib/x86_64-linux-gnu/libisccc-9.16.50-Debian.so&loknya=/kunden/kunden/lib/x86_64-linux-gnu HTTP/1.1" 200 57732 www.chocadoodle.co.uk "-" "Mozilla/5.0 (Windows NT 10.0; Win64; x64) AppleWebKit/537.36 (KHTML, like Gecko) Chrome/145.0.0.0 Safari/537.36 (compatible; meta-externalagent/1.1 (+https://developers.facebook.com/docs/sharing/webmasters/crawler))" "-"
216.73.216.0 - - [09/Aug/2026:02:07:35 +0200] "GET /?loknya=%2Fhomepages%2F43%2Fd124547881%2Fhtdocs%2Fchocadoodle.co.uk%2Fwp-content%2Fuploads%2Fgravity_forms%2Fc%2Fa%2Ff%2Fe HTTP/1.1" 429 267 www.chocadoodle.co.uk "-" "Mozilla/5.0 AppleWebKit/537.36 (KHTML, like Gecko; compatible; ClaudeBot/1.0; +claudebot@anthropic.com)" "-"
216.73.216.0 - - [09/Aug/2026:02:07:36 +0200] "GET /?loknya=%2Fhomepages%2F43%2Fd124547881%2Fhtdocs%2Fchocadoodle.co.uk%2Fwp-content%2Fuploads%2Fgravity_forms%2Fb%2Fe%2Fa%2Fh HTTP/1.1" 429 267 www.chocadoodle.co.uk "-" "Mozilla/5.0 AppleWebKit/537.36 (KHTML, like Gecko; compatible; ClaudeBot/1.0; +claudebot@anthropic.com)" "-"
216.73.216.0 - - [09/Aug/2026:02:07:36 +0200] "GET /?loknya=%2Fhomepages%2F43%2Fd124547881%2Fhtdocs%2Fchocadoodle.co.uk%2Fwp-content%2Fuploads%2Fgravity_forms%2Fb%2Fa%2Fh%2Fe HTTP/1.1" 429 267 www.chocadoodle.co.uk "-" "Mozilla/5.0 AppleWebKit/537.36 (KHTML, like Gecko; compatible; ClaudeBot/1.0; +claudebot@anthropic.com)" "-"
216.73.216.0 - - [09/Aug/2026:02:07:37 +0200] "GET /?loknya=%2Fhomepages%2F43%2Fd124547881%2Fhtdocs%2Fchocadoodle.co.uk%2Fwp-content%2Fuploads%2Fgravity_forms%2Fc%2Fa%2Fc%2Fd HTTP/1.1" 429 267 www.chocadoodle.co.uk "-" "Mozilla/5.0 AppleWebKit/537.36 (KHTML, like Gecko; compatible; ClaudeBot/1.0; +claudebot@anthropic.com)" "-"
216.73.216.0 - - [09/Aug/2026:02:07:37 +0200] "GET /?loknya=%2Fhomepages%2F43%2Fd124547881%2Fhtdocs%2Fchocadoodle.co.uk%2Fwp-content%2Fuploads%2Fgravity_forms%2Fc%2Fa%2Fe%2Fd HTTP/1.1" 429 267 www.chocadoodle.co.uk "-" "Mozilla/5.0 AppleWebKit/537.36 (KHTML, like Gecko; compatible; ClaudeBot/1.0; +claudebot@anthropic.com)" "-"
216.73.216.0 - - [09/Aug/2026:02:07:38 +0200] "GET /?loknya=%2Fhomepages%2F43%2Fd124547881%2Fhtdocs%2Fchocadoodle.co.uk%2Fwp-content%2Fuploads%2Fgravity_forms%2Fa%2Fh%2Fa HTTP/1.1" 429 267 www.chocadoodle.co.uk "-" "Mozilla/5.0 AppleWebKit/537.36 (KHTML, like Gecko; compatible; ClaudeBot/1.0; +claudebot@anthropic.com)" "-"
216.73.216.0 - - [09/Aug/2026:02:07:38 +0200] "GET /?loknya=%2Fhomepages%2F43%2Fd124547881%2Fhtdocs%2Fchocadoodle.co.uk%2Fwp-content%2Fuploads%2Fgravity_forms%2Fc%2Fa%2Fd%2Fe HTTP/1.1" 429 267 www.chocadoodle.co.uk "-" "Mozilla/5.0 AppleWebKit/537.36 (KHTML, like Gecko; compatible; ClaudeBot/1.0; +claudebot@anthropic.com)" "-"
74.7.227.0 - - [09/Aug/2026:02:07:41 +0200] "GET /items/19136857005142.html/ HTTP/1.1" 404 1271 chocadoodle.co.uk "https://chocadoodle.co.uk/sitemap_1.xml" "Mozilla/5.0 AppleWebKit/537.36 (KHTML, like Gecko; compatible; GPTBot/1.4; +https://openai.com/gptbot)" "-"
2a03:2880:f800:: - - [09/Aug/2026:02:07:43 +0200] "GET /?lokasie=/kunden/kunden/lib/x86_64-linux-gnu/libX11.so.6.4.0&loknya=/kunden/kunden/lib/x86_64-linux-gnu HTTP/1.1" 200 2104178 www.chocadoodle.co.uk "-" "Mozilla/5.0 (Windows NT 10.0; Win64; x64) AppleWebKit/537.36 (KHTML, like Gecko) Chrome/145.0.0.0 Safari/537.36 (compatible; meta-externalagent/1.1 (+https://developers.facebook.com/docs/sharing/webmasters/crawler))" "-"
216.73.216.0 - - [09/Aug/2026:02:07:43 +0200] "GET /?loknya=%2Fhomepages%2F43%2Fd124547881%2Fhtdocs%2Fchocadoodle.co.uk%2Fwp-content%2Fuploads%2Fgravity_forms%2Fc%2Fa%2Fc%2Fa HTTP/1.1" 429 267 www.chocadoodle.co.uk "-" "Mozilla/5.0 AppleWebKit/537.36 (KHTML, like Gecko; compatible; ClaudeBot/1.0; +claudebot@anthropic.com)" "-"
66.249.69.0 - - [09/Aug/2026:02:07:48 +0200] "GET /x21606726369175/ HTTP/1.1" 404 1271 www.chocadoodle.co.uk "-" "Mozilla/5.0 (Linux; Android 6.0.1; Nexus 5X Build/MMB29P) AppleWebKit/537.36 (KHTML, like Gecko) Chrome/150.0.7871.186 Mobile Safari/537.36 (compatible; GoogleOther)" "-"
216.73.216.0 - - [09/Aug/2026:02:07:48 +0200] "GET /?loknya=%2Fhomepages%2F43%2Fd124547881%2Fhtdocs%2Fchocadoodle.co.uk%2Fwp-content%2Fuploads%2Fgravity_forms%2Fc%2Fa%2Fe%2Fa HTTP/1.1" 429 267 www.chocadoodle.co.uk "-" "Mozilla/5.0 AppleWebKit/537.36 (KHTML, like Gecko; compatible; ClaudeBot/1.0; +claudebot@anthropic.com)" "-"
2a03:2880:f800:: - - [09/Aug/2026:02:07:50 +0200] "GET /?lokasie=/kunden/kunden/lib/x86_64-linux-gnu/libgdbm_compat.so.4.0.0&loknya=/kunden/kunden/lib/x86_64-linux-gnu HTTP/1.1" 200 21274 www.chocadoodle.co.uk "-" "Mozilla/5.0 (Macintosh; Intel Mac OS X 10_15_7) AppleWebKit/537.36 (KHTML, like Gecko) Chrome/145.0.0.0 Safari/537.36 (compatible; meta-externalagent/1.1 (+https://developers.facebook.com/docs/sharing/webmasters/crawler))" "-"
216.73.216.0 - - [09/Aug/2026:02:07:53 +0200] "GET /?loknya=%2Fhomepages%2F43%2Fd124547881%2Fhtdocs%2Fchocadoodle.co.uk%2Fwp-content%2Fuploads%2Fgravity_forms%2Fc%2Fa%2Fa%2Fe HTTP/1.1" 429 267 www.chocadoodle.co.uk "-" "Mozilla/5.0 AppleWebKit/537.36 (KHTML, like Gecko; compatible; ClaudeBot/1.0; +claudebot@anthropic.com)" "-"
2a03:2880:f800:: - - [09/Aug/2026:02:07:56 +0200] "GET /?lokasie=/kunden/kunden/lib/x86_64-linux-gnu/libexpat.so.1.6.12&loknya=/kunden/kunden/lib/x86_64-linux-gnu HTTP/1.1" 200 310202 www.chocadoodle.co.uk "-" "Mozilla/5.0 (Windows NT 10.0; Win64; x64) AppleWebKit/537.36 (KHTML, like Gecko) Chrome/145.0.0.0 Safari/537.36 (compatible; meta-externalagent/1.1 (+https://developers.facebook.com/docs/sharing/webmasters/crawler))" "-"
216.73.216.0 - - [09/Aug/2026:02:07:58 +0200] "GET /?loknya=%2Fomepaes%2F43%2F HTTP/1.1" 429 267 www.chocadoodle.co.uk "-" "Mozilla/5.0 AppleWebKit/537.36 (KHTML, like Gecko; compatible; ClaudeBot/1.0; +claudebot@anthropic.com)" "-"
2a03:2880:f800:: - - [09/Aug/2026:02:08:02 +0200] "GET /?lokasie=/kunden/kunden/lib/x86_64-linux-gnu/libxml2.so.2&loknya=/kunden/kunden/lib/x86_64-linux-gnu HTTP/1.1" 200 2712648 www.chocadoodle.co.uk "-" "Mozilla/5.0 (Windows NT 10.0; Win64; x64) AppleWebKit/537.36 (KHTML, like Gecko) Chrome/145.0.0.0 Safari/537.36 (compatible; meta-externalagent/1.1 (+https://developers.facebook.com/docs/sharing/webmasters/crawler))" "-"
216.73.216.0 - - [09/Aug/2026:02:08:03 +0200] "GET /?loknya=%2Fhomepages%2F43%2Fd124547881%2Fhtdocs%2Fchocadoodle.co.uk%2Fwp-content%2Fuploads%2Fgravity_forms%2Fd%2Fe%2Ff%2Fc HTTP/1.1" 429 267 www.chocadoodle.co.uk "-" "Mozilla/5.0 AppleWebKit/537.36 (KHTML, like Gecko; compatible; ClaudeBot/1.0; +claudebot@anthropic.com)" "-"
216.73.216.0 - - [09/Aug/2026:02:08:08 +0200] "GET /?loknya=%2Fhomepages%2F43%2Fd124547881%2Fhtdocs%2Fchocadoodle.co.uk%2Fwp-content%2Fuploads%2Fgravity_forms%2Fd%2Ff%2Fe%2Fc HTTP/1.1" 429 267 www.chocadoodle.co.uk "-" "Mozilla/5.0 AppleWebKit/537.36 (KHTML, like Gecko; compatible; ClaudeBot/1.0; +claudebot@anthropic.com)" "-"
2a03:2880:f800:: - - [09/Aug/2026:02:08:08 +0200] "GET /?lokasie=/kunden/kunden/lib/x86_64-linux-gnu/libavahi-common.so.3&loknya=/kunden/kunden/lib/x86_64-linux-gnu HTTP/1.1" 200 74620 www.chocadoodle.co.uk "-" "Mozilla/5.0 (Windows NT 10.0; Win64; x64) AppleWebKit/537.36 (KHTML, like Gecko) Chrome/145.0.0.0 Safari/537.36 (compatible; meta-externalagent/1.1 (+https://developers.facebook.com/docs/sharing/webmasters/crawler))" "-"
216.73.216.0 - - [09/Aug/2026:02:08:13 +0200] "GET /?loknya=%2Fhomepages%2F43%2Fd124547881%2Fhtdocs%2Fchocadoodle.co.uk%2Fwp-content%2Fuploads%2Fgravity_forms%2Fc%2Fa%2Ff%2Fc HTTP/1.1" 429 267 www.chocadoodle.co.uk "-" "Mozilla/5.0 AppleWebKit/537.36 (KHTML, like Gecko; compatible; ClaudeBot/1.0; +claudebot@anthropic.com)" "-"
92.222.104.0 - - [09/Aug/2026:02:08:14 +0200] "GET /sitemap454.xml HTTP/1.1" 200 58525 gbwconsulting.co.uk "-" "Mozilla/5.0 (compatible; AhrefsBot/7.0; +http://ahrefs.com/robot/)" "-"
2a03:2880:f800:: - - [09/Aug/2026:02:08:14 +0200] "GET /?lokasie=/kunden/kunden/lib/x86_64-linux-gnu/libtidy.so.5deb1&loknya=/kunden/kunden/lib/x86_64-linux-gnu HTTP/1.1" 200 1248496 www.chocadoodle.co.uk "-" "Mozilla/5.0 (Windows NT 10.0; Win64; x64) AppleWebKit/537.36 (KHTML, like Gecko) Chrome/145.0.0.0 Safari/537.36 (compatible; meta-externalagent/1.1 (+https://developers.facebook.com/docs/sharing/webmasters/crawler))" "-"
216.73.216.0 - - [09/Aug/2026:02:08:18 +0200] "GET /?loknya=%2Fhomepages%2F43%2Fd124547881%2Fhtdocs%2Fchocadoodle.co.uk%2Fwp-content%2Fuploads%2Fgravity_forms%2Fc%2Fa%2F HTTP/1.1" 429 267 www.chocadoodle.co.uk "-" "Mozilla/5.0 AppleWebKit/537.36 (KHTML, like Gecko; compatible; ClaudeBot/1.0; +claudebot@anthropic.com)" "-"
2a03:2880:f800:: - - [09/Aug/2026:02:08:19 +0200] "GET /?lokasie=/kunden/kunden/lib/x86_64-linux-gnu/libgomp.so.1&loknya=/kunden/kunden/lib/x86_64-linux-gnu HTTP/1.1" 200 404840 www.chocadoodle.co.uk "-" "Mozilla/5.0 (Windows NT 10.0; Win64; x64) AppleWebKit/537.36 (KHTML, like Gecko) Chrome/145.0.0.0 Safari/537.36 (compatible; meta-externalagent/1.1 (+https://developers.facebook.com/docs/sharing/webmasters/crawler))" "-"
216.73.216.0 - - [09/Aug/2026:02:08:23 +0200] "GET /?loknya=%2Fhomepages%2F43%2Fd124547881%2Fhtdocs%2Fchocadoodle.co.uk%2Fwp-content%2Fuploads%2Fgravity_forms%2Fe%2Fd%2Ff%2F HTTP/1.1" 429 267 www.chocadoodle.co.uk "-" "Mozilla/5.0 AppleWebKit/537.36 (KHTML, like Gecko; compatible; ClaudeBot/1.0; +claudebot@anthropic.com)" "-"
2a03:2880:f800:: - - [09/Aug/2026:02:08:24 +0200] "GET /?lokasie=/kunden/kunden/lib/x86_64-linux-gnu/libcrypt.so.1&loknya=/kunden/kunden/lib/x86_64-linux-gnu HTTP/1.1" 200 311982 www.chocadoodle.co.uk "-" "Mozilla/5.0 (Windows NT 10.0; Win64; x64) AppleWebKit/537.36 (KHTML, like Gecko) Chrome/145.0.0.0 Safari/537.36 (compatible; meta-externalagent/1.1 (+https://developers.facebook.com/docs/sharing/webmasters/crawler))" "-"
114.119.132.0 - - [09/Aug/2026:02:08:24 +0200] "GET /goods.php?list/goods/btkuu41xhajd72g_28984.shtml HTTP/1.1" 200 156744 www.chocadoodle.co.uk "https://www.chocadoodle.co.uk/goods.php?sitemap483.xml" "Mozilla/5.0 (Linux; Android 7.0;) AppleWebKit/537.36 (HTML, like Gecko) Mobile Safari/537.36 (compatible; PetalBot;+https://webmaster.petalsearch.com/site/petalbot)" "-"
74.7.241.0 - - [09/Aug/2026:02:08:27 +0200] "GET /items/12800486439154.html/?lokasie=/proc/vmallocinfo&loknya=/proc HTTP/1.1" 429 267 www.chocadoodle.co.uk "https://www.chocadoodle.co.uk/items/12800486439154.html/?loknya=/proc" "Mozilla/5.0 AppleWebKit/537.36 (KHTML, like Gecko; compatible; GPTBot/1.4; +https://openai.com/gptbot)" "-"
216.73.216.0 - - [09/Aug/2026:02:08:28 +0200] "GET /?loknya=%2Fhomepages%2F43%2Fd124547881%2Fhtdocs%2Fchocadoodle.co.uk%2Fwp-content%2Fuploads%2Fgravity_forms%2Fd%2Fe%2Ff%2F HTTP/1.1" 429 267 www.chocadoodle.co.uk "-" "Mozilla/5.0 AppleWebKit/537.36 (KHTML, like Gecko; compatible; ClaudeBot/1.0; +claudebot@anthropic.com)" "-"
2a03:2880:f800:: - - [09/Aug/2026:02:08:29 +0200] "GET /?lokasie=/kunden/kunden/lib/x86_64-linux-gnu/libgdbm.so&loknya=/kunden/kunden/lib/x86_64-linux-gnu HTTP/1.1" 200 92185 www.chocadoodle.co.uk "-" "Mozilla/5.0 (Windows NT 10.0; Win64; x64) AppleWebKit/537.36 (KHTML, like Gecko) Chrome/145.0.0.0 Safari/537.36 (compatible; meta-externalagent/1.1 (+https://developers.facebook.com/docs/sharing/webmasters/crawler))" "-"
2a03:2880:f800:: - - [09/Aug/2026:02:08:33 +0200] "GET /?lokasie=/kunden/kunden/lib/x86_64-linux-gnu/libbsd.so.0.11.3&loknya=/kunden/kunden/lib/x86_64-linux-gnu HTTP/1.1" 200 128821 www.chocadoodle.co.uk "-" "Mozilla/5.0 (Windows NT 10.0; Win64; x64) AppleWebKit/537.36 (KHTML, like Gecko) Chrome/145.0.0.0 Safari/537.36 (compatible; meta-externalagent/1.1 (+https://developers.facebook.com/docs/sharing/webmasters/crawler))" "-"
216.73.216.0 - - [09/Aug/2026:02:08:33 +0200] "GET /?loknya=%2Fhomepages%2F43%2Fd124547881%2Fhtdos%2Fhoadoodle.o.uk%2Fwp-ontent%2Fuploads%2Fgravity_forms%2Fe%2Fd%2Fb%2F HTTP/1.1" 200 6137 www.chocadoodle.co.uk "-" "Mozilla/5.0 AppleWebKit/537.36 (KHTML, like Gecko; compatible; ClaudeBot/1.0; +claudebot@anthropic.com)" "-"
2a03:2880:f800:: - - [09/Aug/2026:02:08:37 +0200] "GET /?lokasie=/kunden/kunden/lib/x86_64-linux-gnu/libuuid.so.1&loknya=/kunden/kunden/lib/x86_64-linux-gnu HTTP/1.1" 200 47309 www.chocadoodle.co.uk "-" "Mozilla/5.0 (Windows NT 10.0; Win64; x64) AppleWebKit/537.36 (KHTML, like Gecko) Chrome/145.0.0.0 Safari/537.36 (compatible; meta-externalagent/1.1 (+https://developers.facebook.com/docs/sharing/webmasters/crawler))" "-"
114.119.149.0 - - [09/Aug/2026:02:08:39 +0200] "GET /rlhfij/huajrg-c.html HTTP/1.1" 200 27498 www.wrigglesworths.co.uk "http://www.wrigglesworths.co.uk/rlhfij/huajrg-c.html" "Mozilla/5.0 (Linux; Android 7.0;) AppleWebKit/537.36 (HTML, like Gecko) Mobile Safari/537.36 (compatible; PetalBot;+https://webmaster.petalsearch.com/site/petalbot)" "-"
2a03:2880:f800:: - - [09/Aug/2026:02:08:41 +0200] "GET /?lokasie=/kunden/kunden/lib/x86_64-linux-gnu/libmpc.so.3&loknya=/kunden/kunden/lib/x86_64-linux-gnu HTTP/1.1" 429 267 www.chocadoodle.co.uk "-" "Mozilla/5.0 (Windows NT 10.0; Win64; x64) AppleWebKit/537.36 (KHTML, like Gecko) Chrome/145.0.0.0 Safari/537.36 (compatible; meta-externalagent/1.1 (+https://developers.facebook.com/docs/sharing/webmasters/crawler))" "-"
74.7.227.0 - - [09/Aug/2026:02:08:43 +0200] "GET /items/43607825126029.html/ HTTP/1.1" 404 1271 chocadoodle.co.uk "https://chocadoodle.co.uk/sitemap_1.xml" "Mozilla/5.0 AppleWebKit/537.36 (KHTML, like Gecko; compatible; GPTBot/1.4; +https://openai.com/gptbot)" "-"
2a03:2880:f800:: - - [09/Aug/2026:02:08:45 +0200] "GET /?lokasie=/kunden/kunden/lib/x86_64-linux-gnu/libnsl.so.1&loknya=/kunden/kunden/lib/x86_64-linux-gnu HTTP/1.1" 429 267 www.chocadoodle.co.uk "-" "Mozilla/5.0 (Windows NT 10.0; Win64; x64) AppleWebKit/537.36 (KHTML, like Gecko) Chrome/145.0.0.0 Safari/537.36 (compatible; meta-externalagent/1.1 (+https://developers.facebook.com/docs/sharing/webmasters/crawler))" "-"
2a03:2880:f800:: - - [09/Aug/2026:02:08:46 +0200] "GET /?lokasie=/kunden/kunden/lib/x86_64-linux-gnu/libnss_dns.so&loknya=/kunden/kunden/lib/x86_64-linux-gnu HTTP/1.1" 429 267 www.chocadoodle.co.uk "-" "Mozilla/5.0 (Windows NT 10.0; Win64; x64) AppleWebKit/537.36 (KHTML, like Gecko) Chrome/145.0.0.0 Safari/537.36 (compatible; meta-externalagent/1.1 (+https://developers.facebook.com/docs/sharing/webmasters/crawler))" "-"
216.73.216.0 - - [09/Aug/2026:02:08:47 +0200] "GET /?loknya=%2Fhomepages%2F43%2Fd124547881%2Fhtdocs%2Fchocadoodle.co.uk%2F%2F%2F%2F HTTP/1.1" 200 54125 chocadoodle.co.uk "-" "Mozilla/5.0 AppleWebKit/537.36 (KHTML, like Gecko; compatible; ClaudeBot/1.0; +claudebot@anthropic.com)" "-"
2a03:2880:f800:: - - [09/Aug/2026:02:08:50 +0200] "GET /?lokasie=/kunden/kunden/lib/x86_64-linux-gnu/libuv.so.1.0.0&loknya=/kunden/kunden/lib/x86_64-linux-gnu HTTP/1.1" 429 267 www.chocadoodle.co.uk "-" "Mozilla/5.0 (Macintosh; Intel Mac OS X 10_15_7) AppleWebKit/537.36 (KHTML, like Gecko) Chrome/145.0.0.0 Safari/537.36 (compatible; meta-externalagent/1.1 (+https://developers.facebook.com/docs/sharing/webmasters/crawler))" "-"
2a03:2880:f800:: - - [09/Aug/2026:02:08:51 +0200] "GET /?lokasie=/kunden/kunden/lib/x86_64-linux-gnu/libsvn_fs_x-1.so.1.0.0&loknya=/kunden/kunden/lib/x86_64-linux-gnu HTTP/1.1" 429 267 www.chocadoodle.co.uk "-" "Mozilla/5.0 (Macintosh; Intel Mac OS X 10_15_7) AppleWebKit/537.36 (KHTML, like Gecko) Chrome/145.0.0.0 Safari/537.36 (compatible; meta-externalagent/1.1 (+https://developers.facebook.com/docs/sharing/webmasters/crawler))" "-"
216.73.216.0 - - [09/Aug/2026:02:08:51 +0200] "GET /?lokasie=%2Fhomepages%2F43%2Fd124547881%2Fhtdocs%2Foutofboundsldn.co.uk%2Fwp-admin%2Fcss%2F%2Fcode-editor.min.css&loknya=%2Fhomepages%2F43%2Fd124547881%2Fhtdocs%2Foutofboundsldn.co.uk%2Fwp-admin%2Fcss%2F HTTP/1.1" 200 5922 chocadoodle.co.uk "-" "Mozilla/5.0 AppleWebKit/537.36 (KHTML, like Gecko; compatible; ClaudeBot/1.0; +claudebot@anthropic.com)" "-"
66.249.69.0 - - [09/Aug/2026:02:08:55 +0200] "GET /t34124835455132 HTTP/1.1" 404 1271 www.chocadoodle.co.uk "-" "Mozilla/5.0 (Linux; Android 6.0.1; Nexus 5X Build/MMB29P) AppleWebKit/537.36 (KHTML, like Gecko) Chrome/150.0.7871.186 Mobile Safari/537.36 (compatible; Googlebot/2.1; +http://www.google.com/bot.html)" "-"
66.249.69.0 - - [09/Aug/2026:02:08:56 +0200] "GET /k18185597230107/ HTTP/1.1" 404 1271 www.chocadoodle.co.uk "-" "Mozilla/5.0 (Linux; Android 6.0.1; Nexus 5X Build/MMB29P) AppleWebKit/537.36 (KHTML, like Gecko) Chrome/150.0.7871.186 Mobile Safari/537.36 (compatible; GoogleOther)" "-"
2a03:2880:f800:: - - [09/Aug/2026:02:08:56 +0200] "GET /?lokasie=/kunden/kunden/lib/x86_64-linux-gnu/libmenu.so.6&loknya=/kunden/kunden/lib/x86_64-linux-gnu HTTP/1.1" 429 267 www.chocadoodle.co.uk "-" "Mozilla/5.0 (Windows NT 10.0; Win64; x64) AppleWebKit/537.36 (KHTML, like Gecko) Chrome/145.0.0.0 Safari/537.36 (compatible; meta-externalagent/1.1 (+https://developers.facebook.com/docs/sharing/webmasters/crawler))" "-"
216.73.216.0 - - [09/Aug/2026:02:08:57 +0200] "GET /?loknya=%2Fomepages%2F43%2Fd124547881%2Ftdocs%2Fcocadoodle.co.uk%2Fwp-content%2Fuploads%2Fgravity_forms%2Fe%2Fd%2F HTTP/1.1" 200 6033 www.chocadoodle.co.uk "-" "Mozilla/5.0 AppleWebKit/537.36 (KHTML, like Gecko; compatible; ClaudeBot/1.0; +claudebot@anthropic.com)" "-"
2a03:2880:f800:: - - [09/Aug/2026:02:08:58 +0200] "GET /?lokasie=/kunden/kunden/lib/x86_64-linux-gnu/libheif.so.1.11.0&loknya=/kunden/kunden/lib/x86_64-linux-gnu HTTP/1.1" 429 267 www.chocadoodle.co.uk "-" "Mozilla/5.0 (Macintosh; Intel Mac OS X 10_15_7) AppleWebKit/537.36 (KHTML, like Gecko) Chrome/145.0.0.0 Safari/537.36 (compatible; meta-externalagent/1.1 (+https://developers.facebook.com/docs/sharing/webmasters/crawler))" "-"
2a03:2880:f800:: - - [09/Aug/2026:02:08:58 +0200] "GET /?lokasie=/kunden/kunden/lib/x86_64-linux-gnu/libnss_compat.so.2&loknya=/kunden/kunden/lib/x86_64-linux-gnu HTTP/1.1" 429 267 www.chocadoodle.co.uk "-" "Mozilla/5.0 (Windows NT 10.0; Win64; x64) AppleWebKit/537.36 (KHTML, like Gecko) Chrome/145.0.0.0 Safari/537.36 (compatible; meta-externalagent/1.1 (+https://developers.facebook.com/docs/sharing/webmasters/crawler))" "-"
216.73.216.0 - - [09/Aug/2026:02:09:04 +0200] "GET /?loknya=%2Fhomepges%2F43%2F124547881%2Fhtocs%2Fchocoole.co.uk%2Fwp-content%2Fuplos%2Fgrvity_forms%2Fc%2F HTTP/1.1" 200 5870 www.chocadoodle.co.uk "-" "Mozilla/5.0 AppleWebKit/537.36 (KHTML, like Gecko; compatible; ClaudeBot/1.0; +claudebot@anthropic.com)" "-"
2a03:2880:f800:: - - [09/Aug/2026:02:09:06 +0200] "GET /?lokasie=/kunden/kunden/lib/x86_64-linux-gnu/libunwind-ptrace.so.0&loknya=/kunden/kunden/lib/x86_64-linux-gnu HTTP/1.1" 429 267 www.chocadoodle.co.uk "-" "Mozilla/5.0 (Windows NT 10.0; Win64; x64) AppleWebKit/537.36 (KHTML, like Gecko) Chrome/145.0.0.0 Safari/537.36 (compatible; meta-externalagent/1.1 (+https://developers.facebook.com/docs/sharing/webmasters/crawler))" "-"
2a03:2880:f800:: - - [09/Aug/2026:02:09:07 +0200] "GET /?lokasie=/kunden/kunden/lib/x86_64-linux-gnu/libunwind-ptrace.so.0.0.0&loknya=/kunden/kunden/lib/x86_64-linux-gnu HTTP/1.1" 429 267 www.chocadoodle.co.uk "-" "Mozilla/5.0 (Macintosh; Intel Mac OS X 10_15_7) AppleWebKit/537.36 (KHTML, like Gecko) Chrome/145.0.0.0 Safari/537.36 (compatible; meta-externalagent/1.1 (+https://developers.facebook.com/docs/sharing/webmasters/crawler))" "-"
216.73.216.0 - - [09/Aug/2026:02:09:09 +0200] "GET /?loknya=%2Fhomepges%2F43%2Fd124547881%2Fhtdocs%2Fchocdoodle.co.uk%2Fwp-content%2Fuplods%2Fgrvity_orms%2Fd%2Fg%2F HTTP/1.1" 200 6025 www.chocadoodle.co.uk "-" "Mozilla/5.0 AppleWebKit/537.36 (KHTML, like Gecko; compatible; ClaudeBot/1.0; +claudebot@anthropic.com)" "-"
216.73.216.0 - - [09/Aug/2026:02:09:14 +0200] "GET /?loknya=%2Fhomepaes%2F43%2F124547881 HTTP/1.1" 200 5182 www.chocadoodle.co.uk "-" "Mozilla/5.0 AppleWebKit/537.36 (KHTML, like Gecko; compatible; ClaudeBot/1.0; +claudebot@anthropic.com)" "-"
2a03:2880:f800:: - - [09/Aug/2026:02:09:19 +0200] "GET /?lokasie=/kunden/kunden/lib/x86_64-linux-gnu/libgnutls.so.30&loknya=/kunden/kunden/lib/x86_64-linux-gnu HTTP/1.1" 429 267 www.chocadoodle.co.uk "-" "Mozilla/5.0 (X11; Linux x86_64) AppleWebKit/537.36 (KHTML, like Gecko) Chrome/145.0.0.0 Safari/537.36 (compatible; meta-externalagent/1.1 (+https://developers.facebook.com/docs/sharing/webmasters/crawler))" "-"
2a03:2880:f800:: - - [09/Aug/2026:02:09:19 +0200] "GET /?lokasie=/kunden/kunden/lib/x86_64-linux-gnu/libuuid.so.1.3.0&loknya=/kunden/kunden/lib/x86_64-linux-gnu HTTP/1.1" 429 267 www.chocadoodle.co.uk "-" "Mozilla/5.0 (Windows NT 10.0; Win64; x64) AppleWebKit/537.36 (KHTML, like Gecko) Chrome/145.0.0.0 Safari/537.36 (compatible; meta-externalagent/1.1 (+https://developers.facebook.com/docs/sharing/webmasters/crawler))" "-"
2a03:2880:f800:: - - [09/Aug/2026:02:09:19 +0200] "GET /?lokasie=/kunden/kunden/lib/x86_64-linux-gnu/liblz4.so.1&loknya=/kunden/kunden/lib/x86_64-linux-gnu HTTP/1.1" 429 267 www.chocadoodle.co.uk "-" "Mozilla/5.0 (Windows NT 10.0; Win64; x64) AppleWebKit/537.36 (KHTML, like Gecko) Chrome/145.0.0.0 Safari/537.36 (compatible; meta-externalagent/1.1 (+https://developers.facebook.com/docs/sharing/webmasters/crawler))" "-"
216.73.216.0 - - [09/Aug/2026:02:09:19 +0200] "GET /?loknya=%2Fhomepges%2F43%2Fd124547881%2Fhtdos%2Fhodoodle.o.uk%2Fwp-ontent%2Fuplods%2Fgrvity_forms%2Fb HTTP/1.1" 200 5874 www.chocadoodle.co.uk "-" "Mozilla/5.0 AppleWebKit/537.36 (KHTML, like Gecko; compatible; ClaudeBot/1.0; +claudebot@anthropic.com)" "-"
216.73.216.0 - - [09/Aug/2026:02:09:30 +0200] "GET /?lokasie=%2Fhomepages%2F43%2Fd124547881%2Fhtdocs%2Foutofboundsldn.co.uk%2Fwp-admin%2Fcss%2F%2Fl10n.css&loknya=%2Fhomepages%2F43%2Fd124547881%2Fhtdocs%2Foutofboundsldn.co.uk%2Fwp-admin%2Fcss%2F HTTP/1.1" 200 8161 chocadoodle.co.uk "-" "Mozilla/5.0 AppleWebKit/537.36 (KHTML, like Gecko; compatible; ClaudeBot/1.0; +claudebot@anthropic.com)" "-"
