74.7.241.0 - - [09/Aug/2026:02:28:21 +0200] "GET /robots.txt HTTP/1.1" 200 389 chocadoodle.co.uk "-" "Mozilla/5.0 (Macintosh; Intel Mac OS X 10_15_7) AppleWebKit/537.36 (KHTML, like Gecko) Chrome/131.0.0.0 Safari/537.36; compatible; OAI-SearchBot/1.4; robots.txt; +https://openai.com/searchbot" "-"
2a03:2880:f800:: - - [09/Aug/2026:02:28:28 +0200] "GET /?lokasie=/kunden/kunden/lib/x86_64-linux-gnu/libgdbm.so.6.0.0&loknya=/kunden/kunden/lib/x86_64-linux-gnu HTTP/1.1" 429 267 www.chocadoodle.co.uk "-" "Mozilla/5.0 (Windows NT 10.0; Win64; x64) AppleWebKit/537.36 (KHTML, like Gecko) Chrome/145.0.0.0 Safari/537.36 (compatible; meta-externalagent/1.1 (+https://developers.facebook.com/docs/sharing/webmasters/crawler))" "-"
2a03:2880:f800:: - - [09/Aug/2026:02:28:30 +0200] "GET /?lokasie=/kunden/kunden/lib/x86_64-linux-gnu/libmariadbclient.a&loknya=/kunden/kunden/lib/x86_64-linux-gnu HTTP/1.1" 429 267 www.chocadoodle.co.uk "-" "Mozilla/5.0 (Windows NT 10.0; Win64; x64) AppleWebKit/537.36 (KHTML, like Gecko) Chrome/145.0.0.0 Safari/537.36 (compatible; meta-externalagent/1.1 (+https://developers.facebook.com/docs/sharing/webmasters/crawler))" "-"
2a03:2880:f800:: - - [09/Aug/2026:02:28:32 +0200] "GET /?lokasie=/kunden/kunden/lib/x86_64-linux-gnu/libz.so.1&loknya=/kunden/kunden/lib/x86_64-linux-gnu HTTP/1.1" 429 267 www.chocadoodle.co.uk "-" "Mozilla/5.0 (Macintosh; Intel Mac OS X 10_15_7) AppleWebKit/537.36 (KHTML, like Gecko) Chrome/145.0.0.0 Safari/537.36 (compatible; meta-externalagent/1.1 (+https://developers.facebook.com/docs/sharing/webmasters/crawler))" "-"
74.7.241.0 - - [09/Aug/2026:02:28:34 +0200] "GET /items/23830365241504.html/?loknya=/homepages/43/d124547881/htdocs/ HTTP/1.1" 404 1271 www.chocadoodle.co.uk "https://www.chocadoodle.co.uk/items/23830365241504.html/" "Mozilla/5.0 AppleWebKit/537.36 (KHTML, like Gecko; compatible; GPTBot/1.4; +https://openai.com/gptbot)" "-"
74.7.227.0 - - [09/Aug/2026:02:28:42 +0200] "GET /items/38061766448527.html/ HTTP/1.1" 404 1271 chocadoodle.co.uk "https://chocadoodle.co.uk/sitemap_1.xml" "Mozilla/5.0 AppleWebKit/537.36 (KHTML, like Gecko; compatible; GPTBot/1.4; +https://openai.com/gptbot)" "-"
2a03:2880:f800:: - - [09/Aug/2026:02:28:44 +0200] "GET /?lokasie=/kunden/kunden/lib/x86_64-linux-gnu/libXpm.so.4.11.0&loknya=/kunden/kunden/lib/x86_64-linux-gnu HTTP/1.1" 429 267 www.chocadoodle.co.uk "-" "Mozilla/5.0 (Windows NT 10.0; Win64; x64) AppleWebKit/537.36 (KHTML, like Gecko) Chrome/145.0.0.0 Safari/537.36 (compatible; meta-externalagent/1.1 (+https://developers.facebook.com/docs/sharing/webmasters/crawler))" "-"
2a03:2880:f800:: - - [09/Aug/2026:02:28:48 +0200] "GET /?lokasie=/kunden/kunden/lib/x86_64-linux-gnu/libaspell.so.15.3.1&loknya=/kunden/kunden/lib/x86_64-linux-gnu HTTP/1.1" 429 267 www.chocadoodle.co.uk "-" "Mozilla/5.0 (Windows NT 10.0; Win64; x64) AppleWebKit/537.36 (KHTML, like Gecko) Chrome/145.0.0.0 Safari/537.36 (compatible; meta-externalagent/1.1 (+https://developers.facebook.com/docs/sharing/webmasters/crawler))" "-"
2a03:2880:f800:: - - [09/Aug/2026:02:28:49 +0200] "GET /?lokasie=/kunden/kunden/lib/x86_64-linux-gnu/libsvn_repos-1.so.1&loknya=/kunden/kunden/lib/x86_64-linux-gnu HTTP/1.1" 429 267 www.chocadoodle.co.uk "-" "Mozilla/5.0 (Windows NT 10.0; Win64; x64) AppleWebKit/537.36 (KHTML, like Gecko) Chrome/145.0.0.0 Safari/537.36 (compatible; meta-externalagent/1.1 (+https://developers.facebook.com/docs/sharing/webmasters/crawler))" "-"
50.18.8.0 - - [09/Aug/2026:02:29:06 +0200] "GET /?sitemap327.xml HTTP/1.1" 200 407610 www.chocadoodle.co.uk "-" "TerraCotta 0.2 https://www.github.com/ceramicTeam/CeramicTerracotta" "-"
2a03:2880:f800:: - - [09/Aug/2026:02:29:07 +0200] "GET /?lokasie=/kunden/kunden/lib/x86_64-linux-gnu/libncursesw.so.6.2&loknya=/kunden/kunden/lib/x86_64-linux-gnu HTTP/1.1" 200 367914 www.chocadoodle.co.uk "-" "Mozilla/5.0 (Windows NT 10.0; Win64; x64) AppleWebKit/537.36 (KHTML, like Gecko) Chrome/145.0.0.0 Safari/537.36 (compatible; meta-externalagent/1.1 (+https://developers.facebook.com/docs/sharing/webmasters/crawler))" "-"
2a03:2880:f800:: - - [09/Aug/2026:02:29:11 +0200] "GET /?lokasie=/kunden/kunden/lib/x86_64-linux-gnu/libgthread-2.0.so.0.6600.8&loknya=/kunden/kunden/lib/x86_64-linux-gnu HTTP/1.1" 200 19015 www.chocadoodle.co.uk "-" "Mozilla/5.0 (X11; Linux x86_64) AppleWebKit/537.36 (KHTML, like Gecko) Chrome/145.0.0.0 Safari/537.36 (compatible; meta-externalagent/1.1 (+https://developers.facebook.com/docs/sharing/webmasters/crawler))" "-"
66.249.69.0 - - [09/Aug/2026:02:29:17 +0200] "GET /y18877244994991 HTTP/1.1" 404 1271 www.chocadoodle.co.uk "-" "Mozilla/5.0 (Linux; Android 6.0.1; Nexus 5X Build/MMB29P) AppleWebKit/537.36 (KHTML, like Gecko) Chrome/150.0.7871.186 Mobile Safari/537.36 (compatible; Googlebot/2.1; +http://www.google.com/bot.html)" "-"
114.119.166.0 - - [09/Aug/2026:02:29:19 +0200] "GET /goods.php?list/goods/bl23jnvqwnap9_2940.shtml HTTP/1.1" 200 160635 www.chocadoodle.co.uk "https://www.chocadoodle.co.uk/goods.php?sitemap483.xml" "Mozilla/5.0 (Linux; Android 7.0;) AppleWebKit/537.36 (HTML, like Gecko) Mobile Safari/537.36 (compatible; PetalBot;+https://webmaster.petalsearch.com/site/petalbot)" "-"
2a03:2880:f800:: - - [09/Aug/2026:02:29:28 +0200] "GET /?lokasie=/kunden/kunden/lib/x86_64-linux-gnu/libnss_schlund.so.2&loknya=/kunden/kunden/lib/x86_64-linux-gnu HTTP/1.1" 200 21662 www.chocadoodle.co.uk "-" "Mozilla/5.0 (Windows NT 10.0; Win64; x64) AppleWebKit/537.36 (KHTML, like Gecko) Chrome/145.0.0.0 Safari/537.36 (compatible; meta-externalagent/1.1 (+https://developers.facebook.com/docs/sharing/webmasters/crawler))" "-"
114.119.132.0 - - [09/Aug/2026:02:29:33 +0200] "GET /ptgehq/mmkqku-c.html HTTP/1.1" 200 27498 www.wrigglesworths.co.uk "http://www.wrigglesworths.co.uk/ptgehq/mmkqku-c.html" "Mozilla/5.0 (Linux; Android 7.0;) AppleWebKit/537.36 (HTML, like Gecko) Mobile Safari/537.36 (compatible; PetalBot;+https://webmaster.petalsearch.com/site/petalbot)" "-"
74.7.241.0 - - [09/Aug/2026:02:29:35 +0200] "GET /items/28112146893006.html/?loknya=/homepages/43/d124547881/htdocs/ HTTP/1.1" 404 1271 www.chocadoodle.co.uk "https://www.chocadoodle.co.uk/items/28112146893006.html/" "Mozilla/5.0 AppleWebKit/537.36 (KHTML, like Gecko; compatible; GPTBot/1.4; +https://openai.com/gptbot)" "-"
74.7.227.0 - - [09/Aug/2026:02:29:43 +0200] "GET /items/16541738081935.html/ HTTP/1.1" 404 1271 chocadoodle.co.uk "https://chocadoodle.co.uk/sitemap_1.xml" "Mozilla/5.0 AppleWebKit/537.36 (KHTML, like Gecko; compatible; GPTBot/1.4; +https://openai.com/gptbot)" "-"
2a03:2880:f800:: - - [09/Aug/2026:02:29:44 +0200] "GET /?lokasie=/kunden/kunden/lib/x86_64-linux-gnu/libselinux.so.1&loknya=/kunden/kunden/lib/x86_64-linux-gnu HTTP/1.1" 200 256580 www.chocadoodle.co.uk "-" "Mozilla/5.0 (Windows NT 10.0; Win64; x64) AppleWebKit/537.36 (KHTML, like Gecko) Chrome/145.0.0.0 Safari/537.36 (compatible; meta-externalagent/1.1 (+https://developers.facebook.com/docs/sharing/webmasters/crawler))" "-"
66.249.69.0 - - [09/Aug/2026:02:29:53 +0200] "GET /g45633506608925 HTTP/1.1" 404 1271 www.chocadoodle.co.uk "-" "Mozilla/5.0 (Linux; Android 6.0.1; Nexus 5X Build/MMB29P) AppleWebKit/537.36 (KHTML, like Gecko) Chrome/150.0.7871.186 Mobile Safari/537.36 (compatible; Googlebot/2.1; +http://www.google.com/bot.html)" "-"
50.18.8.0 - - [09/Aug/2026:02:29:56 +0200] "GET /?sitemap329.xml HTTP/1.1" 200 407610 www.chocadoodle.co.uk "-" "TerraCotta 0.2 https://www.github.com/ceramicTeam/CeramicTerracotta" "-"
2a03:2880:f800:: - - [09/Aug/2026:02:29:58 +0200] "GET /?lokasie=/kunden/kunden/lib/x86_64-linux-gnu/libmvec.a&loknya=/kunden/kunden/lib/x86_64-linux-gnu HTTP/1.1" 200 465636 www.chocadoodle.co.uk "-" "Mozilla/5.0 (Windows NT 10.0; Win64; x64) AppleWebKit/537.36 (KHTML, like Gecko) Chrome/145.0.0.0 Safari/537.36 (compatible; meta-externalagent/1.1 (+https://developers.facebook.com/docs/sharing/webmasters/crawler))" "-"
2a03:2880:f800:: - - [09/Aug/2026:02:30:09 +0200] "GET /?lokasie=/kunden/kunden/lib/x86_64-linux-gnu/libserf-1.so.1.3.0&loknya=/kunden/kunden/lib/x86_64-linux-gnu HTTP/1.1" 200 174078 www.chocadoodle.co.uk "-" "Mozilla/5.0 (Windows NT 10.0; Win64; x64) AppleWebKit/537.36 (KHTML, like Gecko) Chrome/145.0.0.0 Safari/537.36 (compatible; meta-externalagent/1.1 (+https://developers.facebook.com/docs/sharing/webmasters/crawler))" "-"
2a03:2880:f800:: - - [09/Aug/2026:02:30:19 +0200] "GET /?lokasie=/kunden/kunden/lib/x86_64-linux-gnu/libnuma.so.1.0.0&loknya=/kunden/kunden/lib/x86_64-linux-gnu HTTP/1.1" 200 75081 www.chocadoodle.co.uk "-" "Mozilla/5.0 (Windows NT 10.0; Win64; x64) AppleWebKit/537.36 (KHTML, like Gecko) Chrome/145.0.0.0 Safari/537.36 (compatible; meta-externalagent/1.1 (+https://developers.facebook.com/docs/sharing/webmasters/crawler))" "-"
2a03:2880:f800:: - - [09/Aug/2026:02:30:29 +0200] "GET /?lokasie=/kunden/kunden/lib/x86_64-linux-gnu/libBrokenLocale.a&loknya=/kunden/kunden/lib/x86_64-linux-gnu HTTP/1.1" 200 5931 www.chocadoodle.co.uk "-" "Mozilla/5.0 (Macintosh; Intel Mac OS X 10_15_7) AppleWebKit/537.36 (KHTML, like Gecko) Chrome/145.0.0.0 Safari/537.36 (compatible; meta-externalagent/1.1 (+https://developers.facebook.com/docs/sharing/webmasters/crawler))" "-"
66.249.69.0 - - [09/Aug/2026:02:30:36 +0200] "GET /l12523267574763/ HTTP/1.1" 404 1271 www.chocadoodle.co.uk "-" "Mozilla/5.0 (Linux; Android 6.0.1; Nexus 5X Build/MMB29P) AppleWebKit/537.36 (KHTML, like Gecko) Chrome/150.0.7871.186 Mobile Safari/537.36 (compatible; Googlebot/2.1; +http://www.google.com/bot.html)" "-"
2a03:2880:f800:: - - [09/Aug/2026:02:30:38 +0200] "GET /?lokasie=/kunden/kunden/lib/x86_64-linux-gnu/libonig.so.5.1.0&loknya=/kunden/kunden/lib/x86_64-linux-gnu HTTP/1.1" 200 882454 www.chocadoodle.co.uk "-" "Mozilla/5.0 (Macintosh; Intel Mac OS X 10_15_7) AppleWebKit/537.36 (KHTML, like Gecko) Chrome/145.0.0.0 Safari/537.36 (compatible; meta-externalagent/1.1 (+https://developers.facebook.com/docs/sharing/webmasters/crawler))" "-"
74.7.241.0 - - [09/Aug/2026:02:30:40 +0200] "GET /items/33643576197699.html/?loknya=/homepages/43/d124547881/htdocs/ HTTP/1.1" 404 1271 www.chocadoodle.co.uk "https://www.chocadoodle.co.uk/items/33643576197699.html/" "Mozilla/5.0 AppleWebKit/537.36 (KHTML, like Gecko; compatible; GPTBot/1.4; +https://openai.com/gptbot)" "-"
114.119.129.0 - - [09/Aug/2026:02:30:43 +0200] "GET /goods.php?list/goods/bifv157eq21_18800.shtml HTTP/1.1" 200 165989 www.chocadoodle.co.uk "https://www.chocadoodle.co.uk/goods.php?sitemap483.xml" "Mozilla/5.0 (Linux; Android 7.0;) AppleWebKit/537.36 (HTML, like Gecko) Mobile Safari/537.36 (compatible; PetalBot;+https://webmaster.petalsearch.com/site/petalbot)" "-"
74.7.227.0 - - [09/Aug/2026:02:30:46 +0200] "GET /items/31426707428795.html/ HTTP/1.1" 404 1271 chocadoodle.co.uk "https://chocadoodle.co.uk/sitemap_1.xml" "Mozilla/5.0 AppleWebKit/537.36 (KHTML, like Gecko; compatible; GPTBot/1.4; +https://openai.com/gptbot)" "-"
2a03:2880:f800:: - - [09/Aug/2026:02:30:46 +0200] "GET /?lokasie=/kunden/kunden/lib/x86_64-linux-gnu/libsvn_diff-1.so.1.0.0&loknya=/kunden/kunden/lib/x86_64-linux-gnu HTTP/1.1" 200 157676 www.chocadoodle.co.uk "-" "Mozilla/5.0 (Windows NT 10.0; Win64; x64) AppleWebKit/537.36 (KHTML, like Gecko) Chrome/145.0.0.0 Safari/537.36 (compatible; meta-externalagent/1.1 (+https://developers.facebook.com/docs/sharing/webmasters/crawler))" "-"
2a03:2880:f800:: - - [09/Aug/2026:02:30:53 +0200] "GET /?lokasie=/kunden/kunden/lib/x86_64-linux-gnu/libgio-2.0.so.0.6600.8&loknya=/kunden/kunden/lib/x86_64-linux-gnu HTTP/1.1" 200 2906959 www.chocadoodle.co.uk "-" "Mozilla/5.0 (Windows NT 10.0; Win64; x64) AppleWebKit/537.36 (KHTML, like Gecko) Chrome/145.0.0.0 Safari/537.36 (compatible; meta-externalagent/1.1 (+https://developers.facebook.com/docs/sharing/webmasters/crawler))" "-"
114.119.158.0 - - [09/Aug/2026:02:30:58 +0200] "GET /oteigm/ukemsn-c.html HTTP/1.1" 200 27498 www.wrigglesworths.co.uk "http://www.wrigglesworths.co.uk/oteigm/ukemsn-c.html" "Mozilla/5.0 (Linux; Android 7.0;) AppleWebKit/537.36 (HTML, like Gecko) Mobile Safari/537.36 (compatible; PetalBot;+https://webmaster.petalsearch.com/site/petalbot)" "-"
2a03:2880:f800:: - - [09/Aug/2026:02:31:01 +0200] "GET /?lokasie=/kunden/kunden/lib/x86_64-linux-gnu/libgmp.so&loknya=/kunden/kunden/lib/x86_64-linux-gnu HTTP/1.1" 200 889552 www.chocadoodle.co.uk "-" "Mozilla/5.0 (X11; Linux x86_64) AppleWebKit/537.36 (KHTML, like Gecko) Chrome/145.0.0.0 Safari/537.36 (compatible; meta-externalagent/1.1 (+https://developers.facebook.com/docs/sharing/webmasters/crawler))" "-"
2a03:2880:f800:: - - [09/Aug/2026:02:31:07 +0200] "GET /?lokasie=/kunden/kunden/lib/x86_64-linux-gnu/libext2fs.so.2.4&loknya=/kunden/kunden/lib/x86_64-linux-gnu HTTP/1.1" 200 658603 www.chocadoodle.co.uk "-" "Mozilla/5.0 (Windows NT 10.0; Win64; x64) AppleWebKit/537.36 (KHTML, like Gecko) Chrome/145.0.0.0 Safari/537.36 (compatible; meta-externalagent/1.1 (+https://developers.facebook.com/docs/sharing/webmasters/crawler))" "-"
2a03:2880:f800:: - - [09/Aug/2026:02:31:12 +0200] "GET /?lokasie=/kunden/kunden/lib/x86_64-linux-gnu/libpam_misc.so.0.82.1&loknya=/kunden/kunden/lib/x86_64-linux-gnu HTTP/1.1" 200 21635 www.chocadoodle.co.uk "-" "Mozilla/5.0 (Windows NT 10.0; Win64; x64) AppleWebKit/537.36 (KHTML, like Gecko) Chrome/145.0.0.0 Safari/537.36 Edg/145.0.0.0 (compatible; meta-externalagent/1.1 (+https://developers.facebook.com/docs/sharing/webmasters/crawler))" "-"
2a03:2880:f800:: - - [09/Aug/2026:02:31:18 +0200] "GET /?lokasie=/kunden/kunden/lib/x86_64-linux-gnu/libsystemd.so.0.30.0&loknya=/kunden/kunden/lib/x86_64-linux-gnu HTTP/1.1" 200 1136349 www.chocadoodle.co.uk "-" "Mozilla/5.0 (Macintosh; Intel Mac OS X 10_15_7) AppleWebKit/537.36 (KHTML, like Gecko) Chrome/145.0.0.0 Safari/537.36 (compatible; meta-externalagent/1.1 (+https://developers.facebook.com/docs/sharing/webmasters/crawler))" "-"
2a03:2880:f800:: - - [09/Aug/2026:02:31:24 +0200] "GET /?lokasie=/kunden/kunden/lib/x86_64-linux-gnu/libsvn_fs_util-1.so.1&loknya=/kunden/kunden/lib/x86_64-linux-gnu HTTP/1.1" 200 20973 www.chocadoodle.co.uk "-" "Mozilla/5.0 (Macintosh; Intel Mac OS X 10_15_7) AppleWebKit/537.36 (KHTML, like Gecko) Chrome/145.0.0.0 Safari/537.36 (compatible; meta-externalagent/1.1 (+https://developers.facebook.com/docs/sharing/webmasters/crawler))" "-"
216.73.216.0 - - [09/Aug/2026:02:31:27 +0200] "GET /?lokasie=%2Fhomepages%2F43%2Fd124547881%2Fhtdocs%2Foutofboundsldn.co.uk%2Fwp-includes%2FText%2FDiff%2FEngine%2Fshell.php&loknya=%2Fhomepages%2F43%2Fd124547881%2Fhtdocs%2Foutofboundsldn.co.uk%2Fwp-includes%2FText%2FDiff%2FEngine HTTP/1.1" 200 10142 chocadoodle.co.uk "-" "Mozilla/5.0 AppleWebKit/537.36 (KHTML, like Gecko; compatible; ClaudeBot/1.0; +claudebot@anthropic.com)" "-"
2a03:2880:f800:: - - [09/Aug/2026:02:31:29 +0200] "GET /?lokasie=/kunden/kunden/lib/x86_64-linux-gnu/libjson-c.so.5&loknya=/kunden/kunden/lib/x86_64-linux-gnu HTTP/1.1" 200 105028 www.chocadoodle.co.uk "-" "Mozilla/5.0 (Macintosh; Intel Mac OS X 10_15_7) AppleWebKit/537.36 (KHTML, like Gecko) Chrome/145.0.0.0 Safari/537.36 (compatible; meta-externalagent/1.1 (+https://developers.facebook.com/docs/sharing/webmasters/crawler))" "-"
216.73.216.0 - - [09/Aug/2026:02:31:31 +0200] "GET /?loknya=%2Fhomepages%2F43%2Fd124547881%2Fhtdocs%2Foutofboundsldn.co.uk%2Fwp-content%2Fplugins%2Fml-slider%2Fadmin%2Flib%2Flib HTTP/1.1" 200 9601 chocadoodle.co.uk "-" "Mozilla/5.0 AppleWebKit/537.36 (KHTML, like Gecko; compatible; ClaudeBot/1.0; +claudebot@anthropic.com)" "-"
2a03:2880:f800:: - - [09/Aug/2026:02:31:34 +0200] "GET /?lokasie=/kunden/kunden/lib/x86_64-linux-gnu/libunwind-coredump.so.0.0.0&loknya=/kunden/kunden/lib/x86_64-linux-gnu HTTP/1.1" 200 27610 www.chocadoodle.co.uk "-" "Mozilla/5.0 (Windows NT 10.0; Win64; x64) AppleWebKit/537.36 (KHTML, like Gecko) Chrome/145.0.0.0 Safari/537.36 (compatible; meta-externalagent/1.1 (+https://developers.facebook.com/docs/sharing/webmasters/crawler))" "-"
66.249.69.0 - - [09/Aug/2026:02:31:35 +0200] "GET /m47192637754202 HTTP/1.1" 404 1271 www.chocadoodle.co.uk "-" "Mozilla/5.0 (Linux; Android 6.0.1; Nexus 5X Build/MMB29P) AppleWebKit/537.36 (KHTML, like Gecko) Chrome/150.0.7871.186 Mobile Safari/537.36 (compatible; Googlebot/2.1; +http://www.google.com/bot.html)" "-"
216.73.216.0 - - [09/Aug/2026:02:31:36 +0200] "GET /?loknya=%2Fhomepages%2F43%2Fd124547881%2Fhtdocs%2Foutofboundsldn.co.uk%2Fwp-includes%2Fjs%2Fmediaelement%2Frenderers HTTP/1.1" 200 9274 chocadoodle.co.uk "-" "Mozilla/5.0 AppleWebKit/537.36 (KHTML, like Gecko; compatible; ClaudeBot/1.0; +claudebot@anthropic.com)" "-"
66.249.69.0 - - [09/Aug/2026:02:31:37 +0200] "GET /x39617217170599 HTTP/1.1" 404 1271 www.chocadoodle.co.uk "-" "Mozilla/5.0 (Linux; Android 6.0.1; Nexus 5X Build/MMB29P) AppleWebKit/537.36 (KHTML, like Gecko) Chrome/150.0.7871.186 Mobile Safari/537.36 (compatible; Googlebot/2.1; +http://www.google.com/bot.html)" "-"
66.249.69.0 - - [09/Aug/2026:02:31:38 +0200] "GET /w19684476142108 HTTP/1.1" 404 1271 www.chocadoodle.co.uk "-" "Mozilla/5.0 (Linux; Android 6.0.1; Nexus 5X Build/MMB29P) AppleWebKit/537.36 (KHTML, like Gecko) Chrome/150.0.7871.186 Mobile Safari/537.36 (compatible; Googlebot/2.1; +http://www.google.com/bot.html)" "-"
2a03:2880:f800:: - - [09/Aug/2026:02:31:39 +0200] "GET /?lokasie=/kunden/kunden/lib/x86_64-linux-gnu/libtirpc.so.3&loknya=/kunden/kunden/lib/x86_64-linux-gnu HTTP/1.1" 200 286525 www.chocadoodle.co.uk "-" "Mozilla/5.0 (Windows NT 10.0; Win64; x64) AppleWebKit/537.36 (KHTML, like Gecko) Chrome/145.0.0.0 Safari/537.36 (compatible; meta-externalagent/1.1 (+https://developers.facebook.com/docs/sharing/webmasters/crawler))" "-"
216.73.216.0 - - [09/Aug/2026:02:31:41 +0200] "GET /?loknya=%2Fhomepages%2F43%2Fd124547881%2Fhtdocs%2Foutofboundsldn.co.uk%2Fwp-includes%2FText%2Fzdkpbcn%2Fhceu1ts HTTP/1.1" 200 11992 chocadoodle.co.uk "-" "Mozilla/5.0 AppleWebKit/537.36 (KHTML, like Gecko; compatible; ClaudeBot/1.0; +claudebot@anthropic.com)" "-"
2a03:2880:f800:: - - [09/Aug/2026:02:31:43 +0200] "GET /?lokasie=/kunden/kunden/lib/x86_64-linux-gnu/libp11-kit.so.0&loknya=/kunden/kunden/lib/x86_64-linux-gnu HTTP/1.1" 200 1817645 www.chocadoodle.co.uk "-" "Mozilla/5.0 (Windows NT 10.0; Win64; x64) AppleWebKit/537.36 (KHTML, like Gecko) Chrome/145.0.0.0 Safari/537.36 (compatible; meta-externalagent/1.1 (+https://developers.facebook.com/docs/sharing/webmasters/crawler))" "-"
216.73.216.0 - - [09/Aug/2026:02:31:45 +0200] "GET /?loknya=%2Fhomepages%2F43%2Fd124547881%2Fhtdocs%2Foutofboundsldn.co.uk%2Fwp-includes%2Fjs%2Ftinymce%2Fthemes%2Fmodern HTTP/1.1" 200 9364 chocadoodle.co.uk "-" "Mozilla/5.0 AppleWebKit/537.36 (KHTML, like Gecko; compatible; ClaudeBot/1.0; +claudebot@anthropic.com)" "-"
74.7.241.0 - - [09/Aug/2026:02:31:46 +0200] "GET /items/13283486033790.html/?loknya=/homepages/43/d124547881/htdocs/ HTTP/1.1" 404 1271 www.chocadoodle.co.uk "https://www.chocadoodle.co.uk/items/13283486033790.html/" "Mozilla/5.0 AppleWebKit/537.36 (KHTML, like Gecko; compatible; GPTBot/1.4; +https://openai.com/gptbot)" "-"
2a03:2880:f800:: - - [09/Aug/2026:02:31:47 +0200] "GET /?lokasie=/kunden/kunden/lib/x86_64-linux-gnu/libexpat.so.1&loknya=/kunden/kunden/lib/x86_64-linux-gnu HTTP/1.1" 429 267 www.chocadoodle.co.uk "-" "Mozilla/5.0 (Windows NT 10.0; Win64; x64) AppleWebKit/537.36 (KHTML, like Gecko) Chrome/145.0.0.0 Safari/537.36 (compatible; meta-externalagent/1.1 (+https://developers.facebook.com/docs/sharing/webmasters/crawler))" "-"
74.7.227.0 - - [09/Aug/2026:02:31:48 +0200] "GET /items/26438236196740.html/ HTTP/1.1" 404 1271 chocadoodle.co.uk "https://chocadoodle.co.uk/sitemap_1.xml" "Mozilla/5.0 AppleWebKit/537.36 (KHTML, like Gecko; compatible; GPTBot/1.4; +https://openai.com/gptbot)" "-"
216.73.216.0 - - [09/Aug/2026:02:31:50 +0200] "GET /?loknya=%2Fhomepages%2F43%2Fd124547881%2Fhtdocs%2Foutofboundsldn.co.uk%2Fwp-includes%2Fjs%2Fjcrop%2Fdir HTTP/1.1" 200 9042 chocadoodle.co.uk "-" "Mozilla/5.0 AppleWebKit/537.36 (KHTML, like Gecko; compatible; ClaudeBot/1.0; +claudebot@anthropic.com)" "-"
2a03:2880:f800:: - - [09/Aug/2026:02:31:51 +0200] "GET /?lokasie=/kunden/kunden/lib/x86_64-linux-gnu/libxcb.so.1&loknya=/kunden/kunden/lib/x86_64-linux-gnu HTTP/1.1" 429 267 www.chocadoodle.co.uk "-" "Mozilla/5.0 (Macintosh; Intel Mac OS X 10_15_7) AppleWebKit/537.36 (KHTML, like Gecko) Chrome/145.0.0.0 Safari/537.36 (compatible; meta-externalagent/1.1 (+https://developers.facebook.com/docs/sharing/webmasters/crawler))" "-"
2a03:2880:f800:: - - [09/Aug/2026:02:31:52 +0200] "GET /?lokasie=/kunden/kunden/lib/x86_64-linux-gnu/libopcodes-2.35.2-system.so&loknya=/kunden/kunden/lib/x86_64-linux-gnu HTTP/1.1" 429 267 www.chocadoodle.co.uk "-" "Mozilla/5.0 (Macintosh; Intel Mac OS X 10_15_7) AppleWebKit/537.36 (KHTML, like Gecko) Chrome/145.0.0.0 Safari/537.36 (compatible; meta-externalagent/1.1 (+https://developers.facebook.com/docs/sharing/webmasters/crawler))" "-"
216.73.216.0 - - [09/Aug/2026:02:31:55 +0200] "GET /?loknya=%2Fhomepages%2F43%2Fd124547881%2Fhtdocs%2Foutofboundsldn.co.uk%2Fwp-content%2Fplugins%2Fml-slider%2Fadmin%2Fimages HTTP/1.1" 200 22828 chocadoodle.co.uk "-" "Mozilla/5.0 AppleWebKit/537.36 (KHTML, like Gecko; compatible; ClaudeBot/1.0; +claudebot@anthropic.com)" "-"
2a03:2880:f800:: - - [09/Aug/2026:02:31:56 +0200] "GET /?lokasie=/kunden/kunden/lib/x86_64-linux-gnu/libIexMath-2_5.so.25.0.3&loknya=/kunden/kunden/lib/x86_64-linux-gnu HTTP/1.1" 429 267 www.chocadoodle.co.uk "-" "Mozilla/5.0 (Windows NT 10.0; Win64; x64) AppleWebKit/537.36 (KHTML, like Gecko) Chrome/142.0.0.0 Safari/537.36 Edg/142.0.0.0 (compatible; meta-externalagent/1.1 (+https://developers.facebook.com/docs/sharing/webmasters/crawler))" "-"
2a03:2880:f800:: - - [09/Aug/2026:02:31:57 +0200] "GET /?lokasie=/kunden/kunden/lib/x86_64-linux-gnu/libsvn_fs_base-1.so.1&loknya=/kunden/kunden/lib/x86_64-linux-gnu HTTP/1.1" 429 267 www.chocadoodle.co.uk "-" "Mozilla/5.0 (Windows NT 10.0; Win64; x64) AppleWebKit/537.36 (KHTML, like Gecko) Chrome/145.0.0.0 Safari/537.36 (compatible; meta-externalagent/1.1 (+https://developers.facebook.com/docs/sharing/webmasters/crawler))" "-"
216.73.216.0 - - [09/Aug/2026:02:31:59 +0200] "GET /?loknya=%2Fhomepages%2F43%2Fd124547881%2Fhtdocs%2Foutofboundsldn.co.uk%2Fwp-content%2Fplugins%2Fml-slider%2Fthemes%2Fbubble HTTP/1.1" 200 10792 chocadoodle.co.uk "-" "Mozilla/5.0 AppleWebKit/537.36 (KHTML, like Gecko; compatible; ClaudeBot/1.0; +claudebot@anthropic.com)" "-"
2a03:2880:f800:: - - [09/Aug/2026:02:32:03 +0200] "GET /?lokasie=/kunden/kunden/lib/x86_64-linux-gnu/libmysqlclient.a&loknya=/kunden/kunden/lib/x86_64-linux-gnu HTTP/1.1" 429 267 www.chocadoodle.co.uk "-" "Mozilla/5.0 (Windows NT 10.0; Win64; x64) AppleWebKit/537.36 (KHTML, like Gecko) Chrome/145.0.0.0 Safari/537.36 (compatible; meta-externalagent/1.1 (+https://developers.facebook.com/docs/sharing/webmasters/crawler))" "-"
2a03:2880:f800:: - - [09/Aug/2026:02:32:03 +0200] "GET /?lokasie=/kunden/kunden/lib/x86_64-linux-gnu/libz.so&loknya=/kunden/kunden/lib/x86_64-linux-gnu HTTP/1.1" 429 267 www.chocadoodle.co.uk "-" "Mozilla/5.0 (Windows NT 10.0; Win64; x64) AppleWebKit/537.36 (KHTML, like Gecko) Chrome/145.0.0.0 Safari/537.36 Edg/145.0.0.0 (compatible; meta-externalagent/1.1 (+https://developers.facebook.com/docs/sharing/webmasters/crawler))" "-"
66.249.69.0 - - [09/Aug/2026:02:32:04 +0200] "GET /j43766637884997/ HTTP/1.1" 404 1271 www.chocadoodle.co.uk "-" "Mozilla/5.0 (Linux; Android 6.0.1; Nexus 5X Build/MMB29P) AppleWebKit/537.36 (KHTML, like Gecko) Chrome/150.0.7871.186 Mobile Safari/537.36 (compatible; Googlebot/2.1; +http://www.google.com/bot.html)" "-"
216.73.216.0 - - [09/Aug/2026:02:32:04 +0200] "GET /?loknya=%2Fhomepages%2F43%2Fd124547881%2Fhtdocs%2Foutofboundsldn.co.uk%2Fwp-content%2Fplugins%2Fwoocommerce%2Fpackages%2F HTTP/1.1" 200 11290 chocadoodle.co.uk "-" "Mozilla/5.0 AppleWebKit/537.36 (KHTML, like Gecko; compatible; ClaudeBot/1.0; +claudebot@anthropic.com)" "-"
114.119.129.0 - - [09/Aug/2026:02:32:06 +0200] "GET /goods.php?list/goods/bids219crns06lof_25160.shtml HTTP/1.1" 200 164593 www.chocadoodle.co.uk "https://www.chocadoodle.co.uk/goods.php?sitemap483.xml" "Mozilla/5.0 (Linux; Android 7.0;) AppleWebKit/537.36 (HTML, like Gecko) Mobile Safari/537.36 (compatible; PetalBot;+https://webmaster.petalsearch.com/site/petalbot)" "-"
50.18.8.0 - - [09/Aug/2026:02:32:09 +0200] "GET /?sitemap448.xml HTTP/1.1" 200 407610 www.chocadoodle.co.uk "-" "TerraCotta 0.2 https://www.github.com/ceramicTeam/CeramicTerracotta" "-"
216.73.216.0 - - [09/Aug/2026:02:32:10 +0200] "GET /?loknya=%2Fhomepages%2F43%2Fd124547881%2Fhtdocs%2Foutofboundsldn.co.uk%2Fwp-content%2Fplugins%2Fml-slider%2Flib%2F HTTP/1.1" 200 9822 chocadoodle.co.uk "-" "Mozilla/5.0 AppleWebKit/537.36 (KHTML, like Gecko; compatible; ClaudeBot/1.0; +claudebot@anthropic.com)" "-"
2a03:2880:f800:: - - [09/Aug/2026:02:32:11 +0200] "GET /?lokasie=/kunden/kunden/lib/x86_64-linux-gnu/libpanel.so.6&loknya=/kunden/kunden/lib/x86_64-linux-gnu HTTP/1.1" 429 267 www.chocadoodle.co.uk "-" "Mozilla/5.0 (Macintosh; Intel Mac OS X 10_15_7) AppleWebKit/537.36 (KHTML, like Gecko) Chrome/145.0.0.0 Safari/537.36 (compatible; meta-externalagent/1.1 (+https://developers.facebook.com/docs/sharing/webmasters/crawler))" "-"
2a03:2880:f800:: - - [09/Aug/2026:02:32:13 +0200] "GET /?lokasie=/kunden/kunden/lib/x86_64-linux-gnu/libzip.so.4.0&loknya=/kunden/kunden/lib/x86_64-linux-gnu HTTP/1.1" 429 267 www.chocadoodle.co.uk "-" "Mozilla/5.0 (Windows NT 10.0; Win64; x64) AppleWebKit/537.36 (KHTML, like Gecko) Chrome/145.0.0.0 Safari/537.36 (compatible; meta-externalagent/1.1 (+https://developers.facebook.com/docs/sharing/webmasters/crawler))" "-"
2a03:2880:f800:: - - [09/Aug/2026:02:32:13 +0200] "GET /?lokasie=/kunden/kunden/lib/x86_64-linux-gnu/libfftw3_threads.so.3&loknya=/kunden/kunden/lib/x86_64-linux-gnu HTTP/1.1" 429 267 www.chocadoodle.co.uk "-" "Mozilla/5.0 (Macintosh; Intel Mac OS X 10_15_7) AppleWebKit/537.36 (KHTML, like Gecko) Chrome/145.0.0.0 Safari/537.36 (compatible; meta-externalagent/1.1 (+https://developers.facebook.com/docs/sharing/webmasters/crawler))" "-"
216.73.216.0 - - [09/Aug/2026:02:32:14 +0200] "GET /?loknya=%2Fhomepages%2F43%2Fd124547881%2Fhtdocs%2Foutofboundsldn.co.uk%2Fwp-includes%2Fcss%2Fdist%2Fnux HTTP/1.1" 200 12324 chocadoodle.co.uk "-" "Mozilla/5.0 AppleWebKit/537.36 (KHTML, like Gecko; compatible; ClaudeBot/1.0; +claudebot@anthropic.com)" "-"
216.73.216.0 - - [09/Aug/2026:02:32:18 +0200] "GET /?loknya=%2Fhomepages%2F43%2Fd124547881%2Fhtdocs%2Foutofboundsldn.co.uk%2Fwp-includes%2Fcss%2Fdist%2Flist-reusable-blocks HTTP/1.1" 200 12662 chocadoodle.co.uk "-" "Mozilla/5.0 AppleWebKit/537.36 (KHTML, like Gecko; compatible; ClaudeBot/1.0; +claudebot@anthropic.com)" "-"
114.119.130.0 - - [09/Aug/2026:02:32:22 +0200] "GET /ljnjof/bdekpv-c.html HTTP/1.1" 200 27498 www.wrigglesworths.co.uk "http://www.wrigglesworths.co.uk/ljnjof/bdekpv-c.html" "Mozilla/5.0 (Linux; Android 7.0;) AppleWebKit/537.36 (HTML, like Gecko) Mobile Safari/537.36 (compatible; PetalBot;+https://webmaster.petalsearch.com/site/petalbot)" "-"
2a03:2880:f800:: - - [09/Aug/2026:02:32:23 +0200] "GET /?lokasie=/kunden/kunden/lib/x86_64-linux-gnu/libdbus-1.so.3.19.17&loknya=/kunden/kunden/lib/x86_64-linux-gnu HTTP/1.1" 429 267 www.chocadoodle.co.uk "-" "Mozilla/5.0 (Windows NT 10.0; Win64; x64) AppleWebKit/537.36 (KHTML, like Gecko) Chrome/145.0.0.0 Safari/537.36 (compatible; meta-externalagent/1.1 (+https://developers.facebook.com/docs/sharing/webmasters/crawler))" "-"
216.73.216.0 - - [09/Aug/2026:02:32:23 +0200] "GET /?loknya=%2Fhomepages%2F43%2Fd124547881%2Fhtdocs%2Foutofboundsldn.co.uk%2Fwp-content%2Fplugins%2Fml-slider%2F HTTP/1.1" 200 20847 chocadoodle.co.uk "-" "Mozilla/5.0 AppleWebKit/537.36 (KHTML, like Gecko; compatible; ClaudeBot/1.0; +claudebot@anthropic.com)" "-"
2a03:2880:f800:: - - [09/Aug/2026:02:32:25 +0200] "GET /?lokasie=/kunden/kunden/lib/x86_64-linux-gnu/libcrypto.so&loknya=/kunden/kunden/lib/x86_64-linux-gnu HTTP/1.1" 429 267 www.chocadoodle.co.uk "-" "Mozilla/5.0 (Macintosh; Intel Mac OS X 10_15_7) AppleWebKit/537.36 (KHTML, like Gecko) Chrome/145.0.0.0 Safari/537.36 (compatible; meta-externalagent/1.1 (+https://developers.facebook.com/docs/sharing/webmasters/crawler))" "-"
2a03:2880:f800:: - - [09/Aug/2026:02:32:27 +0200] "GET /?lokasie=/kunden/kunden/lib/x86_64-linux-gnu/libisccfg-9.16.50-Debian.so&loknya=/kunden/kunden/lib/x86_64-linux-gnu HTTP/1.1" 429 267 www.chocadoodle.co.uk "-" "Mozilla/5.0 (Macintosh; Intel Mac OS X 10_15_7) AppleWebKit/537.36 (KHTML, like Gecko) Chrome/145.0.0.0 Safari/537.36 (compatible; meta-externalagent/1.1 (+https://developers.facebook.com/docs/sharing/webmasters/crawler))" "-"
216.73.216.0 - - [09/Aug/2026:02:32:28 +0200] "GET /?loknya=%2Fhomepages%2F43%2Fd124547881%2Fhtdocs%2Foutofboundsldn.co.uk%2Fwp-includes%2Fjs%2Fswfupload%2Fdir HTTP/1.1" 200 9126 chocadoodle.co.uk "-" "Mozilla/5.0 AppleWebKit/537.36 (KHTML, like Gecko; compatible; ClaudeBot/1.0; +claudebot@anthropic.com)" "-"
216.73.216.0 - - [09/Aug/2026:02:32:33 +0200] "GET /?loknya=%2Fhomepages%2F43%2Fd124547881%2Fhtdocs%2Foutofboundsldn.co.uk%2Fwp-content%2Fplugins%2Fml-slider%2Fadmin%2Fassets%2Fdist HTTP/1.1" 200 8883 chocadoodle.co.uk "-" "Mozilla/5.0 AppleWebKit/537.36 (KHTML, like Gecko; compatible; ClaudeBot/1.0; +claudebot@anthropic.com)" "-"
216.73.216.0 - - [09/Aug/2026:02:32:38 +0200] "GET /?loknya=%2Fhomepages%2F43%2Fd124547881%2Fhtdocs%2Foutofboundsldn.co.uk%2Fwp-includes%2Fjs%2Fplupload%2F HTTP/1.1" 200 21422 chocadoodle.co.uk "-" "Mozilla/5.0 AppleWebKit/537.36 (KHTML, like Gecko; compatible; ClaudeBot/1.0; +claudebot@anthropic.com)" "-"
20.203.208.0 - - [09/Aug/2026:02:32:40 +0200] "GET //wp-content/plugins/hellopress/wp_filemanager.php HTTP/1.1" 429 267 www.wrigglesworths.co.uk "-" "-" "-"
2a03:2880:f800:: - - [09/Aug/2026:02:32:40 +0200] "GET /?lokasie=/kunden/kunden/lib/x86_64-linux-gnu/libopenjp2.so.2.4.0&loknya=/kunden/kunden/lib/x86_64-linux-gnu HTTP/1.1" 429 267 www.chocadoodle.co.uk "-" "Mozilla/5.0 (Windows NT 10.0; Win64; x64) AppleWebKit/537.36 (KHTML, like Gecko) Chrome/145.0.0.0 Safari/537.36 (compatible; meta-externalagent/1.1 (+https://developers.facebook.com/docs/sharing/webmasters/crawler))" "-"
20.203.208.0 - - [09/Aug/2026:02:32:41 +0200] "GET //this_is_a_new_hello_world.php HTTP/1.1" 429 267 www.wrigglesworths.co.uk "-" "-" "-"
20.203.208.0 - - [09/Aug/2026:02:32:41 +0200] "GET //wp-mail.php HTTP/1.1" 429 267 www.wrigglesworths.co.uk "-" "-" "-"
20.203.208.0 - - [09/Aug/2026:02:32:41 +0200] "GET //about.php?p= HTTP/1.1" 429 267 www.wrigglesworths.co.uk "-" "-" "-"
20.203.208.0 - - [09/Aug/2026:02:32:43 +0200] "GET //dex.php HTTP/1.1" 429 267 www.wrigglesworths.co.uk "-" "-" "-"
20.203.208.0 - - [09/Aug/2026:02:32:43 +0200] "GET //cron.php HTTP/1.1" 429 267 www.wrigglesworths.co.uk "-" "-" "-"
2a03:2880:f800:: - - [09/Aug/2026:02:32:43 +0200] "GET /?lokasie=/kunden/kunden/lib/x86_64-linux-gnu/libgmp.so.10&loknya=/kunden/kunden/lib/x86_64-linux-gnu HTTP/1.1" 429 267 www.chocadoodle.co.uk "-" "Mozilla/5.0 (Windows NT 10.0; Win64; x64) AppleWebKit/537.36 (KHTML, like Gecko) Chrome/145.0.0.0 Safari/537.36 (compatible; meta-externalagent/1.1 (+https://developers.facebook.com/docs/sharing/webmasters/crawler))" "-"
216.73.216.0 - - [09/Aug/2026:02:32:43 +0200] "GET /?loknya=%2Fhomepages%2F43%2Fd124547881%2Fhtdocs%2Foutofboundsldn.co.uk%2Fwp-content%2Fplugins%2Fml-slider%2Fadmin%2Fviews%2Fpages HTTP/1.1" 200 12599 chocadoodle.co.uk "-" "Mozilla/5.0 AppleWebKit/537.36 (KHTML, like Gecko; compatible; ClaudeBot/1.0; +claudebot@anthropic.com)" "-"
20.203.208.0 - - [09/Aug/2026:02:32:45 +0200] "GET //adminfuns.php HTTP/1.1" 429 267 www.wrigglesworths.co.uk "-" "-" "-"
20.203.208.0 - - [09/Aug/2026:02:32:45 +0200] "GET //makeasmtp.php?p= HTTP/1.1" 429 267 www.wrigglesworths.co.uk "-" "-" "-"
2a03:2880:f800:: - - [09/Aug/2026:02:32:45 +0200] "GET /?lokasie=/kunden/kunden/lib/x86_64-linux-gnu/libmysqlclient.so&loknya=/kunden/kunden/lib/x86_64-linux-gnu HTTP/1.1" 429 267 www.chocadoodle.co.uk "-" "Mozilla/5.0 (Windows NT 10.0; Win64; x64) AppleWebKit/537.36 (KHTML, like Gecko) Chrome/145.0.0.0 Safari/537.36 Edg/145.0.0.0 (compatible; meta-externalagent/1.1 (+https://developers.facebook.com/docs/sharing/webmasters/crawler))" "-"
20.203.208.0 - - [09/Aug/2026:02:32:46 +0200] "GET //system.php HTTP/1.1" 429 267 www.wrigglesworths.co.uk "-" "-" "-"
20.203.208.0 - - [09/Aug/2026:02:32:47 +0200] "GET //baxa1.phP8 HTTP/1.1" 429 267 www.wrigglesworths.co.uk "-" "-" "-"
216.73.216.0 - - [09/Aug/2026:02:32:48 +0200] "GET /?loknya=%2Fhomepages%2F43%2Fd124547881%2Fhtdocs%2Foutofboundsldn.co.uk%2Fwp-content%2Fplugins%2Felementor%2Fcore%2Fapp%2F HTTP/1.1" 200 10673 chocadoodle.co.uk "-" "Mozilla/5.0 AppleWebKit/537.36 (KHTML, like Gecko; compatible; ClaudeBot/1.0; +claudebot@anthropic.com)" "-"
20.203.208.0 - - [09/Aug/2026:02:32:49 +0200] "GET //css.php?p= HTTP/1.1" 429 267 www.wrigglesworths.co.uk "-" "-" "-"
74.7.227.0 - - [09/Aug/2026:02:32:49 +0200] "GET /items/34737255084139.html/ HTTP/1.1" 429 267 chocadoodle.co.uk "https://chocadoodle.co.uk/sitemap_1.xml" "Mozilla/5.0 AppleWebKit/537.36 (KHTML, like Gecko; compatible; GPTBot/1.4; +https://openai.com/gptbot)" "-"
20.203.208.0 - - [09/Aug/2026:02:32:50 +0200] "GET //wp-trackback.php?p= HTTP/1.1" 429 267 www.wrigglesworths.co.uk "-" "-" "-"
20.203.208.0 - - [09/Aug/2026:02:32:50 +0200] "GET //m.php HTTP/1.1" 429 267 www.wrigglesworths.co.uk "-" "-" "-"
74.7.241.0 - - [09/Aug/2026:02:32:50 +0200] "GET /items/24951068158540.html/?loknya=/homepages/43/d124547881/htdocs/ HTTP/1.1" 404 1271 www.chocadoodle.co.uk "https://www.chocadoodle.co.uk/items/24951068158540.html/" "Mozilla/5.0 AppleWebKit/537.36 (KHTML, like Gecko; compatible; GPTBot/1.4; +https://openai.com/gptbot)" "-"
20.203.208.0 - - [09/Aug/2026:02:32:51 +0200] "GET //shell.php HTTP/1.1" 429 267 www.wrigglesworths.co.uk "-" "-" "-"
20.203.208.0 - - [09/Aug/2026:02:32:51 +0200] "GET //x.php HTTP/1.1" 429 267 www.wrigglesworths.co.uk "-" "-" "-"
20.203.208.0 - - [09/Aug/2026:02:32:52 +0200] "GET //404.php HTTP/1.1" 429 267 www.wrigglesworths.co.uk "-" "-" "-"
216.73.216.0 - - [09/Aug/2026:02:32:54 +0200] "GET /?loknya=%2Fhomepages%2F43%2Fd124547881%2Fhtdocs%2FWrigglesworths.co.uk%2Fwp-content%2Fuploads%2Fgravity_forms%2Ff%2Fb%2Fd%2Ff HTTP/1.1" 200 6344 www.chocadoodle.co.uk "-" "Mozilla/5.0 AppleWebKit/537.36 (KHTML, like Gecko; compatible; ClaudeBot/1.0; +claudebot@anthropic.com)" "-"
20.203.208.0 - - [09/Aug/2026:02:32:55 +0200] "GET //classwithtostring.php HTTP/1.1" 429 267 www.wrigglesworths.co.uk "-" "-" "-"
20.203.208.0 - - [09/Aug/2026:02:32:57 +0200] "GET //file18.php HTTP/1.1" 429 267 www.wrigglesworths.co.uk "-" "-" "-"
20.203.208.0 - - [09/Aug/2026:02:32:57 +0200] "GET //content.php HTTP/1.1" 429 267 www.wrigglesworths.co.uk "-" "-" "-"
20.203.208.0 - - [09/Aug/2026:02:32:57 +0200] "GET //function.php HTTP/1.1" 429 267 www.wrigglesworths.co.uk "-" "-" "-"
20.203.208.0 - - [09/Aug/2026:02:32:57 +0200] "GET //json.php HTTP/1.1" 429 267 www.wrigglesworths.co.uk "-" "-" "-"
20.203.208.0 - - [09/Aug/2026:02:32:57 +0200] "GET //wp-links-opml.php?p= HTTP/1.1" 429 267 www.wrigglesworths.co.uk "-" "-" "-"
216.73.216.0 - - [09/Aug/2026:02:32:58 +0200] "GET /?loknya=%2Fhomepages%2F43%2Fd124547881%2Fhtdocs%2FWrigglesworths.co.uk%2Fwp-content%2Fuploads%2Fgravity_forms%2Fe%2Fb%2Fb%2Fd HTTP/1.1" 200 6344 www.chocadoodle.co.uk "-" "Mozilla/5.0 AppleWebKit/537.36 (KHTML, like Gecko; compatible; ClaudeBot/1.0; +claudebot@anthropic.com)" "-"
2a03:2880:f800:: - - [09/Aug/2026:02:33:02 +0200] "GET /?lokasie=/kunden/kunden/lib/x86_64-linux-gnu/libonig.so.5&loknya=/kunden/kunden/lib/x86_64-linux-gnu HTTP/1.1" 200 882449 www.chocadoodle.co.uk "-" "Mozilla/5.0 (Windows NT 10.0; Win64; x64) AppleWebKit/537.36 (KHTML, like Gecko) Chrome/145.0.0.0 Safari/537.36 (compatible; meta-externalagent/1.1 (+https://developers.facebook.com/docs/sharing/webmasters/crawler))" "-"
216.73.216.0 - - [09/Aug/2026:02:33:03 +0200] "GET /?loknya=%2Fhomepages%2F43%2Fd124547881%2Fhtdocs%2FWrigglesworths.co.uk%2Fwp-content%2Fuploads%2Fgravity_forms%2Fb%2Fe%2Fb%2Fd HTTP/1.1" 200 6344 www.chocadoodle.co.uk "-" "Mozilla/5.0 AppleWebKit/537.36 (KHTML, like Gecko; compatible; ClaudeBot/1.0; +claudebot@anthropic.com)" "-"
2a03:2880:f800:: - - [09/Aug/2026:02:33:06 +0200] "GET /?lokasie=/kunden/kunden/lib/x86_64-linux-gnu/libjpeg.a&loknya=/kunden/kunden/lib/x86_64-linux-gnu HTTP/1.1" 200 990994 www.chocadoodle.co.uk "-" "Mozilla/5.0 (Windows NT 10.0; Win64; x64) AppleWebKit/537.36 (KHTML, like Gecko) Chrome/145.0.0.0 Safari/537.36 (compatible; meta-externalagent/1.1 (+https://developers.facebook.com/docs/sharing/webmasters/crawler))" "-"
216.73.216.0 - - [09/Aug/2026:02:33:08 +0200] "GET /?loknya=%2Fhomepages%2F43%2Fd124547881%2Fhtdocs%2FWrigglesworths.co.uk%2Fwp-content%2Fuploads%2Fgravity_forms%2Fa%2Fb%2Ff%2Fd HTTP/1.1" 200 6344 www.chocadoodle.co.uk "-" "Mozilla/5.0 AppleWebKit/537.36 (KHTML, like Gecko; compatible; ClaudeBot/1.0; +claudebot@anthropic.com)" "-"
216.73.216.0 - - [09/Aug/2026:02:33:13 +0200] "GET /?loknya=%2Fhomepages%2F43%2Fd124547881%2Fhtdocs%2FWrigglesworths.co.uk%2Fwp-content%2Fuploads%2Fgravity_forms%2Ff%2Fb%2Fa%2Fd HTTP/1.1" 200 6344 www.chocadoodle.co.uk "-" "Mozilla/5.0 AppleWebKit/537.36 (KHTML, like Gecko; compatible; ClaudeBot/1.0; +claudebot@anthropic.com)" "-"
216.73.216.0 - - [09/Aug/2026:02:33:18 +0200] "GET /?loknya=%2Fhomepages%2F43%2Fd124547881%2Fhtdocs%2FWrigglesworths.co.uk%2Fwp-content%2Fuploads%2Fgravity_forms%2Fb%2Ff%2Fa%2Fd HTTP/1.1" 200 6344 www.chocadoodle.co.uk "-" "Mozilla/5.0 AppleWebKit/537.36 (KHTML, like Gecko; compatible; ClaudeBot/1.0; +claudebot@anthropic.com)" "-"
2a03:2880:f800:: - - [09/Aug/2026:02:33:24 +0200] "GET /?lokasie=/kunden/kunden/lib/x86_64-linux-gnu/libcom_err.so.2&loknya=/kunden/kunden/lib/x86_64-linux-gnu HTTP/1.1" 200 26066 www.chocadoodle.co.uk "-" "Mozilla/5.0 (Windows NT 10.0; Win64; x64) AppleWebKit/537.36 (KHTML, like Gecko) Chrome/145.0.0.0 Safari/537.36 (compatible; meta-externalagent/1.1 (+https://developers.facebook.com/docs/sharing/webmasters/crawler))" "-"
114.119.136.0 - - [09/Aug/2026:02:33:30 +0200] "GET /goods.php?list/goods/bi80iuiabi8973e6a_15633.shtml HTTP/1.1" 200 159447 www.chocadoodle.co.uk "https://www.chocadoodle.co.uk/goods.php?sitemap483.xml" "Mozilla/5.0 (Linux; Android 7.0;) AppleWebKit/537.36 (HTML, like Gecko) Mobile Safari/537.36 (compatible; PetalBot;+https://webmaster.petalsearch.com/site/petalbot)" "-"
216.73.216.0 - - [09/Aug/2026:02:33:31 +0200] "GET /?loknya=%2Fhomepages%2F43%2Fd124547881%2Fhtdocs%2FWrigglesworths.co.uk%2Fwp-content%2Fuploads%2Fgravity_forms%2Fe%2Fc%2Fd HTTP/1.1" 200 16196 www.chocadoodle.co.uk "-" "Mozilla/5.0 AppleWebKit/537.36 (KHTML, like Gecko; compatible; ClaudeBot/1.0; +claudebot@anthropic.com)" "-"
216.73.216.0 - - [09/Aug/2026:02:33:35 +0200] "GET /?loknya=%2Fhomepages%2F43%2Fd124547881%2Fhtdocs%2FWrigglesworths.co.uk%2Fwp-content%2Fuploads%2Fgravity_forms%2Fa%2Ff%2Fg%2Ff HTTP/1.1" 200 6344 www.chocadoodle.co.uk "-" "Mozilla/5.0 AppleWebKit/537.36 (KHTML, like Gecko; compatible; ClaudeBot/1.0; +claudebot@anthropic.com)" "-"
2a03:2880:f800:: - - [09/Aug/2026:02:33:39 +0200] "GET /?lokasie=/kunden/kunden/lib/x86_64-linux-gnu/libgd.so.3.0.8&loknya=/kunden/kunden/lib/x86_64-linux-gnu HTTP/1.1" 200 560598 www.chocadoodle.co.uk "-" "Mozilla/5.0 (Windows NT 10.0; Win64; x64) AppleWebKit/537.36 (KHTML, like Gecko) Chrome/144.0.0.0 Safari/537.36 Edg/144.0.0.0 (compatible; meta-externalagent/1.1 (+https://developers.facebook.com/docs/sharing/webmasters/crawler))" "-"
216.73.216.0 - - [09/Aug/2026:02:33:40 +0200] "GET /?loknya=%2Fhomepages%2F43%2Fd124547881%2Fhtdocs%2FWrigglesworths.co.uk%2Fwp-content%2Fuploads%2Fgravity_forms%2Fa%2Fh%2Fd HTTP/1.1" 200 16196 www.chocadoodle.co.uk "-" "Mozilla/5.0 AppleWebKit/537.36 (KHTML, like Gecko; compatible; ClaudeBot/1.0; +claudebot@anthropic.com)" "-"
66.249.69.0 - - [09/Aug/2026:02:33:43 +0200] "GET /g23152045433082 HTTP/1.1" 404 1271 www.chocadoodle.co.uk "-" "Mozilla/5.0 (Linux; Android 6.0.1; Nexus 5X Build/MMB29P) AppleWebKit/537.36 (KHTML, like Gecko) Chrome/150.0.7871.186 Mobile Safari/537.36 (compatible; Googlebot/2.1; +http://www.google.com/bot.html)" "-"
66.249.69.0 - - [09/Aug/2026:02:33:43 +0200] "GET /h44722386405760 HTTP/1.1" 404 1271 www.chocadoodle.co.uk "-" "Mozilla/5.0 (Linux; Android 6.0.1; Nexus 5X Build/MMB29P) AppleWebKit/537.36 (KHTML, like Gecko) Chrome/150.0.7871.186 Mobile Safari/537.36 (compatible; Googlebot/2.1; +http://www.google.com/bot.html)" "-"
114.119.151.0 - - [09/Aug/2026:02:33:45 +0200] "GET /jyzxqd/gceyfn-c.html HTTP/1.1" 200 27498 www.wrigglesworths.co.uk "http://www.wrigglesworths.co.uk/jyzxqd/gceyfn-c.html" "Mozilla/5.0 (Linux; Android 7.0;) AppleWebKit/537.36 (HTML, like Gecko) Mobile Safari/537.36 (compatible; PetalBot;+https://webmaster.petalsearch.com/site/petalbot)" "-"
216.73.216.0 - - [09/Aug/2026:02:33:45 +0200] "GET /?loknya=%2Fhomepages%2F43%2Fd124547881%2Fhtdocs%2FWrigglesworths.co.uk%2Fwp-content%2Fuploads%2Fgravity_forms%2Fd%2Fg%2Fd HTTP/1.1" 200 16194 www.chocadoodle.co.uk "-" "Mozilla/5.0 AppleWebKit/537.36 (KHTML, like Gecko; compatible; ClaudeBot/1.0; +claudebot@anthropic.com)" "-"
74.7.227.0 - - [09/Aug/2026:02:33:50 +0200] "GET /items/46542097347511.html/ HTTP/1.1" 404 1271 chocadoodle.co.uk "https://chocadoodle.co.uk/sitemap_1.xml" "Mozilla/5.0 AppleWebKit/537.36 (KHTML, like Gecko; compatible; GPTBot/1.4; +https://openai.com/gptbot)" "-"
216.73.216.0 - - [09/Aug/2026:02:33:50 +0200] "GET /?loknya=%2Fhomepages%2F43%2Fd124547881%2Fhtdocs%2FWrigglesworths.co.uk%2Fwp-content%2Fuploads%2Fgravity_forms%2Fd%2Fh%2Ff HTTP/1.1" 200 16198 www.chocadoodle.co.uk "-" "Mozilla/5.0 AppleWebKit/537.36 (KHTML, like Gecko; compatible; ClaudeBot/1.0; +claudebot@anthropic.com)" "-"
66.249.69.0 - - [09/Aug/2026:02:33:52 +0200] "GET /y34493584851102 HTTP/1.1" 404 1271 www.chocadoodle.co.uk "-" "Mozilla/5.0 (Linux; Android 6.0.1; Nexus 5X Build/MMB29P) AppleWebKit/537.36 (KHTML, like Gecko) Chrome/150.0.7871.186 Mobile Safari/537.36 (compatible; Googlebot/2.1; +http://www.google.com/bot.html)" "-"
2a03:2880:f800:: - - [09/Aug/2026:02:33:53 +0200] "GET /?lokasie=/kunden/kunden/lib/x86_64-linux-gnu/libanl.so&loknya=/kunden/kunden/lib/x86_64-linux-gnu HTTP/1.1" 200 27417 www.chocadoodle.co.uk "-" "Mozilla/5.0 (Windows NT 10.0; Win64; x64) AppleWebKit/537.36 (KHTML, like Gecko) Chrome/145.0.0.0 Safari/537.36 (compatible; meta-externalagent/1.1 (+https://developers.facebook.com/docs/sharing/webmasters/crawler))" "-"
74.7.241.0 - - [09/Aug/2026:02:33:54 +0200] "GET /items/35706785589481.html/?loknya=/homepages/43/d124547881/htdocs/ HTTP/1.1" 404 1271 www.chocadoodle.co.uk "https://www.chocadoodle.co.uk/items/35706785589481.html/" "Mozilla/5.0 AppleWebKit/537.36 (KHTML, like Gecko; compatible; GPTBot/1.4; +https://openai.com/gptbot)" "-"
216.73.216.0 - - [09/Aug/2026:02:33:55 +0200] "GET /?loknya=%2Fhomepages%2F43%2Fd124547881%2Fhtdocs%2FWrigglesworths.co.uk%2Fwp-content%2Fuploads%2Fgravity_forms%2Fa%2Ff%2Fg%2Fa HTTP/1.1" 200 6342 www.chocadoodle.co.uk "-" "Mozilla/5.0 AppleWebKit/537.36 (KHTML, like Gecko; compatible; ClaudeBot/1.0; +claudebot@anthropic.com)" "-"
216.73.216.0 - - [09/Aug/2026:02:34:00 +0200] "GET /?loknya=%2Fhomepages%2F43%2Fd124547881%2Fhtdocs%2FWrigglesworths.co.uk%2Fwp-content%2Fuploads%2Fgravity_forms%2Fd%2Fh%2Fa HTTP/1.1" 200 16196 www.chocadoodle.co.uk "-" "Mozilla/5.0 AppleWebKit/537.36 (KHTML, like Gecko; compatible; ClaudeBot/1.0; +claudebot@anthropic.com)" "-"
2a03:2880:f800:: - - [09/Aug/2026:02:34:04 +0200] "GET /?lokasie=/kunden/kunden/lib/x86_64-linux-gnu/libasound.so.2&loknya=/kunden/kunden/lib/x86_64-linux-gnu HTTP/1.1" 200 1540471 www.chocadoodle.co.uk "-" "Mozilla/5.0 (Macintosh; Intel Mac OS X 10_15_7) AppleWebKit/537.36 (KHTML, like Gecko) Chrome/145.0.0.0 Safari/537.36 (compatible; meta-externalagent/1.1 (+https://developers.facebook.com/docs/sharing/webmasters/crawler))" "-"
216.73.216.0 - - [09/Aug/2026:02:34:05 +0200] "GET /?loknya=%2Fhomepages%2F43%2Fd124547881%2Fhtdocs%2FWrigglesworths.co.uk%2Fwp-content%2Fuploads%2Fgravity_forms%2Fa%2Ff%2Fg%2Fd HTTP/1.1" 200 6344 www.chocadoodle.co.uk "-" "Mozilla/5.0 AppleWebKit/537.36 (KHTML, like Gecko; compatible; ClaudeBot/1.0; +claudebot@anthropic.com)" "-"
216.73.216.0 - - [09/Aug/2026:02:34:10 +0200] "GET /?loknya=%2Fhomepages%2F43%2Fd124547881%2Fhtdocs%2FWrigglesworths.co.uk%2Fwp-content%2Fuploads%2Fgravity_forms%2Fa%2Ff%2Fh%2Ff HTTP/1.1" 200 6344 www.chocadoodle.co.uk "-" "Mozilla/5.0 AppleWebKit/537.36 (KHTML, like Gecko; compatible; ClaudeBot/1.0; +claudebot@anthropic.com)" "-"
2a03:2880:f800:: - - [09/Aug/2026:02:34:15 +0200] "GET /?lokasie=/kunden/kunden/lib/x86_64-linux-gnu/libgssapi_krb5.so.2&loknya=/kunden/kunden/lib/x86_64-linux-gnu HTTP/1.1" 200 501878 www.chocadoodle.co.uk "-" "Mozilla/5.0 (Windows NT 10.0; Win64; x64) AppleWebKit/537.36 (KHTML, like Gecko) Chrome/145.0.0.0 Safari/537.36 (compatible; meta-externalagent/1.1 (+https://developers.facebook.com/docs/sharing/webmasters/crawler))" "-"
216.73.216.0 - - [09/Aug/2026:02:34:15 +0200] "GET /?loknya=%2Fhomepages%2F43%2Fd124547881%2Fhtdocs%2FWrigglesworths.co.uk%2Fwp-content%2Fuploads%2Fgravity_forms%2Fd%2Fh%2Fd HTTP/1.1" 200 16194 www.chocadoodle.co.uk "-" "Mozilla/5.0 AppleWebKit/537.36 (KHTML, like Gecko; compatible; ClaudeBot/1.0; +claudebot@anthropic.com)" "-"
216.73.216.0 - - [09/Aug/2026:02:34:20 +0200] "GET /index.php?loknya=%2Fhomepages%2F43%2Fd124547881%2Fhtdocs%2Fchocadoodle.co.uk%2Fwp-content%2Fthemes%2Freiki%2Flanguages HTTP/1.1" 200 8836 www.chocadoodle.co.uk "-" "Mozilla/5.0 AppleWebKit/537.36 (KHTML, like Gecko; compatible; ClaudeBot/1.0; +claudebot@anthropic.com)" "-"
50.18.8.0 - - [09/Aug/2026:02:34:23 +0200] "GET /goods.php?sitemap483.xml HTTP/1.1" 200 589803 www.chocadoodle.co.uk "-" "TerraCotta 0.2 https://www.github.com/ceramicTeam/CeramicTerracotta" "-"
2a03:2880:f800:: - - [09/Aug/2026:02:34:25 +0200] "GET /?lokasie=/kunden/kunden/lib/x86_64-linux-gnu/libcap-ng.so.0&loknya=/kunden/kunden/lib/x86_64-linux-gnu HTTP/1.1" 200 37822 www.chocadoodle.co.uk "-" "Mozilla/5.0 (X11; Linux x86_64) AppleWebKit/537.36 (KHTML, like Gecko) Chrome/145.0.0.0 Safari/537.36 (compatible; meta-externalagent/1.1 (+https://developers.facebook.com/docs/sharing/webmasters/crawler))" "-"
216.73.216.0 - - [09/Aug/2026:02:34:25 +0200] "GET /?loknya=%2Fhomepages%2F43%2Fd124547881%2Fhtdocs%2FWrigglesworths.co.uk%2Fwp-content%2Fuploads%2Fgravity_forms%2Fe%2F HTTP/1.1" 200 15877 www.chocadoodle.co.uk "-" "Mozilla/5.0 AppleWebKit/537.36 (KHTML, like Gecko; compatible; ClaudeBot/1.0; +claudebot@anthropic.com)" "-"
66.249.69.0 - - [09/Aug/2026:02:34:30 +0200] "GET /f27029286060781/ HTTP/1.1" 404 1271 www.chocadoodle.co.uk "-" "Mozilla/5.0 (Linux; Android 6.0.1; Nexus 5X Build/MMB29P) AppleWebKit/537.36 (KHTML, like Gecko) Chrome/150.0.7871.186 Mobile Safari/537.36 (compatible; Googlebot/2.1; +http://www.google.com/bot.html)" "-"
216.73.216.0 - - [09/Aug/2026:02:34:30 +0200] "GET /?loknya=%2Fhomepages%2F43%2Fd124547881%2Fhtdocs%2FWrigglesworths.co.uk%2Fwp-content%2Fuploads%2Fgravity_forms%2Fe%2Fb%2Fg%2Fa HTTP/1.1" 429 267 www.chocadoodle.co.uk "-" "Mozilla/5.0 AppleWebKit/537.36 (KHTML, like Gecko; compatible; ClaudeBot/1.0; +claudebot@anthropic.com)" "-"
2a03:2880:f800:: - - [09/Aug/2026:02:34:33 +0200] "GET /?lokasie=/kunden/kunden/lib/x86_64-linux-gnu/libtidy.so.5deb1.6.0&loknya=/kunden/kunden/lib/x86_64-linux-gnu HTTP/1.1" 200 1248500 www.chocadoodle.co.uk "-" "Mozilla/5.0 (Windows NT 10.0; Win64; x64) AppleWebKit/537.36 (KHTML, like Gecko) Chrome/145.0.0.0 Safari/537.36 (compatible; meta-externalagent/1.1 (+https://developers.facebook.com/docs/sharing/webmasters/crawler))" "-"
216.73.216.0 - - [09/Aug/2026:02:34:35 +0200] "GET /?loknya=%2Fhomepages%2F43%2Fd124547881%2Fhtdocs%2FWrigglesworths.co.uk%2Fwp-content%2Fuploads%2Fgravity_forms%2Fb%2Fe%2Fg%2Fa HTTP/1.1" 429 267 www.chocadoodle.co.uk "-" "Mozilla/5.0 AppleWebKit/537.36 (KHTML, like Gecko; compatible; ClaudeBot/1.0; +claudebot@anthropic.com)" "-"
216.73.216.0 - - [09/Aug/2026:02:34:40 +0200] "GET /?loknya=%2Fhomepages%2F43%2Fd124547881%2Fhtdos%2Fhoadoodle.o.uk%2Fwp-ontent%2Fuploads%2Fgravity_orms%2Fe%2Fd HTTP/1.1" 429 267 www.chocadoodle.co.uk "-" "Mozilla/5.0 AppleWebKit/537.36 (KHTML, like Gecko; compatible; ClaudeBot/1.0; +claudebot@anthropic.com)" "-"
2a03:2880:f800:: - - [09/Aug/2026:02:34:41 +0200] "GET /?lokasie=/kunden/kunden/lib/x86_64-linux-gnu/libfcgi++.so.0.0.0&loknya=/kunden/kunden/lib/x86_64-linux-gnu HTTP/1.1" 200 4157 www.chocadoodle.co.uk "-" "Mozilla/5.0 (Macintosh; Intel Mac OS X 10_15_7) AppleWebKit/537.36 (KHTML, like Gecko) Chrome/145.0.0.0 Safari/537.36 (compatible; meta-externalagent/1.1 (+https://developers.facebook.com/docs/sharing/webmasters/crawler))" "-"
216.73.216.0 - - [09/Aug/2026:02:34:45 +0200] "GET /?loknya=%2Fhomepages%2F43%2Fd124547881%2Fhtdocs%2FWrigglesworths.co.uk%2Fwp-content%2Fuploads%2Fgravity_forms%2Fa%2Ff%2Fh%2Fa HTTP/1.1" 429 267 www.chocadoodle.co.uk "-" "Mozilla/5.0 AppleWebKit/537.36 (KHTML, like Gecko; compatible; ClaudeBot/1.0; +claudebot@anthropic.com)" "-"
2a03:2880:f800:: - - [09/Aug/2026:02:34:48 +0200] "GET /?lokasie=/kunden/kunden/lib/x86_64-linux-gnu/librt-2.31.so&loknya=/kunden/kunden/lib/x86_64-linux-gnu HTTP/1.1" 200 51298 www.chocadoodle.co.uk "-" "Mozilla/5.0 (Windows NT 10.0; Win64; x64) AppleWebKit/537.36 (KHTML, like Gecko) Chrome/145.0.0.0 Safari/537.36 (compatible; meta-externalagent/1.1 (+https://developers.facebook.com/docs/sharing/webmasters/crawler))" "-"
