2a03:2880:f800:: - - [09/Aug/2026:00:46:50 +0200] "GET /?lokasie=/kunden/kunden/proc/thread-self/cwd/wp-admin/js/site-icon.min.js&loknya=/kunden/kunden/proc/thread-self/cwd/wp-admin/js HTTP/1.1" 200 7093 www.chocadoodle.co.uk "-" "Mozilla/5.0 (Macintosh; Intel Mac OS X 10_15_7) AppleWebKit/537.36 (KHTML, like Gecko) Chrome/145.0.0.0 Safari/537.36 (compatible; meta-externalagent/1.1 (+https://developers.facebook.com/docs/sharing/webmasters/crawler))" "-"
2a03:2880:f800:: - - [09/Aug/2026:00:46:53 +0200] "GET /?lokasie=/kunden/kunden/proc/thread-self/cwd/wp-admin/js/postbox.js&loknya=/kunden/kunden/proc/thread-self/cwd/wp-admin/js HTTP/1.1" 200 24958 www.chocadoodle.co.uk "-" "Mozilla/5.0 (Windows NT 10.0; Win64; x64) AppleWebKit/537.36 (KHTML, like Gecko) Chrome/145.0.0.0 Safari/537.36 (compatible; meta-externalagent/1.1 (+https://developers.facebook.com/docs/sharing/webmasters/crawler))" "-"
74.7.227.0 - - [09/Aug/2026:00:46:55 +0200] "GET /items/42882056397309.html/ HTTP/1.1" 404 1271 chocadoodle.co.uk "https://chocadoodle.co.uk/sitemap_1.xml" "Mozilla/5.0 AppleWebKit/537.36 (KHTML, like Gecko; compatible; GPTBot/1.4; +https://openai.com/gptbot)" "-"
216.73.216.0 - - [09/Aug/2026:00:46:59 +0200] "GET /?lokasie=%2Fhomepages%2F11%2Fd727856064%2F%2F.htaccess&loknya=%2Fhomepages%2F11%2Fd727856064%2F HTTP/1.1" 200 4072 www.chocadoodle.co.uk "-" "Mozilla/5.0 AppleWebKit/537.36 (KHTML, like Gecko; compatible; ClaudeBot/1.0; +claudebot@anthropic.com)" "-"
2a03:2880:f800:: - - [09/Aug/2026:00:47:15 +0200] "GET /?lokasie=/kunden/kunden/proc/thread-self/cwd/wp-admin/js/iris.min.js&loknya=/kunden/kunden/proc/thread-self/cwd/wp-admin/js HTTP/1.1" 200 32682 www.chocadoodle.co.uk "-" "Mozilla/5.0 (Windows NT 10.0; Win64; x64) AppleWebKit/537.36 (KHTML, like Gecko) Chrome/145.0.0.0 Safari/537.36 (compatible; meta-externalagent/1.1 (+https://developers.facebook.com/docs/sharing/webmasters/crawler))" "-"
2a03:2880:f800:: - - [09/Aug/2026:00:47:32 +0200] "GET /?loknya=/kunden/kunden/proc/thread-self/cwd/wp-admin/ HTTP/1.1" 200 152297 www.chocadoodle.co.uk "-" "Mozilla/5.0 (Macintosh; Intel Mac OS X 10_15_7) AppleWebKit/537.36 (KHTML, like Gecko) Chrome/145.0.0.0 Safari/537.36 (compatible; meta-externalagent/1.1 (+https://developers.facebook.com/docs/sharing/webmasters/crawler))" "-"
114.119.153.0 - - [09/Aug/2026:00:47:36 +0200] "GET /goods.php?list/goods/cuee84l50nzw31e_38541.shtml HTTP/1.1" 200 150951 www.chocadoodle.co.uk "https://www.chocadoodle.co.uk/goods.php?sitemap483.xml" "Mozilla/5.0 (Linux; Android 7.0;) AppleWebKit/537.36 (HTML, like Gecko) Mobile Safari/537.36 (compatible; PetalBot;+https://webmaster.petalsearch.com/site/petalbot)" "-"
74.7.241.0 - - [09/Aug/2026:00:47:39 +0200] "GET /items/34960668107412.html/?loknya=/homepages/43/d124547881/htdocs/ HTTP/1.1" 404 1271 www.chocadoodle.co.uk "https://www.chocadoodle.co.uk/items/34960668107412.html/" "Mozilla/5.0 AppleWebKit/537.36 (KHTML, like Gecko; compatible; GPTBot/1.4; +https://openai.com/gptbot)" "-"
2a03:2880:f800:: - - [09/Aug/2026:00:47:47 +0200] "GET /?lokasie=/kunden/kunden/proc/thread-self/cwd/wp-admin/js/password-strength-meter.min.js&loknya=/kunden/kunden/proc/thread-self/cwd/wp-admin/js HTTP/1.1" 200 5741 www.chocadoodle.co.uk "-" "Mozilla/5.0 (X11; Linux x86_64) AppleWebKit/537.36 (KHTML, like Gecko) Chrome/145.0.0.0 Safari/537.36 (compatible; meta-externalagent/1.1 (+https://developers.facebook.com/docs/sharing/webmasters/crawler))" "-"
114.119.146.0 - - [09/Aug/2026:00:47:52 +0200] "GET /tvbuvd/bizpyn-c.html HTTP/1.1" 200 27498 www.wrigglesworths.co.uk "http://www.wrigglesworths.co.uk/tvbuvd/bizpyn-c.html" "Mozilla/5.0 (Linux; Android 7.0;) AppleWebKit/537.36 (HTML, like Gecko) Mobile Safari/537.36 (compatible; PetalBot;+https://webmaster.petalsearch.com/site/petalbot)" "-"
74.7.227.0 - - [09/Aug/2026:00:47:55 +0200] "GET /items/14893605476117.html/ HTTP/1.1" 404 1271 chocadoodle.co.uk "https://chocadoodle.co.uk/sitemap_1.xml" "Mozilla/5.0 AppleWebKit/537.36 (KHTML, like Gecko; compatible; GPTBot/1.4; +https://openai.com/gptbot)" "-"
2a03:2880:f800:: - - [09/Aug/2026:00:48:00 +0200] "GET /?lokasie=/kunden/kunden/proc/thread-self/cwd/wp-admin/js/theme-plugin-editor.min.js&loknya=/kunden/kunden/proc/thread-self/cwd/wp-admin/js HTTP/1.1" 200 17835 www.chocadoodle.co.uk "-" "Mozilla/5.0 (Windows NT 10.0; Win64; x64) AppleWebKit/537.36 (KHTML, like Gecko) Chrome/145.0.0.0 Safari/537.36 (compatible; meta-externalagent/1.1 (+https://developers.facebook.com/docs/sharing/webmasters/crawler))" "-"
2a03:2880:f800:: - - [09/Aug/2026:00:48:12 +0200] "GET /?lokasie=/kunden/kunden/proc/thread-self/cwd/wp-admin/js/set-post-thumbnail.min.js&loknya=/kunden/kunden/proc/thread-self/cwd/wp-admin/js HTTP/1.1" 200 5082 www.chocadoodle.co.uk "-" "Mozilla/5.0 (Windows NT 10.0; Win64; x64) AppleWebKit/537.36 (KHTML, like Gecko) Chrome/145.0.0.0 Safari/537.36 (compatible; meta-externalagent/1.1 (+https://developers.facebook.com/docs/sharing/webmasters/crawler))" "-"
2a03:2880:f800:: - - [09/Aug/2026:00:48:22 +0200] "GET /?lokasie=/kunden/kunden/proc/thread-self/cwd/wp-admin/js/site-health.js&loknya=/kunden/kunden/proc/thread-self/cwd/wp-admin/js HTTP/1.1" 200 19534 www.chocadoodle.co.uk "-" "Mozilla/5.0 (Macintosh; Intel Mac OS X 10_15_7) AppleWebKit/537.36 (KHTML, like Gecko) Chrome/145.0.0.0 Safari/537.36 (compatible; meta-externalagent/1.1 (+https://developers.facebook.com/docs/sharing/webmasters/crawler))" "-"
2a03:2880:f800:: - - [09/Aug/2026:00:48:32 +0200] "GET /?lokasie=/kunden/kunden/proc/thread-self/cwd/wp-admin/js/image-edit.js&loknya=/kunden/kunden/proc/thread-self/cwd/wp-admin/js HTTP/1.1" 200 48015 www.chocadoodle.co.uk "-" "Mozilla/5.0 (Windows NT 10.0; Win64; x64) AppleWebKit/537.36 (KHTML, like Gecko) Chrome/145.0.0.0 Safari/537.36 (compatible; meta-externalagent/1.1 (+https://developers.facebook.com/docs/sharing/webmasters/crawler))" "-"
74.7.241.0 - - [09/Aug/2026:00:48:40 +0200] "GET /items/19479865540257.html/?loknya=/homepages/43/d124547881/htdocs/ HTTP/1.1" 404 1271 www.chocadoodle.co.uk "https://www.chocadoodle.co.uk/items/19479865540257.html/" "Mozilla/5.0 AppleWebKit/537.36 (KHTML, like Gecko; compatible; GPTBot/1.4; +https://openai.com/gptbot)" "-"
2a03:2880:f800:: - - [09/Aug/2026:00:48:40 +0200] "GET /?lokasie=/kunden/kunden/proc/thread-self/cwd/wp-admin/js/dashboard.js&loknya=/kunden/kunden/proc/thread-self/cwd/wp-admin/js HTTP/1.1" 200 34577 www.chocadoodle.co.uk "-" "Mozilla/5.0 (Macintosh; Intel Mac OS X 10_15_7) AppleWebKit/537.36 (KHTML, like Gecko) Chrome/145.0.0.0 Safari/537.36 (compatible; meta-externalagent/1.1 (+https://developers.facebook.com/docs/sharing/webmasters/crawler))" "-"
2a03:2880:f800:: - - [09/Aug/2026:00:48:48 +0200] "GET /?lokasie=/kunden/kunden/proc/thread-self/cwd/wp-admin/js/inline-edit-post.js&loknya=/kunden/kunden/proc/thread-self/cwd/wp-admin/js HTTP/1.1" 200 28251 www.chocadoodle.co.uk "-" "Mozilla/5.0 (Windows NT 10.0; Win64; x64) AppleWebKit/537.36 (KHTML, like Gecko) Chrome/145.0.0.0 Safari/537.36 (compatible; meta-externalagent/1.1 (+https://developers.facebook.com/docs/sharing/webmasters/crawler))" "-"
2a03:2880:f800:: - - [09/Aug/2026:00:48:55 +0200] "GET /?lokasie=/kunden/kunden/proc/thread-self/cwd/wp-admin/js/auth-app.js&loknya=/kunden/kunden/proc/thread-self/cwd/wp-admin/js HTTP/1.1" 200 10864 www.chocadoodle.co.uk "-" "Mozilla/5.0 (Windows NT 10.0; Win64; x64) AppleWebKit/537.36 (KHTML, like Gecko) Chrome/145.0.0.0 Safari/537.36 (compatible; meta-externalagent/1.1 (+https://developers.facebook.com/docs/sharing/webmasters/crawler))" "-"
74.7.227.0 - - [09/Aug/2026:00:48:59 +0200] "GET /items/36530594607217.html/ HTTP/1.1" 404 1271 chocadoodle.co.uk "https://chocadoodle.co.uk/sitemap_1.xml" "Mozilla/5.0 AppleWebKit/537.36 (KHTML, like Gecko; compatible; GPTBot/1.4; +https://openai.com/gptbot)" "-"
114.119.132.0 - - [09/Aug/2026:00:48:59 +0200] "GET /goods.php?list/goods/ct159ycx8n8i0tpo_38716.shtml HTTP/1.1" 200 164298 www.chocadoodle.co.uk "https://www.chocadoodle.co.uk/goods.php?sitemap483.xml" "Mozilla/5.0 (Linux; Android 7.0;) AppleWebKit/537.36 (HTML, like Gecko) Mobile Safari/537.36 (compatible; PetalBot;+https://webmaster.petalsearch.com/site/petalbot)" "-"
2a03:2880:f800:: - - [09/Aug/2026:00:49:02 +0200] "GET /?lokasie=/kunden/kunden/proc/thread-self/cwd/wp-admin/js/nav-menu.min.js&loknya=/kunden/kunden/proc/thread-self/cwd/wp-admin/js HTTP/1.1" 200 36997 www.chocadoodle.co.uk "-" "Mozilla/5.0 (Windows NT 10.0; Win64; x64) AppleWebKit/537.36 (KHTML, like Gecko) Chrome/145.0.0.0 Safari/537.36 (compatible; meta-externalagent/1.1 (+https://developers.facebook.com/docs/sharing/webmasters/crawler))" "-"
2a03:2880:f800:: - - [09/Aug/2026:00:49:08 +0200] "GET /?lokasie=/kunden/kunden/proc/thread-self/cwd/wp-admin/js/set-post-thumbnail.js&loknya=/kunden/kunden/proc/thread-self/cwd/wp-admin/js HTTP/1.1" 200 5333 www.chocadoodle.co.uk "-" "Mozilla/5.0 (Windows NT 10.0; Win64; x64) AppleWebKit/537.36 (KHTML, like Gecko) Chrome/145.0.0.0 Safari/537.36 (compatible; meta-externalagent/1.1 (+https://developers.facebook.com/docs/sharing/webmasters/crawler))" "-"
66.249.69.0 - - [09/Aug/2026:00:49:14 +0200] "GET /t30052225966943 HTTP/1.1" 404 1271 www.chocadoodle.co.uk "-" "Mozilla/5.0 (Linux; Android 6.0.1; Nexus 5X Build/MMB29P) AppleWebKit/537.36 (KHTML, like Gecko) Chrome/150.0.7871.186 Mobile Safari/537.36 (compatible; Googlebot/2.1; +http://www.google.com/bot.html)" "-"
2a03:2880:f800:: - - [09/Aug/2026:00:49:14 +0200] "GET /?lokasie=/kunden/kunden/proc/thread-self/cwd/wp-admin/js/widgets.min.js&loknya=/kunden/kunden/proc/thread-self/cwd/wp-admin/js HTTP/1.1" 200 21053 www.chocadoodle.co.uk "-" "Mozilla/5.0 (Windows NT 10.0; Win64; x64) AppleWebKit/537.36 (KHTML, like Gecko) Chrome/145.0.0.0 Safari/537.36 (compatible; meta-externalagent/1.1 (+https://developers.facebook.com/docs/sharing/webmasters/crawler))" "-"
114.119.158.0 - - [09/Aug/2026:00:49:15 +0200] "GET /nvjiny/cffkdz-c.html HTTP/1.1" 200 27498 www.wrigglesworths.co.uk "http://www.wrigglesworths.co.uk/nvjiny/cffkdz-c.html" "Mozilla/5.0 (Linux; Android 7.0;) AppleWebKit/537.36 (HTML, like Gecko) Mobile Safari/537.36 (compatible; PetalBot;+https://webmaster.petalsearch.com/site/petalbot)" "-"
2a03:2880:f800:: - - [09/Aug/2026:00:49:20 +0200] "GET /?lokasie=/kunden/kunden/proc/thread-self/cwd/wp-admin/js/code-editor.min.js&loknya=/kunden/kunden/proc/thread-self/cwd/wp-admin/js HTTP/1.1" 200 8246 www.chocadoodle.co.uk "-" "Mozilla/5.0 (X11; Linux x86_64) AppleWebKit/537.36 (KHTML, like Gecko) Chrome/145.0.0.0 Safari/537.36 (compatible; meta-externalagent/1.1 (+https://developers.facebook.com/docs/sharing/webmasters/crawler))" "-"
2a03:2880:f800:: - - [09/Aug/2026:00:49:25 +0200] "GET /?loknya=/kunden/kunden/proc/thread-self/cwd/wp-admin/js/widgets HTTP/1.1" 200 27302 www.chocadoodle.co.uk "-" "Mozilla/5.0 (Windows NT 10.0; Win64; x64) AppleWebKit/537.36 (KHTML, like Gecko) Chrome/145.0.0.0 Safari/537.36 (compatible; meta-externalagent/1.1 (+https://developers.facebook.com/docs/sharing/webmasters/crawler))" "-"
2a03:2880:f800:: - - [09/Aug/2026:00:49:31 +0200] "GET /?lokasie=/kunden/kunden/proc/thread-self/cwd/wp-admin/js/tags-box.min.js&loknya=/kunden/kunden/proc/thread-self/cwd/wp-admin/js HTTP/1.1" 200 8518 www.chocadoodle.co.uk "-" "Mozilla/5.0 (Windows NT 10.0; Win64; x64) AppleWebKit/537.36 (KHTML, like Gecko) Chrome/145.0.0.0 Safari/537.36 (compatible; meta-externalagent/1.1 (+https://developers.facebook.com/docs/sharing/webmasters/crawler))" "-"
2a03:2880:f800:: - - [09/Aug/2026:00:49:35 +0200] "GET /?lokasie=/kunden/kunden/proc/thread-self/cwd/wp-admin/js/code-editor.js&loknya=/kunden/kunden/proc/thread-self/cwd/wp-admin/js HTTP/1.1" 200 16622 www.chocadoodle.co.uk "-" "Mozilla/5.0 (Macintosh; Intel Mac OS X 10_15_7) AppleWebKit/537.36 (KHTML, like Gecko) Chrome/145.0.0.0 Safari/537.36 (compatible; meta-externalagent/1.1 (+https://developers.facebook.com/docs/sharing/webmasters/crawler))" "-"
2a03:2880:f800:: - - [09/Aug/2026:00:49:39 +0200] "GET /?lokasie=/kunden/kunden/proc/thread-self/cwd/wp-admin/js/theme-plugin-editor.js&loknya=/kunden/kunden/proc/thread-self/cwd/wp-admin/js HTTP/1.1" 200 31221 www.chocadoodle.co.uk "-" "Mozilla/5.0 (Windows NT 10.0; Win64; x64) AppleWebKit/537.36 (KHTML, like Gecko) Chrome/145.0.0.0 Safari/537.36 (compatible; meta-externalagent/1.1 (+https://developers.facebook.com/docs/sharing/webmasters/crawler))" "-"
74.7.241.0 - - [09/Aug/2026:00:49:40 +0200] "GET /items/13876506307228.html/?loknya=/homepages/43/d124547881/htdocs/ HTTP/1.1" 404 1271 www.chocadoodle.co.uk "https://www.chocadoodle.co.uk/items/13876506307228.html/" "Mozilla/5.0 AppleWebKit/537.36 (KHTML, like Gecko; compatible; GPTBot/1.4; +https://openai.com/gptbot)" "-"
2a03:2880:f800:: - - [09/Aug/2026:00:49:45 +0200] "GET /?lokasie=/kunden/kunden/proc/thread-self/cwd/wp-admin/js/comment.min.js&loknya=/kunden/kunden/proc/thread-self/cwd/wp-admin/js HTTP/1.1" 429 267 www.chocadoodle.co.uk "-" "Mozilla/5.0 (Windows NT 10.0; Win64; x64) AppleWebKit/537.36 (KHTML, like Gecko) Chrome/145.0.0.0 Safari/537.36 (compatible; meta-externalagent/1.1 (+https://developers.facebook.com/docs/sharing/webmasters/crawler))" "-"
2a03:2880:f800:: - - [09/Aug/2026:00:49:48 +0200] "GET /?lokasie=/kunden/kunden/proc/thread-self/cwd/wp-admin/js/language-chooser.js&loknya=/kunden/kunden/proc/thread-self/cwd/wp-admin/js HTTP/1.1" 429 267 www.chocadoodle.co.uk "-" "Mozilla/5.0 (Windows NT 10.0; Win64; x64) AppleWebKit/537.36 (KHTML, like Gecko) Chrome/145.0.0.0 Safari/537.36 (compatible; meta-externalagent/1.1 (+https://developers.facebook.com/docs/sharing/webmasters/crawler))" "-"
2a03:2880:f800:: - - [09/Aug/2026:00:49:49 +0200] "GET /?lokasie=/kunden/kunden/proc/thread-self/cwd/wp-admin/js/plugin-install.min.js&loknya=/kunden/kunden/proc/thread-self/cwd/wp-admin/js HTTP/1.1" 429 267 www.chocadoodle.co.uk "-" "Mozilla/5.0 (Windows NT 10.0; Win64; x64) AppleWebKit/537.36 (KHTML, like Gecko) Chrome/145.0.0.0 Safari/537.36 Edg/145.0.0.0 (compatible; meta-externalagent/1.1 (+https://developers.facebook.com/docs/sharing/webmasters/crawler))" "-"
2a03:2880:f800:: - - [09/Aug/2026:00:49:54 +0200] "GET /?lokasie=/kunden/kunden/proc/thread-self/cwd/wp-admin/js/link.js&loknya=/kunden/kunden/proc/thread-self/cwd/wp-admin/js HTTP/1.1" 429 267 www.chocadoodle.co.uk "-" "Mozilla/5.0 (Macintosh; Intel Mac OS X 10_15_7) AppleWebKit/537.36 (KHTML, like Gecko) Chrome/145.0.0.0 Safari/537.36 (compatible; meta-externalagent/1.1 (+https://developers.facebook.com/docs/sharing/webmasters/crawler))" "-"
2a03:2880:f800:: - - [09/Aug/2026:00:49:55 +0200] "GET /?lokasie=/kunden/kunden/proc/thread-self/cwd/wp-admin/js/widgets.js&loknya=/kunden/kunden/proc/thread-self/cwd/wp-admin/js HTTP/1.1" 429 267 www.chocadoodle.co.uk "-" "Mozilla/5.0 (Windows NT 10.0; Win64; x64) AppleWebKit/537.36 (KHTML, like Gecko) Chrome/145.0.0.0 Safari/537.36 (compatible; meta-externalagent/1.1 (+https://developers.facebook.com/docs/sharing/webmasters/crawler))" "-"
2a03:2880:f800:: - - [09/Aug/2026:00:50:00 +0200] "GET /?lokasie=/kunden/kunden/proc/thread-self/cwd/wp-admin/js/privacy-tools.js&loknya=/kunden/kunden/proc/thread-self/cwd/wp-admin/js HTTP/1.1" 429 267 www.chocadoodle.co.uk "-" "Mozilla/5.0 (Windows NT 10.0; Win64; x64) AppleWebKit/537.36 (KHTML, like Gecko) Chrome/145.0.0.0 Safari/537.36 (compatible; meta-externalagent/1.1 (+https://developers.facebook.com/docs/sharing/webmasters/crawler))" "-"
2a03:2880:f800:: - - [09/Aug/2026:00:50:02 +0200] "GET /?lokasie=/kunden/kunden/proc/thread-self/cwd/wp-admin/js/revisions.min.js&loknya=/kunden/kunden/proc/thread-self/cwd/wp-admin/js HTTP/1.1" 429 267 www.chocadoodle.co.uk "-" "Mozilla/5.0 (Windows NT 10.0; Win64; x64) AppleWebKit/537.36 (KHTML, like Gecko) Chrome/145.0.0.0 Safari/537.36 (compatible; meta-externalagent/1.1 (+https://developers.facebook.com/docs/sharing/webmasters/crawler))" "-"
74.7.227.0 - - [09/Aug/2026:00:50:04 +0200] "GET /items/17809834950923.html/ HTTP/1.1" 404 1271 chocadoodle.co.uk "https://chocadoodle.co.uk/sitemap_1.xml" "Mozilla/5.0 AppleWebKit/537.36 (KHTML, like Gecko; compatible; GPTBot/1.4; +https://openai.com/gptbot)" "-"
2a03:2880:f800:: - - [09/Aug/2026:00:50:09 +0200] "GET /?lokasie=/kunden/kunden/proc/thread-self/cwd/wp-admin/js/color-picker.min.js&loknya=/kunden/kunden/proc/thread-self/cwd/wp-admin/js HTTP/1.1" 429 267 www.chocadoodle.co.uk "-" "Mozilla/5.0 (X11; Linux x86_64) AppleWebKit/537.36 (KHTML, like Gecko) Chrome/145.0.0.0 Safari/537.36 (compatible; meta-externalagent/1.1 (+https://developers.facebook.com/docs/sharing/webmasters/crawler))" "-"
2a03:2880:f800:: - - [09/Aug/2026:00:50:11 +0200] "GET /?lokasie=/kunden/kunden/proc/thread-self/cwd/wp-admin/js/svg-painter.min.js&loknya=/kunden/kunden/proc/thread-self/cwd/wp-admin/js HTTP/1.1" 429 267 www.chocadoodle.co.uk "-" "Mozilla/5.0 (Windows NT 10.0; Win64; x64) AppleWebKit/537.36 (KHTML, like Gecko) Chrome/145.0.0.0 Safari/537.36 (compatible; meta-externalagent/1.1 (+https://developers.facebook.com/docs/sharing/webmasters/crawler))" "-"
2a03:2880:f800:: - - [09/Aug/2026:00:50:20 +0200] "GET /?lokasie=/kunden/kunden/proc/thread-self/cwd/wp-admin/js/xfn.min.js&loknya=/kunden/kunden/proc/thread-self/cwd/wp-admin/js HTTP/1.1" 429 267 www.chocadoodle.co.uk "-" "Mozilla/5.0 (Windows NT 10.0; Win64; x64) AppleWebKit/537.36 (KHTML, like Gecko) Chrome/145.0.0.0 Safari/537.36 (compatible; meta-externalagent/1.1 (+https://developers.facebook.com/docs/sharing/webmasters/crawler))" "-"
2a03:2880:f800:: - - [09/Aug/2026:00:50:21 +0200] "GET /?lokasie=/kunden/kunden/proc/thread-self/cwd/wp-admin/js/tags-suggest.js&loknya=/kunden/kunden/proc/thread-self/cwd/wp-admin/js HTTP/1.1" 429 267 www.chocadoodle.co.uk "-" "Mozilla/5.0 (Windows NT 10.0; Win64; x64) AppleWebKit/537.36 (KHTML, like Gecko) Chrome/145.0.0.0 Safari/537.36 (compatible; meta-externalagent/1.1 (+https://developers.facebook.com/docs/sharing/webmasters/crawler))" "-"
2a03:2880:f800:: - - [09/Aug/2026:00:50:22 +0200] "GET /?lokasie=/kunden/kunden/proc/thread-self/cwd/wp-admin/js/auth-app.min.js&loknya=/kunden/kunden/proc/thread-self/cwd/wp-admin/js HTTP/1.1" 429 267 www.chocadoodle.co.uk "-" "Mozilla/5.0 (Windows NT 10.0; Win64; x64) AppleWebKit/537.36 (KHTML, like Gecko) Chrome/144.0.0.0 Safari/537.36 Edg/144.0.0.0 (compatible; meta-externalagent/1.1 (+https://developers.facebook.com/docs/sharing/webmasters/crawler))" "-"
114.119.147.0 - - [09/Aug/2026:00:50:23 +0200] "GET /goods.php?list/goods/csjnq39aqwjyg25n_36812.shtml HTTP/1.1" 200 159543 www.chocadoodle.co.uk "https://www.chocadoodle.co.uk/goods.php?sitemap483.xml" "Mozilla/5.0 (Linux; Android 7.0;) AppleWebKit/537.36 (HTML, like Gecko) Mobile Safari/537.36 (compatible; PetalBot;+https://webmaster.petalsearch.com/site/petalbot)" "-"
2a03:2880:f800:: - - [09/Aug/2026:00:50:35 +0200] "GET /?lokasie=/kunden/kunden/proc/thread-self/cwd/wp-admin/js/svg-painter.js&loknya=/kunden/kunden/proc/thread-self/cwd/wp-admin/js HTTP/1.1" 429 267 www.chocadoodle.co.uk "-" "Mozilla/5.0 (Macintosh; Intel Mac OS X 10_15_7) AppleWebKit/537.36 (KHTML, like Gecko) Chrome/145.0.0.0 Safari/537.36 (compatible; meta-externalagent/1.1 (+https://developers.facebook.com/docs/sharing/webmasters/crawler))" "-"
2a03:2880:f800:: - - [09/Aug/2026:00:50:38 +0200] "GET /?lokasie=/kunden/kunden/proc/thread-self/cwd/wp-admin/js/editor-expand.min.js&loknya=/kunden/kunden/proc/thread-self/cwd/wp-admin/js HTTP/1.1" 429 267 www.chocadoodle.co.uk "-" "Mozilla/5.0 (Macintosh; Intel Mac OS X 10_15_7) AppleWebKit/537.36 (KHTML, like Gecko) Chrome/145.0.0.0 Safari/537.36 (compatible; meta-externalagent/1.1 (+https://developers.facebook.com/docs/sharing/webmasters/crawler))" "-"
114.119.149.0 - - [09/Aug/2026:00:50:39 +0200] "GET /pzjior/tbhnmk-c.html HTTP/1.1" 200 27498 www.wrigglesworths.co.uk "http://www.wrigglesworths.co.uk/pzjior/tbhnmk-c.html" "Mozilla/5.0 (Linux; Android 7.0;) AppleWebKit/537.36 (HTML, like Gecko) Mobile Safari/537.36 (compatible; PetalBot;+https://webmaster.petalsearch.com/site/petalbot)" "-"
2a03:2880:f800:: - - [09/Aug/2026:00:50:39 +0200] "GET /?lokasie=/kunden/kunden/proc/thread-self/cwd/wp-admin/js/media-gallery.min.js&loknya=/kunden/kunden/proc/thread-self/cwd/wp-admin/js HTTP/1.1" 429 267 www.chocadoodle.co.uk "-" "Mozilla/5.0 (Windows NT 10.0; Win64; x64) AppleWebKit/537.36 (KHTML, like Gecko) Chrome/145.0.0.0 Safari/537.36 (compatible; meta-externalagent/1.1 (+https://developers.facebook.com/docs/sharing/webmasters/crawler))" "-"
74.7.241.0 - - [09/Aug/2026:00:50:42 +0200] "GET /items/37414425805071.html/?loknya=/homepages/43/d124547881/.config HTTP/1.1" 404 1271 www.chocadoodle.co.uk "https://www.chocadoodle.co.uk/items/37414425805071.html/?loknya=/homepages/43/d124547881/" "Mozilla/5.0 AppleWebKit/537.36 (KHTML, like Gecko; compatible; GPTBot/1.4; +https://openai.com/gptbot)" "-"
2a03:2880:f800:: - - [09/Aug/2026:00:50:56 +0200] "GET /?lokasie=/kunden/kunden/proc/thread-self/cwd/wp-admin/js/tags.js&loknya=/kunden/kunden/proc/thread-self/cwd/wp-admin/js HTTP/1.1" 200 10023 www.chocadoodle.co.uk "-" "Mozilla/5.0 (Macintosh; Intel Mac OS X 10_15_7) AppleWebKit/537.36 (KHTML, like Gecko) Chrome/145.0.0.0 Safari/537.36 (compatible; meta-externalagent/1.1 (+https://developers.facebook.com/docs/sharing/webmasters/crawler))" "-"
2a03:2880:f800:: - - [09/Aug/2026:00:50:59 +0200] "GET /?lokasie=/kunden/kunden/proc/thread-self/cwd/wp-admin/js/password-strength-meter.js&loknya=/kunden/kunden/proc/thread-self/cwd/wp-admin/js HTTP/1.1" 200 8847 www.chocadoodle.co.uk "-" "Mozilla/5.0 (Macintosh; Intel Mac OS X 10_15_7) AppleWebKit/537.36 (KHTML, like Gecko) Chrome/145.0.0.0 Safari/537.36 (compatible; meta-externalagent/1.1 (+https://developers.facebook.com/docs/sharing/webmasters/crawler))" "-"
66.249.69.0 - - [09/Aug/2026:00:51:02 +0200] "GET /b34131418181133/ HTTP/1.1" 404 1271 www.chocadoodle.co.uk "-" "Mozilla/5.0 (Linux; Android 6.0.1; Nexus 5X Build/MMB29P) AppleWebKit/537.36 (KHTML, like Gecko) Chrome/150.0.7871.186 Mobile Safari/537.36 (compatible; GoogleOther)" "-"
74.7.227.0 - - [09/Aug/2026:00:51:07 +0200] "GET /items/22931938076459.html/ HTTP/1.1" 404 1271 chocadoodle.co.uk "https://chocadoodle.co.uk/sitemap_1.xml" "Mozilla/5.0 AppleWebKit/537.36 (KHTML, like Gecko; compatible; GPTBot/1.4; +https://openai.com/gptbot)" "-"
66.249.69.0 - - [09/Aug/2026:00:51:07 +0200] "GET /y17151626387394/ HTTP/1.1" 404 1271 www.chocadoodle.co.uk "-" "Mozilla/5.0 (Linux; Android 6.0.1; Nexus 5X Build/MMB29P) AppleWebKit/537.36 (KHTML, like Gecko) Chrome/150.0.7871.186 Mobile Safari/537.36 (compatible; Googlebot/2.1; +http://www.google.com/bot.html)" "-"
66.249.69.0 - - [09/Aug/2026:00:51:13 +0200] "GET /v45484875803176/ HTTP/1.1" 404 1271 www.chocadoodle.co.uk "-" "Mozilla/5.0 (Linux; Android 6.0.1; Nexus 5X Build/MMB29P) AppleWebKit/537.36 (KHTML, like Gecko) Chrome/150.0.7871.186 Mobile Safari/537.36 (compatible; GoogleOther)" "-"
2a03:2880:f800:: - - [09/Aug/2026:00:51:17 +0200] "GET /?lokasie=/kunden/kunden/proc/thread-self/cwd/wp-admin/js/accordion.min.js&loknya=/kunden/kunden/proc/thread-self/cwd/wp-admin/js HTTP/1.1" 200 5468 www.chocadoodle.co.uk "-" "Mozilla/5.0 (Windows NT 10.0; Win64; x64) AppleWebKit/537.36 (KHTML, like Gecko) Chrome/145.0.0.0 Safari/537.36 Edg/145.0.0.0 (compatible; meta-externalagent/1.1 (+https://developers.facebook.com/docs/sharing/webmasters/crawler))" "-"
2a03:2880:f800:: - - [09/Aug/2026:00:51:31 +0200] "GET /?lokasie=/kunden/kunden/proc/thread-self/cwd/wp-admin/js/site-icon.js&loknya=/kunden/kunden/proc/thread-self/cwd/wp-admin/js HTTP/1.1" 200 10967 www.chocadoodle.co.uk "-" "Mozilla/5.0 (Windows NT 10.0; Win64; x64) AppleWebKit/537.36 (KHTML, like Gecko) Chrome/145.0.0.0 Safari/537.36 (compatible; meta-externalagent/1.1 (+https://developers.facebook.com/docs/sharing/webmasters/crawler))" "-"
2a03:2880:f800:: - - [09/Aug/2026:00:51:44 +0200] "GET /?lokasie=/kunden/kunden/proc/thread-self/cwd/wp-content/upgrade/class-wp-locale-data.php&loknya=/kunden/kunden/proc/thread-self/cwd/wp-content/upgrade HTTP/1.1" 200 60089 www.chocadoodle.co.uk "-" "Mozilla/5.0 (Windows NT 10.0; Win64; x64) AppleWebKit/537.36 (KHTML, like Gecko) Chrome/145.0.0.0 Safari/537.36 Edg/145.0.0.0 (compatible; meta-externalagent/1.1 (+https://developers.facebook.com/docs/sharing/webmasters/crawler))" "-"
194.233.91.0 - - [09/Aug/2026:00:51:45 +0200] "GET /wp-admin/css/ HTTP/1.1" 403 1271 wrigglesworths.co.uk "binance.com" "Mozilla/5.0 (Windows NT 10.0; Win64; x64) AppleWebKit/537.36 (KHTML, like Gecko) Chrome/90.0.4430.85 Safari/537.36" "-"
74.7.241.0 - - [09/Aug/2026:00:51:45 +0200] "GET /items/12791604637801.html/?loknya=/homepages/43/d124547881/htdocs/ HTTP/1.1" 404 1271 www.chocadoodle.co.uk "https://www.chocadoodle.co.uk/items/12791604637801.html/" "Mozilla/5.0 AppleWebKit/537.36 (KHTML, like Gecko; compatible; GPTBot/1.4; +https://openai.com/gptbot)" "-"
66.249.69.0 - - [09/Aug/2026:00:51:46 +0200] "GET /i46090915839878/ HTTP/1.1" 404 1271 www.chocadoodle.co.uk "-" "Mozilla/5.0 (Linux; Android 6.0.1; Nexus 5X Build/MMB29P) AppleWebKit/537.36 (KHTML, like Gecko) Chrome/150.0.7871.186 Mobile Safari/537.36 (compatible; GoogleOther)" "-"
114.119.132.0 - - [09/Aug/2026:00:51:46 +0200] "GET /goods.php?list/goods/csey166fbgum9q5415_1791.shtml HTTP/1.1" 200 156953 www.chocadoodle.co.uk "https://www.chocadoodle.co.uk/goods.php?sitemap483.xml" "Mozilla/5.0 (Linux; Android 7.0;) AppleWebKit/537.36 (HTML, like Gecko) Mobile Safari/537.36 (compatible; PetalBot;+https://webmaster.petalsearch.com/site/petalbot)" "-"
2a03:2880:f800:: - - [09/Aug/2026:00:51:55 +0200] "GET /?loknya=/kunden/kunden/proc/thread-self/cwd/wp-content/uploads/2022 HTTP/1.1" 200 19875 www.chocadoodle.co.uk "-" "Mozilla/5.0 (Macintosh; Intel Mac OS X 10_15_7) AppleWebKit/537.36 (KHTML, like Gecko) Chrome/145.0.0.0 Safari/537.36 (compatible; meta-externalagent/1.1 (+https://developers.facebook.com/docs/sharing/webmasters/crawler))" "-"
194.233.91.0 - - [09/Aug/2026:00:51:57 +0200] "GET //wp-admin/css/ HTTP/1.1" 403 1271 www.wrigglesworths.co.uk "binance.com" "Mozilla/5.0 (Windows NT 10.0; Win64; x64) AppleWebKit/537.36 (KHTML, like Gecko) Chrome/90.0.4430.85 Safari/537.36" "-"
114.119.158.0 - - [09/Aug/2026:00:52:03 +0200] "GET /nvmujh/ejchie-c.html HTTP/1.1" 200 27498 www.wrigglesworths.co.uk "http://www.wrigglesworths.co.uk/nvmujh/ejchie-c.html" "Mozilla/5.0 (Linux; Android 7.0;) AppleWebKit/537.36 (HTML, like Gecko) Mobile Safari/537.36 (compatible; PetalBot;+https://webmaster.petalsearch.com/site/petalbot)" "-"
66.249.69.0 - - [09/Aug/2026:00:52:04 +0200] "GET /i22204005504169/ HTTP/1.1" 404 1271 www.chocadoodle.co.uk "-" "Mozilla/5.0 (Linux; Android 6.0.1; Nexus 5X Build/MMB29P) AppleWebKit/537.36 (KHTML, like Gecko) Chrome/150.0.7871.186 Mobile Safari/537.36 (compatible; GoogleOther)" "-"
2a03:2880:f800:: - - [09/Aug/2026:00:52:06 +0200] "GET /?loknya=/kunden/kunden/proc/thread-self/cwd/wp-content/uploads/2025 HTTP/1.1" 200 19855 www.chocadoodle.co.uk "-" "Mozilla/5.0 (Macintosh; Intel Mac OS X 10_15_7) AppleWebKit/537.36 (KHTML, like Gecko) Chrome/145.0.0.0 Safari/537.36 (compatible; meta-externalagent/1.1 (+https://developers.facebook.com/docs/sharing/webmasters/crawler))" "-"
81.103.105.0 - - [09/Aug/2026:00:52:11 +0200] "GET /J074044656 HTTP/1.1" 404 1271 chocadoodle.co.uk "-" "Mozilla/5.0 (Windows NT 10.0; Win64; x64) AppleWebKit/537.36 (KHTML, like Gecko) Chrome/129.0.6668.58 Safari/537.36" "-"
74.7.227.0 - - [09/Aug/2026:00:52:12 +0200] "GET /items/32850494602738.html/ HTTP/1.1" 404 1271 chocadoodle.co.uk "https://chocadoodle.co.uk/sitemap_1.xml" "Mozilla/5.0 AppleWebKit/537.36 (KHTML, like Gecko; compatible; GPTBot/1.4; +https://openai.com/gptbot)" "-"
66.249.69.0 - - [09/Aug/2026:00:52:14 +0200] "GET /e45377985045964 HTTP/1.1" 404 1271 www.chocadoodle.co.uk "-" "Mozilla/5.0 (Linux; Android 6.0.1; Nexus 5X Build/MMB29P) AppleWebKit/537.36 (KHTML, like Gecko) Chrome/150.0.7871.186 Mobile Safari/537.36 (compatible; Googlebot/2.1; +http://www.google.com/bot.html)" "-"
82.174.108.0 - - [09/Aug/2026:00:52:15 +0200] "GET /sitemap554.xml HTTP/1.1" 404 1271 chocadoodle.co.uk "-" "Mozilla/5.0 (Macintosh; Intel Mac OS X 14.4; rv:135.0) Gecko/20100101 Firefox/135.0" "-"
2a03:2880:f800:: - - [09/Aug/2026:00:52:15 +0200] "GET /?loknya=/kunden/kunden/proc/thread-self/cwd/wp-content/uploads/2020 HTTP/1.1" 200 19873 www.chocadoodle.co.uk "-" "Mozilla/5.0 (Windows NT 10.0; Win64; x64) AppleWebKit/537.36 (KHTML, like Gecko) Chrome/145.0.0.0 Safari/537.36 (compatible; meta-externalagent/1.1 (+https://developers.facebook.com/docs/sharing/webmasters/crawler))" "-"
66.249.69.0 - - [09/Aug/2026:00:52:24 +0200] "GET /y40840435111453/ HTTP/1.1" 404 1271 www.chocadoodle.co.uk "-" "Mozilla/5.0 (Linux; Android 6.0.1; Nexus 5X Build/MMB29P) AppleWebKit/537.36 (KHTML, like Gecko) Chrome/150.0.7871.186 Mobile Safari/537.36 (compatible; GoogleOther)" "-"
2a03:2880:f800:: - - [09/Aug/2026:00:52:24 +0200] "GET /?loknya=/kunden/kunden/proc/thread-self/cwd/wp-content/uploads/hugeit-slider HTTP/1.1" 200 7284 www.chocadoodle.co.uk "-" "Mozilla/5.0 (Windows NT 10.0; Win64; x64) AppleWebKit/537.36 (KHTML, like Gecko) Chrome/145.0.0.0 Safari/537.36 (compatible; meta-externalagent/1.1 (+https://developers.facebook.com/docs/sharing/webmasters/crawler))" "-"
66.249.69.0 - - [09/Aug/2026:00:52:30 +0200] "GET /y39908637876454/ HTTP/1.1" 404 1271 www.chocadoodle.co.uk "-" "Mozilla/5.0 (Linux; Android 6.0.1; Nexus 5X Build/MMB29P) AppleWebKit/537.36 (KHTML, like Gecko) Chrome/150.0.7871.186 Mobile Safari/537.36 (compatible; GoogleOther)" "-"
2a03:2880:f800:: - - [09/Aug/2026:00:52:31 +0200] "GET /?loknya=/kunden/kunden/proc/thread-self/cwd/wp-content/uploads/cxbqhdu HTTP/1.1" 200 6883 www.chocadoodle.co.uk "-" "Mozilla/5.0 (Macintosh; Intel Mac OS X 10_15_7) AppleWebKit/537.36 (KHTML, like Gecko) Chrome/145.0.0.0 Safari/537.36 (compatible; meta-externalagent/1.1 (+https://developers.facebook.com/docs/sharing/webmasters/crawler))" "-"
2a03:2880:f800:: - - [09/Aug/2026:00:52:38 +0200] "GET /?loknya=/kunden/kunden/proc/thread-self/cwd/wp-content/uploads/2023 HTTP/1.1" 200 15488 www.chocadoodle.co.uk "-" "Mozilla/5.0 (Windows NT 10.0; Win64; x64) AppleWebKit/537.36 (KHTML, like Gecko) Chrome/145.0.0.0 Safari/537.36 (compatible; meta-externalagent/1.1 (+https://developers.facebook.com/docs/sharing/webmasters/crawler))" "-"
2a03:2880:f800:: - - [09/Aug/2026:00:52:45 +0200] "GET /?loknya=/kunden/kunden/proc/thread-self/cwd/wp-content/uploads/2017 HTTP/1.1" 200 17512 www.chocadoodle.co.uk "-" "Mozilla/5.0 (Macintosh; Intel Mac OS X 10_15_7) AppleWebKit/537.36 (KHTML, like Gecko) Chrome/145.0.0.0 Safari/537.36 (compatible; meta-externalagent/1.1 (+https://developers.facebook.com/docs/sharing/webmasters/crawler))" "-"
66.249.69.0 - - [09/Aug/2026:00:52:49 +0200] "GET /d23152516566279/ HTTP/1.1" 404 1271 www.chocadoodle.co.uk "-" "Mozilla/5.0 (Linux; Android 6.0.1; Nexus 5X Build/MMB29P) AppleWebKit/537.36 (KHTML, like Gecko) Chrome/150.0.7871.186 Mobile Safari/537.36 (compatible; GoogleOther)" "-"
74.7.241.0 - - [09/Aug/2026:00:52:50 +0200] "GET /items/26471397708339.html/?loknya=/homepages/43/d124547881/htdocs/ HTTP/1.1" 404 1271 www.chocadoodle.co.uk "https://www.chocadoodle.co.uk/items/26471397708339.html/" "Mozilla/5.0 AppleWebKit/537.36 (KHTML, like Gecko; compatible; GPTBot/1.4; +https://openai.com/gptbot)" "-"
2a03:2880:f800:: - - [09/Aug/2026:00:52:51 +0200] "GET /?loknya=/kunden/kunden/proc/thread-self/cwd/wp-content/uploads/2021 HTTP/1.1" 200 19876 www.chocadoodle.co.uk "-" "Mozilla/5.0 (Macintosh; Intel Mac OS X 10_15_7) AppleWebKit/537.36 (KHTML, like Gecko) Chrome/145.0.0.0 Safari/537.36 (compatible; meta-externalagent/1.1 (+https://developers.facebook.com/docs/sharing/webmasters/crawler))" "-"
66.249.69.0 - - [09/Aug/2026:00:52:54 +0200] "GET /h45337885100774/ HTTP/1.1" 404 1271 www.chocadoodle.co.uk "-" "Mozilla/5.0 (Linux; Android 6.0.1; Nexus 5X Build/MMB29P) AppleWebKit/537.36 (KHTML, like Gecko) Chrome/150.0.7871.186 Mobile Safari/537.36 (compatible; GoogleOther)" "-"
2a03:2880:f800:: - - [09/Aug/2026:00:52:56 +0200] "GET /?loknya=/kunden/kunden/proc/thread-self/cwd/wp-content/uploads/2019 HTTP/1.1" 200 19876 www.chocadoodle.co.uk "-" "Mozilla/5.0 (Windows NT 10.0; Win64; x64) AppleWebKit/537.36 (KHTML, like Gecko) Chrome/145.0.0.0 Safari/537.36 (compatible; meta-externalagent/1.1 (+https://developers.facebook.com/docs/sharing/webmasters/crawler))" "-"
2a03:2880:f800:: - - [09/Aug/2026:00:53:03 +0200] "GET /?loknya=/kunden/kunden/proc/thread-self/cwd/wp-content/uploads/2018 HTTP/1.1" 200 19876 www.chocadoodle.co.uk "-" "Mozilla/5.0 (Macintosh; Intel Mac OS X 10_15_7) AppleWebKit/537.36 (KHTML, like Gecko) Chrome/145.0.0.0 Safari/537.36 (compatible; meta-externalagent/1.1 (+https://developers.facebook.com/docs/sharing/webmasters/crawler))" "-"
2a03:2880:f800:: - - [09/Aug/2026:00:53:08 +0200] "GET /?loknya=/kunden/kunden/proc/thread-self/cwd/wp-content/uploads/gravity_forms HTTP/1.1" 200 12958 www.chocadoodle.co.uk "-" "Mozilla/5.0 (Windows NT 10.0; Win64; x64) AppleWebKit/537.36 (KHTML, like Gecko) Chrome/145.0.0.0 Safari/537.36 (compatible; meta-externalagent/1.1 (+https://developers.facebook.com/docs/sharing/webmasters/crawler))" "-"
114.119.132.0 - - [09/Aug/2026:00:53:10 +0200] "GET /goods.php?list/goods/csaj33ypddqtvl_16468.shtml HTTP/1.1" 200 162026 www.chocadoodle.co.uk "https://www.chocadoodle.co.uk/goods.php?sitemap483.xml" "Mozilla/5.0 (Linux; Android 7.0;) AppleWebKit/537.36 (HTML, like Gecko) Mobile Safari/537.36 (compatible; PetalBot;+https://webmaster.petalsearch.com/site/petalbot)" "-"
2a03:2880:f800:: - - [09/Aug/2026:00:53:12 +0200] "GET /?loknya=/kunden/kunden/proc/thread-self/cwd/wp-content/uploads/2024 HTTP/1.1" 200 11602 www.chocadoodle.co.uk "-" "Mozilla/5.0 (X11; Linux x86_64) AppleWebKit/537.36 (KHTML, like Gecko) Chrome/145.0.0.0 Safari/537.36 (compatible; meta-externalagent/1.1 (+https://developers.facebook.com/docs/sharing/webmasters/crawler))" "-"
74.7.227.0 - - [09/Aug/2026:00:53:15 +0200] "GET /items/34676027579880.html/ HTTP/1.1" 404 1271 chocadoodle.co.uk "https://chocadoodle.co.uk/sitemap_1.xml" "Mozilla/5.0 AppleWebKit/537.36 (KHTML, like Gecko; compatible; GPTBot/1.4; +https://openai.com/gptbot)" "-"
2a03:2880:f800:: - - [09/Aug/2026:00:53:18 +0200] "GET /?loknya=/kunden/kunden/proc/thread-self/cwd/wp-content/uploads/diagnpe HTTP/1.1" 200 8407 www.chocadoodle.co.uk "-" "Mozilla/5.0 (Windows NT 10.0; Win64; x64) AppleWebKit/537.36 (KHTML, like Gecko) Chrome/145.0.0.0 Safari/537.36 (compatible; meta-externalagent/1.1 (+https://developers.facebook.com/docs/sharing/webmasters/crawler))" "-"
2a03:2880:f800:: - - [09/Aug/2026:00:53:22 +0200] "GET /?loknya=/kunden/kunden/proc/thread-self/cwd/wp-content/uploads/2026 HTTP/1.1" 200 13947 www.chocadoodle.co.uk "-" "Mozilla/5.0 (Windows NT 10.0; Win64; x64) AppleWebKit/537.36 (KHTML, like Gecko) Chrome/145.0.0.0 Safari/537.36 (compatible; meta-externalagent/1.1 (+https://developers.facebook.com/docs/sharing/webmasters/crawler))" "-"
2a03:2880:f800:: - - [09/Aug/2026:00:53:26 +0200] "GET /?lokasie=/kunden/kunden/proc/thread-self/cwd/wp-content/wflogs/config.php&loknya=/kunden/kunden/proc/thread-self/cwd/wp-content/wflogs HTTP/1.1" 200 5064 www.chocadoodle.co.uk "-" "Mozilla/5.0 (Windows NT 10.0; Win64; x64) AppleWebKit/537.36 (KHTML, like Gecko) Chrome/145.0.0.0 Safari/537.36 (compatible; meta-externalagent/1.1 (+https://developers.facebook.com/docs/sharing/webmasters/crawler))" "-"
114.119.146.0 - - [09/Aug/2026:00:53:26 +0200] "GET /qaqbqa/owjmgb-c.html HTTP/1.1" 200 27498 wrigglesworths.co.uk "http://wrigglesworths.co.uk/qaqbqa/owjmgb-c.html" "Mozilla/5.0 (Linux; Android 7.0;) AppleWebKit/537.36 (HTML, like Gecko) Mobile Safari/537.36 (compatible; PetalBot;+https://webmaster.petalsearch.com/site/petalbot)" "-"
66.249.69.0 - - [09/Aug/2026:00:53:28 +0200] "GET /n44193637629691/ HTTP/1.1" 404 1271 www.chocadoodle.co.uk "-" "Mozilla/5.0 (Linux; Android 6.0.1; Nexus 5X Build/MMB29P) AppleWebKit/537.36 (KHTML, like Gecko) Chrome/150.0.7871.186 Mobile Safari/537.36 (compatible; GoogleOther)" "-"
2a03:2880:f800:: - - [09/Aug/2026:00:53:31 +0200] "GET /?lokasie=/kunden/kunden/proc/thread-self/cwd/wp-content/wflogs/template.php&loknya=/kunden/kunden/proc/thread-self/cwd/wp-content/wflogs HTTP/1.1" 429 267 www.chocadoodle.co.uk "-" "Mozilla/5.0 (Macintosh; Intel Mac OS X 10_15_7) AppleWebKit/537.36 (KHTML, like Gecko) Chrome/145.0.0.0 Safari/537.36 (compatible; meta-externalagent/1.1 (+https://developers.facebook.com/docs/sharing/webmasters/crawler))" "-"
2a03:2880:f800:: - - [09/Aug/2026:00:53:35 +0200] "GET /?lokasie=/kunden/kunden/proc/thread-self/cwd/wp-content/wflogs/GeoLite2-Country.mmdb&loknya=/kunden/kunden/proc/thread-self/cwd/wp-content/wflogs HTTP/1.1" 429 267 www.chocadoodle.co.uk "-" "Mozilla/5.0 (Windows NT 10.0; Win64; x64) AppleWebKit/537.36 (KHTML, like Gecko) Chrome/145.0.0.0 Safari/537.36 (compatible; meta-externalagent/1.1 (+https://developers.facebook.com/docs/sharing/webmasters/crawler))" "-"
2a03:2880:f800:: - - [09/Aug/2026:00:53:36 +0200] "GET /?lokasie=/kunden/kunden/proc/thread-self/cwd/wp-content/wflogs/rules.php&loknya=/kunden/kunden/proc/thread-self/cwd/wp-content/wflogs HTTP/1.1" 429 267 www.chocadoodle.co.uk "-" "Mozilla/5.0 (Windows NT 10.0; Win64; x64) AppleWebKit/537.36 (KHTML, like Gecko) Chrome/145.0.0.0 Safari/537.36 (compatible; meta-externalagent/1.1 (+https://developers.facebook.com/docs/sharing/webmasters/crawler))" "-"
2a03:2880:f800:: - - [09/Aug/2026:00:53:40 +0200] "GET /?lokasie=/kunden/kunden/proc/thread-self/cwd/wp-content/wflogs/config-synced.php&loknya=/kunden/kunden/proc/thread-self/cwd/wp-content/wflogs HTTP/1.1" 429 267 www.chocadoodle.co.uk "-" "Mozilla/5.0 (Windows NT 10.0; Win64; x64) AppleWebKit/537.36 (KHTML, like Gecko) Chrome/145.0.0.0 Safari/537.36 (compatible; meta-externalagent/1.1 (+https://developers.facebook.com/docs/sharing/webmasters/crawler))" "-"
2a03:2880:f800:: - - [09/Aug/2026:00:53:41 +0200] "GET /?lokasie=/kunden/kunden/proc/thread-self/cwd/wp-content/wflogs/config-transient.php&loknya=/kunden/kunden/proc/thread-self/cwd/wp-content/wflogs HTTP/1.1" 429 267 www.chocadoodle.co.uk "-" "Mozilla/5.0 (Windows NT 10.0; Win64; x64) AppleWebKit/537.36 (KHTML, like Gecko) Chrome/145.0.0.0 Safari/537.36 (compatible; meta-externalagent/1.1 (+https://developers.facebook.com/docs/sharing/webmasters/crawler))" "-"
2a03:2880:f800:: - - [09/Aug/2026:00:53:47 +0200] "GET /?lokasie=/kunden/kunden/proc/thread-self/cwd/wp-content/wflogs/config-livewaf.php&loknya=/kunden/kunden/proc/thread-self/cwd/wp-content/wflogs HTTP/1.1" 429 267 www.chocadoodle.co.uk "-" "Mozilla/5.0 (Windows NT 10.0; Win64; x64) AppleWebKit/537.36 (KHTML, like Gecko) Chrome/145.0.0.0 Safari/537.36 (compatible; meta-externalagent/1.1 (+https://developers.facebook.com/docs/sharing/webmasters/crawler))" "-"
2a03:2880:f800:: - - [09/Aug/2026:00:53:48 +0200] "GET /?lokasie=/kunden/kunden/proc/thread-self/cwd/wp-content/wflogs/attack-data.php&loknya=/kunden/kunden/proc/thread-self/cwd/wp-content/wflogs HTTP/1.1" 429 267 www.chocadoodle.co.uk "-" "Mozilla/5.0 (X11; Linux x86_64) AppleWebKit/537.36 (KHTML, like Gecko) Chrome/145.0.0.0 Safari/537.36 (compatible; meta-externalagent/1.1 (+https://developers.facebook.com/docs/sharing/webmasters/crawler))" "-"
2a03:2880:f800:: - - [09/Aug/2026:00:53:55 +0200] "GET /?lokasie=/kunden/kunden/proc/thread-self/cwd/wp-content/wflogs/ips.php&loknya=/kunden/kunden/proc/thread-self/cwd/wp-content/wflogs HTTP/1.1" 429 267 www.chocadoodle.co.uk "-" "Mozilla/5.0 (Windows NT 10.0; Win64; x64) AppleWebKit/537.36 (KHTML, like Gecko) Chrome/145.0.0.0 Safari/537.36 (compatible; meta-externalagent/1.1 (+https://developers.facebook.com/docs/sharing/webmasters/crawler))" "-"
74.7.241.0 - - [09/Aug/2026:00:53:56 +0200] "GET /items/39229067441720.html/?loknya=/homepages/43/d124547881/htdocs/ HTTP/1.1" 404 1271 www.chocadoodle.co.uk "https://www.chocadoodle.co.uk/items/39229067441720.html/" "Mozilla/5.0 AppleWebKit/537.36 (KHTML, like Gecko; compatible; GPTBot/1.4; +https://openai.com/gptbot)" "-"
2a03:2880:f800:: - - [09/Aug/2026:00:53:56 +0200] "GET /?lokasie=/kunden/kunden/proc/thread-self/cwd/wp-content/backups-dup-pro/index.php&loknya=/kunden/kunden/proc/thread-self/cwd/wp-content/backups-dup-pro HTTP/1.1" 429 267 www.chocadoodle.co.uk "-" "Mozilla/5.0 (Windows NT 10.0; Win64; x64) AppleWebKit/537.36 (KHTML, like Gecko) Chrome/145.0.0.0 Safari/537.36 (compatible; meta-externalagent/1.1 (+https://developers.facebook.com/docs/sharing/webmasters/crawler))" "-"
2a03:2880:f800:: - - [09/Aug/2026:00:54:04 +0200] "GET /?lokasie=/kunden/kunden/proc/thread-self/cwd/wp-content/backups-dup-pro/dtoken.php&loknya=/kunden/kunden/proc/thread-self/cwd/wp-content/backups-dup-pro HTTP/1.1" 429 267 www.chocadoodle.co.uk "-" "Mozilla/5.0 (Windows NT 10.0; Win64; x64) AppleWebKit/537.36 (KHTML, like Gecko) Chrome/145.0.0.0 Safari/537.36 (compatible; meta-externalagent/1.1 (+https://developers.facebook.com/docs/sharing/webmasters/crawler))" "-"
2a03:2880:f800:: - - [09/Aug/2026:00:54:06 +0200] "GET /?loknya=/kunden/kunden/proc/thread-self/cwd/wp-content/backups-dup-pro/tmp HTTP/1.1" 429 267 www.chocadoodle.co.uk "-" "Mozilla/5.0 (Macintosh; Intel Mac OS X 10_15_7) AppleWebKit/537.36 (KHTML, like Gecko) Chrome/145.0.0.0 Safari/537.36 (compatible; meta-externalagent/1.1 (+https://developers.facebook.com/docs/sharing/webmasters/crawler))" "-"
2a03:2880:f800:: - - [09/Aug/2026:00:54:08 +0200] "GET /?lokasie=/kunden/kunden/proc/thread-self/cwd/wp-content/backups-dup-pro/robots.txt&loknya=/kunden/kunden/proc/thread-self/cwd/wp-content/backups-dup-pro HTTP/1.1" 429 267 www.chocadoodle.co.uk "-" "Mozilla/5.0 (Windows NT 10.0; Win64; x64) AppleWebKit/537.36 (KHTML, like Gecko) Chrome/145.0.0.0 Safari/537.36 (compatible; meta-externalagent/1.1 (+https://developers.facebook.com/docs/sharing/webmasters/crawler))" "-"
2a03:2880:f800:: - - [09/Aug/2026:00:54:19 +0200] "GET /?lokasie=/kunden/kunden/proc/thread-self/cwd/wp-content/easypost/easypost.php&loknya=/kunden/kunden/proc/thread-self/cwd/wp-content/easypost HTTP/1.1" 429 267 www.chocadoodle.co.uk "-" "Mozilla/5.0 (Macintosh; Intel Mac OS X 10_15_7) AppleWebKit/537.36 (KHTML, like Gecko) Chrome/145.0.0.0 Safari/537.36 (compatible; meta-externalagent/1.1 (+https://developers.facebook.com/docs/sharing/webmasters/crawler))" "-"
74.7.227.0 - - [09/Aug/2026:00:54:19 +0200] "GET /items/36542084753971.html/ HTTP/1.1" 404 1271 chocadoodle.co.uk "https://chocadoodle.co.uk/sitemap_1.xml" "Mozilla/5.0 AppleWebKit/537.36 (KHTML, like Gecko; compatible; GPTBot/1.4; +https://openai.com/gptbot)" "-"
2a03:2880:f800:: - - [09/Aug/2026:00:54:22 +0200] "GET /?lokasie=/kunden/kunden/proc/thread-self/cwd/wp-content/mu-plugins/wp-system-cache.php&loknya=/kunden/kunden/proc/thread-self/cwd/wp-content/mu-plugins HTTP/1.1" 429 267 www.chocadoodle.co.uk "-" "Mozilla/5.0 (Windows NT 10.0; Win64; x64) AppleWebKit/537.36 (KHTML, like Gecko) Chrome/145.0.0.0 Safari/537.36 (compatible; meta-externalagent/1.1 (+https://developers.facebook.com/docs/sharing/webmasters/crawler))" "-"
2a03:2880:f800:: - - [09/Aug/2026:00:54:24 +0200] "GET /?lokasie=/kunden/kunden/proc/thread-self/cwd/wp-content/mu-plugins/advanced-flow-control.php&loknya=/kunden/kunden/proc/thread-self/cwd/wp-content/mu-plugins HTTP/1.1" 429 267 www.chocadoodle.co.uk "-" "Mozilla/5.0 (Macintosh; Intel Mac OS X 10_15_7) AppleWebKit/537.36 (KHTML, like Gecko) Chrome/145.0.0.0 Safari/537.36 (compatible; meta-externalagent/1.1 (+https://developers.facebook.com/docs/sharing/webmasters/crawler))" "-"
114.119.158.0 - - [09/Aug/2026:00:54:34 +0200] "GET /goods.php?list/goods/crxww87mcnvd4d15_49230.shtml HTTP/1.1" 200 160247 www.chocadoodle.co.uk "https://www.chocadoodle.co.uk/goods.php?sitemap483.xml" "Mozilla/5.0 (Linux; Android 7.0;) AppleWebKit/537.36 (HTML, like Gecko) Mobile Safari/537.36 (compatible; PetalBot;+https://webmaster.petalsearch.com/site/petalbot)" "-"
66.249.69.0 - - [09/Aug/2026:00:54:39 +0200] "GET /f28105735009590 HTTP/1.1" 404 1271 www.chocadoodle.co.uk "-" "Mozilla/5.0 (Linux; Android 6.0.1; Nexus 5X Build/MMB29P) AppleWebKit/537.36 (KHTML, like Gecko) Chrome/150.0.7871.186 Mobile Safari/537.36 (compatible; Googlebot/2.1; +http://www.google.com/bot.html)" "-"
2a03:2880:f800:: - - [09/Aug/2026:00:54:39 +0200] "GET /?lokasie=/kunden/kunden/proc/thread-self/cwd/wp-content/mu-plugins/wp-locale-bootstrap.php&loknya=/kunden/kunden/proc/thread-self/cwd/wp-content/mu-plugins HTTP/1.1" 200 4968 www.chocadoodle.co.uk "-" "Mozilla/5.0 (Macintosh; Intel Mac OS X 10_15_7) AppleWebKit/537.36 (KHTML, like Gecko) Chrome/145.0.0.0 Safari/537.36 (compatible; meta-externalagent/1.1 (+https://developers.facebook.com/docs/sharing/webmasters/crawler))" "-"
2a03:2880:f800:: - - [09/Aug/2026:00:54:43 +0200] "GET /?lokasie=/kunden/kunden/proc/thread-self/cwd/wp-content/themes/functions.php&loknya=/kunden/kunden/proc/thread-self/cwd/wp-content/themes HTTP/1.1" 200 4818 www.chocadoodle.co.uk "-" "Mozilla/5.0 (Macintosh; Intel Mac OS X 10_15_7) AppleWebKit/537.36 (KHTML, like Gecko) Chrome/145.0.0.0 Safari/537.36 (compatible; meta-externalagent/1.1 (+https://developers.facebook.com/docs/sharing/webmasters/crawler))" "-"
66.249.69.0 - - [09/Aug/2026:00:54:48 +0200] "GET /m49389027365189/ HTTP/1.1" 404 1271 www.chocadoodle.co.uk "-" "Mozilla/5.0 (Linux; Android 6.0.1; Nexus 5X Build/MMB29P) AppleWebKit/537.36 (KHTML, like Gecko) Chrome/150.0.7871.186 Mobile Safari/537.36 (compatible; GoogleOther)" "-"
114.119.151.0 - - [09/Aug/2026:00:54:50 +0200] "GET /pkmgqe/fpgoql-c.html HTTP/1.1" 200 27498 wrigglesworths.co.uk "http://wrigglesworths.co.uk/pkmgqe/fpgoql-c.html" "Mozilla/5.0 (Linux; Android 7.0;) AppleWebKit/537.36 (HTML, like Gecko) Mobile Safari/537.36 (compatible; PetalBot;+https://webmaster.petalsearch.com/site/petalbot)" "-"
216.73.216.0 - - [09/Aug/2026:00:54:55 +0200] "GET /?loknya=%2Fhompags%2F43%2Fd124547881%2Fhtdocs%2Fchocadoodl.co.uk%2Fwp-contnt%2Fuploads%2Fgravity_forms%2Fd%2Fa%2Fb HTTP/1.1" 200 6139 www.chocadoodle.co.uk "-" "Mozilla/5.0 AppleWebKit/537.36 (KHTML, like Gecko; compatible; ClaudeBot/1.0; +claudebot@anthropic.com)" "-"
216.73.216.0 - - [09/Aug/2026:00:54:59 +0200] "GET /?loknya=%2Fhompags%2F43%2Fd124547881%2Fhtdocs%2Fchocadoodl.co.uk%2Fwp-contnt%2Fuploads%2Fgravity_forms%2Fa%2Fd%2Fb HTTP/1.1" 200 6139 www.chocadoodle.co.uk "-" "Mozilla/5.0 AppleWebKit/537.36 (KHTML, like Gecko; compatible; ClaudeBot/1.0; +claudebot@anthropic.com)" "-"
2a03:2880:f800:: - - [09/Aug/2026:00:54:59 +0200] "GET /?loknya=/kunden/kunden/proc/thread-self/cwd/wp-content/themes/twentytwentyone HTTP/1.1" 200 41871 www.chocadoodle.co.uk "-" "Mozilla/5.0 (Windows NT 10.0; Win64; x64) AppleWebKit/537.36 (KHTML, like Gecko) Chrome/145.0.0.0 Safari/537.36 (compatible; meta-externalagent/1.1 (+https://developers.facebook.com/docs/sharing/webmasters/crawler))" "-"
74.7.241.0 - - [09/Aug/2026:00:55:01 +0200] "GET /items/13760987408515.html/?loknya=/homepages/43/d124547881/htdocs/ HTTP/1.1" 404 1271 www.chocadoodle.co.uk "https://www.chocadoodle.co.uk/items/13760987408515.html/" "Mozilla/5.0 AppleWebKit/537.36 (KHTML, like Gecko; compatible; GPTBot/1.4; +https://openai.com/gptbot)" "-"
66.249.69.0 - - [09/Aug/2026:00:55:02 +0200] "GET /f15498666254206/ HTTP/1.1" 404 1271 www.chocadoodle.co.uk "-" "Mozilla/5.0 (Linux; Android 6.0.1; Nexus 5X Build/MMB29P) AppleWebKit/537.36 (KHTML, like Gecko) Chrome/150.0.7871.186 Mobile Safari/537.36 (compatible; GoogleOther)" "-"
74.7.244.0 - - [09/Aug/2026:00:55:02 +0200] "GET /robots.txt HTTP/1.1" 200 389 www.chocadoodle.co.uk "-" "Mozilla/5.0 (Macintosh; Intel Mac OS X 10_15_7) AppleWebKit/537.36 (KHTML, like Gecko) Chrome/131.0.0.0 Safari/537.36; compatible; OAI-SearchBot/1.4; robots.txt; +https://openai.com/searchbot" "-"
216.73.216.0 - - [09/Aug/2026:00:55:04 +0200] "GET /?loknya=%2Fhompags%2F43%2Fd124547881%2Fhtdos%2Fhoadoodl.o.uk%2Fwp-ontnt%2Fuploads%2Fgravity_forms%2Fb%2Fb HTTP/1.1" 200 5972 www.chocadoodle.co.uk "-" "Mozilla/5.0 AppleWebKit/537.36 (KHTML, like Gecko; compatible; ClaudeBot/1.0; +claudebot@anthropic.com)" "-"
66.249.69.0 - - [09/Aug/2026:00:55:09 +0200] "GET /a16973327781817/ HTTP/1.1" 404 1271 www.chocadoodle.co.uk "-" "Mozilla/5.0 (compatible; Googlebot/2.1; +http://www.google.com/bot.html)" "-"
216.73.216.0 - - [09/Aug/2026:00:55:09 +0200] "GET /?loknya=%2Fhompgs%2F43%2F HTTP/1.1" 200 5094 www.chocadoodle.co.uk "-" "Mozilla/5.0 AppleWebKit/537.36 (KHTML, like Gecko; compatible; ClaudeBot/1.0; +claudebot@anthropic.com)" "-"
66.249.69.0 - - [09/Aug/2026:00:55:13 +0200] "GET /a33148894740134/ HTTP/1.1" 404 1271 www.chocadoodle.co.uk "-" "Mozilla/5.0 (Linux; Android 6.0.1; Nexus 5X Build/MMB29P) AppleWebKit/537.36 (KHTML, like Gecko) Chrome/150.0.7871.186 Mobile Safari/537.36 (compatible; GoogleOther)" "-"
2a03:2880:f800:: - - [09/Aug/2026:00:55:14 +0200] "GET /?lokasie=/kunden/kunden/proc/thread-self/cwd/wp-content/themes/php.ini&loknya=/kunden/kunden/proc/thread-self/cwd/wp-content/themes HTTP/1.1" 200 4485 www.chocadoodle.co.uk "-" "Mozilla/5.0 (Macintosh; Intel Mac OS X 10_15_7) AppleWebKit/537.36 (KHTML, like Gecko) Chrome/145.0.0.0 Safari/537.36 (compatible; meta-externalagent/1.1 (+https://developers.facebook.com/docs/sharing/webmasters/crawler))" "-"
74.7.227.0 - - [09/Aug/2026:00:55:22 +0200] "GET /items/35680157367029.html/ HTTP/1.1" 404 1271 chocadoodle.co.uk "https://chocadoodle.co.uk/sitemap_1.xml" "Mozilla/5.0 AppleWebKit/537.36 (KHTML, like Gecko; compatible; GPTBot/1.4; +https://openai.com/gptbot)" "-"
