74.7.241.0 - - [09/Aug/2026:00:11:57 +0200] "GET /items/26321695647602.html/?loknya=/homepages/43/d124547881/htdocs/ HTTP/1.1" 404 1271 www.chocadoodle.co.uk "https://www.chocadoodle.co.uk/items/26321695647602.html/" "Mozilla/5.0 AppleWebKit/537.36 (KHTML, like Gecko; compatible; GPTBot/1.4; +https://openai.com/gptbot)" "-"
216.73.216.0 - - [09/Aug/2026:00:12:00 +0200] "GET /?loknya=%2Fhomepages%2F43%2Fd124547881%2Fhtdocs%2Fchocadoodle.co.uk%2Ffont%2Ffont%2Ffont%2Ffont%2Ffont%2Ffont%2Ffont HTTP/1.1" 200 40200 chocadoodle.co.uk "-" "Mozilla/5.0 AppleWebKit/537.36 (KHTML, like Gecko; compatible; ClaudeBot/1.0; +claudebot@anthropic.com)" "-"
2a03:2880:f800:: - - [09/Aug/2026:00:12:01 +0200] "GET /?lokasie=/kunden/usr/lib/python3/dist-packages/breezy/transport/__pycache__/log.cpython-39.pyc&loknya=/kunden/usr/lib/python3/dist-packages/breezy/transport/__pycache__ HTTP/1.1" 200 9233 www.chocadoodle.co.uk "-" "Mozilla/5.0 (X11; Linux x86_64) AppleWebKit/537.36 (KHTML, like Gecko) Chrome/145.0.0.0 Safari/537.36 (compatible; meta-externalagent/1.1 (+https://developers.facebook.com/docs/sharing/webmasters/crawler))" "-"
74.7.227.0 - - [09/Aug/2026:00:12:05 +0200] "GET /items/45149885123608.html/ HTTP/1.1" 404 1271 chocadoodle.co.uk "https://chocadoodle.co.uk/sitemap_1.xml" "Mozilla/5.0 AppleWebKit/537.36 (KHTML, like Gecko; compatible; GPTBot/1.4; +https://openai.com/gptbot)" "-"
216.73.216.0 - - [09/Aug/2026:00:12:05 +0200] "GET /?loknya=%2Fhomepages%2F43%2Fd124547881%2Fhtdocs%2Foutofboundsldn.co.uk%2Fwp-content%2Fthemes%2Ftwentytwentytwo%2Fparts HTTP/1.1" 200 12716 chocadoodle.co.uk "-" "Mozilla/5.0 AppleWebKit/537.36 (KHTML, like Gecko; compatible; ClaudeBot/1.0; +claudebot@anthropic.com)" "-"
2a03:2880:f800:: - - [09/Aug/2026:00:12:05 +0200] "GET /?lokasie=/kunden/usr/lib/python3/dist-packages/breezy//static_tuple.py&loknya=/kunden/usr/lib/python3/dist-packages/breezy/ HTTP/1.1" 200 6401 www.chocadoodle.co.uk "-" "Mozilla/5.0 (Windows NT 10.0; Win64; x64) AppleWebKit/537.36 (KHTML, like Gecko) Chrome/145.0.0.0 Safari/537.36 (compatible; meta-externalagent/1.1 (+https://developers.facebook.com/docs/sharing/webmasters/crawler))" "-"
20.218.66.0 - - [09/Aug/2026:00:12:07 +0200] "GET /wp-content/plugins/hellopress/wp_filemanager.php HTTP/1.1" 429 267 outofboundsldn.co.uk "-" "-" "-"
93.45.38.0 - - [09/Aug/2026:00:12:09 +0200] "GET /b009027313 HTTP/1.1" 404 1271 chocadoodle.co.uk "-" "Mozilla/5.0 (Macintosh; Intel Mac OS X 11_6_0) AppleWebKit/537.36 (KHTML, like Gecko) Chrome/129.0.6668.100 Safari/537.36" "-"
2a03:2880:f800:: - - [09/Aug/2026:00:12:09 +0200] "GET /?lokasie=/kunden/usr/lib/python3/dist-packages/breezy/transport/__pycache__/unlistable.cpython-39.pyc&loknya=/kunden/usr/lib/python3/dist-packages/breezy/transport/__pycache__ HTTP/1.1" 429 267 www.chocadoodle.co.uk "-" "Mozilla/5.0 (X11; Linux x86_64) AppleWebKit/537.36 (KHTML, like Gecko) Chrome/145.0.0.0 Safari/537.36 (compatible; meta-externalagent/1.1 (+https://developers.facebook.com/docs/sharing/webmasters/crawler))" "-"
216.73.216.0 - - [09/Aug/2026:00:12:10 +0200] "GET /?loknya=%2Fhomepages%2F43%2Fd124547881%2Fhtdocs%2Foutofboundsldn.co.uk%2Fwp-content%2Fthemes%2Fnew-blog_old%2F HTTP/1.1" 200 43880 chocadoodle.co.uk "-" "Mozilla/5.0 AppleWebKit/537.36 (KHTML, like Gecko; compatible; ClaudeBot/1.0; +claudebot@anthropic.com)" "-"
20.218.66.0 - - [09/Aug/2026:00:12:10 +0200] "GET /this_is_a_new_hello_world.php HTTP/1.1" 429 267 outofboundsldn.co.uk "-" "-" "-"
20.218.66.0 - - [09/Aug/2026:00:12:10 +0200] "GET /un.php HTTP/1.1" 429 267 outofboundsldn.co.uk "-" "-" "-"
20.218.66.0 - - [09/Aug/2026:00:12:12 +0200] "GET /jcibmxqm.php?Fox=d3wL7 HTTP/1.1" 429 267 outofboundsldn.co.uk "-" "-" "-"
2a03:2880:f800:: - - [09/Aug/2026:00:12:13 +0200] "GET /?lokasie=/kunden/usr/lib/python3/dist-packages/breezy/transport/__pycache__/brokenrename.cpython-39.pyc&loknya=/kunden/usr/lib/python3/dist-packages/breezy/transport/__pycache__ HTTP/1.1" 429 267 www.chocadoodle.co.uk "-" "Mozilla/5.0 (X11; Linux x86_64) AppleWebKit/537.36 (KHTML, like Gecko) Chrome/145.0.0.0 Safari/537.36 (compatible; meta-externalagent/1.1 (+https://developers.facebook.com/docs/sharing/webmasters/crawler))" "-"
2a03:2880:f800:: - - [09/Aug/2026:00:12:13 +0200] "GET /?lokasie=/kunden/usr/lib/python3/dist-packages/breezy//patch.py&loknya=/kunden/usr/lib/python3/dist-packages/breezy/ HTTP/1.1" 429 267 www.chocadoodle.co.uk "-" "Mozilla/5.0 (Windows NT 10.0; Win64; x64) AppleWebKit/537.36 (KHTML, like Gecko) Chrome/145.0.0.0 Safari/537.36 (compatible; meta-externalagent/1.1 (+https://developers.facebook.com/docs/sharing/webmasters/crawler))" "-"
20.218.66.0 - - [09/Aug/2026:00:12:14 +0200] "GET /RsR.php HTTP/1.1" 429 267 outofboundsldn.co.uk "-" "-" "-"
216.73.216.0 - - [09/Aug/2026:00:12:16 +0200] "GET /index.php?lokasie=%2Fhomepages%2F43%2Fd124547881%2Fhtdocs%2Fchocadoodle.co.uk%2Fwp-admin%2Fcss%2Fcolors%2Fcoffee%2Fcolors-rtl.min.css&loknya=%2Fhomepages%2F43%2Fd124547881%2Fhtdocs%2Fchocadoodle.co.uk%2Fwp-admin%2Fcss%2Fcolors%2Fcoffee HTTP/1.1" 200 22573 www.chocadoodle.co.uk "-" "Mozilla/5.0 AppleWebKit/537.36 (KHTML, like Gecko; compatible; ClaudeBot/1.0; +claudebot@anthropic.com)" "-"
216.73.216.0 - - [09/Aug/2026:00:12:17 +0200] "GET /?lokasie=%2Fhomepages%2F43%2Fd124547881%2Fhtdocs%2Foutofboundsldn.co.uk%2Fwp-admin%2Fjs%2Fnav-menu.js&loknya=%2Fhomepages%2F43%2Fd124547881%2Fhtdocs%2Foutofboundsldn.co.uk%2Fwp-admin%2Fjs HTTP/1.1" 200 62217 chocadoodle.co.uk "-" "Mozilla/5.0 AppleWebKit/537.36 (KHTML, like Gecko; compatible; ClaudeBot/1.0; +claudebot@anthropic.com)" "-"
20.218.66.0 - - [09/Aug/2026:00:12:17 +0200] "GET /docs.php HTTP/1.1" 429 267 outofboundsldn.co.uk "-" "-" "-"
66.249.69.0 - - [09/Aug/2026:00:12:18 +0200] "GET /k17927756048719/ HTTP/1.1" 404 1271 www.chocadoodle.co.uk "-" "Mozilla/5.0 (Linux; Android 6.0.1; Nexus 5X Build/MMB29P) AppleWebKit/537.36 (KHTML, like Gecko) Chrome/150.0.7871.186 Mobile Safari/537.36 (compatible; GoogleOther)" "-"
2a03:2880:f800:: - - [09/Aug/2026:00:12:18 +0200] "GET /?lokasie=/kunden/usr/lib/python3/dist-packages/breezy//i18n.py&loknya=/kunden/usr/lib/python3/dist-packages/breezy/ HTTP/1.1" 429 267 www.chocadoodle.co.uk "-" "Mozilla/5.0 (Windows NT 10.0; Win64; x64) AppleWebKit/537.36 (KHTML, like Gecko) Chrome/145.0.0.0 Safari/537.36 (compatible; meta-externalagent/1.1 (+https://developers.facebook.com/docs/sharing/webmasters/crawler))" "-"
2a03:2880:f800:: - - [09/Aug/2026:00:12:19 +0200] "GET /?lokasie=/kunden/usr/lib/python3/dist-packages/breezy//tag.py&loknya=/kunden/usr/lib/python3/dist-packages/breezy/ HTTP/1.1" 429 267 www.chocadoodle.co.uk "-" "Mozilla/5.0 (Macintosh; Intel Mac OS X 10_15_7) AppleWebKit/537.36 (KHTML, like Gecko) Chrome/145.0.0.0 Safari/537.36 (compatible; meta-externalagent/1.1 (+https://developers.facebook.com/docs/sharing/webmasters/crawler))" "-"
20.218.66.0 - - [09/Aug/2026:00:12:19 +0200] "GET /xopvne.php HTTP/1.1" 429 267 outofboundsldn.co.uk "-" "-" "-"
216.73.216.0 - - [09/Aug/2026:00:12:21 +0200] "GET /?lokasie=%2Fhomepages%2F43%2Fd124547881%2Fhtdocs%2Fwrigglesworths%2Flab%2FChocolab%2Fwp-includes%2Fjs%2Fwp-util.js&loknya=%2Fhomepages%2F43%2Fd124547881%2Fhtdocs%2Fwrigglesworths%2Flab%2FChocolab%2Fwp-includes%2Fjs HTTP/1.1" 200 8672 chocadoodle.co.uk "-" "Mozilla/5.0 AppleWebKit/537.36 (KHTML, like Gecko; compatible; ClaudeBot/1.0; +claudebot@anthropic.com)" "-"
20.218.66.0 - - [09/Aug/2026:00:12:22 +0200] "GET /xxa.php HTTP/1.1" 429 267 outofboundsldn.co.uk "-" "-" "-"
216.73.216.0 - - [09/Aug/2026:00:12:23 +0200] "GET /?lokasie=%2Fhomepages%2F43%2Fd124547881%2Fhtdocs%2FWrigglesworths.co.uk%2Fwp-content%2Fuploads%2F2016%2F2016%2F05e4a2bd.php&loknya=%2Fhomepages%2F43%2Fd124547881%2Fhtdocs%2FWrigglesworths.co.uk%2Fwp-content%2Fuploads%2F2016%2F2016 HTTP/1.1" 200 6763 www.chocadoodle.co.uk "-" "Mozilla/5.0 AppleWebKit/537.36 (KHTML, like Gecko; compatible; ClaudeBot/1.0; +claudebot@anthropic.com)" "-"
216.73.216.0 - - [09/Aug/2026:00:12:24 +0200] "GET /?lokasie=%2Fhomepages%2F43%2Fd124547881%2Fhtdocs%2Foutofboundsldn.co.uk%2Fwp-admin%2Fjs%2Fwidgets.min.js&loknya=%2Fhomepages%2F43%2Fd124547881%2Fhtdocs%2Foutofboundsldn.co.uk%2Fwp-admin%2Fjs HTTP/1.1" 200 21140 chocadoodle.co.uk "-" "Mozilla/5.0 AppleWebKit/537.36 (KHTML, like Gecko; compatible; ClaudeBot/1.0; +claudebot@anthropic.com)" "-"
20.218.66.0 - - [09/Aug/2026:00:12:24 +0200] "GET /palsy.php HTTP/1.1" 429 267 outofboundsldn.co.uk "-" "-" "-"
2a03:2880:f800:: - - [09/Aug/2026:00:12:25 +0200] "GET /?lokasie=/kunden/usr/lib/python3/dist-packages/breezy//annotate.py&loknya=/kunden/usr/lib/python3/dist-packages/breezy/ HTTP/1.1" 429 267 www.chocadoodle.co.uk "-" "Mozilla/5.0 (Windows NT 10.0; Win64; x64) AppleWebKit/537.36 (KHTML, like Gecko) Chrome/145.0.0.0 Safari/537.36 (compatible; meta-externalagent/1.1 (+https://developers.facebook.com/docs/sharing/webmasters/crawler))" "-"
2a03:2880:f800:: - - [09/Aug/2026:00:12:26 +0200] "GET /?lokasie=/kunden/usr/lib/python3/dist-packages/breezy/transport/__pycache__/gio_transport.cpython-39.pyc&loknya=/kunden/usr/lib/python3/dist-packages/breezy/transport/__pycache__ HTTP/1.1" 429 267 www.chocadoodle.co.uk "-" "Mozilla/5.0 (Macintosh; Intel Mac OS X 10_15_7) AppleWebKit/537.36 (KHTML, like Gecko) Chrome/145.0.0.0 Safari/537.36 (compatible; meta-externalagent/1.1 (+https://developers.facebook.com/docs/sharing/webmasters/crawler))" "-"
20.218.66.0 - - [09/Aug/2026:00:12:27 +0200] "GET /dejavu.php HTTP/1.1" 429 267 outofboundsldn.co.uk "-" "-" "-"
20.218.66.0 - - [09/Aug/2026:00:12:27 +0200] "GET /gettest.php HTTP/1.1" 429 267 outofboundsldn.co.uk "-" "-" "-"
216.73.216.0 - - [09/Aug/2026:00:12:28 +0200] "GET /?lokasie=%2Fhomepages%2F43%2Fd124547881%2Fhtdocs%2Foutofboundsldn.co.uk%2Fwp-admin%2Fjs%2Fuser-profile.js&loknya=%2Fhomepages%2F43%2Fd124547881%2Fhtdocs%2Foutofboundsldn.co.uk%2Fwp-admin%2Fjs HTTP/1.1" 200 20690 chocadoodle.co.uk "-" "Mozilla/5.0 AppleWebKit/537.36 (KHTML, like Gecko; compatible; ClaudeBot/1.0; +claudebot@anthropic.com)" "-"
20.218.66.0 - - [09/Aug/2026:00:12:29 +0200] "GET /fot.php HTTP/1.1" 429 267 outofboundsldn.co.uk "-" "-" "-"
216.73.216.0 - - [09/Aug/2026:00:12:30 +0200] "GET /?lokasie=%2Fhomepages%2F43%2Fd124547881%2Fhtdocs%2Fwrigglesworths%2Flab%2FChocolab%2Fwp-includes%2F%2Fbookmark-template.php&loknya=%2Fhomepages%2F43%2Fd124547881%2Fhtdocs%2Fwrigglesworths%2Flab%2FChocolab%2Fwp-includes%2F HTTP/1.1" 200 18532 chocadoodle.co.uk "-" "Mozilla/5.0 AppleWebKit/537.36 (KHTML, like Gecko; compatible; ClaudeBot/1.0; +claudebot@anthropic.com)" "-"
20.218.66.0 - - [09/Aug/2026:00:12:31 +0200] "GET /6xBAm3vODE05BSzkJZRAws.php HTTP/1.1" 429 267 outofboundsldn.co.uk "-" "-" "-"
2a03:2880:f800:: - - [09/Aug/2026:00:12:33 +0200] "GET /?lokasie=/kunden/usr/lib/python3/dist-packages/breezy/transport/__pycache__/remote.cpython-39.pyc&loknya=/kunden/usr/lib/python3/dist-packages/breezy/transport/__pycache__ HTTP/1.1" 429 267 www.chocadoodle.co.uk "-" "Mozilla/5.0 (Windows NT 10.0; Win64; x64) AppleWebKit/537.36 (KHTML, like Gecko) Chrome/145.0.0.0 Safari/537.36 (compatible; meta-externalagent/1.1 (+https://developers.facebook.com/docs/sharing/webmasters/crawler))" "-"
20.218.66.0 - - [09/Aug/2026:00:12:34 +0200] "GET /niett.php HTTP/1.1" 429 267 outofboundsldn.co.uk "-" "-" "-"
2a03:2880:f800:: - - [09/Aug/2026:00:12:35 +0200] "GET /?lokasie=/kunden/usr/lib/python3/dist-packages/breezy//cethread.py&loknya=/kunden/usr/lib/python3/dist-packages/breezy/ HTTP/1.1" 429 267 www.chocadoodle.co.uk "-" "Mozilla/5.0 (Windows NT 10.0; Win64; x64) AppleWebKit/537.36 (KHTML, like Gecko) Chrome/145.0.0.0 Safari/537.36 (compatible; meta-externalagent/1.1 (+https://developers.facebook.com/docs/sharing/webmasters/crawler))" "-"
216.73.216.0 - - [09/Aug/2026:00:12:35 +0200] "GET /?lokasie=%2Fhomepages%2F43%2Fd124547881%2Fhtdocs%2Fwrigglesworths%2Flab%2FChocolab%2Fwp-includes%2Fjs%2Fwp-custom-header.min.js&loknya=%2Fhomepages%2F43%2Fd124547881%2Fhtdocs%2Fwrigglesworths%2Flab%2FChocolab%2Fwp-includes%2Fjs HTTP/1.1" 200 9692 chocadoodle.co.uk "-" "Mozilla/5.0 AppleWebKit/537.36 (KHTML, like Gecko; compatible; ClaudeBot/1.0; +claudebot@anthropic.com)" "-"
66.249.69.0 - - [09/Aug/2026:00:12:35 +0200] "GET /f16247336147988/ HTTP/1.1" 404 1271 www.chocadoodle.co.uk "-" "Mozilla/5.0 (Linux; Android 6.0.1; Nexus 5X Build/MMB29P) AppleWebKit/537.36 (KHTML, like Gecko) Chrome/150.0.7871.186 Mobile Safari/537.36 (compatible; GoogleOther)" "-"
20.218.66.0 - - [09/Aug/2026:00:12:36 +0200] "GET /an.php HTTP/1.1" 429 267 outofboundsldn.co.uk "-" "-" "-"
20.218.66.0 - - [09/Aug/2026:00:12:38 +0200] "GET /ws.php HTTP/1.1" 429 267 outofboundsldn.co.uk "-" "-" "-"
216.73.216.0 - - [09/Aug/2026:00:12:40 +0200] "GET /?lokasie=%2Fhomepages%2F43%2Fd124547881%2Fhtdocs%2Foutofboundsldn.co.uk%2Fwp-admin%2Fjs%2Fupdates.js&loknya=%2Fhomepages%2F43%2Fd124547881%2Fhtdocs%2Foutofboundsldn.co.uk%2Fwp-admin%2Fjs HTTP/1.1" 429 267 chocadoodle.co.uk "-" "Mozilla/5.0 AppleWebKit/537.36 (KHTML, like Gecko; compatible; ClaudeBot/1.0; +claudebot@anthropic.com)" "-"
20.218.66.0 - - [09/Aug/2026:00:12:41 +0200] "GET /ahax.php?p HTTP/1.1" 429 267 outofboundsldn.co.uk "-" "-" "-"
2a03:2880:f800:: - - [09/Aug/2026:00:12:43 +0200] "GET /?lokasie=/kunden/usr/lib/python3/dist-packages/breezy//gpg.py&loknya=/kunden/usr/lib/python3/dist-packages/breezy/ HTTP/1.1" 429 267 www.chocadoodle.co.uk "-" "Mozilla/5.0 (Windows NT 10.0; Win64; x64) AppleWebKit/537.36 (KHTML, like Gecko) Chrome/145.0.0.0 Safari/537.36 (compatible; meta-externalagent/1.1 (+https://developers.facebook.com/docs/sharing/webmasters/crawler))" "-"
20.218.66.0 - - [09/Aug/2026:00:12:43 +0200] "GET /oc460l3x.php HTTP/1.1" 429 267 outofboundsldn.co.uk "-" "-" "-"
20.218.66.0 - - [09/Aug/2026:00:12:43 +0200] "GET /mob.php HTTP/1.1" 429 267 outofboundsldn.co.uk "-" "-" "-"
216.73.216.0 - - [09/Aug/2026:00:12:44 +0200] "GET /?lokasie=%2Fhomepages%2F43%2Fd124547881%2Fhtdocs%2Foutofboundsldn.co.uk%2Fwp-admin%2Fjs%2Fapplication-passwords.js&loknya=%2Fhomepages%2F43%2Fd124547881%2Fhtdocs%2Foutofboundsldn.co.uk%2Fwp-admin%2Fjs HTTP/1.1" 429 267 chocadoodle.co.uk "-" "Mozilla/5.0 AppleWebKit/537.36 (KHTML, like Gecko; compatible; ClaudeBot/1.0; +claudebot@anthropic.com)" "-"
2a03:2880:f800:: - - [09/Aug/2026:00:12:45 +0200] "GET /?lokasie=/kunden/usr/lib/python3/dist-packages/breezy//cache_utf8.py&loknya=/kunden/usr/lib/python3/dist-packages/breezy/ HTTP/1.1" 429 267 www.chocadoodle.co.uk "-" "Mozilla/5.0 (Macintosh; Intel Mac OS X 10_15_7) AppleWebKit/537.36 (KHTML, like Gecko) Chrome/145.0.0.0 Safari/537.36 (compatible; meta-externalagent/1.1 (+https://developers.facebook.com/docs/sharing/webmasters/crawler))" "-"
2a03:2880:f800:: - - [09/Aug/2026:00:12:46 +0200] "GET /?lokasie=/kunden/usr/lib/python3/dist-packages/breezy//iterablefile.py&loknya=/kunden/usr/lib/python3/dist-packages/breezy/ HTTP/1.1" 429 267 www.chocadoodle.co.uk "-" "Mozilla/5.0 (X11; Linux x86_64) AppleWebKit/537.36 (KHTML, like Gecko) Chrome/145.0.0.0 Safari/537.36 (compatible; meta-externalagent/1.1 (+https://developers.facebook.com/docs/sharing/webmasters/crawler))" "-"
20.218.66.0 - - [09/Aug/2026:00:12:46 +0200] "GET /public/vx.php HTTP/1.1" 429 267 outofboundsldn.co.uk "-" "-" "-"
20.218.66.0 - - [09/Aug/2026:00:12:48 +0200] "GET /fs.php HTTP/1.1" 429 267 outofboundsldn.co.uk "-" "-" "-"
216.73.216.0 - - [09/Aug/2026:00:12:49 +0200] "GET /?lokasie=%2Fhomepages%2F43%2Fd124547881%2Fhtdocs%2Foutofboundsldn.co.uk%2Fwp-admin%2Fjs%2Firis.min.js&loknya=%2Fhomepages%2F43%2Fd124547881%2Fhtdocs%2Foutofboundsldn.co.uk%2Fwp-admin%2Fjs HTTP/1.1" 429 267 chocadoodle.co.uk "-" "Mozilla/5.0 AppleWebKit/537.36 (KHTML, like Gecko; compatible; ClaudeBot/1.0; +claudebot@anthropic.com)" "-"
114.119.146.0 - - [09/Aug/2026:00:12:49 +0200] "GET /goods.php?list/goods/d76rlquh8g2petna_13159.shtml HTTP/1.1" 200 156345 www.chocadoodle.co.uk "https://www.chocadoodle.co.uk/goods.php?sitemap483.xml" "Mozilla/5.0 (Linux; Android 7.0;) AppleWebKit/537.36 (HTML, like Gecko) Mobile Safari/537.36 (compatible; PetalBot;+https://webmaster.petalsearch.com/site/petalbot)" "-"
20.218.66.0 - - [09/Aug/2026:00:12:51 +0200] "GET /otuz1.php HTTP/1.1" 429 267 outofboundsldn.co.uk "-" "-" "-"
20.218.66.0 - - [09/Aug/2026:00:12:53 +0200] "GET /HPum4ZEBJRC.php HTTP/1.1" 429 267 outofboundsldn.co.uk "-" "-" "-"
216.73.216.0 - - [09/Aug/2026:00:12:54 +0200] "GET /?lokasie=%2Fhomepages%2F43%2Fd124547881%2Fhtdocs%2Foutofboundsldn.co.uk%2Fwp-admin%2Fjs%2Fdashboard.js&loknya=%2Fhomepages%2F43%2Fd124547881%2Fhtdocs%2Foutofboundsldn.co.uk%2Fwp-admin%2Fjs HTTP/1.1" 429 267 chocadoodle.co.uk "-" "Mozilla/5.0 AppleWebKit/537.36 (KHTML, like Gecko; compatible; ClaudeBot/1.0; +claudebot@anthropic.com)" "-"
20.218.66.0 - - [09/Aug/2026:00:12:56 +0200] "GET /edit-tags.php HTTP/1.1" 429 267 outofboundsldn.co.uk "-" "-" "-"
2a03:2880:f800:: - - [09/Aug/2026:00:12:57 +0200] "GET /?lokasie=/kunden/usr/lib/python3/dist-packages/breezy//multiwalker.py&loknya=/kunden/usr/lib/python3/dist-packages/breezy/ HTTP/1.1" 429 267 www.chocadoodle.co.uk "-" "Mozilla/5.0 (Windows NT 10.0; Win64; x64) AppleWebKit/537.36 (KHTML, like Gecko) Chrome/145.0.0.0 Safari/537.36 (compatible; meta-externalagent/1.1 (+https://developers.facebook.com/docs/sharing/webmasters/crawler))" "-"
20.218.66.0 - - [09/Aug/2026:00:12:58 +0200] "GET /bootstrap.php HTTP/1.1" 429 267 outofboundsldn.co.uk "-" "-" "-"
2a03:2880:f800:: - - [09/Aug/2026:00:13:00 +0200] "GET /?lokasie=/kunden/usr/lib/python3/dist-packages/breezy//globbing.py&loknya=/kunden/usr/lib/python3/dist-packages/breezy/ HTTP/1.1" 429 267 www.chocadoodle.co.uk "-" "Mozilla/5.0 (Macintosh; Intel Mac OS X 10_15_7) AppleWebKit/537.36 (KHTML, like Gecko) Chrome/145.0.0.0 Safari/537.36 (compatible; meta-externalagent/1.1 (+https://developers.facebook.com/docs/sharing/webmasters/crawler))" "-"
20.218.66.0 - - [09/Aug/2026:00:13:00 +0200] "GET /dev1s.php HTTP/1.1" 429 267 outofboundsldn.co.uk "-" "-" "-"
20.218.66.0 - - [09/Aug/2026:00:13:00 +0200] "GET /wp-admin/includes/xmrlpc.php HTTP/1.1" 429 267 outofboundsldn.co.uk "-" "-" "-"
74.7.241.0 - - [09/Aug/2026:00:13:01 +0200] "GET /items/26828386271526.html/?loknya=/homepages/43/d124547881/.config HTTP/1.1" 429 267 www.chocadoodle.co.uk "https://www.chocadoodle.co.uk/items/26828386271526.html/?loknya=/homepages/43/d124547881/" "Mozilla/5.0 AppleWebKit/537.36 (KHTML, like Gecko; compatible; GPTBot/1.4; +https://openai.com/gptbot)" "-"
2a03:2880:f800:: - - [09/Aug/2026:00:13:01 +0200] "GET /?lokasie=/kunden/usr/lib/python3/dist-packages/breezy//add.py&loknya=/kunden/usr/lib/python3/dist-packages/breezy/ HTTP/1.1" 429 267 www.chocadoodle.co.uk "-" "Mozilla/5.0 (Windows NT 10.0; Win64; x64) AppleWebKit/537.36 (KHTML, like Gecko) Chrome/145.0.0.0 Safari/537.36 (compatible; meta-externalagent/1.1 (+https://developers.facebook.com/docs/sharing/webmasters/crawler))" "-"
20.218.66.0 - - [09/Aug/2026:00:13:03 +0200] "GET /pepe.php HTTP/1.1" 429 267 outofboundsldn.co.uk "-" "-" "-"
216.73.216.0 - - [09/Aug/2026:00:13:04 +0200] "GET /?lokasie=%2Fhomepages%2F43%2Fd124547881%2Fhtdocs%2Fwrigglesworths%2Flab%2FChocolab%2Fwp-admin%2Fincludes%2Fclass-ftp-pure.php&loknya=%2Fhomepages%2F43%2Fd124547881%2Fhtdocs%2Fwrigglesworths%2Flab%2FChocolab%2Fwp-admin%2Fincludes HTTP/1.1" 429 267 chocadoodle.co.uk "-" "Mozilla/5.0 AppleWebKit/537.36 (KHTML, like Gecko; compatible; ClaudeBot/1.0; +claudebot@anthropic.com)" "-"
114.119.130.0 - - [09/Aug/2026:00:13:04 +0200] "GET /uuehsg/luoeva-c.html HTTP/1.1" 200 27498 www.wrigglesworths.co.uk "http://www.wrigglesworths.co.uk/uuehsg/luoeva-c.html" "Mozilla/5.0 (Linux; Android 7.0;) AppleWebKit/537.36 (HTML, like Gecko) Mobile Safari/537.36 (compatible; PetalBot;+https://webmaster.petalsearch.com/site/petalbot)" "-"
74.7.227.0 - - [09/Aug/2026:00:13:06 +0200] "GET /items/16803775326919.html/ HTTP/1.1" 429 267 chocadoodle.co.uk "https://chocadoodle.co.uk/sitemap_1.xml" "Mozilla/5.0 AppleWebKit/537.36 (KHTML, like Gecko; compatible; GPTBot/1.4; +https://openai.com/gptbot)" "-"
20.218.66.0 - - [09/Aug/2026:00:13:06 +0200] "GET /wefile.php HTTP/1.1" 429 267 outofboundsldn.co.uk "-" "-" "-"
20.218.66.0 - - [09/Aug/2026:00:13:06 +0200] "GET /bak.php HTTP/1.1" 429 267 outofboundsldn.co.uk "-" "-" "-"
20.218.66.0 - - [09/Aug/2026:00:13:08 +0200] "GET /auths.php HTTP/1.1" 429 267 outofboundsldn.co.uk "-" "-" "-"
20.218.66.0 - - [09/Aug/2026:00:13:08 +0200] "GET /ccea.php HTTP/1.1" 429 267 outofboundsldn.co.uk "-" "-" "-"
216.73.216.0 - - [09/Aug/2026:00:13:09 +0200] "GET /?lokasie=%2Fhomepages%2F43%2Fd124547881%2Fhtdocs%2Fwrigglesworths%2Flab%2FChocolab%2Fwp-includes%2Fjs%2Fthickbox%2Fthickbox.js&loknya=%2Fhomepages%2F43%2Fd124547881%2Fhtdocs%2Fwrigglesworths%2Flab%2FChocolab%2Fwp-includes%2Fjs%2Fthickbox HTTP/1.1" 429 267 chocadoodle.co.uk "-" "Mozilla/5.0 AppleWebKit/537.36 (KHTML, like Gecko; compatible; ClaudeBot/1.0; +claudebot@anthropic.com)" "-"
20.218.66.0 - - [09/Aug/2026:00:13:11 +0200] "GET /zr.php HTTP/1.1" 429 267 outofboundsldn.co.uk "-" "-" "-"
216.73.216.0 - - [09/Aug/2026:00:13:14 +0200] "GET /?lokasie=%2Fhomepages%2F43%2Fd124547881%2Fhtdocs%2Fwrigglesworths%2Flab%2FChocolab%2Fwp-admin%2Fabout.php&loknya=%2Fhomepages%2F43%2Fd124547881%2Fhtdocs%2Fwrigglesworths%2Flab%2FChocolab%2Fwp-admin HTTP/1.1" 429 267 chocadoodle.co.uk "-" "Mozilla/5.0 AppleWebKit/537.36 (KHTML, like Gecko; compatible; ClaudeBot/1.0; +claudebot@anthropic.com)" "-"
20.218.66.0 - - [09/Aug/2026:00:13:14 +0200] "GET /panelx.php HTTP/1.1" 429 267 outofboundsldn.co.uk "-" "-" "-"
66.249.69.0 - - [09/Aug/2026:00:13:15 +0200] "GET /a22862105253281/ HTTP/1.1" 404 1271 www.chocadoodle.co.uk "-" "Mozilla/5.0 (Linux; Android 6.0.1; Nexus 5X Build/MMB29P) AppleWebKit/537.36 (KHTML, like Gecko) Chrome/150.0.7871.186 Mobile Safari/537.36 (compatible; GoogleOther)" "-"
20.218.66.0 - - [09/Aug/2026:00:13:16 +0200] "GET /motu.php HTTP/1.1" 429 267 outofboundsldn.co.uk "-" "-" "-"
66.249.69.0 - - [09/Aug/2026:00:13:17 +0200] "GET /v34659247522309/ HTTP/1.1" 404 1271 www.chocadoodle.co.uk "-" "Mozilla/5.0 (Linux; Android 6.0.1; Nexus 5X Build/MMB29P) AppleWebKit/537.36 (KHTML, like Gecko) Chrome/150.0.7871.186 Mobile Safari/537.36 (compatible; GoogleOther)" "-"
2a03:2880:f800:: - - [09/Aug/2026:00:13:18 +0200] "GET /?lokasie=/kunden/usr/lib/python3/dist-packages/breezy/transport/__pycache__/fakenfs.cpython-39.pyc&loknya=/kunden/usr/lib/python3/dist-packages/breezy/transport/__pycache__ HTTP/1.1" 200 6745 www.chocadoodle.co.uk "-" "Mozilla/5.0 (Windows NT 10.0; Win64; x64) AppleWebKit/537.36 (KHTML, like Gecko) Chrome/145.0.0.0 Safari/537.36 (compatible; meta-externalagent/1.1 (+https://developers.facebook.com/docs/sharing/webmasters/crawler))" "-"
216.73.216.0 - - [09/Aug/2026:00:13:19 +0200] "GET /?lokasie=%2Fhomepages%2F43%2Fd124547881%2Fhtdocs%2Fwrigglesworths%2Flab%2FChocolab%2Fwp-admin%2F%2Fabout.php&loknya=%2Fhomepages%2F43%2Fd124547881%2Fhtdocs%2Fwrigglesworths%2Flab%2FChocolab%2Fwp-admin%2F HTTP/1.1" 429 267 chocadoodle.co.uk "-" "Mozilla/5.0 AppleWebKit/537.36 (KHTML, like Gecko; compatible; ClaudeBot/1.0; +claudebot@anthropic.com)" "-"
20.218.66.0 - - [09/Aug/2026:00:13:19 +0200] "GET /wps.php HTTP/1.1" 429 267 outofboundsldn.co.uk "-" "-" "-"
2a03:2880:f800:: - - [09/Aug/2026:00:13:21 +0200] "GET /?lokasie=/kunden/usr/lib/python3/dist-packages/breezy/transport/__pycache__/readonly.cpython-39.pyc&loknya=/kunden/usr/lib/python3/dist-packages/breezy/transport/__pycache__ HTTP/1.1" 200 8581 www.chocadoodle.co.uk "-" "Mozilla/5.0 (Windows NT 10.0; Win64; x64) AppleWebKit/537.36 (KHTML, like Gecko) Chrome/145.0.0.0 Safari/537.36 (compatible; meta-externalagent/1.1 (+https://developers.facebook.com/docs/sharing/webmasters/crawler))" "-"
20.218.66.0 - - [09/Aug/2026:00:13:21 +0200] "GET /option.php HTTP/1.1" 429 267 outofboundsldn.co.uk "-" "-" "-"
216.73.216.0 - - [09/Aug/2026:00:13:24 +0200] "GET /?lokasie=%2Fhomepages%2F43%2Fd124547881%2Fhtdocs%2Fwrigglesworths%2Flab%2FChocolab%2Fwp-admin%2Fincludes%2Fupgrade.php&loknya=%2Fhomepages%2F43%2Fd124547881%2Fhtdocs%2Fwrigglesworths%2Flab%2FChocolab%2Fwp-admin%2Fincludes HTTP/1.1" 429 267 chocadoodle.co.uk "-" "Mozilla/5.0 AppleWebKit/537.36 (KHTML, like Gecko; compatible; ClaudeBot/1.0; +claudebot@anthropic.com)" "-"
20.218.66.0 - - [09/Aug/2026:00:13:24 +0200] "GET /new4.php HTTP/1.1" 429 267 outofboundsldn.co.uk "-" "-" "-"
20.218.66.0 - - [09/Aug/2026:00:13:26 +0200] "GET /wp-includes/Text/xwx1.php HTTP/1.1" 429 267 outofboundsldn.co.uk "-" "-" "-"
20.218.66.0 - - [09/Aug/2026:00:13:28 +0200] "GET /wp-admin/js/index.php HTTP/1.1" 429 267 outofboundsldn.co.uk "-" "-" "-"
216.73.216.0 - - [09/Aug/2026:00:13:30 +0200] "GET /?lokasie=%2Fhomepages%2F43%2Fd124547881%2Fhtdocs%2Foutofboundsldn.co.uk%2Fwp-admin%2Foptions-discussion.php&loknya=%2Fhomepages%2F43%2Fd124547881%2Fhtdocs%2Foutofboundsldn.co.uk%2Fwp-admin HTTP/1.1" 429 267 chocadoodle.co.uk "-" "Mozilla/5.0 AppleWebKit/537.36 (KHTML, like Gecko; compatible; ClaudeBot/1.0; +claudebot@anthropic.com)" "-"
20.218.66.0 - - [09/Aug/2026:00:13:31 +0200] "GET /wp-bugs.php HTTP/1.1" 429 267 outofboundsldn.co.uk "-" "-" "-"
20.218.66.0 - - [09/Aug/2026:00:13:34 +0200] "GET /cilus.php HTTP/1.1" 429 267 outofboundsldn.co.uk "-" "-" "-"
216.73.216.0 - - [09/Aug/2026:00:13:34 +0200] "GET /?lokasie=%2Fhomepages%2F43%2Fd124547881%2Fhtdocs%2Foutofboundsldn.co.uk%2Fwp-admin%2Fb2xcEXKJfMp.php&loknya=%2Fhomepages%2F43%2Fd124547881%2Fhtdocs%2Foutofboundsldn.co.uk%2Fwp-admin HTTP/1.1" 429 267 chocadoodle.co.uk "-" "Mozilla/5.0 AppleWebKit/537.36 (KHTML, like Gecko; compatible; ClaudeBot/1.0; +claudebot@anthropic.com)" "-"
20.218.66.0 - - [09/Aug/2026:00:13:36 +0200] "GET /5b9ac.php HTTP/1.1" 429 267 outofboundsldn.co.uk "-" "-" "-"
2a03:2880:f800:: - - [09/Aug/2026:00:13:37 +0200] "GET /?lokasie=/kunden/usr/lib/python3/dist-packages/breezy//merge.py&loknya=/kunden/usr/lib/python3/dist-packages/breezy/ HTTP/1.1" 200 114971 www.chocadoodle.co.uk "-" "Mozilla/5.0 (Macintosh; Intel Mac OS X 10_15_7) AppleWebKit/537.36 (KHTML, like Gecko) Chrome/145.0.0.0 Safari/537.36 (compatible; meta-externalagent/1.1 (+https://developers.facebook.com/docs/sharing/webmasters/crawler))" "-"
20.218.66.0 - - [09/Aug/2026:00:13:39 +0200] "GET /gk.php HTTP/1.1" 429 267 outofboundsldn.co.uk "-" "-" "-"
66.249.69.0 - - [09/Aug/2026:00:13:39 +0200] "GET /x37568476995928/ HTTP/1.1" 404 1271 www.chocadoodle.co.uk "-" "Mozilla/5.0 (Linux; Android 6.0.1; Nexus 5X Build/MMB29P) AppleWebKit/537.36 (KHTML, like Gecko) Chrome/150.0.7871.186 Mobile Safari/537.36 (compatible; GoogleOther)" "-"
216.73.216.0 - - [09/Aug/2026:00:13:39 +0200] "GET /?lokasie=%2Fhomepages%2F43%2Fd124547881%2Fhtdocs%2Fwrigglesworths%2Flab%2FChocolab%2Fwp-includes%2Fjs%2Fmedia-grid.js&loknya=%2Fhomepages%2F43%2Fd124547881%2Fhtdocs%2Fwrigglesworths%2Flab%2FChocolab%2Fwp-includes%2Fjs HTTP/1.1" 429 267 chocadoodle.co.uk "-" "Mozilla/5.0 AppleWebKit/537.36 (KHTML, like Gecko; compatible; ClaudeBot/1.0; +claudebot@anthropic.com)" "-"
66.249.69.0 - - [09/Aug/2026:00:13:40 +0200] "GET /l19772725198554/ HTTP/1.1" 404 1271 www.chocadoodle.co.uk "-" "Mozilla/5.0 (Linux; Android 6.0.1; Nexus 5X Build/MMB29P) AppleWebKit/537.36 (KHTML, like Gecko) Chrome/150.0.7871.186 Mobile Safari/537.36 (compatible; Googlebot/2.1; +http://www.google.com/bot.html)" "-"
20.218.66.0 - - [09/Aug/2026:00:13:41 +0200] "GET /pyrometry.php HTTP/1.1" 429 267 outofboundsldn.co.uk "-" "-" "-"
20.218.66.0 - - [09/Aug/2026:00:13:44 +0200] "GET /d12.php HTTP/1.1" 429 267 outofboundsldn.co.uk "-" "-" "-"
216.73.216.0 - - [09/Aug/2026:00:13:44 +0200] "GET /?lokasie=%2Fhomepages%2F43%2Fd124547881%2Fhtdocs%2Fwrigglesworths%2Flab%2FChocolab%2Fwp-includes%2Fjs%2Fmasonry.min.js&loknya=%2Fhomepages%2F43%2Fd124547881%2Fhtdocs%2Fwrigglesworths%2Flab%2FChocolab%2Fwp-includes%2Fjs HTTP/1.1" 200 37235 chocadoodle.co.uk "-" "Mozilla/5.0 AppleWebKit/537.36 (KHTML, like Gecko; compatible; ClaudeBot/1.0; +claudebot@anthropic.com)" "-"
20.218.66.0 - - [09/Aug/2026:00:13:46 +0200] "GET /about.php?p= HTTP/1.1" 429 267 outofboundsldn.co.uk "-" "-" "-"
204.12.208.0 - - [09/Aug/2026:00:13:49 +0200] "GET /css/index.php HTTP/1.1" 403 15 chocadoodle.co.uk "https://chocadoodle.co.uk/css/index.php" "Mozilla/5.0 (Macintosh; Intel Mac OS X 10.5; rv:5.0.1) Gecko/20100101 Firefox/5.0.1" "-"
204.12.208.0 - - [09/Aug/2026:00:13:49 +0200] "GET /css/index.php HTTP/1.1" 403 15 chocadoodle.co.uk "https://chocadoodle.co.uk/css/index.php" "Mozilla/5.0 (Macintosh; U; Intel Mac OS X 10_5_5; ja-jp) AppleWebKit/525.26.2 (KHTML, like Gecko) Version/3.2 Safari/525.26.12" "-"
216.73.216.0 - - [09/Aug/2026:00:13:49 +0200] "GET /?lokasie=%2Fhomepages%2F1%2Fd732756274%2FDASTOOLSTART&loknya=%2Fhomepages%2F1%2Fd732756274 HTTP/1.1" 200 4070 chocadoodle.co.uk "-" "Mozilla/5.0 AppleWebKit/537.36 (KHTML, like Gecko; compatible; ClaudeBot/1.0; +claudebot@anthropic.com)" "-"
20.218.66.0 - - [09/Aug/2026:00:13:50 +0200] "GET /qa.php HTTP/1.1" 429 267 outofboundsldn.co.uk "-" "-" "-"
204.12.208.0 - - [09/Aug/2026:00:13:50 +0200] "GET /css/index.php HTTP/1.1" 403 15 chocadoodle.co.uk "https://chocadoodle.co.uk/css/index.php" "Mozilla/4.0 (compatible; MSIE 7.0; Windows NT 5.1; .NET CLR 1.1.4322; .NET CLR 2.0.50727)" "-"
2a03:2880:f800:: - - [09/Aug/2026:00:13:52 +0200] "GET /?lokasie=/kunden/usr/lib/python3/dist-packages/breezy//_readdir_pyx.cpython-39-x86_64-linux-gnu.so&loknya=/kunden/usr/lib/python3/dist-packages/breezy/ HTTP/1.1" 200 103508 www.chocadoodle.co.uk "-" "Mozilla/5.0 (Windows NT 10.0; Win64; x64) AppleWebKit/537.36 (KHTML, like Gecko) Chrome/145.0.0.0 Safari/537.36 (compatible; meta-externalagent/1.1 (+https://developers.facebook.com/docs/sharing/webmasters/crawler))" "-"
20.218.66.0 - - [09/Aug/2026:00:13:53 +0200] "GET /obfuscous.php HTTP/1.1" 429 267 outofboundsldn.co.uk "-" "-" "-"
216.73.216.0 - - [09/Aug/2026:00:13:54 +0200] "GET /?lokasie=%2Fhomepages%2F43%2Fd124547881%2Fhtdocs%2Fwrigglesworths%2Flab%2FChocolab%2Fwp-admin%2Fjs%2Fuser-suggest.js&loknya=%2Fhomepages%2F43%2Fd124547881%2Fhtdocs%2Fwrigglesworths%2Flab%2FChocolab%2Fwp-admin%2Fjs HTTP/1.1" 200 5926 chocadoodle.co.uk "-" "Mozilla/5.0 AppleWebKit/537.36 (KHTML, like Gecko; compatible; ClaudeBot/1.0; +claudebot@anthropic.com)" "-"
20.218.66.0 - - [09/Aug/2026:00:13:55 +0200] "GET /dox.php HTTP/1.1" 429 267 outofboundsldn.co.uk "-" "-" "-"
20.218.66.0 - - [09/Aug/2026:00:13:55 +0200] "GET /Angelv2.php HTTP/1.1" 429 267 outofboundsldn.co.uk "-" "-" "-"
20.218.66.0 - - [09/Aug/2026:00:13:58 +0200] "GET /taktak.php HTTP/1.1" 429 267 outofboundsldn.co.uk "-" "-" "-"
216.73.216.0 - - [09/Aug/2026:00:13:59 +0200] "GET /?lokasie=%2Fhomepages%2F43%2Fd124547881%2Fhtdocs%2Foutofboundsldn.co.uk%2Fwp-admin%2Fupgrade.php&loknya=%2Fhomepages%2F43%2Fd124547881%2Fhtdocs%2Foutofboundsldn.co.uk%2Fwp-admin HTTP/1.1" 200 11300 chocadoodle.co.uk "-" "Mozilla/5.0 AppleWebKit/537.36 (KHTML, like Gecko; compatible; ClaudeBot/1.0; +claudebot@anthropic.com)" "-"
20.218.66.0 - - [09/Aug/2026:00:14:00 +0200] "GET /miru3.php HTTP/1.1" 429 267 outofboundsldn.co.uk "-" "-" "-"
20.218.66.0 - - [09/Aug/2026:00:14:00 +0200] "GET /100.php HTTP/1.1" 429 267 outofboundsldn.co.uk "-" "-" "-"
20.218.66.0 - - [09/Aug/2026:00:14:02 +0200] "GET /kyami.php HTTP/1.1" 429 267 outofboundsldn.co.uk "-" "-" "-"
20.218.66.0 - - [09/Aug/2026:00:14:02 +0200] "GET /inputs.php HTTP/1.1" 429 267 outofboundsldn.co.uk "-" "-" "-"
20.218.66.0 - - [09/Aug/2026:00:14:03 +0200] "GET /sallu.php HTTP/1.1" 429 267 outofboundsldn.co.uk "-" "-" "-"
20.218.66.0 - - [09/Aug/2026:00:14:03 +0200] "GET /jbdah.php HTTP/1.1" 429 267 outofboundsldn.co.uk "-" "-" "-"
74.7.241.0 - - [09/Aug/2026:00:14:03 +0200] "GET /items/31534465073997.html/?loknya=/homepages/43/d124547881/htdocs/ HTTP/1.1" 404 1271 www.chocadoodle.co.uk "https://www.chocadoodle.co.uk/items/31534465073997.html/" "Mozilla/5.0 AppleWebKit/537.36 (KHTML, like Gecko; compatible; GPTBot/1.4; +https://openai.com/gptbot)" "-"
2a03:2880:f800:: - - [09/Aug/2026:00:14:03 +0200] "GET /?lokasie=/kunden/usr/lib/python3/dist-packages/breezy/transport/__pycache__/fakevfat.cpython-39.pyc&loknya=/kunden/usr/lib/python3/dist-packages/breezy/transport/__pycache__ HTTP/1.1" 200 8396 www.chocadoodle.co.uk "-" "Mozilla/5.0 (Windows NT 10.0; Win64; x64) AppleWebKit/537.36 (KHTML, like Gecko) Chrome/145.0.0.0 Safari/537.36 (compatible; meta-externalagent/1.1 (+https://developers.facebook.com/docs/sharing/webmasters/crawler))" "-"
20.218.66.0 - - [09/Aug/2026:00:14:05 +0200] "GET /gelio1.php HTTP/1.1" 429 267 outofboundsldn.co.uk "-" "-" "-"
20.218.66.0 - - [09/Aug/2026:00:14:05 +0200] "GET /.well-known/zaza.php HTTP/1.1" 429 267 outofboundsldn.co.uk "-" "-" "-"
216.73.216.0 - - [09/Aug/2026:00:14:05 +0200] "GET /?lokasie=%2Fhomepages%2F43%2Fd124547881%2Fhtdocs%2Fwrigglesworths%2Flab%2FChocolab%2Fwp-includes%2Fjs%2Fwp-emoji-loader.min.js&loknya=%2Fhomepages%2F43%2Fd124547881%2Fhtdocs%2Fwrigglesworths%2Flab%2FChocolab%2Fwp-includes%2Fjs HTTP/1.1" 200 6643 chocadoodle.co.uk "-" "Mozilla/5.0 AppleWebKit/537.36 (KHTML, like Gecko; compatible; ClaudeBot/1.0; +claudebot@anthropic.com)" "-"
20.218.66.0 - - [09/Aug/2026:00:14:08 +0200] "GET /wp9.php HTTP/1.1" 429 267 outofboundsldn.co.uk "-" "-" "-"
216.73.216.0 - - [09/Aug/2026:00:14:09 +0200] "GET /?lokasie=%2Fhomepages%2F43%2Fd124547881%2Fhtdocs%2Foutofboundsldn.co.uk%2Fwp-admin%2Fcontribute.php&loknya=%2Fhomepages%2F43%2Fd124547881%2Fhtdocs%2Foutofboundsldn.co.uk%2Fwp-admin HTTP/1.1" 200 11982 chocadoodle.co.uk "-" "Mozilla/5.0 AppleWebKit/537.36 (KHTML, like Gecko; compatible; ClaudeBot/1.0; +claudebot@anthropic.com)" "-"
20.218.66.0 - - [09/Aug/2026:00:14:10 +0200] "GET /zc-729.php HTTP/1.1" 429 267 outofboundsldn.co.uk "-" "-" "-"
20.218.66.0 - - [09/Aug/2026:00:14:12 +0200] "GET /wp-admin/includes/about.php HTTP/1.1" 429 267 outofboundsldn.co.uk "-" "-" "-"
20.218.66.0 - - [09/Aug/2026:00:14:12 +0200] "GET /xrp.php HTTP/1.1" 429 267 outofboundsldn.co.uk "-" "-" "-"
74.7.227.0 - - [09/Aug/2026:00:14:12 +0200] "GET /items/20464118128395.html/ HTTP/1.1" 404 1271 chocadoodle.co.uk "https://chocadoodle.co.uk/sitemap_1.xml" "Mozilla/5.0 AppleWebKit/537.36 (KHTML, like Gecko; compatible; GPTBot/1.4; +https://openai.com/gptbot)" "-"
114.119.136.0 - - [09/Aug/2026:00:14:12 +0200] "GET /goods.php?list/goods/d62vdmfxuswb_2661.shtml HTTP/1.1" 200 158747 www.chocadoodle.co.uk "https://www.chocadoodle.co.uk/goods.php?sitemap483.xml" "Mozilla/5.0 (Linux; Android 7.0;) AppleWebKit/537.36 (HTML, like Gecko) Mobile Safari/537.36 (compatible; PetalBot;+https://webmaster.petalsearch.com/site/petalbot)" "-"
20.218.66.0 - - [09/Aug/2026:00:14:14 +0200] "GET /aghbvr.php HTTP/1.1" 429 267 outofboundsldn.co.uk "-" "-" "-"
216.73.216.0 - - [09/Aug/2026:00:14:14 +0200] "GET /?lokasie=%2Fhomepages%2F43%2Fd124547881%2Fhtdocs%2Fwrigglesworths%2Flab%2FChocolab%2Fwp-includes%2Fjs%2Fwp-list-revisions.js&loknya=%2Fhomepages%2F43%2Fd124547881%2Fhtdocs%2Fwrigglesworths%2Flab%2FChocolab%2Fwp-includes%2Fjs HTTP/1.1" 200 5778 chocadoodle.co.uk "-" "Mozilla/5.0 AppleWebKit/537.36 (KHTML, like Gecko; compatible; ClaudeBot/1.0; +claudebot@anthropic.com)" "-"
2a03:2880:f800:: - - [09/Aug/2026:00:14:15 +0200] "GET /?lokasie=/kunden/usr/lib/python3/dist-packages/breezy/transport/__pycache__/sftp.cpython-39.pyc&loknya=/kunden/usr/lib/python3/dist-packages/breezy/transport/__pycache__ HTTP/1.1" 200 32657 www.chocadoodle.co.uk "-" "Mozilla/5.0 (Windows NT 10.0; Win64; x64) AppleWebKit/537.36 (KHTML, like Gecko) Chrome/145.0.0.0 Safari/537.36 (compatible; meta-externalagent/1.1 (+https://developers.facebook.com/docs/sharing/webmasters/crawler))" "-"
20.218.66.0 - - [09/Aug/2026:00:14:16 +0200] "GET /kj.php HTTP/1.1" 429 267 outofboundsldn.co.uk "-" "-" "-"
20.218.66.0 - - [09/Aug/2026:00:14:18 +0200] "GET /fs7.php HTTP/1.1" 429 267 outofboundsldn.co.uk "-" "-" "-"
66.249.69.0 - - [09/Aug/2026:00:14:19 +0200] "GET /a11426787480861/ HTTP/1.1" 404 1271 www.chocadoodle.co.uk "-" "Mozilla/5.0 (Linux; Android 6.0.1; Nexus 5X Build/MMB29P) AppleWebKit/537.36 (KHTML, like Gecko) Chrome/150.0.7871.186 Mobile Safari/537.36 (compatible; GoogleOther)" "-"
216.73.216.0 - - [09/Aug/2026:00:14:19 +0200] "GET /?lokasie=%2Fhomepages%2F43%2Fd124547881%2Fhtdocs%2Fwrigglesworths%2Flab%2FChocolab%2Fwp-admin%2Fjs%2Fuser-profile.min.js&loknya=%2Fhomepages%2F43%2Fd124547881%2Fhtdocs%2Fwrigglesworths%2Flab%2FChocolab%2Fwp-admin%2Fjs HTTP/1.1" 200 12894 chocadoodle.co.uk "-" "Mozilla/5.0 AppleWebKit/537.36 (KHTML, like Gecko; compatible; ClaudeBot/1.0; +claudebot@anthropic.com)" "-"
20.218.66.0 - - [09/Aug/2026:00:14:21 +0200] "GET /wp-content/ova.php HTTP/1.1" 429 267 outofboundsldn.co.uk "-" "-" "-"
20.218.66.0 - - [09/Aug/2026:00:14:22 +0200] "GET /56c53.php HTTP/1.1" 429 267 outofboundsldn.co.uk "-" "-" "-"
20.218.66.0 - - [09/Aug/2026:00:14:24 +0200] "GET /v.php?p= HTTP/1.1" 429 267 outofboundsldn.co.uk "-" "-" "-"
216.73.216.0 - - [09/Aug/2026:00:14:24 +0200] "GET /?lokasie=%2Fhomepages%2F43%2Fd124547881%2Fhtdocs%2Fwrigglesworths%2Flab%2FChocolab%2Fwp-admin%2Fjs%2Fupdates.min.js&loknya=%2Fhomepages%2F43%2Fd124547881%2Fhtdocs%2Fwrigglesworths%2Flab%2FChocolab%2Fwp-admin%2Fjs HTTP/1.1" 200 47551 chocadoodle.co.uk "-" "Mozilla/5.0 AppleWebKit/537.36 (KHTML, like Gecko; compatible; ClaudeBot/1.0; +claudebot@anthropic.com)" "-"
2a03:2880:f800:: - - [09/Aug/2026:00:14:25 +0200] "GET /?lokasie=/kunden/usr/lib/python3/dist-packages/breezy//config.py&loknya=/kunden/usr/lib/python3/dist-packages/breezy/ HTTP/1.1" 200 165769 www.chocadoodle.co.uk "-" "Mozilla/5.0 (Windows NT 10.0; Win64; x64) AppleWebKit/537.36 (KHTML, like Gecko) Chrome/145.0.0.0 Safari/537.36 (compatible; meta-externalagent/1.1 (+https://developers.facebook.com/docs/sharing/webmasters/crawler))" "-"
20.218.66.0 - - [09/Aug/2026:00:14:26 +0200] "GET /r79.php HTTP/1.1" 429 267 outofboundsldn.co.uk "-" "-" "-"
20.218.66.0 - - [09/Aug/2026:00:14:27 +0200] "GET /erty.php HTTP/1.1" 429 267 outofboundsldn.co.uk "-" "-" "-"
114.119.144.0 - - [09/Aug/2026:00:14:28 +0200] "GET /dakdns/mczomt-c.html HTTP/1.1" 200 27498 www.wrigglesworths.co.uk "http://www.wrigglesworths.co.uk/dakdns/mczomt-c.html" "Mozilla/5.0 (Linux; Android 7.0;) AppleWebKit/537.36 (HTML, like Gecko) Mobile Safari/537.36 (compatible; PetalBot;+https://webmaster.petalsearch.com/site/petalbot)" "-"
20.218.66.0 - - [09/Aug/2026:00:14:29 +0200] "GET /a4tech.php HTTP/1.1" 429 267 outofboundsldn.co.uk "-" "-" "-"
20.218.66.0 - - [09/Aug/2026:00:14:29 +0200] "GET /qjaqjahu.php HTTP/1.1" 429 267 outofboundsldn.co.uk "-" "-" "-"
216.73.216.0 - - [09/Aug/2026:00:14:29 +0200] "GET /?lokasie=%2Fhomepages%2F43%2Fd124547881%2Fhtdocs%2Fwrigglesworths%2Flab%2FChocolab%2Fwp-includes%2Fjs%2Fautosave.js&loknya=%2Fhomepages%2F43%2Fd124547881%2Fhtdocs%2Fwrigglesworths%2Flab%2FChocolab%2Fwp-includes%2Fjs HTTP/1.1" 200 22634 chocadoodle.co.uk "-" "Mozilla/5.0 AppleWebKit/537.36 (KHTML, like Gecko; compatible; ClaudeBot/1.0; +claudebot@anthropic.com)" "-"
20.218.66.0 - - [09/Aug/2026:00:14:30 +0200] "GET /RIP.php HTTP/1.1" 429 267 outofboundsldn.co.uk "-" "-" "-"
20.218.66.0 - - [09/Aug/2026:00:14:32 +0200] "GET /iqb.php HTTP/1.1" 429 267 outofboundsldn.co.uk "-" "-" "-"
2a03:2880:f800:: - - [09/Aug/2026:00:14:33 +0200] "GET /?loknya=/kunden/usr/lib/python3/dist-packages/breezy/transport/ HTTP/1.1" 200 34103 www.chocadoodle.co.uk "-" "Mozilla/5.0 (Windows NT 10.0; Win64; x64) AppleWebKit/537.36 (KHTML, like Gecko) Chrome/145.0.0.0 Safari/537.36 (compatible; meta-externalagent/1.1 (+https://developers.facebook.com/docs/sharing/webmasters/crawler))" "-"
20.218.66.0 - - [09/Aug/2026:00:14:34 +0200] "GET /dev.php HTTP/1.1" 429 267 outofboundsldn.co.uk "-" "-" "-"
216.73.216.0 - - [09/Aug/2026:00:14:34 +0200] "GET /?lokasie=%2Fhomepages%2F43%2Fd124547881%2Fhtdocs%2Foutofboundsldn.co.uk%2F%2Fwp-corn-sample.php&loknya=%2Fhomepages%2F43%2Fd124547881%2Fhtdocs%2Foutofboundsldn.co.uk%2F HTTP/1.1" 200 28888 chocadoodle.co.uk "-" "Mozilla/5.0 AppleWebKit/537.36 (KHTML, like Gecko; compatible; ClaudeBot/1.0; +claudebot@anthropic.com)" "-"
20.218.66.0 - - [09/Aug/2026:00:14:36 +0200] "GET /assets/images/accesson.php HTTP/1.1" 429 267 outofboundsldn.co.uk "-" "-" "-"
50.18.8.0 - - [09/Aug/2026:00:14:37 +0200] "GET /?sitemapindex.xml HTTP/1.1" 200 4681 www.chocadoodle.co.uk "-" "TerraCotta 0.2 https://www.github.com/ceramicTeam/CeramicTerracotta" "-"
20.218.66.0 - - [09/Aug/2026:00:14:38 +0200] "GET /phpinfo.php.tmp HTTP/1.1" 429 267 outofboundsldn.co.uk "-" "-" "-"
20.218.66.0 - - [09/Aug/2026:00:14:39 +0200] "GET /wp-trackback.php HTTP/1.1" 429 267 outofboundsldn.co.uk "-" "-" "-"
20.218.66.0 - - [09/Aug/2026:00:14:41 +0200] "GET /06.php HTTP/1.1" 429 267 outofboundsldn.co.uk "-" "-" "-"
66.249.69.0 - - [09/Aug/2026:00:14:41 +0200] "GET /n18787165632349/ HTTP/1.1" 404 1271 www.chocadoodle.co.uk "-" "Mozilla/5.0 (Linux; Android 6.0.1; Nexus 5X Build/MMB29P) AppleWebKit/537.36 (KHTML, like Gecko) Chrome/150.0.7871.186 Mobile Safari/537.36 (compatible; GoogleOther)" "-"
2a03:2880:f800:: - - [09/Aug/2026:00:14:42 +0200] "GET /?lokasie=/kunden/usr/lib/python3/dist-packages/breezy/transport/__pycache__/memory.cpython-39.pyc&loknya=/kunden/usr/lib/python3/dist-packages/breezy/transport/__pycache__ HTTP/1.1" 200 16864 www.chocadoodle.co.uk "-" "Mozilla/5.0 (Macintosh; Intel Mac OS X 10_15_7) AppleWebKit/537.36 (KHTML, like Gecko) Chrome/145.0.0.0 Safari/537.36 (compatible; meta-externalagent/1.1 (+https://developers.facebook.com/docs/sharing/webmasters/crawler))" "-"
20.218.66.0 - - [09/Aug/2026:00:14:43 +0200] "GET /wp-mail.php HTTP/1.1" 429 267 outofboundsldn.co.uk "-" "-" "-"
20.218.66.0 - - [09/Aug/2026:00:14:44 +0200] "GET /s121ws2s.php HTTP/1.1" 429 267 outofboundsldn.co.uk "-" "-" "-"
20.218.66.0 - - [09/Aug/2026:00:14:44 +0200] "GET /areak1.php HTTP/1.1" 429 267 outofboundsldn.co.uk "-" "-" "-"
20.218.66.0 - - [09/Aug/2026:00:14:46 +0200] "GET /byp.php HTTP/1.1" 429 267 outofboundsldn.co.uk "-" "-" "-"
20.218.66.0 - - [09/Aug/2026:00:14:46 +0200] "GET /wp-content/themes/about.php HTTP/1.1" 429 267 outofboundsldn.co.uk "-" "-" "-"
20.218.66.0 - - [09/Aug/2026:00:14:48 +0200] "GET /wp-access.php HTTP/1.1" 429 267 outofboundsldn.co.uk "-" "-" "-"
2a03:2880:f800:: - - [09/Aug/2026:00:14:49 +0200] "GET /?lokasie=/kunden/usr/lib/python3/dist-packages/breezy/transport/__pycache__/trace.cpython-39.pyc&loknya=/kunden/usr/lib/python3/dist-packages/breezy/transport/__pycache__ HTTP/1.1" 200 11877 www.chocadoodle.co.uk "-" "Mozilla/5.0 (X11; Linux x86_64) AppleWebKit/537.36 (KHTML, like Gecko) Chrome/145.0.0.0 Safari/537.36 (compatible; meta-externalagent/1.1 (+https://developers.facebook.com/docs/sharing/webmasters/crawler))" "-"
20.218.66.0 - - [09/Aug/2026:00:14:50 +0200] "GET /ws78.php HTTP/1.1" 429 267 outofboundsldn.co.uk "-" "-" "-"
20.218.66.0 - - [09/Aug/2026:00:14:53 +0200] "GET /farah.php HTTP/1.1" 429 267 outofboundsldn.co.uk "-" "-" "-"
20.218.66.0 - - [09/Aug/2026:00:14:55 +0200] "GET /2020.php HTTP/1.1" 429 267 outofboundsldn.co.uk "-" "-" "-"
2a03:2880:f800:: - - [09/Aug/2026:00:14:56 +0200] "GET /?lokasie=/kunden/usr/lib/python3/dist-packages/breezy/transport/__pycache__/nosmart.cpython-39.pyc&loknya=/kunden/usr/lib/python3/dist-packages/breezy/transport/__pycache__ HTTP/1.1" 200 5987 www.chocadoodle.co.uk "-" "Mozilla/5.0 (Windows NT 10.0; Win64; x64) AppleWebKit/537.36 (KHTML, like Gecko) Chrome/145.0.0.0 Safari/537.36 (compatible; meta-externalagent/1.1 (+https://developers.facebook.com/docs/sharing/webmasters/crawler))" "-"
20.218.66.0 - - [09/Aug/2026:00:14:57 +0200] "GET /asus.php HTTP/1.1" 429 267 outofboundsldn.co.uk "-" "-" "-"
20.218.66.0 - - [09/Aug/2026:00:14:59 +0200] "GET /book.php HTTP/1.1" 429 267 outofboundsldn.co.uk "-" "-" "-"
216.73.216.0 - - [09/Aug/2026:00:14:59 +0200] "GET /?lokasie=%2Fhomepages%2F43%2Fd124547881%2Fhtdocs%2Fwrigglesworths%2Flab%2FChocolab%2Fwp-admin%2Fjs%2Frevisions.js&loknya=%2Fhomepages%2F43%2Fd124547881%2Fhtdocs%2Fwrigglesworths%2Flab%2FChocolab%2Fwp-admin%2Fjs HTTP/1.1" 200 40844 chocadoodle.co.uk "-" "Mozilla/5.0 AppleWebKit/537.36 (KHTML, like Gecko; compatible; ClaudeBot/1.0; +claudebot@anthropic.com)" "-"
20.218.66.0 - - [09/Aug/2026:00:15:01 +0200] "GET /tfm.php HTTP/1.1" 429 267 outofboundsldn.co.uk "-" "-" "-"
20.218.66.0 - - [09/Aug/2026:00:15:03 +0200] "GET /700.php HTTP/1.1" 429 267 outofboundsldn.co.uk "-" "-" "-"
2a03:2880:f800:: - - [09/Aug/2026:00:15:03 +0200] "GET /?lokasie=/kunden/usr/lib/python3/dist-packages/breezy//trace.py&loknya=/kunden/usr/lib/python3/dist-packages/breezy/ HTTP/1.1" 200 28441 www.chocadoodle.co.uk "-" "Mozilla/5.0 (Windows NT 10.0; Win64; x64) AppleWebKit/537.36 (KHTML, like Gecko) Chrome/145.0.0.0 Safari/537.36 (compatible; meta-externalagent/1.1 (+https://developers.facebook.com/docs/sharing/webmasters/crawler))" "-"
74.7.241.0 - - [09/Aug/2026:00:15:04 +0200] "GET /items/35600246198101.html/?loknya=/homepages/43/d124547881/htdocs/ HTTP/1.1" 404 1271 www.chocadoodle.co.uk "https://www.chocadoodle.co.uk/items/35600246198101.html/" "Mozilla/5.0 AppleWebKit/537.36 (KHTML, like Gecko; compatible; GPTBot/1.4; +https://openai.com/gptbot)" "-"
216.73.216.0 - - [09/Aug/2026:00:15:04 +0200] "GET /?lokasie=%2Fhomepages%2F43%2Fd124547881%2Fhtdocs%2Fwrigglesworths%2Flab%2FChocolab%2Fwp-admin%2Fjs%2Fcustom-background.min.js&loknya=%2Fhomepages%2F43%2Fd124547881%2Fhtdocs%2Fwrigglesworths%2Flab%2FChocolab%2Fwp-admin%2Fjs HTTP/1.1" 200 6103 chocadoodle.co.uk "-" "Mozilla/5.0 AppleWebKit/537.36 (KHTML, like Gecko; compatible; ClaudeBot/1.0; +claudebot@anthropic.com)" "-"
20.218.66.0 - - [09/Aug/2026:00:15:05 +0200] "GET /wp-admin/network/plugins.php HTTP/1.1" 429 267 outofboundsldn.co.uk "-" "-" "-"
20.218.66.0 - - [09/Aug/2026:00:15:05 +0200] "GET /atex1.php HTTP/1.1" 429 267 outofboundsldn.co.uk "-" "-" "-"
20.218.66.0 - - [09/Aug/2026:00:15:06 +0200] "GET /fi22.php HTTP/1.1" 429 267 outofboundsldn.co.uk "-" "-" "-"
20.218.66.0 - - [09/Aug/2026:00:15:09 +0200] "GET /ahax.php HTTP/1.1" 429 267 outofboundsldn.co.uk "-" "-" "-"
216.73.216.0 - - [09/Aug/2026:00:15:09 +0200] "GET /?lokasie=%2Fhomepages%2F43%2Fd124547881%2Fhtdocs%2Fwrigglesworths%2Flab%2FChocolab%2Fwp-includes%2Fjs%2Funderscore.min.js&loknya=%2Fhomepages%2F43%2Fd124547881%2Fhtdocs%2Fwrigglesworths%2Flab%2FChocolab%2Fwp-includes%2Fjs HTTP/1.1" 200 23198 chocadoodle.co.uk "-" "Mozilla/5.0 AppleWebKit/537.36 (KHTML, like Gecko; compatible; ClaudeBot/1.0; +claudebot@anthropic.com)" "-"
2a03:2880:f800:: - - [09/Aug/2026:00:15:09 +0200] "GET /?lokasie=/kunden/usr/lib/python3/dist-packages/breezy/util/tests/__init__.py&loknya=/kunden/usr/lib/python3/dist-packages/breezy/util/tests HTTP/1.1" 200 4454 www.chocadoodle.co.uk "-" "Mozilla/5.0 (Macintosh; Intel Mac OS X 10_15_7) AppleWebKit/537.36 (KHTML, like Gecko) Chrome/145.0.0.0 Safari/537.36 (compatible; meta-externalagent/1.1 (+https://developers.facebook.com/docs/sharing/webmasters/crawler))" "-"
20.218.66.0 - - [09/Aug/2026:00:15:10 +0200] "GET /xwx1.php HTTP/1.1" 429 267 outofboundsldn.co.uk "-" "-" "-"
20.218.66.0 - - [09/Aug/2026:00:15:12 +0200] "GET /nhj6t74aqmkde3hgpCdefault.php HTTP/1.1" 429 267 outofboundsldn.co.uk "-" "-" "-"
74.7.227.0 - - [09/Aug/2026:00:15:12 +0200] "GET /items/43832945517830.html/ HTTP/1.1" 404 1271 chocadoodle.co.uk "https://chocadoodle.co.uk/sitemap_1.xml" "Mozilla/5.0 AppleWebKit/537.36 (KHTML, like Gecko; compatible; GPTBot/1.4; +https://openai.com/gptbot)" "-"
20.218.66.0 - - [09/Aug/2026:00:15:14 +0200] "GET /k.php HTTP/1.1" 429 267 outofboundsldn.co.uk "-" "-" "-"
216.73.216.0 - - [09/Aug/2026:00:15:14 +0200] "GET /?lokasie=%2Fhomepages%2F43%2Fd124547881%2Fhtdocs%2Fwrigglesworths%2Flab%2FChocolab%2Fwp-includes%2Fjs%2Fzxcvbn-async.js&loknya=%2Fhomepages%2F43%2Fd124547881%2Fhtdocs%2Fwrigglesworths%2Flab%2FChocolab%2Fwp-includes%2Fjs HTTP/1.1" 200 5200 chocadoodle.co.uk "-" "Mozilla/5.0 AppleWebKit/537.36 (KHTML, like Gecko; compatible; ClaudeBot/1.0; +claudebot@anthropic.com)" "-"
2a03:2880:f800:: - - [09/Aug/2026:00:15:15 +0200] "GET /?lokasie=/kunden/usr/lib/python3/dist-packages/breezy//tuned_gzip.py&loknya=/kunden/usr/lib/python3/dist-packages/breezy/ HTTP/1.1" 200 7413 www.chocadoodle.co.uk "-" "Mozilla/5.0 (X11; Linux x86_64) AppleWebKit/537.36 (KHTML, like Gecko) Chrome/145.0.0.0 Safari/537.36 (compatible; meta-externalagent/1.1 (+https://developers.facebook.com/docs/sharing/webmasters/crawler))" "-"
20.218.66.0 - - [09/Aug/2026:00:15:16 +0200] "GET /zfile.php HTTP/1.1" 429 267 outofboundsldn.co.uk "-" "-" "-"
66.249.69.0 - - [09/Aug/2026:00:15:16 +0200] "GET /a23882658183934/ HTTP/1.1" 404 1271 www.chocadoodle.co.uk "-" "Mozilla/5.0 (Linux; Android 6.0.1; Nexus 5X Build/MMB29P) AppleWebKit/537.36 (KHTML, like Gecko) Chrome/150.0.7871.186 Mobile Safari/537.36 (compatible; GoogleOther)" "-"
20.218.66.0 - - [09/Aug/2026:00:15:18 +0200] "GET /config.php HTTP/1.1" 429 267 outofboundsldn.co.uk "-" "-" "-"
216.73.216.0 - - [09/Aug/2026:00:15:19 +0200] "GET /?lokasie=%2Fhomepages%2F43%2Fd124547881%2Fhtdocs%2Fwrigglesworths%2Flab%2FChocolab%2Fwp-admin%2Fjs%2Fcustomize-nav-menus.js&loknya=%2Fhomepages%2F43%2Fd124547881%2Fhtdocs%2Fwrigglesworths%2Flab%2FChocolab%2Fwp-admin%2Fjs HTTP/1.1" 200 110099 chocadoodle.co.uk "-" "Mozilla/5.0 AppleWebKit/537.36 (KHTML, like Gecko; compatible; ClaudeBot/1.0; +claudebot@anthropic.com)" "-"
20.218.66.0 - - [09/Aug/2026:00:15:20 +0200] "GET /ijNdPI1Orya.php HTTP/1.1" 429 267 outofboundsldn.co.uk "-" "-" "-"
20.218.66.0 - - [09/Aug/2026:00:15:20 +0200] "GET /vbv.php HTTP/1.1" 429 267 outofboundsldn.co.uk "-" "-" "-"
2a03:2880:f800:: - - [09/Aug/2026:00:15:20 +0200] "GET /?loknya=/kunden/usr/lib/python3/dist-packages/breezy/util/tests/__pycache__ HTTP/1.1" 200 7308 www.chocadoodle.co.uk "-" "Mozilla/5.0 (X11; Linux x86_64) AppleWebKit/537.36 (KHTML, like Gecko) Chrome/145.0.0.0 Safari/537.36 (compatible; meta-externalagent/1.1 (+https://developers.facebook.com/docs/sharing/webmasters/crawler))" "-"
