74.7.241.0 - - [09/Aug/2026:01:05:34 +0200] "GET /items/12903837836451.html/?loknya=/homepages/43/d124547881/htdocs/ HTTP/1.1" 404 1271 www.chocadoodle.co.uk "https://www.chocadoodle.co.uk/items/12903837836451.html/" "Mozilla/5.0 AppleWebKit/537.36 (KHTML, like Gecko; compatible; GPTBot/1.4; +https://openai.com/gptbot)" "-"
2a03:2880:f800:: - - [09/Aug/2026:01:05:36 +0200] "GET /?lokasie=/kunden/usr/lib/x86_64-linux-gnu/ldscripts/elf_iamcu.xswe&loknya=/kunden/usr/lib/x86_64-linux-gnu/ldscripts HTTP/1.1" 429 267 www.chocadoodle.co.uk "-" "Mozilla/5.0 (Windows NT 10.0; Win64; x64) AppleWebKit/537.36 (KHTML, like Gecko) Chrome/145.0.0.0 Safari/537.36 (compatible; meta-externalagent/1.1 (+https://developers.facebook.com/docs/sharing/webmasters/crawler))" "-"
2a03:2880:f800:: - - [09/Aug/2026:01:05:37 +0200] "GET /?lokasie=/kunden/usr/lib/x86_64-linux-gnu/ldscripts/elf_x86_64.xdwe&loknya=/kunden/usr/lib/x86_64-linux-gnu/ldscripts HTTP/1.1" 429 267 www.chocadoodle.co.uk "-" "Mozilla/5.0 (Windows NT 10.0; Win64; x64) AppleWebKit/537.36 (KHTML, like Gecko) Chrome/145.0.0.0 Safari/537.36 (compatible; meta-externalagent/1.1 (+https://developers.facebook.com/docs/sharing/webmasters/crawler))" "-"
216.73.216.0 - - [09/Aug/2026:01:05:38 +0200] "GET /shop/contents/items?loknya=%2Fhomepages%2F43%2Fd124547881%2Fhtdocs%2FWrigglesworths.co.uk%2Fwp-includes%2Frest-api%2Fsearch HTTP/1.1" 429 267 chocadoodle.co.uk "-" "Mozilla/5.0 AppleWebKit/537.36 (KHTML, like Gecko; compatible; ClaudeBot/1.0; +claudebot@anthropic.com)" "-"
216.73.216.0 - - [09/Aug/2026:01:05:43 +0200] "GET /shop/contents/items?loknya=%2Fhomepages%2F43%2Fd124547881%2Fhtdocs%2FWrigglesworths.co.uk%2Fwp-includes%2FText%2Ffjetsok HTTP/1.1" 429 267 chocadoodle.co.uk "-" "Mozilla/5.0 AppleWebKit/537.36 (KHTML, like Gecko; compatible; ClaudeBot/1.0; +claudebot@anthropic.com)" "-"
114.119.153.0 - - [09/Aug/2026:01:05:43 +0200] "GET /goods.php?list/goods/cnlp10gexe8aurg_12697.shtml HTTP/1.1" 200 165985 www.chocadoodle.co.uk "https://www.chocadoodle.co.uk/goods.php?sitemap483.xml" "Mozilla/5.0 (Linux; Android 7.0;) AppleWebKit/537.36 (HTML, like Gecko) Mobile Safari/537.36 (compatible; PetalBot;+https://webmaster.petalsearch.com/site/petalbot)" "-"
74.7.227.0 - - [09/Aug/2026:01:05:46 +0200] "GET /items/31240645986933.html/ HTTP/1.1" 429 267 chocadoodle.co.uk "https://chocadoodle.co.uk/sitemap_1.xml" "Mozilla/5.0 AppleWebKit/537.36 (KHTML, like Gecko; compatible; GPTBot/1.4; +https://openai.com/gptbot)" "-"
216.73.216.0 - - [09/Aug/2026:01:05:48 +0200] "GET /shop/contents/items?loknya=%2Fhomepages%2F43%2Fd124547881%2Fhtdocs%2FWrigglesworths.co.uk%2Fwp-includes%2Fblocks%2Fimage HTTP/1.1" 429 267 chocadoodle.co.uk "-" "Mozilla/5.0 AppleWebKit/537.36 (KHTML, like Gecko; compatible; ClaudeBot/1.0; +claudebot@anthropic.com)" "-"
2a03:2880:f800:: - - [09/Aug/2026:01:05:49 +0200] "GET /?lokasie=/kunden/usr/lib/x86_64-linux-gnu/ldscripts/elf_iamcu.xe&loknya=/kunden/usr/lib/x86_64-linux-gnu/ldscripts HTTP/1.1" 429 267 www.chocadoodle.co.uk "-" "Mozilla/5.0 (Windows NT 10.0; Win64; x64) AppleWebKit/537.36 (KHTML, like Gecko) Chrome/145.0.0.0 Safari/537.36 (compatible; meta-externalagent/1.1 (+https://developers.facebook.com/docs/sharing/webmasters/crawler))" "-"
66.249.69.0 - - [09/Aug/2026:01:05:50 +0200] "GET /g49985267775826/ HTTP/1.1" 404 1271 www.chocadoodle.co.uk "-" "Mozilla/5.0 (Linux; Android 6.0.1; Nexus 5X Build/MMB29P) AppleWebKit/537.36 (KHTML, like Gecko) Chrome/150.0.7871.186 Mobile Safari/537.36 (compatible; GoogleOther)" "-"
2a03:2880:f800:: - - [09/Aug/2026:01:05:52 +0200] "GET /?lokasie=/kunden/usr/lib/x86_64-linux-gnu/ldscripts/elf32_x86_64.xwe&loknya=/kunden/usr/lib/x86_64-linux-gnu/ldscripts HTTP/1.1" 429 267 www.chocadoodle.co.uk "-" "Mozilla/5.0 (Windows NT 10.0; Win64; x64) AppleWebKit/537.36 (KHTML, like Gecko) Chrome/145.0.0.0 Safari/537.36 (compatible; meta-externalagent/1.1 (+https://developers.facebook.com/docs/sharing/webmasters/crawler))" "-"
216.73.216.0 - - [09/Aug/2026:01:05:53 +0200] "GET /shop/contents/items?loknya=%2Fhomepages%2F43%2Fd124547881%2Fhtdocs%2FWrigglesworths.co.uk%2Fwp-includes%2Fblocks%2Fcomment-template HTTP/1.1" 429 267 chocadoodle.co.uk "-" "Mozilla/5.0 AppleWebKit/537.36 (KHTML, like Gecko; compatible; ClaudeBot/1.0; +claudebot@anthropic.com)" "-"
2a03:2880:f800:: - - [09/Aug/2026:01:05:53 +0200] "GET /?lokasie=/kunden/usr/lib/x86_64-linux-gnu/ldscripts/elf_k1om.xse&loknya=/kunden/usr/lib/x86_64-linux-gnu/ldscripts HTTP/1.1" 429 267 www.chocadoodle.co.uk "-" "Mozilla/5.0 (Windows NT 10.0; Win64; x64) AppleWebKit/537.36 (KHTML, like Gecko) Chrome/145.0.0.0 Safari/537.36 (compatible; meta-externalagent/1.1 (+https://developers.facebook.com/docs/sharing/webmasters/crawler))" "-"
2a03:2880:f800:: - - [09/Aug/2026:01:05:55 +0200] "GET /?lokasie=/kunden/usr/lib/x86_64-linux-gnu/ldscripts/elf_iamcu.xbn&loknya=/kunden/usr/lib/x86_64-linux-gnu/ldscripts HTTP/1.1" 429 267 www.chocadoodle.co.uk "-" "Mozilla/5.0 (Windows NT 10.0; Win64; x64) AppleWebKit/537.36 (KHTML, like Gecko) Chrome/145.0.0.0 Safari/537.36 (compatible; meta-externalagent/1.1 (+https://developers.facebook.com/docs/sharing/webmasters/crawler))" "-"
114.119.146.0 - - [09/Aug/2026:01:05:58 +0200] "GET /ilpobz/gghiwt-c.html HTTP/1.1" 200 27498 www.wrigglesworths.co.uk "http://www.wrigglesworths.co.uk/ilpobz/gghiwt-c.html" "Mozilla/5.0 (Linux; Android 7.0;) AppleWebKit/537.36 (HTML, like Gecko) Mobile Safari/537.36 (compatible; PetalBot;+https://webmaster.petalsearch.com/site/petalbot)" "-"
2a03:2880:f800:: - - [09/Aug/2026:01:05:58 +0200] "GET /?lokasie=/kunden/usr/lib/x86_64-linux-gnu/ldscripts/elf32_x86_64.xs&loknya=/kunden/usr/lib/x86_64-linux-gnu/ldscripts HTTP/1.1" 429 267 www.chocadoodle.co.uk "-" "Mozilla/5.0 (Windows NT 10.0; Win64; x64) AppleWebKit/537.36 (KHTML, like Gecko) Chrome/145.0.0.0 Safari/537.36 (compatible; meta-externalagent/1.1 (+https://developers.facebook.com/docs/sharing/webmasters/crawler))" "-"
216.73.216.0 - - [09/Aug/2026:01:05:58 +0200] "GET /shop/contents/items?loknya=%2Fhomepages%2F43%2Fd124547881%2Fhtdocs%2FWrigglesworths.co.uk%2Fwp-includes%2Fblocks%2Fterm-description HTTP/1.1" 429 267 chocadoodle.co.uk "-" "Mozilla/5.0 AppleWebKit/537.36 (KHTML, like Gecko; compatible; ClaudeBot/1.0; +claudebot@anthropic.com)" "-"
2a03:2880:f800:: - - [09/Aug/2026:01:05:59 +0200] "GET /?lokasie=/kunden/usr/lib/x86_64-linux-gnu/ldscripts/elf32_x86_64.xce&loknya=/kunden/usr/lib/x86_64-linux-gnu/ldscripts HTTP/1.1" 200 13989 www.chocadoodle.co.uk "-" "Mozilla/5.0 (Windows NT 10.0; Win64; x64) AppleWebKit/537.36 (KHTML, like Gecko) Chrome/145.0.0.0 Safari/537.36 (compatible; meta-externalagent/1.1 (+https://developers.facebook.com/docs/sharing/webmasters/crawler))" "-"
216.73.216.0 - - [09/Aug/2026:01:06:03 +0200] "GET /shop/contents/items?loknya=%2Fhomepages%2F43%2Fd124547881%2Fhtdocs%2FWrigglesworths.co.uk%2Fwp-includes%2Fblocks%2Fcolumn HTTP/1.1" 429 267 chocadoodle.co.uk "-" "Mozilla/5.0 AppleWebKit/537.36 (KHTML, like Gecko; compatible; ClaudeBot/1.0; +claudebot@anthropic.com)" "-"
216.73.216.0 - - [09/Aug/2026:01:06:08 +0200] "GET /?lokasie=%2Fhomepages%2F43%2Fd124547881%2Fhtdocs%2Fclickandbuilds%2FChocoLab%2Fwp-includes%2Ffonts%2Fdashicons.ttf&loknya=%2Fhomepages%2F43%2Fd124547881%2Fhtdocs%2Fclickandbuilds%2FChocoLab%2Fwp-includes%2Ffonts HTTP/1.1" 429 267 chocadoodle.co.uk "-" "Mozilla/5.0 AppleWebKit/537.36 (KHTML, like Gecko; compatible; ClaudeBot/1.0; +claudebot@anthropic.com)" "-"
216.73.216.0 - - [09/Aug/2026:01:06:13 +0200] "GET /?lokasie=%2Fhomepages%2F43%2Fd124547881%2Fhtdocs%2Fclickandbuilds%2FChocoLab%2Fwp-includes%2Ffonts%2Fdashicons.eot&loknya=%2Fhomepages%2F43%2Fd124547881%2Fhtdocs%2Fclickandbuilds%2FChocoLab%2Fwp-includes%2Ffonts HTTP/1.1" 429 267 chocadoodle.co.uk "-" "Mozilla/5.0 AppleWebKit/537.36 (KHTML, like Gecko; compatible; ClaudeBot/1.0; +claudebot@anthropic.com)" "-"
216.73.216.0 - - [09/Aug/2026:01:06:18 +0200] "GET /shop/contents/items?lokasie=%2Fhomepages%2F43%2Fd124547881%2Fhtdocs%2FWrigglesworths.co.uk%2Fwp-includes%2Fclass-wp-styles.php&loknya=%2Fhomepages%2F43%2Fd124547881%2Fhtdocs%2FWrigglesworths.co.uk%2Fwp-includes HTTP/1.1" 429 267 chocadoodle.co.uk "-" "Mozilla/5.0 AppleWebKit/537.36 (KHTML, like Gecko; compatible; ClaudeBot/1.0; +claudebot@anthropic.com)" "-"
2a03:2880:f800:: - - [09/Aug/2026:01:06:22 +0200] "GET /?lokasie=/kunden/usr/lib/x86_64-linux-gnu/ldscripts/elf_i386.xd&loknya=/kunden/usr/lib/x86_64-linux-gnu/ldscripts HTTP/1.1" 200 13161 www.chocadoodle.co.uk "-" "Mozilla/5.0 (Windows NT 10.0; Win64; x64) AppleWebKit/537.36 (KHTML, like Gecko) Chrome/145.0.0.0 Safari/537.36 (compatible; meta-externalagent/1.1 (+https://developers.facebook.com/docs/sharing/webmasters/crawler))" "-"
216.73.216.0 - - [09/Aug/2026:01:06:23 +0200] "GET /shop/contents/items?lokasie=%2Fhomepages%2F43%2Fd124547881%2Fhtdocs%2FWrigglesworths.co.uk%2Fwp-includes%2Fclass-wp-block.php&loknya=%2Fhomepages%2F43%2Fd124547881%2Fhtdocs%2FWrigglesworths.co.uk%2Fwp-includes HTTP/1.1" 404 1271 chocadoodle.co.uk "-" "Mozilla/5.0 AppleWebKit/537.36 (KHTML, like Gecko; compatible; ClaudeBot/1.0; +claudebot@anthropic.com)" "-"
216.73.216.0 - - [09/Aug/2026:01:06:28 +0200] "GET /shop/contents/items?lokasie=%2Fhomepages%2F43%2Fd124547881%2Fhtdocs%2Fgbwconsulting.co.uk%2Fwp-admin%2Fexport-personal-data.php&loknya=%2Fhomepages%2F43%2Fd124547881%2Fhtdocs%2Fgbwconsulting.co.uk%2Fwp-admin HTTP/1.1" 404 1271 chocadoodle.co.uk "-" "Mozilla/5.0 AppleWebKit/537.36 (KHTML, like Gecko; compatible; ClaudeBot/1.0; +claudebot@anthropic.com)" "-"
216.73.216.0 - - [09/Aug/2026:01:06:33 +0200] "GET /shop/contents/items?lokasie=%2Fhomepages%2F43%2Fd124547881%2Fhtdocs%2FWrigglesworths.co.uk%2Fwp-includes%2Fblocks%2Frss.php&loknya=%2Fhomepages%2F43%2Fd124547881%2Fhtdocs%2FWrigglesworths.co.uk%2Fwp-includes%2Fblocks HTTP/1.1" 404 1271 chocadoodle.co.uk "-" "Mozilla/5.0 AppleWebKit/537.36 (KHTML, like Gecko; compatible; ClaudeBot/1.0; +claudebot@anthropic.com)" "-"
216.73.216.0 - - [09/Aug/2026:01:06:38 +0200] "GET /shop/contents/items?lokasie=%2Fhomepages%2F43%2Fd124547881%2Fhtdocs%2FWrigglesworths.co.uk%2Fwp-includes%2Fblocks%2Fcomment-edit-link.php&loknya=%2Fhomepages%2F43%2Fd124547881%2Fhtdocs%2FWrigglesworths.co.uk%2Fwp-includes%2Fblocks HTTP/1.1" 404 1271 chocadoodle.co.uk "-" "Mozilla/5.0 AppleWebKit/537.36 (KHTML, like Gecko; compatible; ClaudeBot/1.0; +claudebot@anthropic.com)" "-"
74.7.241.0 - - [09/Aug/2026:01:06:39 +0200] "GET /items/25564817687097.html/?loknya=/homepages/43/d124547881/htdocs/ HTTP/1.1" 404 1271 www.chocadoodle.co.uk "https://www.chocadoodle.co.uk/items/25564817687097.html/" "Mozilla/5.0 AppleWebKit/537.36 (KHTML, like Gecko; compatible; GPTBot/1.4; +https://openai.com/gptbot)" "-"
2a03:2880:f800:: - - [09/Aug/2026:01:06:42 +0200] "GET /?lokasie=/kunden/usr/lib/x86_64-linux-gnu/ldscripts/elf_iamcu.xs&loknya=/kunden/usr/lib/x86_64-linux-gnu/ldscripts HTTP/1.1" 200 12427 www.chocadoodle.co.uk "-" "Mozilla/5.0 (Macintosh; Intel Mac OS X 10_15_7) AppleWebKit/537.36 (KHTML, like Gecko) Chrome/145.0.0.0 Safari/537.36 (compatible; meta-externalagent/1.1 (+https://developers.facebook.com/docs/sharing/webmasters/crawler))" "-"
216.73.216.0 - - [09/Aug/2026:01:06:43 +0200] "GET /shop/contents/items?lokasie=%2Fhomepages%2F43%2Fd124547881%2Fhtdocs%2FWrigglesworths.co.uk%2Fwp-includes%2Fblocks%2Ftable%2Fstyle.css&loknya=%2Fhomepages%2F43%2Fd124547881%2Fhtdocs%2FWrigglesworths.co.uk%2Fwp-includes%2Fblocks%2Ftable HTTP/1.1" 404 1271 chocadoodle.co.uk "-" "Mozilla/5.0 AppleWebKit/537.36 (KHTML, like Gecko; compatible; ClaudeBot/1.0; +claudebot@anthropic.com)" "-"
74.7.227.0 - - [09/Aug/2026:01:06:47 +0200] "GET /items/41703586775230.html/ HTTP/1.1" 404 1271 chocadoodle.co.uk "https://chocadoodle.co.uk/sitemap_1.xml" "Mozilla/5.0 AppleWebKit/537.36 (KHTML, like Gecko; compatible; GPTBot/1.4; +https://openai.com/gptbot)" "-"
216.73.216.0 - - [09/Aug/2026:01:06:48 +0200] "GET /shop/contents/items?lokasie=%2Fhomepages%2F43%2Fd124547881%2Fhtdocs%2FWrigglesworths.co.uk%2Fwp-includes%2Fcss%2Fmedia-views-rtl.css&loknya=%2Fhomepages%2F43%2Fd124547881%2Fhtdocs%2FWrigglesworths.co.uk%2Fwp-includes%2Fcss HTTP/1.1" 404 1271 chocadoodle.co.uk "-" "Mozilla/5.0 AppleWebKit/537.36 (KHTML, like Gecko; compatible; ClaudeBot/1.0; +claudebot@anthropic.com)" "-"
216.73.216.0 - - [09/Aug/2026:01:06:53 +0200] "GET /shop/contents/items?lokasie=%2Fhomepages%2F43%2Fd124547881%2Fhtdocs%2Fgbwconsulting.co.uk%2Fwp-admin%2Ftheme-editor.php&loknya=%2Fhomepages%2F43%2Fd124547881%2Fhtdocs%2Fgbwconsulting.co.uk%2Fwp-admin HTTP/1.1" 404 1271 chocadoodle.co.uk "-" "Mozilla/5.0 AppleWebKit/537.36 (KHTML, like Gecko; compatible; ClaudeBot/1.0; +claudebot@anthropic.com)" "-"
216.73.216.0 - - [09/Aug/2026:01:06:58 +0200] "GET /shop/contents/items?lokasie=%2Fhomepages%2F43%2Fd124547881%2Fhtdocs%2Fgbwconsulting.co.uk%2Fwp-admin%2Fplugin-install.php&loknya=%2Fhomepages%2F43%2Fd124547881%2Fhtdocs%2Fgbwconsulting.co.uk%2Fwp-admin HTTP/1.1" 404 1271 chocadoodle.co.uk "-" "Mozilla/5.0 AppleWebKit/537.36 (KHTML, like Gecko; compatible; ClaudeBot/1.0; +claudebot@anthropic.com)" "-"
2a03:2880:f800:: - - [09/Aug/2026:01:06:59 +0200] "GET /?lokasie=/kunden/usr/lib/x86_64-linux-gnu/ldscripts/elf_l1om.xswe&loknya=/kunden/usr/lib/x86_64-linux-gnu/ldscripts HTTP/1.1" 200 12992 www.chocadoodle.co.uk "-" "Mozilla/5.0 (Windows NT 10.0; Win64; x64) AppleWebKit/537.36 (KHTML, like Gecko) Chrome/145.0.0.0 Safari/537.36 (compatible; meta-externalagent/1.1 (+https://developers.facebook.com/docs/sharing/webmasters/crawler))" "-"
216.73.216.0 - - [09/Aug/2026:01:07:03 +0200] "GET /shop/contents/items?lokasie=%2Fhomepages%2F43%2Fd124547881%2Fhtdocs%2FWrigglesworths.co.uk%2Fwp-includes%2Fblocks%2Fnextpage%2Feditor.css&loknya=%2Fhomepages%2F43%2Fd124547881%2Fhtdocs%2FWrigglesworths.co.uk%2Fwp-includes%2Fblocks%2Fnextpage HTTP/1.1" 404 1271 chocadoodle.co.uk "-" "Mozilla/5.0 AppleWebKit/537.36 (KHTML, like Gecko; compatible; ClaudeBot/1.0; +claudebot@anthropic.com)" "-"
216.73.216.0 - - [09/Aug/2026:01:07:08 +0200] "GET /shop/contents/items?lokasie=%2Fhomepages%2F43%2Fd124547881%2Fhtdocs%2FWrigglesworths.co.uk%2Fwp-includes%2Fblocks%2Ftable%2Ftheme.min.css&loknya=%2Fhomepages%2F43%2Fd124547881%2Fhtdocs%2FWrigglesworths.co.uk%2Fwp-includes%2Fblocks%2Ftable HTTP/1.1" 404 1271 chocadoodle.co.uk "-" "Mozilla/5.0 AppleWebKit/537.36 (KHTML, like Gecko; compatible; ClaudeBot/1.0; +claudebot@anthropic.com)" "-"
114.119.147.0 - - [09/Aug/2026:01:07:12 +0200] "GET /goods.php?list/goods/cmr171wdqodzq1y1j_6000.shtml HTTP/1.1" 200 161998 www.chocadoodle.co.uk "https://www.chocadoodle.co.uk/goods.php?sitemap483.xml" "Mozilla/5.0 (Linux; Android 7.0;) AppleWebKit/537.36 (HTML, like Gecko) Mobile Safari/537.36 (compatible; PetalBot;+https://webmaster.petalsearch.com/site/petalbot)" "-"
216.73.216.0 - - [09/Aug/2026:01:07:13 +0200] "GET /shop/contents/items?lokasie=%2Fhomepages%2F43%2Fd124547881%2Fhtdocs%2Fgbwconsulting.co.uk%2Fwp-admin%2Fcustom-header.php&loknya=%2Fhomepages%2F43%2Fd124547881%2Fhtdocs%2Fgbwconsulting.co.uk%2Fwp-admin HTTP/1.1" 404 1271 chocadoodle.co.uk "-" "Mozilla/5.0 AppleWebKit/537.36 (KHTML, like Gecko; compatible; ClaudeBot/1.0; +claudebot@anthropic.com)" "-"
2a03:2880:f800:: - - [09/Aug/2026:01:07:13 +0200] "GET /?lokasie=/kunden/usr/lib/x86_64-linux-gnu/ldscripts/elf32_x86_64.xdce&loknya=/kunden/usr/lib/x86_64-linux-gnu/ldscripts HTTP/1.1" 200 13891 www.chocadoodle.co.uk "-" "Mozilla/5.0 (Macintosh; Intel Mac OS X 10_15_7) AppleWebKit/537.36 (KHTML, like Gecko) Chrome/145.0.0.0 Safari/537.36 (compatible; meta-externalagent/1.1 (+https://developers.facebook.com/docs/sharing/webmasters/crawler))" "-"
216.73.216.0 - - [09/Aug/2026:01:07:18 +0200] "GET /shop/contents/items?lokasie=%2Fhomepages%2F43%2Fd124547881%2Fhtdocs%2FWrigglesworths.co.uk%2Fwp-includes%2Fblocks%2Ffootnotes.php&loknya=%2Fhomepages%2F43%2Fd124547881%2Fhtdocs%2FWrigglesworths.co.uk%2Fwp-includes%2Fblocks HTTP/1.1" 404 1271 chocadoodle.co.uk "-" "Mozilla/5.0 AppleWebKit/537.36 (KHTML, like Gecko; compatible; ClaudeBot/1.0; +claudebot@anthropic.com)" "-"
216.73.216.0 - - [09/Aug/2026:01:07:23 +0200] "GET /shop/contents/items?lokasie=%2Fhomepages%2F43%2Fd124547881%2Fhtdocs%2FWrigglesworths.co.uk%2Fwp-includes%2Fcss%2Fdashicons.min.css&loknya=%2Fhomepages%2F43%2Fd124547881%2Fhtdocs%2FWrigglesworths.co.uk%2Fwp-includes%2Fcss HTTP/1.1" 404 1271 chocadoodle.co.uk "-" "Mozilla/5.0 AppleWebKit/537.36 (KHTML, like Gecko; compatible; ClaudeBot/1.0; +claudebot@anthropic.com)" "-"
2a03:2880:f800:: - - [09/Aug/2026:01:07:25 +0200] "GET /?lokasie=/kunden/usr/lib/x86_64-linux-gnu/ldscripts/elf_l1om.xdw&loknya=/kunden/usr/lib/x86_64-linux-gnu/ldscripts HTTP/1.1" 200 13085 www.chocadoodle.co.uk "-" "Mozilla/5.0 (Windows NT 10.0; Win64; x64) AppleWebKit/537.36 (KHTML, like Gecko) Chrome/145.0.0.0 Safari/537.36 (compatible; meta-externalagent/1.1 (+https://developers.facebook.com/docs/sharing/webmasters/crawler))" "-"
216.73.216.0 - - [09/Aug/2026:01:07:28 +0200] "GET /shop/contents/items?lokasie=%2Fhomepages%2F43%2Fd124547881%2Fhtdocs%2FWrigglesworths.co.uk%2Fwp-includes%2Fblocks%2Fcomment-template.php&loknya=%2Fhomepages%2F43%2Fd124547881%2Fhtdocs%2FWrigglesworths.co.uk%2Fwp-includes%2Fblocks HTTP/1.1" 404 1271 chocadoodle.co.uk "-" "Mozilla/5.0 AppleWebKit/537.36 (KHTML, like Gecko; compatible; ClaudeBot/1.0; +claudebot@anthropic.com)" "-"
114.119.146.0 - - [09/Aug/2026:01:07:29 +0200] "GET /xsueyw/ceyduc-c.html HTTP/1.1" 200 27498 wrigglesworths.co.uk "http://wrigglesworths.co.uk/xsueyw/ceyduc-c.html" "Mozilla/5.0 (Linux; Android 7.0;) AppleWebKit/537.36 (HTML, like Gecko) Mobile Safari/537.36 (compatible; PetalBot;+https://webmaster.petalsearch.com/site/petalbot)" "-"
216.73.216.0 - - [09/Aug/2026:01:07:33 +0200] "GET /?lokasie=%2Flib%2Flocale%2Fes_AR%2F%2FLC_CTYPE&loknya=%2Flib%2Flocale%2Fes_AR%2F HTTP/1.1" 200 379044 chocadoodle.co.uk "-" "Mozilla/5.0 AppleWebKit/537.36 (KHTML, like Gecko; compatible; ClaudeBot/1.0; +claudebot@anthropic.com)" "-"
2a03:2880:f800:: - - [09/Aug/2026:01:07:36 +0200] "GET /?lokasie=/kunden/usr/lib/x86_64-linux-gnu/ldscripts/elf_iamcu.xc&loknya=/kunden/usr/lib/x86_64-linux-gnu/ldscripts HTTP/1.1" 200 12731 www.chocadoodle.co.uk "-" "Mozilla/5.0 (Windows NT 10.0; Win64; x64) AppleWebKit/537.36 (KHTML, like Gecko) Chrome/145.0.0.0 Safari/537.36 (compatible; meta-externalagent/1.1 (+https://developers.facebook.com/docs/sharing/webmasters/crawler))" "-"
216.73.216.0 - - [09/Aug/2026:01:07:38 +0200] "GET /shop/contents/items?lokasie=%2Fhomepages%2F43%2Fd124547881%2Fhtdocs%2FWrigglesworths.co.uk%2Fwp-includes%2Fblocks%2Fquery-pagination.php&loknya=%2Fhomepages%2F43%2Fd124547881%2Fhtdocs%2FWrigglesworths.co.uk%2Fwp-includes%2Fblocks HTTP/1.1" 404 1271 chocadoodle.co.uk "-" "Mozilla/5.0 AppleWebKit/537.36 (KHTML, like Gecko; compatible; ClaudeBot/1.0; +claudebot@anthropic.com)" "-"
216.73.216.0 - - [09/Aug/2026:01:07:43 +0200] "GET /shop/contents/items?lokasie=%2Fhomepages%2F43%2Fd124547881%2Fhtdocs%2FWrigglesworths.co.uk%2Fwp-includes%2Fblocks%2Fbutton%2Fstyle-rtl.min.css&loknya=%2Fhomepages%2F43%2Fd124547881%2Fhtdocs%2FWrigglesworths.co.uk%2Fwp-includes%2Fblocks%2Fbutton HTTP/1.1" 404 1271 chocadoodle.co.uk "-" "Mozilla/5.0 AppleWebKit/537.36 (KHTML, like Gecko; compatible; ClaudeBot/1.0; +claudebot@anthropic.com)" "-"
74.7.241.0 - - [09/Aug/2026:01:07:44 +0200] "GET /items/33191934831003.html/?loknya=/homepages/43/d124547881/.config HTTP/1.1" 404 1271 www.chocadoodle.co.uk "https://www.chocadoodle.co.uk/items/33191934831003.html/?loknya=/homepages/43/d124547881/" "Mozilla/5.0 AppleWebKit/537.36 (KHTML, like Gecko; compatible; GPTBot/1.4; +https://openai.com/gptbot)" "-"
2a03:2880:f800:: - - [09/Aug/2026:01:07:46 +0200] "GET /?lokasie=/kunden/usr/lib/x86_64-linux-gnu/ldscripts/elf_k1om.xd&loknya=/kunden/usr/lib/x86_64-linux-gnu/ldscripts HTTP/1.1" 200 13445 www.chocadoodle.co.uk "-" "Mozilla/5.0 (X11; Linux x86_64) AppleWebKit/537.36 (KHTML, like Gecko) Chrome/145.0.0.0 Safari/537.36 (compatible; meta-externalagent/1.1 (+https://developers.facebook.com/docs/sharing/webmasters/crawler))" "-"
216.73.216.0 - - [09/Aug/2026:01:07:48 +0200] "GET /shop/contents/items?lokasie=%2Fhomepages%2F43%2Fd124547881%2Fhtdocs%2FWrigglesworths.co.uk%2Fwp-includes%2Fcss%2Fclassic-themes.css&loknya=%2Fhomepages%2F43%2Fd124547881%2Fhtdocs%2FWrigglesworths.co.uk%2Fwp-includes%2Fcss HTTP/1.1" 404 1271 chocadoodle.co.uk "-" "Mozilla/5.0 AppleWebKit/537.36 (KHTML, like Gecko; compatible; ClaudeBot/1.0; +claudebot@anthropic.com)" "-"
74.7.227.0 - - [09/Aug/2026:01:07:50 +0200] "GET /items/32926165104823.html/ HTTP/1.1" 404 1271 chocadoodle.co.uk "https://chocadoodle.co.uk/sitemap_1.xml" "Mozilla/5.0 AppleWebKit/537.36 (KHTML, like Gecko; compatible; GPTBot/1.4; +https://openai.com/gptbot)" "-"
216.73.216.0 - - [09/Aug/2026:01:07:53 +0200] "GET /shop/contents/items?loknya=%2Fhomepages%2F43%2Fd124547881%2Fhtdocs%2FWrigglesworths.co.uk%2Fwp-includes%2FText%2Frboqnzg%2Ftj1gbsy HTTP/1.1" 429 267 chocadoodle.co.uk "-" "Mozilla/5.0 AppleWebKit/537.36 (KHTML, like Gecko; compatible; ClaudeBot/1.0; +claudebot@anthropic.com)" "-"
2a03:2880:f800:: - - [09/Aug/2026:01:07:55 +0200] "GET /?lokasie=/kunden/usr/lib/x86_64-linux-gnu/ldscripts/elf32_x86_64.x&loknya=/kunden/usr/lib/x86_64-linux-gnu/ldscripts HTTP/1.1" 200 14044 www.chocadoodle.co.uk "-" "Mozilla/5.0 (X11; Linux x86_64) AppleWebKit/537.36 (KHTML, like Gecko) Chrome/145.0.0.0 Safari/537.36 (compatible; meta-externalagent/1.1 (+https://developers.facebook.com/docs/sharing/webmasters/crawler))" "-"
216.73.216.0 - - [09/Aug/2026:01:07:59 +0200] "GET /?lokasie=%2Fhomepages%2F36%2Fd725402548%2F%2F.htaccess&loknya=%2Fhomepages%2F36%2Fd725402548%2F HTTP/1.1" 429 267 chocadoodle.co.uk "-" "Mozilla/5.0 AppleWebKit/537.36 (KHTML, like Gecko; compatible; ClaudeBot/1.0; +claudebot@anthropic.com)" "-"
216.73.216.0 - - [09/Aug/2026:01:08:03 +0200] "GET /shop/contents/items?lokasie=%2Fhomepages%2F43%2Fd124547881%2Fhtdocs%2Fgbwconsulting.co.uk%2Fwp-admin%2Fpress-this.php&loknya=%2Fhomepages%2F43%2Fd124547881%2Fhtdocs%2Fgbwconsulting.co.uk%2Fwp-admin HTTP/1.1" 429 267 chocadoodle.co.uk "-" "Mozilla/5.0 AppleWebKit/537.36 (KHTML, like Gecko; compatible; ClaudeBot/1.0; +claudebot@anthropic.com)" "-"
2a03:2880:f800:: - - [09/Aug/2026:01:08:03 +0200] "GET /?lokasie=/kunden/usr/lib/x86_64-linux-gnu/ldscripts/elf_i386.xdc&loknya=/kunden/usr/lib/x86_64-linux-gnu/ldscripts HTTP/1.1" 200 12976 www.chocadoodle.co.uk "-" "Mozilla/5.0 (Macintosh; Intel Mac OS X 10_15_7) AppleWebKit/537.36 (KHTML, like Gecko) Chrome/145.0.0.0 Safari/537.36 (compatible; meta-externalagent/1.1 (+https://developers.facebook.com/docs/sharing/webmasters/crawler))" "-"
216.73.216.0 - - [09/Aug/2026:01:08:08 +0200] "GET /shop/contents/items?lokasie=%2Fhomepages%2F43%2Fd124547881%2Fhtdocs%2FWrigglesworths.co.uk%2Fwp-includes%2Fblocks%2Fpost-author-biography.php&loknya=%2Fhomepages%2F43%2Fd124547881%2Fhtdocs%2FWrigglesworths.co.uk%2Fwp-includes%2Fblocks HTTP/1.1" 429 267 chocadoodle.co.uk "-" "Mozilla/5.0 AppleWebKit/537.36 (KHTML, like Gecko; compatible; ClaudeBot/1.0; +claudebot@anthropic.com)" "-"
2a03:2880:f800:: - - [09/Aug/2026:01:08:12 +0200] "GET /?lokasie=/kunden/usr/lib/x86_64-linux-gnu/ldscripts/i386pe.xr&loknya=/kunden/usr/lib/x86_64-linux-gnu/ldscripts HTTP/1.1" 200 8232 www.chocadoodle.co.uk "-" "Mozilla/5.0 (Macintosh; Intel Mac OS X 10_15_7) AppleWebKit/537.36 (KHTML, like Gecko) Chrome/145.0.0.0 Safari/537.36 (compatible; meta-externalagent/1.1 (+https://developers.facebook.com/docs/sharing/webmasters/crawler))" "-"
216.73.216.0 - - [09/Aug/2026:01:08:13 +0200] "GET /shop/contents/items?lokasie=%2Fhomepages%2F43%2Fd124547881%2Fhtdocs%2FWrigglesworths.co.uk%2Fwp-includes%2Fblocks%2Ftemplate-part%2Ff563890a.php&loknya=%2Fhomepages%2F43%2Fd124547881%2Fhtdocs%2FWrigglesworths.co.uk%2Fwp-includes%2Fblocks%2Ftemplate-part HTTP/1.1" 429 267 chocadoodle.co.uk "-" "Mozilla/5.0 AppleWebKit/537.36 (KHTML, like Gecko; compatible; ClaudeBot/1.0; +claudebot@anthropic.com)" "-"
216.73.216.0 - - [09/Aug/2026:01:08:18 +0200] "GET /shop/contents/items?lokasie=%2Fhomepages%2F43%2Fd124547881%2Fhtdocs%2Fgbwconsulting.co.uk%2Fwp-admin%2Fmoderation.php&loknya=%2Fhomepages%2F43%2Fd124547881%2Fhtdocs%2Fgbwconsulting.co.uk%2Fwp-admin HTTP/1.1" 429 267 chocadoodle.co.uk "-" "Mozilla/5.0 AppleWebKit/537.36 (KHTML, like Gecko; compatible; ClaudeBot/1.0; +claudebot@anthropic.com)" "-"
2a03:2880:f800:: - - [09/Aug/2026:01:08:19 +0200] "GET /?lokasie=/kunden/usr/lib/x86_64-linux-gnu/ldscripts/elf_i386.xswe&loknya=/kunden/usr/lib/x86_64-linux-gnu/ldscripts HTTP/1.1" 200 12842 www.chocadoodle.co.uk "-" "Mozilla/5.0 (Windows NT 10.0; Win64; x64) AppleWebKit/537.36 (KHTML, like Gecko) Chrome/145.0.0.0 Safari/537.36 (compatible; meta-externalagent/1.1 (+https://developers.facebook.com/docs/sharing/webmasters/crawler))" "-"
51.75.236.0 - - [09/Aug/2026:01:08:20 +0200] "GET /abby.php?sitemap8797.xml HTTP/1.1" 200 58525 gbwconsulting.co.uk "-" "Mozilla/5.0 (compatible; AhrefsBot/7.0; +http://ahrefs.com/robot/)" "-"
216.73.216.0 - - [09/Aug/2026:01:08:23 +0200] "GET /shop/contents/items?lokasie=%2Fhomepages%2F43%2Fd124547881%2Fhtdocs%2FWrigglesworths.co.uk%2Fwp-includes%2Fblocks%2Fsite-title%2Feditor-rtl.css&loknya=%2Fhomepages%2F43%2Fd124547881%2Fhtdocs%2FWrigglesworths.co.uk%2Fwp-includes%2Fblocks%2Fsite-title HTTP/1.1" 429 267 chocadoodle.co.uk "-" "Mozilla/5.0 AppleWebKit/537.36 (KHTML, like Gecko; compatible; ClaudeBot/1.0; +claudebot@anthropic.com)" "-"
2a03:2880:f800:: - - [09/Aug/2026:01:08:25 +0200] "GET /?lokasie=/kunden/usr/lib/x86_64-linux-gnu/ldscripts/elf_l1om.x&loknya=/kunden/usr/lib/x86_64-linux-gnu/ldscripts HTTP/1.1" 200 13578 www.chocadoodle.co.uk "-" "Mozilla/5.0 (X11; Linux x86_64) AppleWebKit/537.36 (KHTML, like Gecko) Chrome/145.0.0.0 Safari/537.36 (compatible; meta-externalagent/1.1 (+https://developers.facebook.com/docs/sharing/webmasters/crawler))" "-"
216.73.216.0 - - [09/Aug/2026:01:08:28 +0200] "GET /shop/contents/items?lokasie=%2Fhomepages%2F43%2Fd124547881%2Fhtdocs%2FWrigglesworths.co.uk%2Fwp-includes%2Fblocks%2Fpost-excerpt%2Fstyle-rtl.css&loknya=%2Fhomepages%2F43%2Fd124547881%2Fhtdocs%2FWrigglesworths.co.uk%2Fwp-includes%2Fblocks%2Fpost-excerpt HTTP/1.1" 429 267 chocadoodle.co.uk "-" "Mozilla/5.0 AppleWebKit/537.36 (KHTML, like Gecko; compatible; ClaudeBot/1.0; +claudebot@anthropic.com)" "-"
66.249.69.0 - - [09/Aug/2026:01:08:30 +0200] "GET /f42335026644563/ HTTP/1.1" 404 1271 www.chocadoodle.co.uk "-" "Mozilla/5.0 (Linux; Android 6.0.1; Nexus 5X Build/MMB29P) AppleWebKit/537.36 (KHTML, like Gecko) Chrome/150.0.7871.186 Mobile Safari/537.36 (compatible; GoogleOther)" "-"
2a03:2880:f800:: - - [09/Aug/2026:01:08:31 +0200] "GET /?lokasie=/kunden/usr/lib/x86_64-linux-gnu/ldscripts/elf32_x86_64.xc&loknya=/kunden/usr/lib/x86_64-linux-gnu/ldscripts HTTP/1.1" 200 13694 www.chocadoodle.co.uk "-" "Mozilla/5.0 (Windows NT 10.0; Win64; x64) AppleWebKit/537.36 (KHTML, like Gecko) Chrome/145.0.0.0 Safari/537.36 (compatible; meta-externalagent/1.1 (+https://developers.facebook.com/docs/sharing/webmasters/crawler))" "-"
114.119.147.0 - - [09/Aug/2026:01:08:31 +0200] "GET /goods.php?list/goods/clqg292gzpo1r4udt_1451.shtml HTTP/1.1" 200 156325 www.chocadoodle.co.uk "https://www.chocadoodle.co.uk/goods.php?sitemap483.xml" "Mozilla/5.0 (Linux; Android 7.0;) AppleWebKit/537.36 (HTML, like Gecko) Mobile Safari/537.36 (compatible; PetalBot;+https://webmaster.petalsearch.com/site/petalbot)" "-"
216.73.216.0 - - [09/Aug/2026:01:08:33 +0200] "GET /?lokasie=%2Flib%2Flocale%2Fde_BE%40euro%2F%2FLC_ADDRESS&loknya=%2Flib%2Flocale%2Fde_BE%40euro%2F HTTP/1.1" 429 267 chocadoodle.co.uk "-" "Mozilla/5.0 AppleWebKit/537.36 (KHTML, like Gecko; compatible; ClaudeBot/1.0; +claudebot@anthropic.com)" "-"
2a03:2880:f800:: - - [09/Aug/2026:01:08:37 +0200] "GET /?lokasie=/kunden/usr/lib/x86_64-linux-gnu/ldscripts/i386pe.xa&loknya=/kunden/usr/lib/x86_64-linux-gnu/ldscripts HTTP/1.1" 200 13723 www.chocadoodle.co.uk "-" "Mozilla/5.0 (Macintosh; Intel Mac OS X 10_15_7) AppleWebKit/537.36 (KHTML, like Gecko) Chrome/145.0.0.0 Safari/537.36 (compatible; meta-externalagent/1.1 (+https://developers.facebook.com/docs/sharing/webmasters/crawler))" "-"
216.73.216.0 - - [09/Aug/2026:01:08:38 +0200] "GET /shop/contents/items?lokasie=%2Fhomepages%2F43%2Fd124547881%2Fhtdocs%2FWrigglesworths.co.uk%2Fwp-includes%2Fblocks%2Faudio%2Ftheme.css&loknya=%2Fhomepages%2F43%2Fd124547881%2Fhtdocs%2FWrigglesworths.co.uk%2Fwp-includes%2Fblocks%2Faudio HTTP/1.1" 429 267 chocadoodle.co.uk "-" "Mozilla/5.0 AppleWebKit/537.36 (KHTML, like Gecko; compatible; ClaudeBot/1.0; +claudebot@anthropic.com)" "-"
216.73.216.0 - - [09/Aug/2026:01:08:43 +0200] "GET /shop/contents/items?lokasie=%2Fhomepages%2F43%2Fd124547881%2Fhtdocs%2FWrigglesworths.co.uk%2Fwp-includes%2Fblocks%2Ftemplate-part%2Ftheme-rtl.css&loknya=%2Fhomepages%2F43%2Fd124547881%2Fhtdocs%2FWrigglesworths.co.uk%2Fwp-includes%2Fblocks%2Ftemplate-part HTTP/1.1" 429 267 chocadoodle.co.uk "-" "Mozilla/5.0 AppleWebKit/537.36 (KHTML, like Gecko; compatible; ClaudeBot/1.0; +claudebot@anthropic.com)" "-"
2a03:2880:f800:: - - [09/Aug/2026:01:08:43 +0200] "GET /?lokasie=/kunden/usr/lib/x86_64-linux-gnu/ldscripts/elf_x86_64.xbn&loknya=/kunden/usr/lib/x86_64-linux-gnu/ldscripts HTTP/1.1" 200 13684 www.chocadoodle.co.uk "-" "Mozilla/5.0 (Windows NT 10.0; Win64; x64) AppleWebKit/537.36 (KHTML, like Gecko) Chrome/145.0.0.0 Safari/537.36 (compatible; meta-externalagent/1.1 (+https://developers.facebook.com/docs/sharing/webmasters/crawler))" "-"
114.119.144.0 - - [09/Aug/2026:01:08:45 +0200] "GET /xcddqn/kqwnof-c.html HTTP/1.1" 200 27498 wrigglesworths.co.uk "http://wrigglesworths.co.uk/xcddqn/kqwnof-c.html" "Mozilla/5.0 (Linux; Android 7.0;) AppleWebKit/537.36 (HTML, like Gecko) Mobile Safari/537.36 (compatible; PetalBot;+https://webmaster.petalsearch.com/site/petalbot)" "-"
74.7.241.0 - - [09/Aug/2026:01:08:46 +0200] "GET /items/33134667019726.html/?loknya=/homepages/43/d124547881/htdocs/ HTTP/1.1" 404 1271 www.chocadoodle.co.uk "https://www.chocadoodle.co.uk/items/33134667019726.html/" "Mozilla/5.0 AppleWebKit/537.36 (KHTML, like Gecko; compatible; GPTBot/1.4; +https://openai.com/gptbot)" "-"
216.73.216.0 - - [09/Aug/2026:01:08:48 +0200] "GET /shop/contents/items?lokasie=%2Fhomepages%2F43%2Fd124547881%2Fhtdocs%2Fgbwconsulting.co.uk%2Fwp-admin%2Frevision.php&loknya=%2Fhomepages%2F43%2Fd124547881%2Fhtdocs%2Fgbwconsulting.co.uk%2Fwp-admin HTTP/1.1" 429 267 chocadoodle.co.uk "-" "Mozilla/5.0 AppleWebKit/537.36 (KHTML, like Gecko; compatible; ClaudeBot/1.0; +claudebot@anthropic.com)" "-"
2a03:2880:f800:: - - [09/Aug/2026:01:08:48 +0200] "GET /?lokasie=/kunden/usr/lib/x86_64-linux-gnu/ldscripts/elf_k1om.xce&loknya=/kunden/usr/lib/x86_64-linux-gnu/ldscripts HTTP/1.1" 200 13520 www.chocadoodle.co.uk "-" "Mozilla/5.0 (Windows NT 10.0; Win64; x64) AppleWebKit/537.36 (KHTML, like Gecko) Chrome/145.0.0.0 Safari/537.36 (compatible; meta-externalagent/1.1 (+https://developers.facebook.com/docs/sharing/webmasters/crawler))" "-"
74.7.227.0 - - [09/Aug/2026:01:08:51 +0200] "GET /items/38080534921741.html/ HTTP/1.1" 429 267 chocadoodle.co.uk "https://chocadoodle.co.uk/sitemap_1.xml" "Mozilla/5.0 AppleWebKit/537.36 (KHTML, like Gecko; compatible; GPTBot/1.4; +https://openai.com/gptbot)" "-"
216.73.216.0 - - [09/Aug/2026:01:08:53 +0200] "GET /shop/contents/items?lokasie=%2Fhomepages%2F43%2Fd124547881%2Fhtdocs%2Fgbwconsulting.co.uk%2Fwp-admin%2Finstall-helper.php&loknya=%2Fhomepages%2F43%2Fd124547881%2Fhtdocs%2Fgbwconsulting.co.uk%2Fwp-admin HTTP/1.1" 404 1271 chocadoodle.co.uk "-" "Mozilla/5.0 AppleWebKit/537.36 (KHTML, like Gecko; compatible; ClaudeBot/1.0; +claudebot@anthropic.com)" "-"
2a03:2880:f800:: - - [09/Aug/2026:01:08:53 +0200] "GET /?lokasie=/kunden/usr/lib/x86_64-linux-gnu/ldscripts/elf_i386.xc&loknya=/kunden/usr/lib/x86_64-linux-gnu/ldscripts HTTP/1.1" 200 13077 www.chocadoodle.co.uk "-" "Mozilla/5.0 (Windows NT 10.0; Win64; x64) AppleWebKit/537.36 (KHTML, like Gecko) Chrome/145.0.0.0 Safari/537.36 (compatible; meta-externalagent/1.1 (+https://developers.facebook.com/docs/sharing/webmasters/crawler))" "-"
2a03:2880:f800:: - - [09/Aug/2026:01:08:58 +0200] "GET /?lokasie=/kunden/usr/lib/x86_64-linux-gnu/ldscripts/elf_iamcu.xwe&loknya=/kunden/usr/lib/x86_64-linux-gnu/ldscripts HTTP/1.1" 200 12984 www.chocadoodle.co.uk "-" "Mozilla/5.0 (Windows NT 10.0; Win64; x64) AppleWebKit/537.36 (KHTML, like Gecko) Chrome/145.0.0.0 Safari/537.36 (compatible; meta-externalagent/1.1 (+https://developers.facebook.com/docs/sharing/webmasters/crawler))" "-"
216.73.216.0 - - [09/Aug/2026:01:08:59 +0200] "GET /?loknya=%2Fomepages%2F43%2Fd124547881%2Ftdocs%2Fcocadoodle.co.uk%2Fwp-content%2Fuploads%2Fgravity_forms%2Fe%2Ff%2Fc%2F HTTP/1.1" 200 6149 www.chocadoodle.co.uk "-" "Mozilla/5.0 AppleWebKit/537.36 (KHTML, like Gecko; compatible; ClaudeBot/1.0; +claudebot@anthropic.com)" "-"
216.73.216.0 - - [09/Aug/2026:01:09:01 +0200] "GET /?lokasie=%2Fhomepages%2F43%2Fd124547881%2Fhtdocs%2Foutofboundsldn.co.uk%2Fwp-admin%2Fjs%2Fpassword-strength-meter.js&loknya=%2Fhomepages%2F43%2Fd124547881%2Fhtdocs%2Foutofboundsldn.co.uk%2Fwp-admin%2Fjs HTTP/1.1" 200 8934 chocadoodle.co.uk "-" "Mozilla/5.0 AppleWebKit/537.36 (KHTML, like Gecko; compatible; ClaudeBot/1.0; +claudebot@anthropic.com)" "-"
216.73.216.0 - - [09/Aug/2026:01:09:03 +0200] "GET /?loknya=%2Fomepges%2F43%2Fd124547881%2Ftdocs%2Fcocdoodle.co.uk%2Fwp-content%2Fuplods%2Fgrvity_forms%2Fd%2F HTTP/1.1" 200 5884 www.chocadoodle.co.uk "-" "Mozilla/5.0 AppleWebKit/537.36 (KHTML, like Gecko; compatible; ClaudeBot/1.0; +claudebot@anthropic.com)" "-"
2a03:2880:f800:: - - [09/Aug/2026:01:09:03 +0200] "GET /?lokasie=/kunden/usr/lib/x86_64-linux-gnu/ldscripts/elf_l1om.xce&loknya=/kunden/usr/lib/x86_64-linux-gnu/ldscripts HTTP/1.1" 200 13520 www.chocadoodle.co.uk "-" "Mozilla/5.0 (Windows NT 10.0; Win64; x64) AppleWebKit/537.36 (KHTML, like Gecko) Chrome/145.0.0.0 Safari/537.36 (compatible; meta-externalagent/1.1 (+https://developers.facebook.com/docs/sharing/webmasters/crawler))" "-"
216.73.216.0 - - [09/Aug/2026:01:09:04 +0200] "GET /?lokasie=%2Fhomepages%2F43%2Fd124547881%2Fhtdocs%2Foutofboundsldn.co.uk%2Fwp-admin%2Fjs%2Fword-count.js&loknya=%2Fhomepages%2F43%2Fd124547881%2Fhtdocs%2Foutofboundsldn.co.uk%2Fwp-admin%2Fjs HTTP/1.1" 200 12506 chocadoodle.co.uk "-" "Mozilla/5.0 AppleWebKit/537.36 (KHTML, like Gecko; compatible; ClaudeBot/1.0; +claudebot@anthropic.com)" "-"
216.73.216.0 - - [09/Aug/2026:01:09:05 +0200] "GET /shop/contents/items?lokasie=%2Fhomepages%2F43%2Fd124547881%2Fhtdocs%2FWrigglesworths.co.uk%2Fwp-includes%2Fblocks%2Fvideo%2Feditor.min.css&loknya=%2Fhomepages%2F43%2Fd124547881%2Fhtdocs%2FWrigglesworths.co.uk%2Fwp-includes%2Fblocks%2Fvideo HTTP/1.1" 404 1271 chocadoodle.co.uk "-" "Mozilla/5.0 AppleWebKit/537.36 (KHTML, like Gecko; compatible; ClaudeBot/1.0; +claudebot@anthropic.com)" "-"
2a03:2880:f800:: - - [09/Aug/2026:01:09:07 +0200] "GET /?lokasie=/kunden/usr/lib/x86_64-linux-gnu/ldscripts/elf_i386.xse&loknya=/kunden/usr/lib/x86_64-linux-gnu/ldscripts HTTP/1.1" 429 267 www.chocadoodle.co.uk "-" "Mozilla/5.0 (Windows NT 10.0; Win64; x64) AppleWebKit/537.36 (KHTML, like Gecko) Chrome/145.0.0.0 Safari/537.36 (compatible; meta-externalagent/1.1 (+https://developers.facebook.com/docs/sharing/webmasters/crawler))" "-"
216.73.216.0 - - [09/Aug/2026:01:09:09 +0200] "GET /shop/contents/items?lokasie=%2Fhomepages%2F43%2Fd124547881%2Fhtdocs%2FWrigglesworths.co.uk%2Fwp-includes%2Fblocks%2Fvideo%2Fec58dae5.php&loknya=%2Fhomepages%2F43%2Fd124547881%2Fhtdocs%2FWrigglesworths.co.uk%2Fwp-includes%2Fblocks%2Fvideo HTTP/1.1" 404 1271 chocadoodle.co.uk "-" "Mozilla/5.0 AppleWebKit/537.36 (KHTML, like Gecko; compatible; ClaudeBot/1.0; +claudebot@anthropic.com)" "-"
2a03:2880:f800:: - - [09/Aug/2026:01:09:11 +0200] "GET /?lokasie=/kunden/usr/lib/x86_64-linux-gnu/ldscripts/elf_x86_64.x&loknya=/kunden/usr/lib/x86_64-linux-gnu/ldscripts HTTP/1.1" 429 267 www.chocadoodle.co.uk "-" "Mozilla/5.0 (Macintosh; Intel Mac OS X 10_15_7) AppleWebKit/537.36 (KHTML, like Gecko) Chrome/145.0.0.0 Safari/537.36 (compatible; meta-externalagent/1.1 (+https://developers.facebook.com/docs/sharing/webmasters/crawler))" "-"
2a03:2880:f800:: - - [09/Aug/2026:01:09:12 +0200] "GET /?lokasie=/kunden/usr/lib/x86_64-linux-gnu/ldscripts/elf_iamcu.xdw&loknya=/kunden/usr/lib/x86_64-linux-gnu/ldscripts HTTP/1.1" 429 267 www.chocadoodle.co.uk "-" "Mozilla/5.0 (Windows NT 10.0; Win64; x64) AppleWebKit/537.36 (KHTML, like Gecko) Chrome/145.0.0.0 Safari/537.36 (compatible; meta-externalagent/1.1 (+https://developers.facebook.com/docs/sharing/webmasters/crawler))" "-"
216.73.216.0 - - [09/Aug/2026:01:09:14 +0200] "GET /shop/contents/items?lokasie=%2Fhomepages%2F43%2Fd124547881%2Fhtdocs%2Fgbwconsulting.co.uk%2Fwp-admin%2Fpost.php&loknya=%2Fhomepages%2F43%2Fd124547881%2Fhtdocs%2Fgbwconsulting.co.uk%2Fwp-admin HTTP/1.1" 404 1271 chocadoodle.co.uk "-" "Mozilla/5.0 AppleWebKit/537.36 (KHTML, like Gecko; compatible; ClaudeBot/1.0; +claudebot@anthropic.com)" "-"
2a03:2880:f800:: - - [09/Aug/2026:01:09:16 +0200] "GET /?lokasie=/kunden/usr/lib/x86_64-linux-gnu/ldscripts/elf_iamcu.xr&loknya=/kunden/usr/lib/x86_64-linux-gnu/ldscripts HTTP/1.1" 429 267 www.chocadoodle.co.uk "-" "Mozilla/5.0 (Macintosh; Intel Mac OS X 10_15_7) AppleWebKit/537.36 (KHTML, like Gecko) Chrome/145.0.0.0 Safari/537.36 (compatible; meta-externalagent/1.1 (+https://developers.facebook.com/docs/sharing/webmasters/crawler))" "-"
2a03:2880:f800:: - - [09/Aug/2026:01:09:17 +0200] "GET /?lokasie=/kunden/usr/lib/x86_64-linux-gnu/ldscripts/elf_iamcu.xn&loknya=/kunden/usr/lib/x86_64-linux-gnu/ldscripts HTTP/1.1" 429 267 www.chocadoodle.co.uk "-" "Mozilla/5.0 (Macintosh; Intel Mac OS X 10_15_7) AppleWebKit/537.36 (KHTML, like Gecko) Chrome/145.0.0.0 Safari/537.36 (compatible; meta-externalagent/1.1 (+https://developers.facebook.com/docs/sharing/webmasters/crawler))" "-"
216.73.216.0 - - [09/Aug/2026:01:09:20 +0200] "GET /?lokasie=%2Fhomepages%2F43%2Fd124547881%2Fhtdocs%2Foutofboundsldn.co.uk%2Fwp-includes%2Fblock-supports%2Fdimensions.php&loknya=%2Fhomepages%2F43%2Fd124547881%2Fhtdocs%2Foutofboundsldn.co.uk%2Fwp-includes%2Fblock-supports HTTP/1.1" 200 7599 chocadoodle.co.uk "-" "Mozilla/5.0 AppleWebKit/537.36 (KHTML, like Gecko; compatible; ClaudeBot/1.0; +claudebot@anthropic.com)" "-"
66.249.69.0 - - [09/Aug/2026:01:09:21 +0200] "GET /x19083756715575/ HTTP/1.1" 404 1271 www.chocadoodle.co.uk "-" "Mozilla/5.0 (Linux; Android 6.0.1; Nexus 5X Build/MMB29P) AppleWebKit/537.36 (KHTML, like Gecko) Chrome/150.0.7871.186 Mobile Safari/537.36 (compatible; GoogleOther)" "-"
216.73.216.0 - - [09/Aug/2026:01:09:22 +0200] "GET /?loknya=%2Fhomepges%2F43%2Fd124547881%2Fhtdocs%2Fchocdoodle.co.uk%2Fwp-content%2Fuplods%2Fgrvity_forms%2Fd%2Fh HTTP/1.1" 200 6029 www.chocadoodle.co.uk "-" "Mozilla/5.0 AppleWebKit/537.36 (KHTML, like Gecko; compatible; ClaudeBot/1.0; +claudebot@anthropic.com)" "-"
2a03:2880:f800:: - - [09/Aug/2026:01:09:23 +0200] "GET /?lokasie=/kunden/usr/lib/x86_64-linux-gnu/ldscripts/elf_iamcu.x&loknya=/kunden/usr/lib/x86_64-linux-gnu/ldscripts HTTP/1.1" 429 267 www.chocadoodle.co.uk "-" "Mozilla/5.0 (Windows NT 10.0; Win64; x64) AppleWebKit/537.36 (KHTML, like Gecko) Chrome/145.0.0.0 Safari/537.36 (compatible; meta-externalagent/1.1 (+https://developers.facebook.com/docs/sharing/webmasters/crawler))" "-"
2a03:2880:f800:: - - [09/Aug/2026:01:09:24 +0200] "GET /?lokasie=/kunden/usr/lib/x86_64-linux-gnu/ldscripts/elf_x86_64.xsc&loknya=/kunden/usr/lib/x86_64-linux-gnu/ldscripts HTTP/1.1" 429 267 www.chocadoodle.co.uk "-" "Mozilla/5.0 (Windows NT 10.0; Win64; x64) AppleWebKit/537.36 (KHTML, like Gecko) Chrome/145.0.0.0 Safari/537.36 (compatible; meta-externalagent/1.1 (+https://developers.facebook.com/docs/sharing/webmasters/crawler))" "-"
2a03:2880:f800:: - - [09/Aug/2026:01:09:31 +0200] "GET /?lokasie=/kunden/usr/lib/x86_64-linux-gnu/ldscripts/elf32_x86_64.xe&loknya=/kunden/usr/lib/x86_64-linux-gnu/ldscripts HTTP/1.1" 429 267 www.chocadoodle.co.uk "-" "Mozilla/5.0 (Windows NT 10.0; Win64; x64) AppleWebKit/537.36 (KHTML, like Gecko) Chrome/145.0.0.0 Safari/537.36 (compatible; meta-externalagent/1.1 (+https://developers.facebook.com/docs/sharing/webmasters/crawler))" "-"
2a03:2880:f800:: - - [09/Aug/2026:01:09:33 +0200] "GET /?lokasie=/kunden/usr/lib/x86_64-linux-gnu/ldscripts/elf_k1om.xn&loknya=/kunden/usr/lib/x86_64-linux-gnu/ldscripts HTTP/1.1" 429 267 www.chocadoodle.co.uk "-" "Mozilla/5.0 (Windows NT 10.0; Win64; x64) AppleWebKit/537.36 (KHTML, like Gecko) Chrome/145.0.0.0 Safari/537.36 (compatible; meta-externalagent/1.1 (+https://developers.facebook.com/docs/sharing/webmasters/crawler))" "-"
216.73.216.0 - - [09/Aug/2026:01:09:33 +0200] "GET /?lokasie=%2Fhomepages%2F14%2Fd36504773%2F%2F.htaccess&loknya=%2Fhomepages%2F14%2Fd36504773%2F HTTP/1.1" 200 4069 chocadoodle.co.uk "-" "Mozilla/5.0 AppleWebKit/537.36 (KHTML, like Gecko; compatible; ClaudeBot/1.0; +claudebot@anthropic.com)" "-"
2a03:2880:f800:: - - [09/Aug/2026:01:09:42 +0200] "GET /?lokasie=/kunden/usr/lib/x86_64-linux-gnu/ldscripts/i386pep.xu&loknya=/kunden/usr/lib/x86_64-linux-gnu/ldscripts HTTP/1.1" 429 267 www.chocadoodle.co.uk "-" "Mozilla/5.0 (Macintosh; Intel Mac OS X 10_15_7) AppleWebKit/537.36 (KHTML, like Gecko) Chrome/145.0.0.0 Safari/537.36 (compatible; meta-externalagent/1.1 (+https://developers.facebook.com/docs/sharing/webmasters/crawler))" "-"
66.249.69.0 - - [09/Aug/2026:01:09:43 +0200] "GET /u42452555819379/ HTTP/1.1" 404 1271 www.chocadoodle.co.uk "-" "Mozilla/5.0 (Linux; Android 6.0.1; Nexus 5X Build/MMB29P) AppleWebKit/537.36 (KHTML, like Gecko) Chrome/150.0.7871.186 Mobile Safari/537.36 (compatible; GoogleOther)" "-"
2a03:2880:f800:: - - [09/Aug/2026:01:09:44 +0200] "GET /?lokasie=/kunden/usr/lib/x86_64-linux-gnu/ldscripts/elf_x86_64.xr&loknya=/kunden/usr/lib/x86_64-linux-gnu/ldscripts HTTP/1.1" 429 267 www.chocadoodle.co.uk "-" "Mozilla/5.0 (Windows NT 10.0; Win64; x64) AppleWebKit/537.36 (KHTML, like Gecko) Chrome/145.0.0.0 Safari/537.36 (compatible; meta-externalagent/1.1 (+https://developers.facebook.com/docs/sharing/webmasters/crawler))" "-"
74.7.227.0 - - [09/Aug/2026:01:09:52 +0200] "GET /items/16589328173084.html/ HTTP/1.1" 404 1271 chocadoodle.co.uk "https://chocadoodle.co.uk/sitemap_1.xml" "Mozilla/5.0 AppleWebKit/537.36 (KHTML, like Gecko; compatible; GPTBot/1.4; +https://openai.com/gptbot)" "-"
74.7.241.0 - - [09/Aug/2026:01:09:52 +0200] "GET /items/32542706297401.html/?loknya=/homepages/43/d124547881/htdocs/ HTTP/1.1" 404 1271 www.chocadoodle.co.uk "https://www.chocadoodle.co.uk/items/32542706297401.html/" "Mozilla/5.0 AppleWebKit/537.36 (KHTML, like Gecko; compatible; GPTBot/1.4; +https://openai.com/gptbot)" "-"
2a03:2880:f800:: - - [09/Aug/2026:01:09:54 +0200] "GET /?lokasie=/kunden/usr/lib/x86_64-linux-gnu/ldscripts/elf_x86_64.xdw&loknya=/kunden/usr/lib/x86_64-linux-gnu/ldscripts HTTP/1.1" 429 267 www.chocadoodle.co.uk "-" "Mozilla/5.0 (Windows NT 10.0; Win64; x64) AppleWebKit/537.36 (KHTML, like Gecko) Chrome/145.0.0.0 Safari/537.36 (compatible; meta-externalagent/1.1 (+https://developers.facebook.com/docs/sharing/webmasters/crawler))" "-"
114.119.136.0 - - [09/Aug/2026:01:09:55 +0200] "GET /goods.php?list/goods/clp67kr945m96_31504.shtml HTTP/1.1" 200 165627 www.chocadoodle.co.uk "https://www.chocadoodle.co.uk/goods.php?sitemap483.xml" "Mozilla/5.0 (Linux; Android 7.0;) AppleWebKit/537.36 (HTML, like Gecko) Mobile Safari/537.36 (compatible; PetalBot;+https://webmaster.petalsearch.com/site/petalbot)" "-"
2a03:2880:f800:: - - [09/Aug/2026:01:09:57 +0200] "GET /?lokasie=/kunden/usr/lib/x86_64-linux-gnu/ldscripts/elf_k1om.xw&loknya=/kunden/usr/lib/x86_64-linux-gnu/ldscripts HTTP/1.1" 429 267 www.chocadoodle.co.uk "-" "Mozilla/5.0 (Macintosh; Intel Mac OS X 10_15_7) AppleWebKit/537.36 (KHTML, like Gecko) Chrome/145.0.0.0 Safari/537.36 (compatible; meta-externalagent/1.1 (+https://developers.facebook.com/docs/sharing/webmasters/crawler))" "-"
2a03:2880:f800:: - - [09/Aug/2026:01:09:59 +0200] "GET /?lokasie=/kunden/usr/lib/x86_64-linux-gnu/ldscripts/i386pep.xr&loknya=/kunden/usr/lib/x86_64-linux-gnu/ldscripts HTTP/1.1" 429 267 www.chocadoodle.co.uk "-" "Mozilla/5.0 (Macintosh; Intel Mac OS X 10_15_7) AppleWebKit/537.36 (KHTML, like Gecko) Chrome/145.0.0.0 Safari/537.36 (compatible; meta-externalagent/1.1 (+https://developers.facebook.com/docs/sharing/webmasters/crawler))" "-"
34.194.14.0 - - [09/Aug/2026:01:09:59 +0200] "GET /?loknya=/homepages/43/d124547881/htdocs/chocadoodle.co.uk/wp-includes/s HTTP/1.1" 200 5650 chocadoodle.co.uk "-" "Mozilla/5.0 AppleWebKit/537.36 (KHTML, like Gecko; compatible; Amazonbot/0.1; +https://developer.amazon.com/support/amazonbot) Chrome/119.0.6045.214 Safari/537.36" "-"
114.119.130.0 - - [09/Aug/2026:01:10:08 +0200] "GET /ibuigb/etigkd-c.html HTTP/1.1" 200 27498 www.wrigglesworths.co.uk "http://www.wrigglesworths.co.uk/ibuigb/etigkd-c.html" "Mozilla/5.0 (Linux; Android 7.0;) AppleWebKit/537.36 (HTML, like Gecko) Mobile Safari/537.36 (compatible; PetalBot;+https://webmaster.petalsearch.com/site/petalbot)" "-"
66.249.69.0 - - [09/Aug/2026:01:10:12 +0200] "GET /y30005705917505/ HTTP/1.1" 404 1271 www.chocadoodle.co.uk "-" "Mozilla/5.0 (Linux; Android 6.0.1; Nexus 5X Build/MMB29P) AppleWebKit/537.36 (KHTML, like Gecko) Chrome/150.0.7871.186 Mobile Safari/537.36 (compatible; GoogleOther)" "-"
2a03:2880:f800:: - - [09/Aug/2026:01:10:14 +0200] "GET /?lokasie=/kunden/usr/lib/x86_64-linux-gnu/ldscripts/elf_l1om.xsce&loknya=/kunden/usr/lib/x86_64-linux-gnu/ldscripts HTTP/1.1" 200 13034 www.chocadoodle.co.uk "-" "Mozilla/5.0 (Windows NT 10.0; Win64; x64) AppleWebKit/537.36 (KHTML, like Gecko) Chrome/145.0.0.0 Safari/537.36 (compatible; meta-externalagent/1.1 (+https://developers.facebook.com/docs/sharing/webmasters/crawler))" "-"
216.73.216.0 - - [09/Aug/2026:01:10:15 +0200] "GET /?lokasie=%2Fhomepages%2F43%2Fd124547881%2Fhtdocs%2Foutofboundsldn.co.uk%2Fwp-admin%2Fjs%2Fxfn.min.js&loknya=%2Fhomepages%2F43%2Fd124547881%2Fhtdocs%2Foutofboundsldn.co.uk%2Fwp-admin%2Fjs HTTP/1.1" 200 5098 chocadoodle.co.uk "-" "Mozilla/5.0 AppleWebKit/537.36 (KHTML, like Gecko; compatible; ClaudeBot/1.0; +claudebot@anthropic.com)" "-"
2a03:2880:f800:: - - [09/Aug/2026:01:10:16 +0200] "GET /?lokasie=/kunden/usr/lib/x86_64-linux-gnu/ldscripts/i386pep.xa&loknya=/kunden/usr/lib/x86_64-linux-gnu/ldscripts HTTP/1.1" 200 14106 www.chocadoodle.co.uk "-" "Mozilla/5.0 (Macintosh; Intel Mac OS X 10_15_7) AppleWebKit/537.36 (KHTML, like Gecko) Chrome/145.0.0.0 Safari/537.36 (compatible; meta-externalagent/1.1 (+https://developers.facebook.com/docs/sharing/webmasters/crawler))" "-"
2a03:2880:f800:: - - [09/Aug/2026:01:10:32 +0200] "GET /?lokasie=/kunden/usr/lib/x86_64-linux-gnu/ldscripts/elf32_x86_64.xswe&loknya=/kunden/usr/lib/x86_64-linux-gnu/ldscripts HTTP/1.1" 200 13461 www.chocadoodle.co.uk "-" "Mozilla/5.0 (Macintosh; Intel Mac OS X 10_15_7) AppleWebKit/537.36 (KHTML, like Gecko) Chrome/145.0.0.0 Safari/537.36 (compatible; meta-externalagent/1.1 (+https://developers.facebook.com/docs/sharing/webmasters/crawler))" "-"
216.73.216.0 - - [09/Aug/2026:01:10:33 +0200] "GET /?lokasie=%2Fhomepages%2F14%2Fd36504773%2F%2Fphpinilist&loknya=%2Fhomepages%2F14%2Fd36504773%2F HTTP/1.1" 200 4070 chocadoodle.co.uk "-" "Mozilla/5.0 AppleWebKit/537.36 (KHTML, like Gecko; compatible; ClaudeBot/1.0; +claudebot@anthropic.com)" "-"
2a03:2880:f800:: - - [09/Aug/2026:01:10:46 +0200] "GET /?lokasie=/kunden/usr/lib/x86_64-linux-gnu/ldscripts/elf_i386.xs&loknya=/kunden/usr/lib/x86_64-linux-gnu/ldscripts HTTP/1.1" 200 12773 www.chocadoodle.co.uk "-" "Mozilla/5.0 (Windows NT 10.0; Win64; x64) AppleWebKit/537.36 (KHTML, like Gecko) Chrome/145.0.0.0 Safari/537.36 (compatible; meta-externalagent/1.1 (+https://developers.facebook.com/docs/sharing/webmasters/crawler))" "-"
74.7.227.0 - - [09/Aug/2026:01:10:54 +0200] "GET /items/22981576403291.html/ HTTP/1.1" 404 1271 chocadoodle.co.uk "https://chocadoodle.co.uk/sitemap_1.xml" "Mozilla/5.0 AppleWebKit/537.36 (KHTML, like Gecko; compatible; GPTBot/1.4; +https://openai.com/gptbot)" "-"
2a03:2880:f800:: - - [09/Aug/2026:01:10:57 +0200] "GET /?lokasie=/kunden/usr/lib/x86_64-linux-gnu/ldscripts/elf_k1om.xdwe&loknya=/kunden/usr/lib/x86_64-linux-gnu/ldscripts HTTP/1.1" 200 13380 www.chocadoodle.co.uk "-" "Mozilla/5.0 (Windows NT 10.0; Win64; x64) AppleWebKit/537.36 (KHTML, like Gecko) Chrome/145.0.0.0 Safari/537.36 (compatible; meta-externalagent/1.1 (+https://developers.facebook.com/docs/sharing/webmasters/crawler))" "-"
74.7.241.0 - - [09/Aug/2026:01:10:58 +0200] "GET /items/33597898075643.html/?loknya=/homepages/43/d124547881/htdocs/ HTTP/1.1" 404 1271 www.chocadoodle.co.uk "https://www.chocadoodle.co.uk/items/33597898075643.html/" "Mozilla/5.0 AppleWebKit/537.36 (KHTML, like Gecko; compatible; GPTBot/1.4; +https://openai.com/gptbot)" "-"
66.249.69.0 - - [09/Aug/2026:01:11:00 +0200] "GET /j23410875629499/ HTTP/1.1" 404 1271 www.chocadoodle.co.uk "-" "Mozilla/5.0 (Linux; Android 6.0.1; Nexus 5X Build/MMB29P) AppleWebKit/537.36 (KHTML, like Gecko) Chrome/150.0.7871.186 Mobile Safari/537.36 (compatible; GoogleOther)" "-"
216.73.216.0 - - [09/Aug/2026:01:11:04 +0200] "GET /?lokasie=%2Fhomepages%2F43%2Fd124547881%2Fhtdocs%2Foutofboundsldn.co.uk%2Fwp-content%2Fthemes%2F%2Findex.php&loknya=%2Fhomepages%2F43%2Fd124547881%2Fhtdocs%2Foutofboundsldn.co.uk%2Fwp-content%2Fthemes%2F HTTP/1.1" 200 4509 chocadoodle.co.uk "-" "Mozilla/5.0 AppleWebKit/537.36 (KHTML, like Gecko; compatible; ClaudeBot/1.0; +claudebot@anthropic.com)" "-"
