216.73.216.0 - - [09/Aug/2026:03:12:00 +0200] "GET /?loknya=%2Fhomepages%2F43%2Fd124547881%2Fhtdocs%2Fchocadoodle.co.uk%2Fwp-content%2Fuploads%2Fgravity_forms%2Fc%2Fe%2Fc%2Fb HTTP/1.1" 200 6328 www.chocadoodle.co.uk "-" "Mozilla/5.0 AppleWebKit/537.36 (KHTML, like Gecko; compatible; ClaudeBot/1.0; +claudebot@anthropic.com)" "-"
216.73.216.0 - - [09/Aug/2026:03:12:00 +0200] "GET /?loknya=%2Fhomepages%2F43%2Fd124547881%2Fhtdocs%2Fchocadoodle.co.uk%2Fwp-content%2Fuploads%2Fgravity_forms%2Fd%2Fh%2Fd HTTP/1.1" 200 16305 www.chocadoodle.co.uk "-" "Mozilla/5.0 AppleWebKit/537.36 (KHTML, like Gecko; compatible; ClaudeBot/1.0; +claudebot@anthropic.com)" "-"
2a03:2880:f800:: - - [09/Aug/2026:03:12:01 +0200] "GET /?loknya=/homepages/43/d124547881/htdocs/chocadoodle.co.uk/wp-content/plugins_old/wordpress-seo/admin/exceptions HTTP/1.1" 429 267 www.chocadoodle.co.uk "-" "Mozilla/5.0 (Macintosh; Intel Mac OS X 10_15_7) AppleWebKit/537.36 (KHTML, like Gecko) Chrome/145.0.0.0 Safari/537.36 (compatible; meta-externalagent/1.1 (+https://developers.facebook.com/docs/sharing/webmasters/crawler))" "-"
216.73.216.0 - - [09/Aug/2026:03:12:01 +0200] "GET /?loknya=%2Fhomepages%2F43%2Fd124547881%2Fhtdos%2Fhoadoodle.o.uk%2Fwp-ontent%2Fuploads%2Fgravity_forms%2Fd%2Fb%2Fh HTTP/1.1" 429 267 www.chocadoodle.co.uk "-" "Mozilla/5.0 AppleWebKit/537.36 (KHTML, like Gecko; compatible; ClaudeBot/1.0; +claudebot@anthropic.com)" "-"
74.7.241.0 - - [09/Aug/2026:03:12:01 +0200] "GET /items/32860576126443.html/?loknya=/homepages/43/d124547881/htdocs/ HTTP/1.1" 429 267 www.chocadoodle.co.uk "https://www.chocadoodle.co.uk/items/32860576126443.html/" "Mozilla/5.0 AppleWebKit/537.36 (KHTML, like Gecko; compatible; GPTBot/1.4; +https://openai.com/gptbot)" "-"
216.73.216.0 - - [09/Aug/2026:03:12:02 +0200] "GET /?loknya=%2Fhomepages%2F43%2Fd124547881%2Fhtdocs%2Fchocadoodle.co.uk%2Fwp-content%2Fuploads%2Fgravity_forms%2Fa%2Fh%2Ff HTTP/1.1" 429 267 www.chocadoodle.co.uk "-" "Mozilla/5.0 AppleWebKit/537.36 (KHTML, like Gecko; compatible; ClaudeBot/1.0; +claudebot@anthropic.com)" "-"
216.73.216.0 - - [09/Aug/2026:03:12:02 +0200] "GET /?loknya=%2Fhomepages%2F43%2Fd124547881%2Fhtdocs%2Fchocadoodle.co.uk%2Fwp-content%2Fuploads%2Fgravity_forms%2Fc%2Fc%2Fa HTTP/1.1" 429 267 www.chocadoodle.co.uk "-" "Mozilla/5.0 AppleWebKit/537.36 (KHTML, like Gecko; compatible; ClaudeBot/1.0; +claudebot@anthropic.com)" "-"
50.18.8.0 - - [09/Aug/2026:03:12:02 +0200] "GET /?sitemap129.xml HTTP/1.1" 200 407610 www.chocadoodle.co.uk "-" "TerraCotta 0.2 https://www.github.com/ceramicTeam/CeramicTerracotta" "-"
216.73.216.0 - - [09/Aug/2026:03:12:03 +0200] "GET /?loknya=%2Fhomepages%2F43%2Fd124547881%2Fhtdocs%2Fchocadoodle.co.uk%2Fwp-content%2Fuploads%2Fgravity_forms%2Fe%2Fd%2Fe HTTP/1.1" 429 267 www.chocadoodle.co.uk "-" "Mozilla/5.0 AppleWebKit/537.36 (KHTML, like Gecko; compatible; ClaudeBot/1.0; +claudebot@anthropic.com)" "-"
216.73.216.0 - - [09/Aug/2026:03:12:03 +0200] "GET /?loknya=%2Fhomepages%2F43%2Fd124547881%2Fhtdocs%2Fchocadoodle.co.uk%2Fwp-content%2Fuploads%2Fgravity_forms%2Fe%2Fd%2Fb%2Fg HTTP/1.1" 429 267 www.chocadoodle.co.uk "-" "Mozilla/5.0 AppleWebKit/537.36 (KHTML, like Gecko; compatible; ClaudeBot/1.0; +claudebot@anthropic.com)" "-"
216.73.216.0 - - [09/Aug/2026:03:12:04 +0200] "GET /?loknya=%2Fhomepages%2F43%2Fd124547881%2Fhtdocs%2Fchocadoodle.co.uk%2Fwp-content%2Fuploads%2Fgravity_forms%2Fe%2Fg%2Fd%2Fb HTTP/1.1" 429 267 www.chocadoodle.co.uk "-" "Mozilla/5.0 AppleWebKit/537.36 (KHTML, like Gecko; compatible; ClaudeBot/1.0; +claudebot@anthropic.com)" "-"
216.73.216.0 - - [09/Aug/2026:03:12:04 +0200] "GET /?loknya=%2Fhomepages%2F43%2Fd124547881%2Fhtdocs%2Fchocadoodle.co.uk%2Fwp-content%2Fuploads%2Fgravity_forms%2Fa%2Fh%2Fd HTTP/1.1" 429 267 www.chocadoodle.co.uk "-" "Mozilla/5.0 AppleWebKit/537.36 (KHTML, like Gecko; compatible; ClaudeBot/1.0; +claudebot@anthropic.com)" "-"
216.73.216.0 - - [09/Aug/2026:03:12:05 +0200] "GET /?loknya=%2Fhomepages%2F43%2Fd124547881%2Fhtdocs%2Fchocadoodle.co.uk%2Fwp-content%2Fuploads%2Fgravity_forms%2Fc%2Fb%2Fd%2Fh HTTP/1.1" 429 267 www.chocadoodle.co.uk "-" "Mozilla/5.0 AppleWebKit/537.36 (KHTML, like Gecko; compatible; ClaudeBot/1.0; +claudebot@anthropic.com)" "-"
216.73.216.0 - - [09/Aug/2026:03:12:05 +0200] "GET /?loknya=%2Fhomepages%2F43%2Fd124547881%2Fhtdocs%2Fchocadoodle.co.uk%2Fwp-content%2Fuploads%2Fgravity_forms%2Fd%2Fc%2Fb%2Fh HTTP/1.1" 429 267 www.chocadoodle.co.uk "-" "Mozilla/5.0 AppleWebKit/537.36 (KHTML, like Gecko; compatible; ClaudeBot/1.0; +claudebot@anthropic.com)" "-"
2a03:2880:f800:: - - [09/Aug/2026:03:12:06 +0200] "GET /?lokasie=/homepages/43/d124547881/htdocs/chocadoodle.co.uk/wp-content/plugins_old/wordpress-seo/admin/class-admin-asset-seo-location.php&loknya=/homepages/43/d124547881/htdocs/chocadoodle.co.uk/wp-content/plugins_old/wordpress-seo/admin HTTP/1.1" 429 267 www.chocadoodle.co.uk "-" "Mozilla/5.0 (Windows NT 10.0; Win64; x64) AppleWebKit/537.36 (KHTML, like Gecko) Chrome/145.0.0.0 Safari/537.36 (compatible; meta-externalagent/1.1 (+https://developers.facebook.com/docs/sharing/webmasters/crawler))" "-"
216.73.216.0 - - [09/Aug/2026:03:12:06 +0200] "GET /?loknya=%2Fhomepages%2F43%2Fd124547881%2Fhtdocs%2Fchocadoodle.co.uk%2Fwp-content%2Fuploads%2Fgravity_forms%2Fc%2Fd%2Fb%2Fh HTTP/1.1" 429 267 www.chocadoodle.co.uk "-" "Mozilla/5.0 AppleWebKit/537.36 (KHTML, like Gecko; compatible; ClaudeBot/1.0; +claudebot@anthropic.com)" "-"
2a03:2880:f800:: - - [09/Aug/2026:03:12:06 +0200] "GET /?lokasie=/homepages/43/d124547881/htdocs/chocadoodle.co.uk/wp-content/plugins_old/wordpress-seo/admin/class-yoast-notification-center.php&loknya=/homepages/43/d124547881/htdocs/chocadoodle.co.uk/wp-content/plugins_old/wordpress-seo/admin HTTP/1.1" 429 267 www.chocadoodle.co.uk "-" "Mozilla/5.0 (Windows NT 10.0; Win64; x64) AppleWebKit/537.36 (KHTML, like Gecko) Chrome/145.0.0.0 Safari/537.36 (compatible; meta-externalagent/1.1 (+https://developers.facebook.com/docs/sharing/webmasters/crawler))" "-"
216.73.216.0 - - [09/Aug/2026:03:12:06 +0200] "GET /?loknya=%2Fhomepages%2F43%2Fd124547881%2Fhtdocs%2Fchocadoodle.co.uk%2Fwp-content%2Fuploads%2Fgravity_forms%2Fb%2Fc%2Fd%2Fh HTTP/1.1" 429 267 www.chocadoodle.co.uk "-" "Mozilla/5.0 AppleWebKit/537.36 (KHTML, like Gecko; compatible; ClaudeBot/1.0; +claudebot@anthropic.com)" "-"
2a03:2880:f800:: - - [09/Aug/2026:03:12:10 +0200] "GET /?lokasie=/homepages/43/d124547881/htdocs/chocadoodle.co.uk/wp-content/plugins_old/wordpress-seo/admin/class-gutenberg-compatibility.php&loknya=/homepages/43/d124547881/htdocs/chocadoodle.co.uk/wp-content/plugins_old/wordpress-seo/admin HTTP/1.1" 429 267 www.chocadoodle.co.uk "-" "Mozilla/5.0 (Macintosh; Intel Mac OS X 10_15_7) AppleWebKit/537.36 (KHTML, like Gecko) Chrome/145.0.0.0 Safari/537.36 (compatible; meta-externalagent/1.1 (+https://developers.facebook.com/docs/sharing/webmasters/crawler))" "-"
2a03:2880:f800:: - - [09/Aug/2026:03:12:11 +0200] "GET /?loknya=/homepages/43/d124547881/htdocs/chocadoodle.co.uk/wp-content/plugins_old/wordpress-seo/admin/listeners HTTP/1.1" 429 267 www.chocadoodle.co.uk "-" "Mozilla/5.0 (Windows NT 10.0; Win64; x64) AppleWebKit/537.36 (KHTML, like Gecko) Chrome/145.0.0.0 Safari/537.36 (compatible; meta-externalagent/1.1 (+https://developers.facebook.com/docs/sharing/webmasters/crawler))" "-"
50.18.8.0 - - [09/Aug/2026:03:12:11 +0200] "GET /?sitemap231.xml HTTP/1.1" 200 407610 www.chocadoodle.co.uk "-" "TerraCotta 0.2 https://www.github.com/ceramicTeam/CeramicTerracotta" "-"
2a03:2880:f800:: - - [09/Aug/2026:03:12:16 +0200] "GET /?lokasie=/homepages/43/d124547881/htdocs/chocadoodle.co.uk/wp-content/plugins_old/wordpress-seo/admin/class-product-upsell-notice.php&loknya=/homepages/43/d124547881/htdocs/chocadoodle.co.uk/wp-content/plugins_old/wordpress-seo/admin HTTP/1.1" 429 267 www.chocadoodle.co.uk "-" "Mozilla/5.0 (X11; Linux x86_64) AppleWebKit/537.36 (KHTML, like Gecko) Chrome/145.0.0.0 Safari/537.36 (compatible; meta-externalagent/1.1 (+https://developers.facebook.com/docs/sharing/webmasters/crawler))" "-"
2a03:2880:f800:: - - [09/Aug/2026:03:12:18 +0200] "GET /?lokasie=/homepages/43/d124547881/htdocs/chocadoodle.co.uk/wp-content/plugins_old/wordpress-seo/admin/class-yoast-network-settings-api.php&loknya=/homepages/43/d124547881/htdocs/chocadoodle.co.uk/wp-content/plugins_old/wordpress-seo/admin HTTP/1.1" 429 267 www.chocadoodle.co.uk "-" "Mozilla/5.0 (X11; Linux x86_64) AppleWebKit/537.36 (KHTML, like Gecko) Chrome/145.0.0.0 Safari/537.36 (compatible; meta-externalagent/1.1 (+https://developers.facebook.com/docs/sharing/webmasters/crawler))" "-"
2a03:2880:f800:: - - [09/Aug/2026:03:12:25 +0200] "GET /?lokasie=/homepages/43/d124547881/htdocs/chocadoodle.co.uk/wp-content/plugins_old/wordpress-seo/admin/class-my-yoast-proxy.php&loknya=/homepages/43/d124547881/htdocs/chocadoodle.co.uk/wp-content/plugins_old/wordpress-seo/admin HTTP/1.1" 429 267 www.chocadoodle.co.uk "-" "Mozilla/5.0 (Macintosh; Intel Mac OS X 10_15_7) AppleWebKit/537.36 (KHTML, like Gecko) Chrome/145.0.0.0 Safari/537.36 (compatible; meta-externalagent/1.1 (+https://developers.facebook.com/docs/sharing/webmasters/crawler))" "-"
2a03:2880:f800:: - - [09/Aug/2026:03:12:27 +0200] "GET /?lokasie=/homepages/43/d124547881/htdocs/chocadoodle.co.uk/wp-content/plugins_old/wordpress-seo/admin/class-admin-help-panel.php&loknya=/homepages/43/d124547881/htdocs/chocadoodle.co.uk/wp-content/plugins_old/wordpress-seo/admin HTTP/1.1" 429 267 www.chocadoodle.co.uk "-" "Mozilla/5.0 (Macintosh; Intel Mac OS X 10_15_7) AppleWebKit/537.36 (KHTML, like Gecko) Chrome/145.0.0.0 Safari/537.36 (compatible; meta-externalagent/1.1 (+https://developers.facebook.com/docs/sharing/webmasters/crawler))" "-"
50.18.8.0 - - [09/Aug/2026:03:12:27 +0200] "GET /?sitemap281.xml HTTP/1.1" 200 407610 www.chocadoodle.co.uk "-" "TerraCotta 0.2 https://www.github.com/ceramicTeam/CeramicTerracotta" "-"
2a03:2880:f800:: - - [09/Aug/2026:03:12:35 +0200] "GET /?lokasie=/homepages/43/d124547881/htdocs/chocadoodle.co.uk/wp-content/plugins_old/wordpress-seo/admin/class-collector.php&loknya=/homepages/43/d124547881/htdocs/chocadoodle.co.uk/wp-content/plugins_old/wordpress-seo/admin HTTP/1.1" 429 267 www.chocadoodle.co.uk "-" "Mozilla/5.0 (Windows NT 10.0; Win64; x64) AppleWebKit/537.36 (KHTML, like Gecko) Chrome/145.0.0.0 Safari/537.36 (compatible; meta-externalagent/1.1 (+https://developers.facebook.com/docs/sharing/webmasters/crawler))" "-"
74.7.227.0 - - [09/Aug/2026:03:12:35 +0200] "GET /items/39428717206194.html/ HTTP/1.1" 404 1271 chocadoodle.co.uk "https://chocadoodle.co.uk/sitemap_1.xml" "Mozilla/5.0 AppleWebKit/537.36 (KHTML, like Gecko; compatible; GPTBot/1.4; +https://openai.com/gptbot)" "-"
2a03:2880:f800:: - - [09/Aug/2026:03:12:36 +0200] "GET /?lokasie=/homepages/43/d124547881/htdocs/chocadoodle.co.uk/wp-content/plugins_old/wordpress-seo/admin/index.php&loknya=/homepages/43/d124547881/htdocs/chocadoodle.co.uk/wp-content/plugins_old/wordpress-seo/admin HTTP/1.1" 429 267 www.chocadoodle.co.uk "-" "Mozilla/5.0 (Windows NT 10.0; Win64; x64) AppleWebKit/537.36 (KHTML, like Gecko) Chrome/145.0.0.0 Safari/537.36 (compatible; meta-externalagent/1.1 (+https://developers.facebook.com/docs/sharing/webmasters/crawler))" "-"
2a03:2880:f800:: - - [09/Aug/2026:03:12:38 +0200] "GET /?lokasie=/homepages/43/d124547881/htdocs/chocadoodle.co.uk/wp-content/plugins_old/wordpress-seo/admin/class-premium-upsell-admin-block.php&loknya=/homepages/43/d124547881/htdocs/chocadoodle.co.uk/wp-content/plugins_old/wordpress-seo/admin HTTP/1.1" 429 267 www.chocadoodle.co.uk "-" "Mozilla/5.0 (Windows NT 10.0; Win64; x64) AppleWebKit/537.36 (KHTML, like Gecko) Chrome/145.0.0.0 Safari/537.36 (compatible; meta-externalagent/1.1 (+https://developers.facebook.com/docs/sharing/webmasters/crawler))" "-"
114.119.153.0 - - [09/Aug/2026:03:12:43 +0200] "GET /goods.php?list/goods/auu271yytynfpy2g_18682.shtml HTTP/1.1" 200 160791 www.chocadoodle.co.uk "https://www.chocadoodle.co.uk/goods.php?sitemap483.xml" "Mozilla/5.0 (Linux; Android 7.0;) AppleWebKit/537.36 (HTML, like Gecko) Mobile Safari/537.36 (compatible; PetalBot;+https://webmaster.petalsearch.com/site/petalbot)" "-"
114.119.144.0 - - [09/Aug/2026:03:12:48 +0200] "GET /ygpydy/domirk-c.html HTTP/1.1" 200 27498 wrigglesworths.co.uk "http://wrigglesworths.co.uk/ygpydy/domirk-c.html" "Mozilla/5.0 (Linux; Android 7.0;) AppleWebKit/537.36 (HTML, like Gecko) Mobile Safari/537.36 (compatible; PetalBot;+https://webmaster.petalsearch.com/site/petalbot)" "-"
216.73.216.0 - - [09/Aug/2026:03:12:49 +0200] "GET /?loknya=%2Fhomepages%2F43%2Fd124547881%2Fhtdocs%2Foutofboundsldn.co.uk%2Fwp-admin%2Fcss%2Fcolors%2Fcoffee HTTP/1.1" 200 13973 chocadoodle.co.uk "-" "Mozilla/5.0 AppleWebKit/537.36 (KHTML, like Gecko; compatible; ClaudeBot/1.0; +claudebot@anthropic.com)" "-"
2a03:2880:f800:: - - [09/Aug/2026:03:12:49 +0200] "GET /?lokasie=/homepages/43/d124547881/htdocs/chocadoodle.co.uk/wp-content/plugins_old/wordpress-seo/admin/class-option-tab.php&loknya=/homepages/43/d124547881/htdocs/chocadoodle.co.uk/wp-content/plugins_old/wordpress-seo/admin HTTP/1.1" 429 267 www.chocadoodle.co.uk "-" "Mozilla/5.0 (Macintosh; Intel Mac OS X 10_15_7) AppleWebKit/537.36 (KHTML, like Gecko) Chrome/145.0.0.0 Safari/537.36 (compatible; meta-externalagent/1.1 (+https://developers.facebook.com/docs/sharing/webmasters/crawler))" "-"
2a03:2880:f800:: - - [09/Aug/2026:03:12:52 +0200] "GET /?lokasie=/homepages/43/d124547881/htdocs/chocadoodle.co.uk/wp-content/plugins_old/wordpress-seo/admin/class-config.php&loknya=/homepages/43/d124547881/htdocs/chocadoodle.co.uk/wp-content/plugins_old/wordpress-seo/admin HTTP/1.1" 429 267 www.chocadoodle.co.uk "-" "Mozilla/5.0 (Windows NT 10.0; Win64; x64) AppleWebKit/537.36 (KHTML, like Gecko) Chrome/145.0.0.0 Safari/537.36 Edg/145.0.0.0 (compatible; meta-externalagent/1.1 (+https://developers.facebook.com/docs/sharing/webmasters/crawler))" "-"
216.73.216.0 - - [09/Aug/2026:03:12:53 +0200] "GET /?loknya=%2Fhomepages%2F43%2Fd124547881%2Fhtdocs%2Foutofboundsldn.co.uk%2Fwp-admin%2Fcss%2Fcolors%2Focean HTTP/1.1" 200 13950 chocadoodle.co.uk "-" "Mozilla/5.0 AppleWebKit/537.36 (KHTML, like Gecko; compatible; ClaudeBot/1.0; +claudebot@anthropic.com)" "-"
2a03:2880:f800:: - - [09/Aug/2026:03:12:53 +0200] "GET /?lokasie=/homepages/43/d124547881/htdocs/chocadoodle.co.uk/wp-content/plugins_old/wordpress-seo/admin/class-yoast-network-admin.php&loknya=/homepages/43/d124547881/htdocs/chocadoodle.co.uk/wp-content/plugins_old/wordpress-seo/admin HTTP/1.1" 429 267 www.chocadoodle.co.uk "-" "Mozilla/5.0 (Macintosh; Intel Mac OS X 10_15_7) AppleWebKit/537.36 (KHTML, like Gecko) Chrome/145.0.0.0 Safari/537.36 (compatible; meta-externalagent/1.1 (+https://developers.facebook.com/docs/sharing/webmasters/crawler))" "-"
216.73.216.0 - - [09/Aug/2026:03:12:58 +0200] "GET /?loknya=%2Fhomepages%2F43%2Fd124547881%2Fhtdocs%2Foutofboundsldn.co.uk%2Fwp-admin%2Fcss%2Fcolors%2Fmidnight HTTP/1.1" 200 14022 chocadoodle.co.uk "-" "Mozilla/5.0 AppleWebKit/537.36 (KHTML, like Gecko; compatible; ClaudeBot/1.0; +claudebot@anthropic.com)" "-"
216.73.216.0 - - [09/Aug/2026:03:13:03 +0200] "GET /?loknya=%2Fhomepages%2F43%2Fd124547881%2Fhtdocs%2Fchocadoodle.co.uk%2Fwp-content%2Fuploads%2Fgravity_forms%2Fd%2Fh%2Fe%2Fg HTTP/1.1" 200 6311 www.chocadoodle.co.uk "-" "Mozilla/5.0 AppleWebKit/537.36 (KHTML, like Gecko; compatible; ClaudeBot/1.0; +claudebot@anthropic.com)" "-"
74.7.241.0 - - [09/Aug/2026:03:13:04 +0200] "GET /items/18326577578027.html/?loknya=/homepages/43/d124547881/htdocs/ HTTP/1.1" 404 1271 www.chocadoodle.co.uk "https://www.chocadoodle.co.uk/items/18326577578027.html/" "Mozilla/5.0 AppleWebKit/537.36 (KHTML, like Gecko; compatible; GPTBot/1.4; +https://openai.com/gptbot)" "-"
2a03:2880:f800:: - - [09/Aug/2026:03:13:08 +0200] "GET /?loknya=/homepages/43/d124547881/htdocs/chocadoodle.co.uk/wp-content/plugins_old/wordpress-seo/admin/services HTTP/1.1" 200 9227 www.chocadoodle.co.uk "-" "Mozilla/5.0 (Macintosh; Intel Mac OS X 10_15_7) AppleWebKit/537.36 (KHTML, like Gecko) Chrome/145.0.0.0 Safari/537.36 (compatible; meta-externalagent/1.1 (+https://developers.facebook.com/docs/sharing/webmasters/crawler))" "-"
50.18.8.0 - - [09/Aug/2026:03:13:09 +0200] "GET /?sitemap592.xml HTTP/1.1" 200 407610 www.chocadoodle.co.uk "-" "TerraCotta 0.2 https://www.github.com/ceramicTeam/CeramicTerracotta" "-"
2a03:2880:f800:: - - [09/Aug/2026:03:13:12 +0200] "GET /?lokasie=/homepages/43/d124547881/htdocs/chocadoodle.co.uk/wp-content/plugins_old/wordpress-seo/admin/class-admin-asset-yoast-components-l10n.php&loknya=/homepages/43/d124547881/htdocs/chocadoodle.co.uk/wp-content/plugins_old/wordpress-seo/admin HTTP/1.1" 200 6506 www.chocadoodle.co.uk "-" "Mozilla/5.0 (Macintosh; Intel Mac OS X 10_15_7) AppleWebKit/537.36 (KHTML, like Gecko) Chrome/145.0.0.0 Safari/537.36 (compatible; meta-externalagent/1.1 (+https://developers.facebook.com/docs/sharing/webmasters/crawler))" "-"
66.249.69.0 - - [09/Aug/2026:03:13:15 +0200] "GET /f13032895650871/ HTTP/1.1" 404 1271 www.chocadoodle.co.uk "-" "Mozilla/5.0 (compatible; Googlebot/2.1; +http://www.google.com/bot.html)" "-"
2a03:2880:f800:: - - [09/Aug/2026:03:13:29 +0200] "GET /?lokasie=/homepages/43/d124547881/htdocs/chocadoodle.co.uk/wp-content/plugins_old/wordpress-seo/admin/class-admin-recommended-replace-vars.php&loknya=/homepages/43/d124547881/htdocs/chocadoodle.co.uk/wp-content/plugins_old/wordpress-seo/admin HTTP/1.1" 200 11721 www.chocadoodle.co.uk "-" "Mozilla/5.0 (Macintosh; Intel Mac OS X 10_15_7) AppleWebKit/537.36 (KHTML, like Gecko) Chrome/145.0.0.0 Safari/537.36 (compatible; meta-externalagent/1.1 (+https://developers.facebook.com/docs/sharing/webmasters/crawler))" "-"
216.73.216.0 - - [09/Aug/2026:03:13:31 +0200] "GET /?loknya=%2Fhompags%2F43%2Fd124547881%2Fhtdocs%2Fchocadoodl.co.uk%2F HTTP/1.1" 200 5392 www.chocadoodle.co.uk "-" "Mozilla/5.0 AppleWebKit/537.36 (KHTML, like Gecko; compatible; ClaudeBot/1.0; +claudebot@anthropic.com)" "-"
216.73.216.0 - - [09/Aug/2026:03:13:36 +0200] "GET /?loknya=%2Fhomepages%2F43%2Fd124547881%2Fhtdocs%2Fchocadoodle.co.uk%2Fwp-content%2Fuploads%2Fgravity_orms%2Fc%2Fb%2Fd%2F HTTP/1.1" 200 6179 www.chocadoodle.co.uk "-" "Mozilla/5.0 AppleWebKit/537.36 (KHTML, like Gecko; compatible; ClaudeBot/1.0; +claudebot@anthropic.com)" "-"
74.7.227.0 - - [09/Aug/2026:03:13:38 +0200] "GET /items/47028934966052.html/ HTTP/1.1" 404 1271 chocadoodle.co.uk "https://chocadoodle.co.uk/sitemap_1.xml" "Mozilla/5.0 AppleWebKit/537.36 (KHTML, like Gecko; compatible; GPTBot/1.4; +https://openai.com/gptbot)" "-"
66.249.69.0 - - [09/Aug/2026:03:13:40 +0200] "GET /u37146967469617 HTTP/1.1" 404 1271 www.chocadoodle.co.uk "-" "Mozilla/5.0 (Linux; Android 6.0.1; Nexus 5X Build/MMB29P) AppleWebKit/537.36 (KHTML, like Gecko) Chrome/150.0.7871.186 Mobile Safari/537.36 (compatible; Googlebot/2.1; +http://www.google.com/bot.html)" "-"
216.73.216.0 - - [09/Aug/2026:03:13:41 +0200] "GET /?loknya=%2Fhomepges%2F43%2Fd124547881%2Fhtdocs%2Fchocdoodle.co.uk%2Fwp-content%2Fuplods%2Fgrvity_forms%2Fc HTTP/1.1" 200 5914 www.chocadoodle.co.uk "-" "Mozilla/5.0 AppleWebKit/537.36 (KHTML, like Gecko; compatible; ClaudeBot/1.0; +claudebot@anthropic.com)" "-"
2a03:2880:f800:: - - [09/Aug/2026:03:13:43 +0200] "GET /?loknya=/homepages/43/d124547881/htdocs/chocadoodle.co.uk/wp-content/plugins_old/wordpress-seo/admin/taxonomy HTTP/1.1" 200 14907 www.chocadoodle.co.uk "-" "Mozilla/5.0 (Macintosh; Intel Mac OS X 10_15_7) AppleWebKit/537.36 (KHTML, like Gecko) Chrome/145.0.0.0 Safari/537.36 (compatible; meta-externalagent/1.1 (+https://developers.facebook.com/docs/sharing/webmasters/crawler))" "-"
216.73.216.0 - - [09/Aug/2026:03:13:46 +0200] "GET /?loknya=%2Fhomepges%2F43%2Fd124547881%2Fhtdocs%2Fchocdoodle.co.uk%2Fwp-content%2Fuplods%2Fgrvity_forms%2Fd%2Fc%2Fd HTTP/1.1" 200 6140 www.chocadoodle.co.uk "-" "Mozilla/5.0 AppleWebKit/537.36 (KHTML, like Gecko; compatible; ClaudeBot/1.0; +claudebot@anthropic.com)" "-"
216.73.216.0 - - [09/Aug/2026:03:13:52 +0200] "GET /?loknya=%2Fhomepages%2F43%2F124547881%2Fhtocs%2Fchocaoole.co.uk%2Fwp-content%2Fuploas%2Fgravity_forms%2F%2Fc HTTP/1.1" 200 5906 www.chocadoodle.co.uk "-" "Mozilla/5.0 AppleWebKit/537.36 (KHTML, like Gecko; compatible; ClaudeBot/1.0; +claudebot@anthropic.com)" "-"
2a03:2880:f800:: - - [09/Aug/2026:03:13:54 +0200] "GET /?lokasie=/homepages/43/d124547881/htdocs/chocadoodle.co.uk/wp-content/plugins_old/wordpress-seo/admin/class-export.php&loknya=/homepages/43/d124547881/htdocs/chocadoodle.co.uk/wp-content/plugins_old/wordpress-seo/admin HTTP/1.1" 200 9220 www.chocadoodle.co.uk "-" "Mozilla/5.0 (Macintosh; Intel Mac OS X 10_15_7) AppleWebKit/537.36 (KHTML, like Gecko) Chrome/145.0.0.0 Safari/537.36 (compatible; meta-externalagent/1.1 (+https://developers.facebook.com/docs/sharing/webmasters/crawler))" "-"
216.73.216.0 - - [09/Aug/2026:03:13:56 +0200] "GET /?loknya=%2Fhomepaes%2F43%2Fd124547881%2Fhtdocs%2Fchocadoodle.co.uk%2Fwp-content%2Fuploads%2Fravity_orms%2Fd%2F HTTP/1.1" 200 5926 www.chocadoodle.co.uk "-" "Mozilla/5.0 AppleWebKit/537.36 (KHTML, like Gecko; compatible; ClaudeBot/1.0; +claudebot@anthropic.com)" "-"
216.73.216.0 - - [09/Aug/2026:03:14:01 +0200] "GET /?loknya=%2Fhomepages%2F43%2F124547881%2Fhtocs%2Fchocaoole.co.uk%2Fwp-content%2Fuploas%2Fgravity_forms%2Fc%2Fa HTTP/1.1" 200 6016 www.chocadoodle.co.uk "-" "Mozilla/5.0 AppleWebKit/537.36 (KHTML, like Gecko; compatible; ClaudeBot/1.0; +claudebot@anthropic.com)" "-"
2a03:2880:f800:: - - [09/Aug/2026:03:14:05 +0200] "GET /?loknya=/homepages/43/d124547881/htdocs/chocadoodle.co.uk/wp-content/plugins_old/wordpress-seo/admin/roles HTTP/1.1" 200 17888 www.chocadoodle.co.uk "-" "Mozilla/5.0 (Macintosh; Intel Mac OS X 10_15_7) AppleWebKit/537.36 (KHTML, like Gecko) Chrome/145.0.0.0 Safari/537.36 (compatible; meta-externalagent/1.1 (+https://developers.facebook.com/docs/sharing/webmasters/crawler))" "-"
216.73.216.0 - - [09/Aug/2026:03:14:06 +0200] "GET /?loknya=%2Fhomepaes%2F43%2Fd124547881%2Fhtdocs%2Fchocadoodle.co.uk%2Fwp-content%2Fuploads%2Fravity_orms%2Fa%2Fd%2F HTTP/1.1" 200 6040 www.chocadoodle.co.uk "-" "Mozilla/5.0 AppleWebKit/537.36 (KHTML, like Gecko; compatible; ClaudeBot/1.0; +claudebot@anthropic.com)" "-"
114.119.146.0 - - [09/Aug/2026:03:14:07 +0200] "GET /goods.php?list/goods/augw292tweh0ulzk_27347.shtml HTTP/1.1" 200 157963 www.chocadoodle.co.uk "https://www.chocadoodle.co.uk/goods.php?sitemap483.xml" "Mozilla/5.0 (Linux; Android 7.0;) AppleWebKit/537.36 (HTML, like Gecko) Mobile Safari/537.36 (compatible; PetalBot;+https://webmaster.petalsearch.com/site/petalbot)" "-"
74.7.241.0 - - [09/Aug/2026:03:14:08 +0200] "GET /items/27273106502154.html/?loknya=/homepages/43/d124547881/htdocs/ HTTP/1.1" 404 1271 www.chocadoodle.co.uk "https://www.chocadoodle.co.uk/items/27273106502154.html/" "Mozilla/5.0 AppleWebKit/537.36 (KHTML, like Gecko; compatible; GPTBot/1.4; +https://openai.com/gptbot)" "-"
216.73.216.0 - - [09/Aug/2026:03:14:11 +0200] "GET /?loknya=%2Fhomepages%2F43%2F124547881%2Fhtocs%2Fchocaoole.co.uk%2Fwp-content%2Fuploas%2Fgravity_forms%2Fc HTTP/1.1" 200 5903 www.chocadoodle.co.uk "-" "Mozilla/5.0 AppleWebKit/537.36 (KHTML, like Gecko; compatible; ClaudeBot/1.0; +claudebot@anthropic.com)" "-"
114.119.148.0 - - [09/Aug/2026:03:14:11 +0200] "GET /utlyln/fgcovo-c.html HTTP/1.1" 200 27498 wrigglesworths.co.uk "http://wrigglesworths.co.uk/utlyln/fgcovo-c.html" "Mozilla/5.0 (Linux; Android 7.0;) AppleWebKit/537.36 (HTML, like Gecko) Mobile Safari/537.36 (compatible; PetalBot;+https://webmaster.petalsearch.com/site/petalbot)" "-"
2a03:2880:f800:: - - [09/Aug/2026:03:14:15 +0200] "GET /?lokasie=/homepages/43/d124547881/htdocs/chocadoodle.co.uk/wp-content/plugins_old/wordpress-seo/admin/class-primary-term-admin.php&loknya=/homepages/43/d124547881/htdocs/chocadoodle.co.uk/wp-content/plugins_old/wordpress-seo/admin HTTP/1.1" 200 14115 www.chocadoodle.co.uk "-" "Mozilla/5.0 (Macintosh; Intel Mac OS X 10_15_7) AppleWebKit/537.36 (KHTML, like Gecko) Chrome/145.0.0.0 Safari/537.36 (compatible; meta-externalagent/1.1 (+https://developers.facebook.com/docs/sharing/webmasters/crawler))" "-"
216.73.216.0 - - [09/Aug/2026:03:14:16 +0200] "GET /?loknya=%2Fhomepages%2F43%2F124547881%2Fhtocs%2Fchocaoole.co.uk%2Fwp-content%2Fuploas%2Fgravity_forms%2Fb%2Fa%2Fg HTTP/1.1" 200 6132 www.chocadoodle.co.uk "-" "Mozilla/5.0 AppleWebKit/537.36 (KHTML, like Gecko; compatible; ClaudeBot/1.0; +claudebot@anthropic.com)" "-"
216.73.216.0 - - [09/Aug/2026:03:14:21 +0200] "GET /?loknya=%2Fompags%2F43%2F124547881%2Ftos%2Foaool.o.uk%2Fwp-ontnt%2Fuploas HTTP/1.1" 200 5541 www.chocadoodle.co.uk "-" "Mozilla/5.0 AppleWebKit/537.36 (KHTML, like Gecko; compatible; ClaudeBot/1.0; +claudebot@anthropic.com)" "-"
2a03:2880:f800:: - - [09/Aug/2026:03:14:24 +0200] "GET /?loknya=/homepages/43/d124547881/htdocs/chocadoodle.co.uk/wp-content/plugins_old/wordpress-seo/admin/endpoints HTTP/1.1" 200 11418 www.chocadoodle.co.uk "-" "Mozilla/5.0 (Macintosh; Intel Mac OS X 10_15_7) AppleWebKit/537.36 (KHTML, like Gecko) Chrome/145.0.0.0 Safari/537.36 (compatible; meta-externalagent/1.1 (+https://developers.facebook.com/docs/sharing/webmasters/crawler))" "-"
216.73.216.0 - - [09/Aug/2026:03:14:26 +0200] "GET /?loknya=%2Fhompgs%2F43%2F124547881%2Fhtocs%2Fchocool.co.uk%2Fwp-contnt%2F HTTP/1.1" 200 5475 www.chocadoodle.co.uk "-" "Mozilla/5.0 AppleWebKit/537.36 (KHTML, like Gecko; compatible; ClaudeBot/1.0; +claudebot@anthropic.com)" "-"
216.73.216.0 - - [09/Aug/2026:03:14:31 +0200] "GET /?loknya=%2Fhomepages%2F43%2F124547881%2Fhtocs%2Fchocaoole.co.uk%2Fwp-content%2Fuploas%2Fgravity_forms%2Fc%2Fb%2Fe HTTP/1.1" 200 6130 www.chocadoodle.co.uk "-" "Mozilla/5.0 AppleWebKit/537.36 (KHTML, like Gecko; compatible; ClaudeBot/1.0; +claudebot@anthropic.com)" "-"
2a03:2880:f800:: - - [09/Aug/2026:03:14:33 +0200] "GET /?lokasie=/homepages/43/d124547881/htdocs/chocadoodle.co.uk/wp-content/plugins_old/wordpress-seo/admin/class-yoast-plugin-conflict.php&loknya=/homepages/43/d124547881/htdocs/chocadoodle.co.uk/wp-content/plugins_old/wordpress-seo/admin HTTP/1.1" 200 15813 www.chocadoodle.co.uk "-" "Mozilla/5.0 (Windows NT 10.0; Win64; x64) AppleWebKit/537.36 (KHTML, like Gecko) Chrome/145.0.0.0 Safari/537.36 (compatible; meta-externalagent/1.1 (+https://developers.facebook.com/docs/sharing/webmasters/crawler))" "-"
216.73.216.0 - - [09/Aug/2026:03:14:36 +0200] "GET /?loknya=%2Fhomepages%2F43%2F124547881%2Fhtocs%2Fchocaoole.co.uk%2Fwp-content%2Fuploas%2Fgravity_forms%2Fb%2Fc%2Fe HTTP/1.1" 200 6130 www.chocadoodle.co.uk "-" "Mozilla/5.0 AppleWebKit/537.36 (KHTML, like Gecko; compatible; ClaudeBot/1.0; +claudebot@anthropic.com)" "-"
66.249.69.0 - - [09/Aug/2026:03:14:37 +0200] "GET /o30563707349431 HTTP/1.1" 404 1271 www.chocadoodle.co.uk "-" "Mozilla/5.0 (Linux; Android 6.0.1; Nexus 5X Build/MMB29P) AppleWebKit/537.36 (KHTML, like Gecko) Chrome/150.0.7871.186 Mobile Safari/537.36 (compatible; Googlebot/2.1; +http://www.google.com/bot.html)" "-"
74.7.227.0 - - [09/Aug/2026:03:14:40 +0200] "GET /items/40583967765621.html/ HTTP/1.1" 404 1271 chocadoodle.co.uk "https://chocadoodle.co.uk/sitemap_1.xml" "Mozilla/5.0 AppleWebKit/537.36 (KHTML, like Gecko; compatible; GPTBot/1.4; +https://openai.com/gptbot)" "-"
2a03:2880:f800:: - - [09/Aug/2026:03:14:40 +0200] "GET /?lokasie=/homepages/43/d124547881/htdocs/chocadoodle.co.uk/wp-content/plugins_old/wordpress-seo/admin/class-expose-shortlinks.php&loknya=/homepages/43/d124547881/htdocs/chocadoodle.co.uk/wp-content/plugins_old/wordpress-seo/admin HTTP/1.1" 200 10542 www.chocadoodle.co.uk "-" "Mozilla/5.0 (Windows NT 10.0; Win64; x64) AppleWebKit/537.36 (KHTML, like Gecko) Chrome/145.0.0.0 Safari/537.36 (compatible; meta-externalagent/1.1 (+https://developers.facebook.com/docs/sharing/webmasters/crawler))" "-"
216.73.216.0 - - [09/Aug/2026:03:14:41 +0200] "GET /?loknya=%2Fhomepges%2F43%2Fd124547881%2Fhtdocs%2Fchocdoodle.co.uk%2Fwp-content%2Fuplods%2Fgrvity_forms%2Fd%2Fg%2Fg%2F HTTP/1.1" 200 6146 www.chocadoodle.co.uk "-" "Mozilla/5.0 AppleWebKit/537.36 (KHTML, like Gecko; compatible; ClaudeBot/1.0; +claudebot@anthropic.com)" "-"
216.73.216.0 - - [09/Aug/2026:03:14:46 +0200] "GET /?loknya=%2Fomepages%2F43%2F124547881%2Ftos%2Foaoole.o.uk%2Fwp-ontent%2Fuploas%2Fgravity_forms%2F HTTP/1.1" 200 5719 www.chocadoodle.co.uk "-" "Mozilla/5.0 AppleWebKit/537.36 (KHTML, like Gecko; compatible; ClaudeBot/1.0; +claudebot@anthropic.com)" "-"
2a03:2880:f800:: - - [09/Aug/2026:03:14:48 +0200] "GET /?lokasie=/homepages/43/d124547881/htdocs/chocadoodle.co.uk/wp-content/plugins_old/wordpress-seo/admin/class-paper-presenter.php&loknya=/homepages/43/d124547881/htdocs/chocadoodle.co.uk/wp-content/plugins_old/wordpress-seo/admin HTTP/1.1" 200 9120 www.chocadoodle.co.uk "-" "Mozilla/5.0 (Windows NT 10.0; Win64; x64) AppleWebKit/537.36 (KHTML, like Gecko) Chrome/145.0.0.0 Safari/537.36 (compatible; meta-externalagent/1.1 (+https://developers.facebook.com/docs/sharing/webmasters/crawler))" "-"
216.73.216.0 - - [09/Aug/2026:03:14:51 +0200] "GET /?loknya=%2Fomepes%2F43%2Fd124547881 HTTP/1.1" 200 5172 www.chocadoodle.co.uk "-" "Mozilla/5.0 AppleWebKit/537.36 (KHTML, like Gecko; compatible; ClaudeBot/1.0; +claudebot@anthropic.com)" "-"
2a03:2880:f800:: - - [09/Aug/2026:03:14:54 +0200] "GET /?lokasie=/homepages/43/d124547881/htdocs/chocadoodle.co.uk/wp-content/plugins_old/wordpress-seo/admin/class-plugin-compatibility.php&loknya=/homepages/43/d124547881/htdocs/chocadoodle.co.uk/wp-content/plugins_old/wordpress-seo/admin HTTP/1.1" 200 8583 www.chocadoodle.co.uk "-" "Mozilla/5.0 (Windows NT 10.0; Win64; x64) AppleWebKit/537.36 (KHTML, like Gecko) Chrome/145.0.0.0 Safari/537.36 (compatible; meta-externalagent/1.1 (+https://developers.facebook.com/docs/sharing/webmasters/crawler))" "-"
216.73.216.0 - - [09/Aug/2026:03:14:56 +0200] "GET /?loknya=%2Fomepages%2F43%2F124547881%2Ftos%2Foaoole.o.uk%2Fwp-ontent%2Fuploas%2Fgravity_forms HTTP/1.1" 429 267 www.chocadoodle.co.uk "-" "Mozilla/5.0 AppleWebKit/537.36 (KHTML, like Gecko; compatible; ClaudeBot/1.0; +claudebot@anthropic.com)" "-"
2a03:2880:f800:: - - [09/Aug/2026:03:15:00 +0200] "GET /?lokasie=/homepages/43/d124547881/htdocs/chocadoodle.co.uk/wp-content/plugins_old/wordpress-seo/admin/class-yoast-input-validation.php&loknya=/homepages/43/d124547881/htdocs/chocadoodle.co.uk/wp-content/plugins_old/wordpress-seo/admin HTTP/1.1" 200 16312 www.chocadoodle.co.uk "-" "Mozilla/5.0 (Windows NT 10.0; Win64; x64) AppleWebKit/537.36 (KHTML, like Gecko) Chrome/145.0.0.0 Safari/537.36 (compatible; meta-externalagent/1.1 (+https://developers.facebook.com/docs/sharing/webmasters/crawler))" "-"
216.73.216.0 - - [09/Aug/2026:03:15:01 +0200] "GET /?loknya=%2Fhomepages%2F43%2Fd124547881%2Fhtdocs%2Fchocadoodle.co.uk%2Fwp-content%2Fuploads%2Fgravity_orms%2Fc%2Fe%2Fc%2F HTTP/1.1" 429 267 www.chocadoodle.co.uk "-" "Mozilla/5.0 AppleWebKit/537.36 (KHTML, like Gecko; compatible; ClaudeBot/1.0; +claudebot@anthropic.com)" "-"
2a03:2880:f800:: - - [09/Aug/2026:03:15:05 +0200] "GET /?lokasie=/homepages/43/d124547881/htdocs/chocadoodle.co.uk/wp-content/plugins_old/wordpress-seo/admin/class-admin-editor-specific-replace-vars.php&loknya=/homepages/43/d124547881/htdocs/chocadoodle.co.uk/wp-content/plugins_old/wordpress-seo/admin HTTP/1.1" 200 11882 www.chocadoodle.co.uk "-" "Mozilla/5.0 (Windows NT 10.0; Win64; x64) AppleWebKit/537.36 (KHTML, like Gecko) Chrome/145.0.0.0 Safari/537.36 (compatible; meta-externalagent/1.1 (+https://developers.facebook.com/docs/sharing/webmasters/crawler))" "-"
216.73.216.0 - - [09/Aug/2026:03:15:08 +0200] "GET /?lokasie=%2Fhomepages%2F43%2Fd124547881%2Fhtdocs%2Foutofboundsldn.co.uk%2Fwp-admin%2Fjs%2F%2Fcustomize-controls.min.js&loknya=%2Fhomepages%2F43%2Fd124547881%2Fhtdocs%2Foutofboundsldn.co.uk%2Fwp-admin%2Fjs%2F HTTP/1.1" 200 135731 chocadoodle.co.uk "-" "Mozilla/5.0 AppleWebKit/537.36 (KHTML, like Gecko; compatible; ClaudeBot/1.0; +claudebot@anthropic.com)" "-"
2a03:2880:f800:: - - [09/Aug/2026:03:15:11 +0200] "GET /?lokasie=/homepages/43/d124547881/htdocs/chocadoodle.co.uk/wp-content/plugins_old/wordpress-seo/admin/class-database-proxy.php&loknya=/homepages/43/d124547881/htdocs/chocadoodle.co.uk/wp-content/plugins_old/wordpress-seo/admin HTTP/1.1" 200 12561 www.chocadoodle.co.uk "-" "Mozilla/5.0 (X11; Linux x86_64) AppleWebKit/537.36 (KHTML, like Gecko) Chrome/145.0.0.0 Safari/537.36 (compatible; meta-externalagent/1.1 (+https://developers.facebook.com/docs/sharing/webmasters/crawler))" "-"
216.73.216.0 - - [09/Aug/2026:03:15:12 +0200] "GET /?lokasie=%2Fhomepages%2F43%2Fd124547881%2Fhtdocs%2Foutofboundsldn.co.uk%2Fwp-admin%2Fincludes%2F%2Fclass-wp-upgrader-skin.php&loknya=%2Fhomepages%2F43%2Fd124547881%2Fhtdocs%2Foutofboundsldn.co.uk%2Fwp-admin%2Fincludes%2F HTTP/1.1" 200 11617 chocadoodle.co.uk "-" "Mozilla/5.0 AppleWebKit/537.36 (KHTML, like Gecko; compatible; ClaudeBot/1.0; +claudebot@anthropic.com)" "-"
74.7.241.0 - - [09/Aug/2026:03:15:14 +0200] "GET /items/20447445857691.html/?loknya=/homepages/43/d124547881/htdocs/ HTTP/1.1" 429 267 www.chocadoodle.co.uk "https://www.chocadoodle.co.uk/items/20447445857691.html/" "Mozilla/5.0 AppleWebKit/537.36 (KHTML, like Gecko; compatible; GPTBot/1.4; +https://openai.com/gptbot)" "-"
2a03:2880:f800:: - - [09/Aug/2026:03:15:17 +0200] "GET /?lokasie=/homepages/43/d124547881/htdocs/chocadoodle.co.uk/wp-content/plugins_old/wordpress-seo/admin/class-yoast-notifications.php&loknya=/homepages/43/d124547881/htdocs/chocadoodle.co.uk/wp-content/plugins_old/wordpress-seo/admin HTTP/1.1" 200 14078 www.chocadoodle.co.uk "-" "Mozilla/5.0 (Macintosh; Intel Mac OS X 10_15_7) AppleWebKit/537.36 (KHTML, like Gecko) Chrome/145.0.0.0 Safari/537.36 (compatible; meta-externalagent/1.1 (+https://developers.facebook.com/docs/sharing/webmasters/crawler))" "-"
216.73.216.0 - - [09/Aug/2026:03:15:17 +0200] "GET /?lokasie=%2Fhomepages%2F43%2Fd124547881%2Fhtdocs%2Foutofboundsldn.co.uk%2Fwp-includes%2Fblock-supports%2Futils.php&loknya=%2Fhomepages%2F43%2Fd124547881%2Fhtdocs%2Foutofboundsldn.co.uk%2Fwp-includes%2Fblock-supports HTTP/1.1" 200 5537 chocadoodle.co.uk "-" "Mozilla/5.0 AppleWebKit/537.36 (KHTML, like Gecko; compatible; ClaudeBot/1.0; +claudebot@anthropic.com)" "-"
2a03:2880:f800:: - - [09/Aug/2026:03:15:21 +0200] "GET /?lokasie=/homepages/43/d124547881/htdocs/chocadoodle.co.uk/wp-content/plugins_old/wordpress-seo/admin/class-remote-request.php&loknya=/homepages/43/d124547881/htdocs/chocadoodle.co.uk/wp-content/plugins_old/wordpress-seo/admin HTTP/1.1" 200 8059 www.chocadoodle.co.uk "-" "Mozilla/5.0 (Windows NT 10.0; Win64; x64) AppleWebKit/537.36 (KHTML, like Gecko) Chrome/145.0.0.0 Safari/537.36 (compatible; meta-externalagent/1.1 (+https://developers.facebook.com/docs/sharing/webmasters/crawler))" "-"
216.73.216.0 - - [09/Aug/2026:03:15:22 +0200] "GET /?lokasie=%2Fhomepages%2F43%2Fd124547881%2Fhtdocs%2Fchocadoodle.co.uk%2F%2F%2F%2F%2Fradio.php&loknya=%2Fhomepages%2F43%2Fd124547881%2Fhtdocs%2Fchocadoodle.co.uk%2F%2F%2F%2F HTTP/1.1" 200 4253 chocadoodle.co.uk "-" "Mozilla/5.0 AppleWebKit/537.36 (KHTML, like Gecko; compatible; ClaudeBot/1.0; +claudebot@anthropic.com)" "-"
2602:80d:1000:: - - [09/Aug/2026:03:15:23 +0200] "GET / HTTP/1.1" 200 53616 chocadoodle.co.uk "-" "Mozilla/5.0 (compatible; CensysInspect/1.1; +https://about.censys.io/)" "-"
2a03:2880:f800:: - - [09/Aug/2026:03:15:27 +0200] "GET /?loknya=/homepages/43/d124547881/htdocs/chocadoodle.co.uk/wp-content/plugins_old/wordpress-seo/admin/ryte HTTP/1.1" 200 11267 www.chocadoodle.co.uk "-" "Mozilla/5.0 (Windows NT 10.0; Win64; x64) AppleWebKit/537.36 (KHTML, like Gecko) Chrome/145.0.0.0 Safari/537.36 Edg/145.0.0.0 (compatible; meta-externalagent/1.1 (+https://developers.facebook.com/docs/sharing/webmasters/crawler))" "-"
216.73.216.0 - - [09/Aug/2026:03:15:27 +0200] "GET /?lokasie=%2Fhomepages%2F43%2Fd124547881%2Fhtdocs%2Foutofboundsldn.co.uk%2Fwp-admin%2Fcss%2Fcolors%2F_admin.scss&loknya=%2Fhomepages%2F43%2Fd124547881%2Fhtdocs%2Foutofboundsldn.co.uk%2Fwp-admin%2Fcss%2Fcolors HTTP/1.1" 200 25340 chocadoodle.co.uk "-" "Mozilla/5.0 AppleWebKit/537.36 (KHTML, like Gecko; compatible; ClaudeBot/1.0; +claudebot@anthropic.com)" "-"
114.119.158.0 - - [09/Aug/2026:03:15:30 +0200] "GET /goods.php?list/goods/atc213hqtu5vsbgsw_854.shtml HTTP/1.1" 200 162265 www.chocadoodle.co.uk "https://www.chocadoodle.co.uk/goods.php?sitemap483.xml" "Mozilla/5.0 (Linux; Android 7.0;) AppleWebKit/537.36 (HTML, like Gecko) Mobile Safari/537.36 (compatible; PetalBot;+https://webmaster.petalsearch.com/site/petalbot)" "-"
2602:80d:1000:: - - [09/Aug/2026:03:15:31 +0200] "GET /favicon.ico HTTP/1.1" 404 1271 chocadoodle.co.uk "-" "Mozilla/5.0 (compatible; CensysInspect/1.1; +https://about.censys.io/)" "-"
2a03:2880:f800:: - - [09/Aug/2026:03:15:31 +0200] "GET /?lokasie=/homepages/43/d124547881/htdocs/chocadoodle.co.uk/wp-content/plugins_old/wordpress-seo/admin/class-plugin-conflict.php&loknya=/homepages/43/d124547881/htdocs/chocadoodle.co.uk/wp-content/plugins_old/wordpress-seo/admin HTTP/1.1" 200 14453 www.chocadoodle.co.uk "-" "Mozilla/5.0 (Windows NT 10.0; Win64; x64) AppleWebKit/537.36 (KHTML, like Gecko) Chrome/145.0.0.0 Safari/537.36 (compatible; meta-externalagent/1.1 (+https://developers.facebook.com/docs/sharing/webmasters/crawler))" "-"
216.73.216.0 - - [09/Aug/2026:03:15:32 +0200] "GET /?lokasie=%2Fhomepages%2F43%2Fd124547881%2Fhtdocs%2Foutofboundsldn.co.uk%2Fwp-admin%2Fjs%2F%2Fpassword-toggle.js&loknya=%2Fhomepages%2F43%2Fd124547881%2Fhtdocs%2Foutofboundsldn.co.uk%2Fwp-admin%2Fjs%2F HTTP/1.1" 200 6032 chocadoodle.co.uk "-" "Mozilla/5.0 AppleWebKit/537.36 (KHTML, like Gecko; compatible; ClaudeBot/1.0; +claudebot@anthropic.com)" "-"
114.119.130.0 - - [09/Aug/2026:03:15:35 +0200] "GET /tshdbj/edymng-c.html HTTP/1.1" 200 27498 wrigglesworths.co.uk "http://wrigglesworths.co.uk/tshdbj/edymng-c.html" "Mozilla/5.0 (Linux; Android 7.0;) AppleWebKit/537.36 (HTML, like Gecko) Mobile Safari/537.36 (compatible; PetalBot;+https://webmaster.petalsearch.com/site/petalbot)" "-"
2a03:2880:f800:: - - [09/Aug/2026:03:15:36 +0200] "GET /?loknya=/homepages/43/d124547881/htdocs/chocadoodle.co.uk/wp-content/plugins_old/wordpress-seo/admin/metabox HTTP/1.1" 200 32568 www.chocadoodle.co.uk "-" "Mozilla/5.0 (Macintosh; Intel Mac OS X 10_15_7) AppleWebKit/537.36 (KHTML, like Gecko) Chrome/145.0.0.0 Safari/537.36 (compatible; meta-externalagent/1.1 (+https://developers.facebook.com/docs/sharing/webmasters/crawler))" "-"
216.73.216.0 - - [09/Aug/2026:03:15:37 +0200] "GET /?lokasie=%2Fhomepages%2F43%2Fd124547881%2Fhtdocs%2Foutofboundsldn.co.uk%2Fwp-includes%2Fblock-supports%2F%2Futils.php&loknya=%2Fhomepages%2F43%2Fd124547881%2Fhtdocs%2Foutofboundsldn.co.uk%2Fwp-includes%2Fblock-supports%2F HTTP/1.1" 200 5538 chocadoodle.co.uk "-" "Mozilla/5.0 AppleWebKit/537.36 (KHTML, like Gecko; compatible; ClaudeBot/1.0; +claudebot@anthropic.com)" "-"
2602:80d:1000:: - - [09/Aug/2026:03:15:38 +0200] "GET / HTTP/1.1" 200 53616 chocadoodle.co.uk "-" "Mozilla/5.0 (compatible; CensysInspect/1.1; +https://about.censys.io/)" "-"
216.73.216.0 - - [09/Aug/2026:03:15:42 +0200] "GET /?lokasie=%2Fhomepages%2F43%2Fd124547881%2Fhtdocs%2Foutofboundsldn.co.uk%2Fwp-admin%2Fcss%2F%2Fsite-health.css&loknya=%2Fhomepages%2F43%2Fd124547881%2Fhtdocs%2Foutofboundsldn.co.uk%2Fwp-admin%2Fcss%2F HTTP/1.1" 200 10747 chocadoodle.co.uk "-" "Mozilla/5.0 AppleWebKit/537.36 (KHTML, like Gecko; compatible; ClaudeBot/1.0; +claudebot@anthropic.com)" "-"
74.7.227.0 - - [09/Aug/2026:03:15:43 +0200] "GET /items/32086114603599.html/ HTTP/1.1" 404 1271 chocadoodle.co.uk "https://chocadoodle.co.uk/sitemap_1.xml" "Mozilla/5.0 AppleWebKit/537.36 (KHTML, like Gecko; compatible; GPTBot/1.4; +https://openai.com/gptbot)" "-"
2a03:2880:f800:: - - [09/Aug/2026:03:15:43 +0200] "GET /?lokasie=/homepages/43/d124547881/htdocs/chocadoodle.co.uk/wp-content/plugins_old/wordpress-seo/admin/class-bulk-title-editor-list-table.php&loknya=/homepages/43/d124547881/htdocs/chocadoodle.co.uk/wp-content/plugins_old/wordpress-seo/admin HTTP/1.1" 429 267 www.chocadoodle.co.uk "-" "Mozilla/5.0 (Macintosh; Intel Mac OS X 10_15_7) AppleWebKit/537.36 (KHTML, like Gecko) Chrome/145.0.0.0 Safari/537.36 (compatible; meta-externalagent/1.1 (+https://developers.facebook.com/docs/sharing/webmasters/crawler))" "-"
2a03:2880:f800:: - - [09/Aug/2026:03:15:45 +0200] "GET /?loknya=/homepages/43/d124547881/htdocs/chocadoodle.co.uk/wp-content/plugins_old/wordpress-seo/admin/import HTTP/1.1" 429 267 www.chocadoodle.co.uk "-" "Mozilla/5.0 (Windows NT 10.0; Win64; x64) AppleWebKit/537.36 (KHTML, like Gecko) Chrome/145.0.0.0 Safari/537.36 (compatible; meta-externalagent/1.1 (+https://developers.facebook.com/docs/sharing/webmasters/crawler))" "-"
2a03:2880:f800:: - - [09/Aug/2026:03:15:47 +0200] "GET /?loknya=/homepages/43/d124547881/htdocs/chocadoodle.co.uk/wp-content/plugins_old/wordpress-seo/admin/config-ui HTTP/1.1" 429 267 www.chocadoodle.co.uk "-" "Mozilla/5.0 (Windows NT 10.0; Win64; x64) AppleWebKit/537.36 (KHTML, like Gecko) Chrome/145.0.0.0 Safari/537.36 (compatible; meta-externalagent/1.1 (+https://developers.facebook.com/docs/sharing/webmasters/crawler))" "-"
216.73.216.0 - - [09/Aug/2026:03:15:47 +0200] "GET /?lokasie=%2Fhomepages%2F43%2Fd124547881%2Fhtdocs%2Fchocadoodle.co.uk%2F%2F%2F%2F%2Fwp-links-opml.php&loknya=%2Fhomepages%2F43%2Fd124547881%2Fhtdocs%2Fchocadoodle.co.uk%2F%2F%2F%2F HTTP/1.1" 200 7319 chocadoodle.co.uk "-" "Mozilla/5.0 AppleWebKit/537.36 (KHTML, like Gecko; compatible; ClaudeBot/1.0; +claudebot@anthropic.com)" "-"
2a03:2880:f800:: - - [09/Aug/2026:03:15:48 +0200] "GET /?lokasie=/homepages/43/d124547881/htdocs/chocadoodle.co.uk/wp-content/plugins_old/wordpress-seo/admin/class-plugin-availability.php&loknya=/homepages/43/d124547881/htdocs/chocadoodle.co.uk/wp-content/plugins_old/wordpress-seo/admin HTTP/1.1" 429 267 www.chocadoodle.co.uk "-" "Mozilla/5.0 (Windows NT 10.0; Win64; x64) AppleWebKit/537.36 (KHTML, like Gecko) Chrome/145.0.0.0 Safari/537.36 (compatible; meta-externalagent/1.1 (+https://developers.facebook.com/docs/sharing/webmasters/crawler))" "-"
2a03:2880:f800:: - - [09/Aug/2026:03:15:48 +0200] "GET /?lokasie=/homepages/43/d124547881/htdocs/chocadoodle.co.uk/wp-content/plugins_old/wordpress-seo/admin/class-admin-media-purge-notification.php&loknya=/homepages/43/d124547881/htdocs/chocadoodle.co.uk/wp-content/plugins_old/wordpress-seo/admin HTTP/1.1" 429 267 www.chocadoodle.co.uk "-" "Mozilla/5.0 (Windows NT 10.0; Win64; x64) AppleWebKit/537.36 (KHTML, like Gecko) Chrome/145.0.0.0 Safari/537.36 Edg/145.0.0.0 (compatible; meta-externalagent/1.1 (+https://developers.facebook.com/docs/sharing/webmasters/crawler))" "-"
216.73.216.0 - - [09/Aug/2026:03:15:52 +0200] "GET /?lokasie=%2Fhomepages%2F43%2Fd124547881%2Fhtdocs%2Foutofboundsldn.co.uk%2Fwp-admin%2Fjs%2Fcustomize-widgets.min.js&loknya=%2Fhomepages%2F43%2Fd124547881%2Fhtdocs%2Foutofboundsldn.co.uk%2Fwp-admin%2Fjs HTTP/1.1" 200 37786 chocadoodle.co.uk "-" "Mozilla/5.0 AppleWebKit/537.36 (KHTML, like Gecko; compatible; ClaudeBot/1.0; +claudebot@anthropic.com)" "-"
2a03:2880:f800:: - - [09/Aug/2026:03:15:53 +0200] "GET /?lokasie=/homepages/43/d124547881/htdocs/chocadoodle.co.uk/wp-content/plugins_old/wordpress-seo/admin/class-customizer.php&loknya=/homepages/43/d124547881/htdocs/chocadoodle.co.uk/wp-content/plugins_old/wordpress-seo/admin HTTP/1.1" 429 267 www.chocadoodle.co.uk "-" "Mozilla/5.0 (Windows NT 10.0; Win64; x64) AppleWebKit/537.36 (KHTML, like Gecko) Chrome/145.0.0.0 Safari/537.36 (compatible; meta-externalagent/1.1 (+https://developers.facebook.com/docs/sharing/webmasters/crawler))" "-"
2a03:2880:f800:: - - [09/Aug/2026:03:15:55 +0200] "GET /?loknya=/homepages/43/d124547881/htdocs/chocadoodle.co.uk/wp-content/plugins_old/wordpress-seo/admin/watchers HTTP/1.1" 429 267 www.chocadoodle.co.uk "-" "Mozilla/5.0 (Windows NT 10.0; Win64; x64) AppleWebKit/537.36 (KHTML, like Gecko) Chrome/145.0.0.0 Safari/537.36 (compatible; meta-externalagent/1.1 (+https://developers.facebook.com/docs/sharing/webmasters/crawler))" "-"
216.73.216.0 - - [09/Aug/2026:03:15:57 +0200] "GET /?lokasie=%2Fhomepages%2F43%2Fd124547881%2Fhtdocs%2Foutofboundsldn.co.uk%2Fwp-admin%2Fjs%2F%2Fcomment.js&loknya=%2Fhomepages%2F43%2Fd124547881%2Fhtdocs%2Foutofboundsldn.co.uk%2Fwp-admin%2Fjs%2F HTTP/1.1" 200 7889 chocadoodle.co.uk "-" "Mozilla/5.0 AppleWebKit/537.36 (KHTML, like Gecko; compatible; ClaudeBot/1.0; +claudebot@anthropic.com)" "-"
2a03:2880:f800:: - - [09/Aug/2026:03:16:02 +0200] "GET /?loknya=/homepages/43/d124547881/htdocs/chocadoodle.co.uk/wp-content/plugins_old/wordpress-seo/admin/ajax HTTP/1.1" 429 267 www.chocadoodle.co.uk "-" "Mozilla/5.0 (Macintosh; Intel Mac OS X 10_15_7) AppleWebKit/537.36 (KHTML, like Gecko) Chrome/145.0.0.0 Safari/537.36 (compatible; meta-externalagent/1.1 (+https://developers.facebook.com/docs/sharing/webmasters/crawler))" "-"
216.73.216.0 - - [09/Aug/2026:03:16:02 +0200] "GET /?loknya=%2Fhomepages%2F43%2Fd124547881%2Fhtdocs%2Foutofboundsldn.co.uk%2Fwp-content%2Fthemes%2Fnew-blog_old%2Finc HTTP/1.1" 200 19850 chocadoodle.co.uk "-" "Mozilla/5.0 AppleWebKit/537.36 (KHTML, like Gecko; compatible; ClaudeBot/1.0; +claudebot@anthropic.com)" "-"
2a03:2880:f800:: - - [09/Aug/2026:03:16:04 +0200] "GET /?lokasie=/homepages/43/d124547881/htdocs/chocadoodle.co.uk/wp-content/plugins_old/wordpress-seo/admin/ajax.php&loknya=/homepages/43/d124547881/htdocs/chocadoodle.co.uk/wp-content/plugins_old/wordpress-seo/admin HTTP/1.1" 429 267 www.chocadoodle.co.uk "-" "Mozilla/5.0 (Windows NT 10.0; Win64; x64) AppleWebKit/537.36 (KHTML, like Gecko) Chrome/145.0.0.0 Safari/537.36 (compatible; meta-externalagent/1.1 (+https://developers.facebook.com/docs/sharing/webmasters/crawler))" "-"
216.73.216.0 - - [09/Aug/2026:03:16:07 +0200] "GET /?lokasie=%2Fhomepages%2F43%2Fd124547881%2Fhtdocs%2Foutofboundsldn.co.uk%2Fwp-admin%2Fjs%2F%2Fimage-edit.js&loknya=%2Fhomepages%2F43%2Fd124547881%2Fhtdocs%2Foutofboundsldn.co.uk%2Fwp-admin%2Fjs%2F HTTP/1.1" 200 48103 chocadoodle.co.uk "-" "Mozilla/5.0 AppleWebKit/537.36 (KHTML, like Gecko; compatible; ClaudeBot/1.0; +claudebot@anthropic.com)" "-"
2a03:2880:f800:: - - [09/Aug/2026:03:16:11 +0200] "GET /?lokasie=/homepages/43/d124547881/htdocs/chocadoodle.co.uk/wp-content/plugins_old/wordpress-seo/admin/class-admin-utils.php&loknya=/homepages/43/d124547881/htdocs/chocadoodle.co.uk/wp-content/plugins_old/wordpress-seo/admin HTTP/1.1" 429 267 www.chocadoodle.co.uk "-" "Mozilla/5.0 (Windows NT 10.0; Win64; x64) AppleWebKit/537.36 (KHTML, like Gecko) Chrome/145.0.0.0 Safari/537.36 (compatible; meta-externalagent/1.1 (+https://developers.facebook.com/docs/sharing/webmasters/crawler))" "-"
216.73.216.0 - - [09/Aug/2026:03:16:12 +0200] "GET /?lokasie=%2Fhomepages%2F43%2Fd124547881%2Fhtdocs%2Foutofboundsldn.co.uk%2Fwp-admin%2Fjs%2F%2Fwidgets.js&loknya=%2Fhomepages%2F43%2Fd124547881%2Fhtdocs%2Foutofboundsldn.co.uk%2Fwp-admin%2Fjs%2F HTTP/1.1" 200 31484 chocadoodle.co.uk "-" "Mozilla/5.0 AppleWebKit/537.36 (KHTML, like Gecko; compatible; ClaudeBot/1.0; +claudebot@anthropic.com)" "-"
2a03:2880:f800:: - - [09/Aug/2026:03:16:13 +0200] "GET /?lokasie=/homepages/43/d124547881/htdocs/chocadoodle.co.uk/wp-content/plugins_old/wordpress-seo/admin/class-helpscout.php&loknya=/homepages/43/d124547881/htdocs/chocadoodle.co.uk/wp-content/plugins_old/wordpress-seo/admin HTTP/1.1" 429 267 www.chocadoodle.co.uk "-" "Mozilla/5.0 (Windows NT 10.0; Win64; x64) AppleWebKit/537.36 (KHTML, like Gecko) Chrome/145.0.0.0 Safari/537.36 (compatible; meta-externalagent/1.1 (+https://developers.facebook.com/docs/sharing/webmasters/crawler))" "-"
2a03:2880:f800:: - - [09/Aug/2026:03:16:15 +0200] "GET /?loknya=/homepages/43/d124547881/htdocs/chocadoodle.co.uk/wp-content/plugins_old/wordpress-seo/admin/capabilities HTTP/1.1" 429 267 www.chocadoodle.co.uk "-" "Mozilla/5.0 (Macintosh; Intel Mac OS X 10_15_7) AppleWebKit/537.36 (KHTML, like Gecko) Chrome/145.0.0.0 Safari/537.36 (compatible; meta-externalagent/1.1 (+https://developers.facebook.com/docs/sharing/webmasters/crawler))" "-"
74.7.241.0 - - [09/Aug/2026:03:16:16 +0200] "GET /items/11747317686053.html/?loknya=/homepages/43/d124547881/htdocs/ HTTP/1.1" 404 1271 www.chocadoodle.co.uk "https://www.chocadoodle.co.uk/items/11747317686053.html/" "Mozilla/5.0 AppleWebKit/537.36 (KHTML, like Gecko; compatible; GPTBot/1.4; +https://openai.com/gptbot)" "-"
216.73.216.0 - - [09/Aug/2026:03:16:17 +0200] "GET /?lokasie=%2Fhomepages%2F43%2Fd124547881%2Fhtdocs%2Foutofboundsldn.co.uk%2Fwp-admin%2Fjs%2F%2Feditor.min.js&loknya=%2Fhomepages%2F43%2Fd124547881%2Fhtdocs%2Foutofboundsldn.co.uk%2Fwp-admin%2Fjs%2F HTTP/1.1" 200 22018 chocadoodle.co.uk "-" "Mozilla/5.0 AppleWebKit/537.36 (KHTML, like Gecko; compatible; ClaudeBot/1.0; +claudebot@anthropic.com)" "-"
216.73.216.0 - - [09/Aug/2026:03:16:22 +0200] "GET /?lokasie=%2Fhomepages%2F43%2Fd124547881%2Fhtdocs%2Foutofboundsldn.co.uk%2Fwp-admin%2Fcss%2Fcolors%2Fectoplasm%2Fcolors.scss&loknya=%2Fhomepages%2F43%2Fd124547881%2Fhtdocs%2Foutofboundsldn.co.uk%2Fwp-admin%2Fcss%2Fcolors%2Fectoplasm HTTP/1.1" 200 4896 chocadoodle.co.uk "-" "Mozilla/5.0 AppleWebKit/537.36 (KHTML, like Gecko; compatible; ClaudeBot/1.0; +claudebot@anthropic.com)" "-"
2a03:2880:f800:: - - [09/Aug/2026:03:16:26 +0200] "GET /?lokasie=/homepages/43/d124547881/htdocs/chocadoodle.co.uk/wp-content/plugins_old/wordpress-seo/admin/class-admin-asset-analysis-worker-location.php&loknya=/homepages/43/d124547881/htdocs/chocadoodle.co.uk/wp-content/plugins_old/wordpress-seo/admin HTTP/1.1" 429 267 www.chocadoodle.co.uk "-" "Mozilla/5.0 (Windows NT 10.0; Win64; x64) AppleWebKit/537.36 (KHTML, like Gecko) Chrome/145.0.0.0 Safari/537.36 (compatible; meta-externalagent/1.1 (+https://developers.facebook.com/docs/sharing/webmasters/crawler))" "-"
