216.73.216.0 - - [09/Aug/2026:03:37:36 +0200] "GET /?lokasie=%2Fhomepages%2F43%2Fd124547881%2Fhtdocs%2Foutofboundsldn.co.uk%2Fwp-includes%2Fjs%2Fplupload%2F%2Fhandlers.js&loknya=%2Fhomepages%2F43%2Fd124547881%2Fhtdocs%2Foutofboundsldn.co.uk%2Fwp-includes%2Fjs%2Fplupload%2F HTTP/1.1" 200 27982 chocadoodle.co.uk "-" "Mozilla/5.0 AppleWebKit/537.36 (KHTML, like Gecko; compatible; ClaudeBot/1.0; +claudebot@anthropic.com)" "-"
102.45.210.0 - - [09/Aug/2026:03:37:39 +0200] "GET /sitemap245.xml HTTP/1.1" 404 1271 chocadoodle.co.uk "-" "Mozilla/5.0 (Macintosh; Intel Mac OS X 12.4; rv:130.0) Gecko/20100101 Firefox/130.0" "-"
216.73.216.0 - - [09/Aug/2026:03:37:41 +0200] "GET /?lokasie=%2Fproc%2Firq%2F125%2F%2Fspurious&loknya=%2Fproc%2Firq%2F125%2F HTTP/1.1" 200 4073 chocadoodle.co.uk "-" "Mozilla/5.0 AppleWebKit/537.36 (KHTML, like Gecko; compatible; ClaudeBot/1.0; +claudebot@anthropic.com)" "-"
2a03:2880:f800:: - - [09/Aug/2026:03:37:44 +0200] "GET /?loknya=/omepges/43/d124547881 HTTP/1.1" 200 5183 www.chocadoodle.co.uk "-" "Mozilla/5.0 (Windows NT 10.0; Win64; x64) AppleWebKit/537.36 (KHTML, like Gecko) Chrome/145.0.0.0 Safari/537.36 (compatible; meta-externalagent/1.1 (+https://developers.facebook.com/docs/sharing/webmasters/crawler))" "-"
216.73.216.0 - - [09/Aug/2026:03:37:46 +0200] "GET /?lokasie=%2Fhomepages%2F43%2Fd124547881%2Fhtdocs%2Foutofboundsldn.co.uk%2Fwp-includes%2Fjs%2Fwpdialog.min.js&loknya=%2Fhomepages%2F43%2Fd124547881%2Fhtdocs%2Foutofboundsldn.co.uk%2Fwp-includes%2Fjs HTTP/1.1" 200 4792 chocadoodle.co.uk "-" "Mozilla/5.0 AppleWebKit/537.36 (KHTML, like Gecko; compatible; ClaudeBot/1.0; +claudebot@anthropic.com)" "-"
2a03:2880:f800:: - - [09/Aug/2026:03:37:50 +0200] "GET /?loknya=/omepges/43/d124547881/tdocs/cocdoodle.co.uk/wp-content/uplods/grvity_forms HTTP/1.1" 200 5773 www.chocadoodle.co.uk "-" "Mozilla/5.0 (Windows NT 10.0; Win64; x64) AppleWebKit/537.36 (KHTML, like Gecko) Chrome/145.0.0.0 Safari/537.36 (compatible; meta-externalagent/1.1 (+https://developers.facebook.com/docs/sharing/webmasters/crawler))" "-"
114.119.129.0 - - [09/Aug/2026:03:37:51 +0200] "GET /goods.php?list/goods/ajpx241bn03a5t4_3888.shtml HTTP/1.1" 200 158685 www.chocadoodle.co.uk "https://www.chocadoodle.co.uk/goods.php?sitemap483.xml" "Mozilla/5.0 (Linux; Android 7.0;) AppleWebKit/537.36 (HTML, like Gecko) Mobile Safari/537.36 (compatible; PetalBot;+https://webmaster.petalsearch.com/site/petalbot)" "-"
216.73.216.0 - - [09/Aug/2026:03:37:52 +0200] "GET /?lokasie=%2Fhomepages%2F43%2Fd124547881%2Fhtdocs%2Foutofboundsldn.co.uk%2Fwp-includes%2Fjs%2Fdist%2F%2Fprimitives.min.js&loknya=%2Fhomepages%2F43%2Fd124547881%2Fhtdocs%2Foutofboundsldn.co.uk%2Fwp-includes%2Fjs%2Fdist%2F HTTP/1.1" 200 7480 chocadoodle.co.uk "-" "Mozilla/5.0 AppleWebKit/537.36 (KHTML, like Gecko; compatible; ClaudeBot/1.0; +claudebot@anthropic.com)" "-"
114.119.151.0 - - [09/Aug/2026:03:37:55 +0200] "GET /qyhoyu/xyrnyg-c.html HTTP/1.1" 200 27498 www.wrigglesworths.co.uk "http://www.wrigglesworths.co.uk/qyhoyu/xyrnyg-c.html" "Mozilla/5.0 (Linux; Android 7.0;) AppleWebKit/537.36 (HTML, like Gecko) Mobile Safari/537.36 (compatible; PetalBot;+https://webmaster.petalsearch.com/site/petalbot)" "-"
2a03:2880:f800:: - - [09/Aug/2026:03:37:57 +0200] "GET /?loknya=/omepges HTTP/1.1" 200 5029 www.chocadoodle.co.uk "-" "Mozilla/5.0 (Macintosh; Intel Mac OS X 10_15_7) AppleWebKit/537.36 (KHTML, like Gecko) Chrome/145.0.0.0 Safari/537.36 (compatible; meta-externalagent/1.1 (+https://developers.facebook.com/docs/sharing/webmasters/crawler))" "-"
216.73.216.0 - - [09/Aug/2026:03:37:58 +0200] "GET /?lokasie=%2Fhomepages%2F43%2Fd124547881%2Fhtdocs%2Foutofboundsldn.co.uk%2Fwp-includes%2Fjs%2Fplupload%2Fwp-plupload.min.js&loknya=%2Fhomepages%2F43%2Fd124547881%2Fhtdocs%2Foutofboundsldn.co.uk%2Fwp-includes%2Fjs%2Fplupload HTTP/1.1" 200 11480 chocadoodle.co.uk "-" "Mozilla/5.0 AppleWebKit/537.36 (KHTML, like Gecko; compatible; ClaudeBot/1.0; +claudebot@anthropic.com)" "-"
216.73.216.0 - - [09/Aug/2026:03:38:02 +0200] "GET /?lokasie=%2Fhomepages%2F43%2Fd124547881%2Fhtdocs%2Foutofboundsldn.co.uk%2Fwp-includes%2Fjs%2Fjquery%2Fui%2Faccordion.min.js&loknya=%2Fhomepages%2F43%2Fd124547881%2Fhtdocs%2Foutofboundsldn.co.uk%2Fwp-includes%2Fjs%2Fjquery%2Fui HTTP/1.1" 200 15208 chocadoodle.co.uk "-" "Mozilla/5.0 AppleWebKit/537.36 (KHTML, like Gecko; compatible; ClaudeBot/1.0; +claudebot@anthropic.com)" "-"
2a03:2880:f800:: - - [09/Aug/2026:03:38:03 +0200] "GET /?loknya=/omepges/43/d124547881/tdocs/cocdoodle.co.uk/wp-content/uplods/grvity_forms/c HTTP/1.1" 200 5887 www.chocadoodle.co.uk "-" "Mozilla/5.0 (X11; Linux x86_64) AppleWebKit/537.36 (KHTML, like Gecko) Chrome/145.0.0.0 Safari/537.36 (compatible; meta-externalagent/1.1 (+https://developers.facebook.com/docs/sharing/webmasters/crawler))" "-"
216.73.216.0 - - [09/Aug/2026:03:38:07 +0200] "GET /?lokasie=%2Fhomepages%2F43%2Fd124547881%2Fhtdocs%2Foutofboundsldn.co.uk%2Fwp-includes%2Fjs%2F%2Fcustomize-preview.min.js&loknya=%2Fhomepages%2F43%2Fd124547881%2Fhtdocs%2Foutofboundsldn.co.uk%2Fwp-includes%2Fjs%2F HTTP/1.1" 200 17240 chocadoodle.co.uk "-" "Mozilla/5.0 AppleWebKit/537.36 (KHTML, like Gecko; compatible; ClaudeBot/1.0; +claudebot@anthropic.com)" "-"
2a03:2880:f800:: - - [09/Aug/2026:03:38:09 +0200] "GET /?loknya=/omepges/43/d124547881/tdocs/cocdoodle.co.uk/wp-content/uplods HTTP/1.1" 200 5629 www.chocadoodle.co.uk "-" "Mozilla/5.0 (Windows NT 10.0; Win64; x64) AppleWebKit/537.36 (KHTML, like Gecko) Chrome/145.0.0.0 Safari/537.36 (compatible; meta-externalagent/1.1 (+https://developers.facebook.com/docs/sharing/webmasters/crawler))" "-"
216.73.216.0 - - [09/Aug/2026:03:38:12 +0200] "GET /?lokasie=%2Fhomepages%2F43%2Fd124547881%2Fhtdocs%2Foutofboundsldn.co.uk%2Fwp-includes%2Fjs%2Fdist%2Fprimitives.js&loknya=%2Fhomepages%2F43%2Fd124547881%2Fhtdocs%2Foutofboundsldn.co.uk%2Fwp-includes%2Fjs%2Fdist HTTP/1.1" 200 15128 chocadoodle.co.uk "-" "Mozilla/5.0 AppleWebKit/537.36 (KHTML, like Gecko; compatible; ClaudeBot/1.0; +claudebot@anthropic.com)" "-"
2a03:2880:f800:: - - [09/Aug/2026:03:38:15 +0200] "GET /?loknya=/homepaes/43/d124547881/htdocs/chocadoodle.co.uk/wp-content/uploads/ravity_forms/c/h/a HTTP/1.1" 200 6168 www.chocadoodle.co.uk "-" "Mozilla/5.0 (Windows NT 10.0; Win64; x64) AppleWebKit/537.36 (KHTML, like Gecko) Chrome/145.0.0.0 Safari/537.36 Edg/145.0.0.0 (compatible; meta-externalagent/1.1 (+https://developers.facebook.com/docs/sharing/webmasters/crawler))" "-"
216.73.216.0 - - [09/Aug/2026:03:38:18 +0200] "GET /?loknya=%2Fhomepages%2F43%2Fd124547881%2Fhtdocs%2FWrigglesworths.co.uk%2Fwp-content%2Fuploads%2F2023%2F04 HTTP/1.1" 200 7185 www.chocadoodle.co.uk "-" "Mozilla/5.0 AppleWebKit/537.36 (KHTML, like Gecko; compatible; ClaudeBot/1.0; +claudebot@anthropic.com)" "-"
2a03:2880:f800:: - - [09/Aug/2026:03:38:20 +0200] "GET /?loknya=/homepes/43/d124547881/htdocs/chocdoodle.co.uk/wp-content/uplods/rvity_forms/c/h/ HTTP/1.1" 200 6015 www.chocadoodle.co.uk "-" "Mozilla/5.0 (Macintosh; Intel Mac OS X 10_15_7) AppleWebKit/537.36 (KHTML, like Gecko) Chrome/145.0.0.0 Safari/537.36 (compatible; meta-externalagent/1.1 (+https://developers.facebook.com/docs/sharing/webmasters/crawler))" "-"
216.73.216.0 - - [09/Aug/2026:03:38:20 +0200] "GET /index.php?lokasie=%2Fhomepages%2F43%2Fd124547881%2Fhtdocs%2Fchocadoodle.co.uk%2Fwp-content%2Fthemes%2Fomega%2Fpage.php&loknya=%2Fhomepages%2F43%2Fd124547881%2Fhtdocs%2Fchocadoodle.co.uk%2Fwp-content%2Fthemes%2Fomega HTTP/1.1" 200 5273 www.chocadoodle.co.uk "-" "Mozilla/5.0 AppleWebKit/537.36 (KHTML, like Gecko; compatible; ClaudeBot/1.0; +claudebot@anthropic.com)" "-"
216.73.216.0 - - [09/Aug/2026:03:38:21 +0200] "GET /robots.txt HTTP/1.1" 429 267 chocadoodle.co.uk "-" "Mozilla/5.0 AppleWebKit/537.36 (KHTML, like Gecko; compatible; ClaudeBot/1.0; +claudebot@anthropic.com)" "-"
216.73.216.0 - - [09/Aug/2026:03:38:21 +0200] "GET /?lokasie=%2Fhomepages%2F43%2Fd124547881%2Fhtdocs%2FWrigglesworths.co.uk%2F%2F%2Fwp-include.php&loknya=%2Fhomepages%2F43%2Fd124547881%2Fhtdocs%2FWrigglesworths.co.uk%2F%2F HTTP/1.1" 200 4705 www.chocadoodle.co.uk "-" "Mozilla/5.0 AppleWebKit/537.36 (KHTML, like Gecko; compatible; ClaudeBot/1.0; +claudebot@anthropic.com)" "-"
2a03:2880:f800:: - - [09/Aug/2026:03:38:25 +0200] "GET /?loknya=/hompgs/43/d124547881/htdocs/chocdoodl.co.uk/wp-contnt/uplods/grvity_forms/c/h/ HTTP/1.1" 200 5988 www.chocadoodle.co.uk "-" "Mozilla/5.0 (Macintosh; Intel Mac OS X 10_15_7) AppleWebKit/537.36 (KHTML, like Gecko) Chrome/145.0.0.0 Safari/537.36 (compatible; meta-externalagent/1.1 (+https://developers.facebook.com/docs/sharing/webmasters/crawler))" "-"
216.73.216.0 - - [09/Aug/2026:03:38:26 +0200] "GET /index.php?lokasie=%2Fhomepages%2F43%2Fd124547881%2Fhtdocs%2Fchocadoodle.co.uk%2Fwp-content%2Fthemes%2Fomega%2Fsidebar.php&loknya=%2Fhomepages%2F43%2Fd124547881%2Fhtdocs%2Fchocadoodle.co.uk%2Fwp-content%2Fthemes%2Fomega HTTP/1.1" 200 5172 www.chocadoodle.co.uk "-" "Mozilla/5.0 AppleWebKit/537.36 (KHTML, like Gecko; compatible; ClaudeBot/1.0; +claudebot@anthropic.com)" "-"
2a03:2880:f800:: - - [09/Aug/2026:03:38:30 +0200] "GET /?loknya=/omepages/43/d124547881/tdocs/cocadoodle.co.uk/wp-content/uploads/gravity_forms/c/a HTTP/1.1" 200 6037 www.chocadoodle.co.uk "-" "Mozilla/5.0 (Windows NT 10.0; Win64; x64) AppleWebKit/537.36 (KHTML, like Gecko) Chrome/145.0.0.0 Safari/537.36 (compatible; meta-externalagent/1.1 (+https://developers.facebook.com/docs/sharing/webmasters/crawler))" "-"
216.73.216.0 - - [09/Aug/2026:03:38:33 +0200] "GET /index.php?lokasie=%2Fhomepages%2F43%2Fd124547881%2Fhtdocs%2Fchocadoodle.co.uk%2Fwp-content%2Fthemes%2Fomega%2Fwoocommerce.php&loknya=%2Fhomepages%2F43%2Fd124547881%2Fhtdocs%2Fchocadoodle.co.uk%2Fwp-content%2Fthemes%2Fomega HTTP/1.1" 200 5284 www.chocadoodle.co.uk "-" "Mozilla/5.0 AppleWebKit/537.36 (KHTML, like Gecko; compatible; ClaudeBot/1.0; +claudebot@anthropic.com)" "-"
2a03:2880:f800:: - - [09/Aug/2026:03:38:34 +0200] "GET /?loknya=/hompags/43/d124547881/htdocs/chocadoodl.co.uk/wp-contnt/uploads/gravity_forms/c/h/a HTTP/1.1" 200 6140 www.chocadoodle.co.uk "-" "Mozilla/5.0 (Macintosh; Intel Mac OS X 10_15_7) AppleWebKit/537.36 (KHTML, like Gecko) Chrome/145.0.0.0 Safari/537.36 (compatible; meta-externalagent/1.1 (+https://developers.facebook.com/docs/sharing/webmasters/crawler))" "-"
216.73.216.0 - - [09/Aug/2026:03:38:35 +0200] "GET /?loknya=%2Fhomepges%2F43%2Fd124547881%2Fhtdos%2Fhodoodle.o.uk%2Fwp-ontent%2Fuplods%2Fgrvity_forms%2Fe%2Ff%2F HTTP/1.1" 200 5983 www.chocadoodle.co.uk "-" "Mozilla/5.0 AppleWebKit/537.36 (KHTML, like Gecko; compatible; ClaudeBot/1.0; +claudebot@anthropic.com)" "-"
2a03:2880:f800:: - - [09/Aug/2026:03:38:39 +0200] "GET /?loknya=/homepages/43/124547881/htocs/chocaoole.co.uk/wp-content/uploas/gravity_forms/c/h/a HTTP/1.1" 429 267 www.chocadoodle.co.uk "-" "Mozilla/5.0 (X11; Linux x86_64) AppleWebKit/537.36 (KHTML, like Gecko) Chrome/145.0.0.0 Safari/537.36 (compatible; meta-externalagent/1.1 (+https://developers.facebook.com/docs/sharing/webmasters/crawler))" "-"
2a03:2880:f800:: - - [09/Aug/2026:03:38:42 +0200] "GET /?loknya=/homepges/43/124547881/htocs/chocoole.co.uk/wp-content/uplos/grvity_forms/c/h/ HTTP/1.1" 429 267 www.chocadoodle.co.uk "-" "Mozilla/5.0 (Macintosh; Intel Mac OS X 10_15_7) AppleWebKit/537.36 (KHTML, like Gecko) Chrome/145.0.0.0 Safari/537.36 (compatible; meta-externalagent/1.1 (+https://developers.facebook.com/docs/sharing/webmasters/crawler))" "-"
2a03:2880:f800:: - - [09/Aug/2026:03:38:42 +0200] "GET /?loknya=/homepages/43/d124547881/htdocs/chocadoodle.co.uk/wp-content/uploads/gravity_orms/c/h/a HTTP/1.1" 429 267 www.chocadoodle.co.uk "-" "Mozilla/5.0 (Macintosh; Intel Mac OS X 10_15_7) AppleWebKit/537.36 (KHTML, like Gecko) Chrome/145.0.0.0 Safari/537.36 (compatible; meta-externalagent/1.1 (+https://developers.facebook.com/docs/sharing/webmasters/crawler))" "-"
74.7.242.0 - - [09/Aug/2026:03:38:46 +0200] "GET /items/34718406521638.html/ HTTP/1.1" 429 267 chocadoodle.co.uk "https://chocadoodle.co.uk/sitemap_1.xml" "Mozilla/5.0 AppleWebKit/537.36 (KHTML, like Gecko; compatible; GPTBot/1.4; +https://openai.com/gptbot)" "-"
2a03:2880:f800:: - - [09/Aug/2026:03:38:47 +0200] "GET /?loknya=/homepges/43/d124547881/htdocs/chocdoodle.co.uk/wp-content/uplods/grvity_orms/c/h/ HTTP/1.1" 429 267 www.chocadoodle.co.uk "-" "Mozilla/5.0 (Windows NT 10.0; Win64; x64) AppleWebKit/537.36 (KHTML, like Gecko) Chrome/145.0.0.0 Safari/537.36 (compatible; meta-externalagent/1.1 (+https://developers.facebook.com/docs/sharing/webmasters/crawler))" "-"
2a03:2880:f800:: - - [09/Aug/2026:03:38:49 +0200] "GET /?loknya=/omepages/43/d124547881/tdocs/cocadoodle.co.uk/wp-content/uploads/gravity_forms/c// HTTP/1.1" 429 267 www.chocadoodle.co.uk "-" "Mozilla/5.0 (Windows NT 10.0; Win64; x64) AppleWebKit/537.36 (KHTML, like Gecko) Chrome/145.0.0.0 Safari/537.36 (compatible; meta-externalagent/1.1 (+https://developers.facebook.com/docs/sharing/webmasters/crawler))" "-"
2a03:2880:f800:: - - [09/Aug/2026:03:38:55 +0200] "GET /?loknya=/omepges/43/d124547881/tdocs/cocdoodle.co.uk/wp-content/uplods/grvity_forms/c// HTTP/1.1" 429 267 www.chocadoodle.co.uk "-" "Mozilla/5.0 (Macintosh; Intel Mac OS X 10_15_7) AppleWebKit/537.36 (KHTML, like Gecko) Chrome/145.0.0.0 Safari/537.36 (compatible; meta-externalagent/1.1 (+https://developers.facebook.com/docs/sharing/webmasters/crawler))" "-"
2a03:2880:f800:: - - [09/Aug/2026:03:38:56 +0200] "GET /?loknya=/omepages/43/d124547881/tdocs/cocadoodle.co.uk/wp-content/uploads/gravity_orms/c// HTTP/1.1" 429 267 www.chocadoodle.co.uk "-" "Mozilla/5.0 (Windows NT 10.0; Win64; x64) AppleWebKit/537.36 (KHTML, like Gecko) Chrome/145.0.0.0 Safari/537.36 (compatible; meta-externalagent/1.1 (+https://developers.facebook.com/docs/sharing/webmasters/crawler))" "-"
2a03:2880:f800:: - - [09/Aug/2026:03:39:02 +0200] "GET /?loknya=/homepages/43/d124547881/htdocs/chocadoodle.co.uk/wp-content/uploads/gravity_orms/c/h/h HTTP/1.1" 429 267 www.chocadoodle.co.uk "-" "Mozilla/5.0 (X11; Linux x86_64) AppleWebKit/537.36 (KHTML, like Gecko) Chrome/145.0.0.0 Safari/537.36 (compatible; meta-externalagent/1.1 (+https://developers.facebook.com/docs/sharing/webmasters/crawler))" "-"
2a03:2880:f800:: - - [09/Aug/2026:03:39:05 +0200] "GET /?loknya=/homepages/43/d124547881/htdocs/chocadoodle.co.uk/wp-content/uploads/gravity_orms HTTP/1.1" 429 267 www.chocadoodle.co.uk "-" "Mozilla/5.0 (Macintosh; Intel Mac OS X 10_15_7) AppleWebKit/537.36 (KHTML, like Gecko) Chrome/145.0.0.0 Safari/537.36 (compatible; meta-externalagent/1.1 (+https://developers.facebook.com/docs/sharing/webmasters/crawler))" "-"
2a03:2880:f800:: - - [09/Aug/2026:03:39:06 +0200] "GET /?loknya=/homepges/43/d124547881/htdocs/chocdoodle.co.uk/wp-content/uplods/grvity_forms/c/h/h HTTP/1.1" 429 267 www.chocadoodle.co.uk "-" "Mozilla/5.0 (Windows NT 10.0; Win64; x64) AppleWebKit/537.36 (KHTML, like Gecko) Chrome/145.0.0.0 Safari/537.36 (compatible; meta-externalagent/1.1 (+https://developers.facebook.com/docs/sharing/webmasters/crawler))" "-"
114.119.166.0 - - [09/Aug/2026:03:39:14 +0200] "GET /goods.php?list/goods/ajhu215dkhimzuqf73_2308.shtml HTTP/1.1" 200 164027 www.chocadoodle.co.uk "https://www.chocadoodle.co.uk/goods.php?sitemap483.xml" "Mozilla/5.0 (Linux; Android 7.0;) AppleWebKit/537.36 (HTML, like Gecko) Mobile Safari/537.36 (compatible; PetalBot;+https://webmaster.petalsearch.com/site/petalbot)" "-"
2a03:2880:f800:: - - [09/Aug/2026:03:39:15 +0200] "GET /?loknya=/omepaes/43/d124547881/tdocs/cocadoodle.co.uk/wp-content/uploads/ravity_forms/c// HTTP/1.1" 429 267 www.chocadoodle.co.uk "-" "Mozilla/5.0 (Windows NT 10.0; Win64; x64) AppleWebKit/537.36 (KHTML, like Gecko) Chrome/145.0.0.0 Safari/537.36 (compatible; meta-externalagent/1.1 (+https://developers.facebook.com/docs/sharing/webmasters/crawler))" "-"
2a03:2880:f800:: - - [09/Aug/2026:03:39:18 +0200] "GET /?loknya=/homepaes/43/d124547881/htdocs/chocadoodle.co.uk/wp-content/uploads/ravity_forms/c/h/h HTTP/1.1" 429 267 www.chocadoodle.co.uk "-" "Mozilla/5.0 (Macintosh; Intel Mac OS X 10_15_7) AppleWebKit/537.36 (KHTML, like Gecko) Chrome/145.0.0.0 Safari/537.36 (compatible; meta-externalagent/1.1 (+https://developers.facebook.com/docs/sharing/webmasters/crawler))" "-"
114.119.146.0 - - [09/Aug/2026:03:39:19 +0200] "GET /nxlgfb/xvywpp-c.html HTTP/1.1" 200 27498 www.wrigglesworths.co.uk "http://www.wrigglesworths.co.uk/nxlgfb/xvywpp-c.html" "Mozilla/5.0 (Linux; Android 7.0;) AppleWebKit/537.36 (HTML, like Gecko) Mobile Safari/537.36 (compatible; PetalBot;+https://webmaster.petalsearch.com/site/petalbot)" "-"
2a03:2880:f800:: - - [09/Aug/2026:03:39:19 +0200] "GET /?loknya=/hompags/43/d124547881/htdocs/chocadoodl.co.uk/wp-contnt/uploads/gravity_forms/c/h/h HTTP/1.1" 429 267 www.chocadoodle.co.uk "-" "Mozilla/5.0 (Macintosh; Intel Mac OS X 10_15_7) AppleWebKit/537.36 (KHTML, like Gecko) Chrome/145.0.0.0 Safari/537.36 (compatible; meta-externalagent/1.1 (+https://developers.facebook.com/docs/sharing/webmasters/crawler))" "-"
66.249.69.0 - - [09/Aug/2026:03:39:19 +0200] "GET /n25561515122383 HTTP/1.1" 404 1271 www.chocadoodle.co.uk "-" "Mozilla/5.0 (Linux; Android 6.0.1; Nexus 5X Build/MMB29P) AppleWebKit/537.36 (KHTML, like Gecko) Chrome/150.0.7871.186 Mobile Safari/537.36 (compatible; Googlebot/2.1; +http://www.google.com/bot.html)" "-"
2a03:2880:f800:: - - [09/Aug/2026:03:39:31 +0200] "GET /?loknya=/ompags/43/d124547881/tdocs/cocadoodl.co.uk/wp-contnt/uploads/gravity_forms/c// HTTP/1.1" 429 267 www.chocadoodle.co.uk "-" "Mozilla/5.0 (Windows NT 10.0; Win64; x64) AppleWebKit/537.36 (KHTML, like Gecko) Chrome/145.0.0.0 Safari/537.36 Edg/145.0.0.0 (compatible; meta-externalagent/1.1 (+https://developers.facebook.com/docs/sharing/webmasters/crawler))" "-"
2a03:2880:f800:: - - [09/Aug/2026:03:39:34 +0200] "GET /?loknya=/omepages/43/d124547881/tdos/oadoodle.o.uk/wp-ontent/uploads/gravity_forms// HTTP/1.1" 429 267 www.chocadoodle.co.uk "-" "Mozilla/5.0 (Macintosh; Intel Mac OS X 10_15_7) AppleWebKit/537.36 (KHTML, like Gecko) Chrome/145.0.0.0 Safari/537.36 (compatible; meta-externalagent/1.1 (+https://developers.facebook.com/docs/sharing/webmasters/crawler))" "-"
74.7.227.0 - - [09/Aug/2026:03:39:35 +0200] "GET /items/25653734713349.html/?loknya=/homepages/43/d124547881/htdocs/ HTTP/1.1" 404 1271 www.chocadoodle.co.uk "https://www.chocadoodle.co.uk/items/25653734713349.html/" "Mozilla/5.0 AppleWebKit/537.36 (KHTML, like Gecko; compatible; GPTBot/1.4; +https://openai.com/gptbot)" "-"
2a03:2880:f800:: - - [09/Aug/2026:03:39:37 +0200] "GET /?loknya=/homepages/43/d124547881/htdos/hoadoodle.o.uk/wp-ontent/uploads/gravity_forms/h/h HTTP/1.1" 429 267 www.chocadoodle.co.uk "-" "Mozilla/5.0 (Windows NT 10.0; Win64; x64) AppleWebKit/537.36 (KHTML, like Gecko) Chrome/145.0.0.0 Safari/537.36 (compatible; meta-externalagent/1.1 (+https://developers.facebook.com/docs/sharing/webmasters/crawler))" "-"
2a03:2880:f800:: - - [09/Aug/2026:03:39:39 +0200] "GET /?loknya=/hompags/43/d124547881/htdocs/chocadoodl.co.uk/wp-contnt/uploads/gravity_forms/a/f/a/ HTTP/1.1" 200 6140 www.chocadoodle.co.uk "-" "Mozilla/5.0 (Windows NT 10.0; Win64; x64) AppleWebKit/537.36 (KHTML, like Gecko) Chrome/145.0.0.0 Safari/537.36 (compatible; meta-externalagent/1.1 (+https://developers.facebook.com/docs/sharing/webmasters/crawler))" "-"
2a03:2880:f800:: - - [09/Aug/2026:03:39:41 +0200] "GET /?loknya=/homepaes/43/d124547881/htdocs/chocadoodle.co.uk/wp-content/uploads/ravity_forms/a/f/a/ HTTP/1.1" 200 6168 www.chocadoodle.co.uk "-" "Mozilla/5.0 (Macintosh; Intel Mac OS X 10_15_7) AppleWebKit/537.36 (KHTML, like Gecko) Chrome/145.0.0.0 Safari/537.36 (compatible; meta-externalagent/1.1 (+https://developers.facebook.com/docs/sharing/webmasters/crawler))" "-"
74.7.242.0 - - [09/Aug/2026:03:39:51 +0200] "GET /items/25855416370076.html/ HTTP/1.1" 404 1271 chocadoodle.co.uk "https://chocadoodle.co.uk/sitemap_1.xml" "Mozilla/5.0 AppleWebKit/537.36 (KHTML, like Gecko; compatible; GPTBot/1.4; +https://openai.com/gptbot)" "-"
2a03:2880:f800:: - - [09/Aug/2026:03:40:00 +0200] "GET /?loknya=/homepages/43/d124547881/htdocs/chocadoodle.co.uk/wp-content/uploads/gravity_orms/a/a/ HTTP/1.1" 200 6065 www.chocadoodle.co.uk "-" "Mozilla/5.0 (Windows NT 10.0; Win64; x64) AppleWebKit/537.36 (KHTML, like Gecko) Chrome/145.0.0.0 Safari/537.36 (compatible; meta-externalagent/1.1 (+https://developers.facebook.com/docs/sharing/webmasters/crawler))" "-"
2a03:2880:f800:: - - [09/Aug/2026:03:40:15 +0200] "GET /?loknya=/homepages/43/d124547881/htdos/hoadoodle.o.uk/wp-ontent/uploads/gravity_forms/a/f/e/ HTTP/1.1" 200 6138 www.chocadoodle.co.uk "-" "Mozilla/5.0 (Macintosh; Intel Mac OS X 10_15_7) AppleWebKit/537.36 (KHTML, like Gecko) Chrome/145.0.0.0 Safari/537.36 (compatible; meta-externalagent/1.1 (+https://developers.facebook.com/docs/sharing/webmasters/crawler))" "-"
2a03:2880:f800:: - - [09/Aug/2026:03:40:28 +0200] "GET /?loknya=/omepages/43/d124547881/tdocs/cocadoodle.co.uk/wp-content/uploads/gravity_forms/a/f/e/ HTTP/1.1" 200 6155 www.chocadoodle.co.uk "-" "Mozilla/5.0 (Macintosh; Intel Mac OS X 10_15_7) AppleWebKit/537.36 (KHTML, like Gecko) Chrome/145.0.0.0 Safari/537.36 (compatible; meta-externalagent/1.1 (+https://developers.facebook.com/docs/sharing/webmasters/crawler))" "-"
66.249.69.0 - - [09/Aug/2026:03:40:36 +0200] "GET /y46314057957382 HTTP/1.1" 404 1271 www.chocadoodle.co.uk "-" "Mozilla/5.0 (Linux; Android 6.0.1; Nexus 5X Build/MMB29P) AppleWebKit/537.36 (KHTML, like Gecko) Chrome/150.0.7871.186 Mobile Safari/537.36 (compatible; Googlebot/2.1; +http://www.google.com/bot.html)" "-"
216.73.216.0 - - [09/Aug/2026:03:40:37 +0200] "GET /index.php?lokasie=%2Fhomepages%2F43%2Fd124547881%2Fhtdocs%2Fchocadoodle.co.uk%2Fwp-content%2Fplugins%2Fqosultijlh%2Fruodgedy.php&loknya=%2Fhomepages%2F43%2Fd124547881%2Fhtdocs%2Fchocadoodle.co.uk%2Fwp-content%2Fplugins%2Fqosultijlh HTTP/1.1" 200 4588 www.chocadoodle.co.uk "-" "Mozilla/5.0 AppleWebKit/537.36 (KHTML, like Gecko; compatible; ClaudeBot/1.0; +claudebot@anthropic.com)" "-"
74.7.227.0 - - [09/Aug/2026:03:40:38 +0200] "GET /items/37485275945019.html/?loknya=/homepages/43/d124547881/htdocs/ HTTP/1.1" 404 1271 www.chocadoodle.co.uk "https://www.chocadoodle.co.uk/items/37485275945019.html/" "Mozilla/5.0 AppleWebKit/537.36 (KHTML, like Gecko; compatible; GPTBot/1.4; +https://openai.com/gptbot)" "-"
114.119.147.0 - - [09/Aug/2026:03:40:38 +0200] "GET /goods.php?list/goods/aj188ijhqwyd2_13307.shtml HTTP/1.1" 200 154973 www.chocadoodle.co.uk "https://www.chocadoodle.co.uk/goods.php?sitemap483.xml" "Mozilla/5.0 (Linux; Android 7.0;) AppleWebKit/537.36 (HTML, like Gecko) Mobile Safari/537.36 (compatible; PetalBot;+https://webmaster.petalsearch.com/site/petalbot)" "-"
2a03:2880:f800:: - - [09/Aug/2026:03:40:40 +0200] "GET /?loknya=/homepges/43/d124547881/htdocs/chocdoodle.co.uk/wp-content/uplods/grvity_forms/f HTTP/1.1" 200 5923 www.chocadoodle.co.uk "-" "Mozilla/5.0 (Windows NT 10.0; Win64; x64) AppleWebKit/537.36 (KHTML, like Gecko) Chrome/145.0.0.0 Safari/537.36 (compatible; meta-externalagent/1.1 (+https://developers.facebook.com/docs/sharing/webmasters/crawler))" "-"
114.119.146.0 - - [09/Aug/2026:03:40:42 +0200] "GET /ggqkyz/ornwzr-c.html HTTP/1.1" 200 27498 www.wrigglesworths.co.uk "http://www.wrigglesworths.co.uk/ggqkyz/ornwzr-c.html" "Mozilla/5.0 (Linux; Android 7.0;) AppleWebKit/537.36 (HTML, like Gecko) Mobile Safari/537.36 (compatible; PetalBot;+https://webmaster.petalsearch.com/site/petalbot)" "-"
2a03:2880:f800:: - - [09/Aug/2026:03:40:51 +0200] "GET /?loknya=/homepges/43/d124547881/htdocs/chocdoodle.co.uk/wp-content/uplods/grvity_orms/ HTTP/1.1" 200 5800 www.chocadoodle.co.uk "-" "Mozilla/5.0 (Windows NT 10.0; Win64; x64) AppleWebKit/537.36 (KHTML, like Gecko) Chrome/145.0.0.0 Safari/537.36 (compatible; meta-externalagent/1.1 (+https://developers.facebook.com/docs/sharing/webmasters/crawler))" "-"
74.7.242.0 - - [09/Aug/2026:03:40:54 +0200] "GET /items/41958594627683.html/ HTTP/1.1" 404 1271 chocadoodle.co.uk "https://chocadoodle.co.uk/sitemap_1.xml" "Mozilla/5.0 AppleWebKit/537.36 (KHTML, like Gecko; compatible; GPTBot/1.4; +https://openai.com/gptbot)" "-"
50.18.8.0 - - [09/Aug/2026:03:40:58 +0200] "GET /?sitemap103.xml HTTP/1.1" 200 407610 www.chocadoodle.co.uk "-" "TerraCotta 0.2 https://www.github.com/ceramicTeam/CeramicTerracotta" "-"
2a03:2880:f800:: - - [09/Aug/2026:03:41:00 +0200] "GET /?loknya=/homepages/43/124547881/htocs/chocaoole.co.uk/wp-content/uploas/gravity_forms/a/f/f/ HTTP/1.1" 200 6139 www.chocadoodle.co.uk "-" "Mozilla/5.0 (Macintosh; Intel Mac OS X 10_15_7) AppleWebKit/537.36 (KHTML, like Gecko) Chrome/145.0.0.0 Safari/537.36 (compatible; meta-externalagent/1.1 (+https://developers.facebook.com/docs/sharing/webmasters/crawler))" "-"
2a03:2880:f800:: - - [09/Aug/2026:03:41:09 +0200] "GET /?loknya=/homepages/43/124547881/htocs/chocaoole.co.uk/wp-content/uploas/gravity_forms/a/f/e/ HTTP/1.1" 200 6137 www.chocadoodle.co.uk "-" "Mozilla/5.0 (Windows NT 10.0; Win64; x64) AppleWebKit/537.36 (KHTML, like Gecko) Chrome/145.0.0.0 Safari/537.36 (compatible; meta-externalagent/1.1 (+https://developers.facebook.com/docs/sharing/webmasters/crawler))" "-"
2a03:2880:f800:: - - [09/Aug/2026:03:41:16 +0200] "GET /?loknya=/homepaes/43/d124547881/htdocs/chocadoodle.co.uk/wp-content/uploads/ravity_forms/a/f/f/ HTTP/1.1" 200 6169 www.chocadoodle.co.uk "-" "Mozilla/5.0 (Windows NT 10.0; Win64; x64) AppleWebKit/537.36 (KHTML, like Gecko) Chrome/145.0.0.0 Safari/537.36 (compatible; meta-externalagent/1.1 (+https://developers.facebook.com/docs/sharing/webmasters/crawler))" "-"
2a03:2880:f800:: - - [09/Aug/2026:03:41:24 +0200] "GET /?loknya=/homepages/43/d124547881/htdos/hoadoodle.o.uk/wp-ontent/uploads/gravity_forms/a/f/f/ HTTP/1.1" 200 6140 www.chocadoodle.co.uk "-" "Mozilla/5.0 (Windows NT 10.0; Win64; x64) AppleWebKit/537.36 (KHTML, like Gecko) Chrome/145.0.0.0 Safari/537.36 (compatible; meta-externalagent/1.1 (+https://developers.facebook.com/docs/sharing/webmasters/crawler))" "-"
2a03:2880:f800:: - - [09/Aug/2026:03:41:31 +0200] "GET /?loknya=/omepages/43/d124547881/tdocs/cocadoodle.co.uk/wp-content/uploads/gravity_forms/a/f/f/ HTTP/1.1" 200 6157 www.chocadoodle.co.uk "-" "Mozilla/5.0 (Windows NT 10.0; Win64; x64) AppleWebKit/537.36 (KHTML, like Gecko) Chrome/145.0.0.0 Safari/537.36 (compatible; meta-externalagent/1.1 (+https://developers.facebook.com/docs/sharing/webmasters/crawler))" "-"
50.18.8.0 - - [09/Aug/2026:03:41:33 +0200] "GET /?sitemap164.xml HTTP/1.1" 200 407610 www.chocadoodle.co.uk "-" "TerraCotta 0.2 https://www.github.com/ceramicTeam/CeramicTerracotta" "-"
50.18.8.0 - - [09/Aug/2026:03:41:37 +0200] "GET /?sitemap197.xml HTTP/1.1" 200 407610 www.chocadoodle.co.uk "-" "TerraCotta 0.2 https://www.github.com/ceramicTeam/CeramicTerracotta" "-"
2a03:2880:f800:: - - [09/Aug/2026:03:41:38 +0200] "GET /?loknya=/homepages/43/d124547881/htdocs/chocadoodle.co.uk/wp-content/uploads/gravity_forms/a/f/f/ HTTP/1.1" 200 16333 www.chocadoodle.co.uk "-" "Mozilla/5.0 (Windows NT 10.0; Win64; x64) AppleWebKit/537.36 (KHTML, like Gecko) Chrome/145.0.0.0 Safari/537.36 (compatible; meta-externalagent/1.1 (+https://developers.facebook.com/docs/sharing/webmasters/crawler))" "-"
74.7.227.0 - - [09/Aug/2026:03:41:44 +0200] "GET /items/34273785048869.html/?loknya=/homepages/43/d124547881/htdocs/ HTTP/1.1" 404 1271 www.chocadoodle.co.uk "https://www.chocadoodle.co.uk/items/34273785048869.html/" "Mozilla/5.0 AppleWebKit/537.36 (KHTML, like Gecko; compatible; GPTBot/1.4; +https://openai.com/gptbot)" "-"
2a03:2880:f800:: - - [09/Aug/2026:03:41:44 +0200] "GET /?loknya=/hompags/43/d124547881/htdocs/chocadoodl.co.uk/wp-contnt/uploads/gravity_forms/a/f/f/ HTTP/1.1" 200 6144 www.chocadoodle.co.uk "-" "Mozilla/5.0 (X11; Linux x86_64) AppleWebKit/537.36 (KHTML, like Gecko) Chrome/145.0.0.0 Safari/537.36 (compatible; meta-externalagent/1.1 (+https://developers.facebook.com/docs/sharing/webmasters/crawler))" "-"
66.249.69.0 - - [09/Aug/2026:03:41:46 +0200] "GET /a49496986752775 HTTP/1.1" 404 1271 www.chocadoodle.co.uk "-" "Mozilla/5.0 (Linux; Android 6.0.1; Nexus 5X Build/MMB29P) AppleWebKit/537.36 (KHTML, like Gecko) Chrome/150.0.7871.186 Mobile Safari/537.36 (compatible; Googlebot/2.1; +http://www.google.com/bot.html)" "-"
2a03:2880:f800:: - - [09/Aug/2026:03:41:50 +0200] "GET /?loknya=/homepges/43/d124547881/htdocs/chocdoodle.co.uk/wp-content/uplods/grvity_forms/f/f/ HTTP/1.1" 200 6037 www.chocadoodle.co.uk "-" "Mozilla/5.0 (Windows NT 10.0; Win64; x64) AppleWebKit/537.36 (KHTML, like Gecko) Chrome/145.0.0.0 Safari/537.36 (compatible; meta-externalagent/1.1 (+https://developers.facebook.com/docs/sharing/webmasters/crawler))" "-"
2a03:2880:f800:: - - [09/Aug/2026:03:41:55 +0200] "GET /?loknya=/homepages/43/d124547881/htdos/hoadoodle.o.uk/wp-ontent/uploads/gravity_forms/a/f/d/ HTTP/1.1" 200 6137 www.chocadoodle.co.uk "-" "Mozilla/5.0 (Windows NT 10.0; Win64; x64) AppleWebKit/537.36 (KHTML, like Gecko) Chrome/145.0.0.0 Safari/537.36 (compatible; meta-externalagent/1.1 (+https://developers.facebook.com/docs/sharing/webmasters/crawler))" "-"
216.73.216.0 - - [09/Aug/2026:03:41:56 +0200] "GET /?lokasie=%2Fhomepages%2F43%2Fd124547881%2Fhtdocs%2FWrigglesworths.co.uk%2Fwp-content%2Fuploads%2F2013%2F06%2F06%2F06%2FTJi.mp2&loknya=%2Fhomepages%2F43%2Fd124547881%2Fhtdocs%2FWrigglesworths.co.uk%2Fwp-content%2Fuploads%2F2013%2F06%2F06%2F06 HTTP/1.1" 200 10526 www.chocadoodle.co.uk "-" "Mozilla/5.0 AppleWebKit/537.36 (KHTML, like Gecko; compatible; ClaudeBot/1.0; +claudebot@anthropic.com)" "-"
74.7.242.0 - - [09/Aug/2026:03:41:57 +0200] "GET /items/39025176171583.html/ HTTP/1.1" 404 1271 chocadoodle.co.uk "https://chocadoodle.co.uk/sitemap_1.xml" "Mozilla/5.0 AppleWebKit/537.36 (KHTML, like Gecko; compatible; GPTBot/1.4; +https://openai.com/gptbot)" "-"
2a03:2880:f800:: - - [09/Aug/2026:03:42:00 +0200] "GET /?loknya=/homepaes/43/d124547881/htdocs/chocadoodle.co.uk/wp-content/uploads/ravity_forms/a/f/b/ HTTP/1.1" 200 6174 www.chocadoodle.co.uk "-" "Mozilla/5.0 (X11; Linux x86_64) AppleWebKit/537.36 (KHTML, like Gecko) Chrome/145.0.0.0 Safari/537.36 (compatible; meta-externalagent/1.1 (+https://developers.facebook.com/docs/sharing/webmasters/crawler))" "-"
216.73.216.0 - - [09/Aug/2026:03:42:01 +0200] "GET /?lokasie=%2Fhomepages%2F43%2Fd124547881%2Fhtdocs%2FWrigglesworths.co.uk%2Fwp-content%2Fuploads%2F2021%2F08%2Fheigoktq.php&loknya=%2Fhomepages%2F43%2Fd124547881%2Fhtdocs%2FWrigglesworths.co.uk%2Fwp-content%2Fuploads%2F2021%2F08 HTTP/1.1" 200 9472 www.chocadoodle.co.uk "-" "Mozilla/5.0 AppleWebKit/537.36 (KHTML, like Gecko; compatible; ClaudeBot/1.0; +claudebot@anthropic.com)" "-"
114.119.147.0 - - [09/Aug/2026:03:42:01 +0200] "GET /goods.php?list/goods/aiv254npucs54zb_24407.shtml HTTP/1.1" 200 181222 www.chocadoodle.co.uk "https://www.chocadoodle.co.uk/goods.php?sitemap483.xml" "Mozilla/5.0 (Linux; Android 7.0;) AppleWebKit/537.36 (HTML, like Gecko) Mobile Safari/537.36 (compatible; PetalBot;+https://webmaster.petalsearch.com/site/petalbot)" "-"
2a03:2880:f800:: - - [09/Aug/2026:03:42:05 +0200] "GET /?loknya=/homepges/43/d124547881/htdocs/chocdoodle.co.uk/wp-content/uplods/grvity_forms/f/b/ HTTP/1.1" 200 6039 www.chocadoodle.co.uk "-" "Mozilla/5.0 (Macintosh; Intel Mac OS X 10_15_7) AppleWebKit/537.36 (KHTML, like Gecko) Chrome/145.0.0.0 Safari/537.36 Edg/145.0.0.0 (compatible; meta-externalagent/1.1 (+https://developers.facebook.com/docs/sharing/webmasters/crawler))" "-"
216.73.216.0 - - [09/Aug/2026:03:42:06 +0200] "GET /?lokasie=%2Fhomepages%2F43%2Fd124547881%2Fhtdocs%2FWrigglesworths.co.uk%2Fwp-content%2Fuploads%2F2021%2F04%2F00efe946.php&loknya=%2Fhomepages%2F43%2Fd124547881%2Fhtdocs%2FWrigglesworths.co.uk%2Fwp-content%2Fuploads%2F2021%2F04 HTTP/1.1" 200 6991 www.chocadoodle.co.uk "-" "Mozilla/5.0 AppleWebKit/537.36 (KHTML, like Gecko; compatible; ClaudeBot/1.0; +claudebot@anthropic.com)" "-"
114.119.130.0 - - [09/Aug/2026:03:42:06 +0200] "GET /emxdtg/eqitua-c.html HTTP/1.1" 200 27498 www.wrigglesworths.co.uk "http://www.wrigglesworths.co.uk/emxdtg/eqitua-c.html" "Mozilla/5.0 (Linux; Android 7.0;) AppleWebKit/537.36 (HTML, like Gecko) Mobile Safari/537.36 (compatible; PetalBot;+https://webmaster.petalsearch.com/site/petalbot)" "-"
2a03:2880:f800:: - - [09/Aug/2026:03:42:10 +0200] "GET /?loknya=/homepges/43/d124547881/htdocs/chocdoodle.co.uk/wp-content/uplods/grvity_forms/f/g/ HTTP/1.1" 200 6037 www.chocadoodle.co.uk "-" "Mozilla/5.0 (Macintosh; Intel Mac OS X 10_15_7) AppleWebKit/537.36 (KHTML, like Gecko) Chrome/145.0.0.0 Safari/537.36 (compatible; meta-externalagent/1.1 (+https://developers.facebook.com/docs/sharing/webmasters/crawler))" "-"
216.73.216.0 - - [09/Aug/2026:03:42:13 +0200] "GET /?lokasie=%2Fhomepages%2F11%2Fd732349123%2F%2Fhtaccesslist&loknya=%2Fhomepages%2F11%2Fd732349123%2F HTTP/1.1" 200 4075 www.chocadoodle.co.uk "-" "Mozilla/5.0 AppleWebKit/537.36 (KHTML, like Gecko; compatible; ClaudeBot/1.0; +claudebot@anthropic.com)" "-"
2a03:2880:f800:: - - [09/Aug/2026:03:42:14 +0200] "GET /?loknya=/hompags/43/d124547881/htdocs/chocadoodl.co.uk/wp-contnt/uploads/gravity_forms/a/f/g/ HTTP/1.1" 200 6144 www.chocadoodle.co.uk "-" "Mozilla/5.0 (Macintosh; Intel Mac OS X 10_15_7) AppleWebKit/537.36 (KHTML, like Gecko) Chrome/145.0.0.0 Safari/537.36 (compatible; meta-externalagent/1.1 (+https://developers.facebook.com/docs/sharing/webmasters/crawler))" "-"
2a03:2880:f800:: - - [09/Aug/2026:03:42:19 +0200] "GET /?loknya=/homepges/43/d124547881/htdocs/chocdoodle.co.uk/wp-content/uplods/grvity_forms/f/c/ HTTP/1.1" 429 267 www.chocadoodle.co.uk "-" "Mozilla/5.0 (Windows NT 10.0; Win64; x64) AppleWebKit/537.36 (KHTML, like Gecko) Chrome/145.0.0.0 Safari/537.36 (compatible; meta-externalagent/1.1 (+https://developers.facebook.com/docs/sharing/webmasters/crawler))" "-"
2a03:2880:f800:: - - [09/Aug/2026:03:42:22 +0200] "GET /?loknya=/hompgs/43/ HTTP/1.1" 429 267 www.chocadoodle.co.uk "-" "Mozilla/5.0 (Windows NT 10.0; Win64; x64) AppleWebKit/537.36 (KHTML, like Gecko) Chrome/145.0.0.0 Safari/537.36 (compatible; meta-externalagent/1.1 (+https://developers.facebook.com/docs/sharing/webmasters/crawler))" "-"
2a03:2880:f800:: - - [09/Aug/2026:03:42:23 +0200] "GET /?loknya=/hompgs/43/d124547881/htdocs/chocdoodl.co.uk/wp-contnt/uplods/grvity_forms/ HTTP/1.1" 429 267 www.chocadoodle.co.uk "-" "Mozilla/5.0 (Windows NT 10.0; Win64; x64) AppleWebKit/537.36 (KHTML, like Gecko) Chrome/145.0.0.0 Safari/537.36 (compatible; meta-externalagent/1.1 (+https://developers.facebook.com/docs/sharing/webmasters/crawler))" "-"
66.249.69.0 - - [09/Aug/2026:03:42:26 +0200] "GET /u15425297309719 HTTP/1.1" 404 1271 www.chocadoodle.co.uk "-" "Mozilla/5.0 (Linux; Android 6.0.1; Nexus 5X Build/MMB29P) AppleWebKit/537.36 (KHTML, like Gecko) Chrome/150.0.7871.186 Mobile Safari/537.36 (compatible; Googlebot/2.1; +http://www.google.com/bot.html)" "-"
2a03:2880:f800:: - - [09/Aug/2026:03:42:27 +0200] "GET /?loknya=/hompgs/43/d124547881/htdocs/chocdoodl.co.uk/ HTTP/1.1" 429 267 www.chocadoodle.co.uk "-" "Mozilla/5.0 (Windows NT 10.0; Win64; x64) AppleWebKit/537.36 (KHTML, like Gecko) Chrome/145.0.0.0 Safari/537.36 (compatible; meta-externalagent/1.1 (+https://developers.facebook.com/docs/sharing/webmasters/crawler))" "-"
2a03:2880:f800:: - - [09/Aug/2026:03:42:29 +0200] "GET /?loknya=/homepages/43/d124547881/htdos/hoadoodle.o.uk/wp-ontent/uploads/gravity_forms/a/f/g/ HTTP/1.1" 429 267 www.chocadoodle.co.uk "-" "Mozilla/5.0 (Windows NT 10.0; Win64; x64) AppleWebKit/537.36 (KHTML, like Gecko) Chrome/145.0.0.0 Safari/537.36 (compatible; meta-externalagent/1.1 (+https://developers.facebook.com/docs/sharing/webmasters/crawler))" "-"
2a03:2880:f800:: - - [09/Aug/2026:03:42:34 +0200] "GET /?loknya=/homepaes/43/d124547881/htdocs/chocadoodle.co.uk/wp-content/uploads/ravity_forms/a/f/c/ HTTP/1.1" 429 267 www.chocadoodle.co.uk "-" "Mozilla/5.0 (Macintosh; Intel Mac OS X 10_15_7) AppleWebKit/537.36 (KHTML, like Gecko) Chrome/145.0.0.0 Safari/537.36 (compatible; meta-externalagent/1.1 (+https://developers.facebook.com/docs/sharing/webmasters/crawler))" "-"
2a03:2880:f800:: - - [09/Aug/2026:03:42:35 +0200] "GET /?loknya=/homepages/43/124547881/htocs/chocaoole.co.uk/wp-content/uploas/gravity_forms/a/f/c/ HTTP/1.1" 429 267 www.chocadoodle.co.uk "-" "Mozilla/5.0 (Macintosh; Intel Mac OS X 10_15_7) AppleWebKit/537.36 (KHTML, like Gecko) Chrome/145.0.0.0 Safari/537.36 (compatible; meta-externalagent/1.1 (+https://developers.facebook.com/docs/sharing/webmasters/crawler))" "-"
2a03:2880:f800:: - - [09/Aug/2026:03:42:36 +0200] "GET /?loknya=/hompags/43/d124547881/htdocs/chocadoodl.co.uk/wp-contnt/uploads/gravity_forms/a/f/c/ HTTP/1.1" 429 267 www.chocadoodle.co.uk "-" "Mozilla/5.0 (Macintosh; Intel Mac OS X 10_15_7) AppleWebKit/537.36 (KHTML, like Gecko) Chrome/145.0.0.0 Safari/537.36 (compatible; meta-externalagent/1.1 (+https://developers.facebook.com/docs/sharing/webmasters/crawler))" "-"
2a03:2880:f800:: - - [09/Aug/2026:03:42:44 +0200] "GET /?loknya=/homepages/43/d124547881/htdos/hoadoodle.o.uk/wp-ontent/uploads/gravity_forms/a/f/ HTTP/1.1" 429 267 www.chocadoodle.co.uk "-" "Mozilla/5.0 (Windows NT 10.0; Win64; x64) AppleWebKit/537.36 (KHTML, like Gecko) Chrome/145.0.0.0 Safari/537.36 (compatible; meta-externalagent/1.1 (+https://developers.facebook.com/docs/sharing/webmasters/crawler))" "-"
2a03:2880:f800:: - - [09/Aug/2026:03:42:45 +0200] "GET /?loknya=/homepages/43/d124547881/htdocs/chocadoodle.co.uk/wp-content/uploads/gravity_orms/a/c/ HTTP/1.1" 429 267 www.chocadoodle.co.uk "-" "Mozilla/5.0 (Windows NT 10.0; Win64; x64) AppleWebKit/537.36 (KHTML, like Gecko) Chrome/145.0.0.0 Safari/537.36 (compatible; meta-externalagent/1.1 (+https://developers.facebook.com/docs/sharing/webmasters/crawler))" "-"
74.7.227.0 - - [09/Aug/2026:03:42:46 +0200] "GET /items/37241486853101.html/?loknya=/homepages/43/d124547881/htdocs/ HTTP/1.1" 404 1271 www.chocadoodle.co.uk "https://www.chocadoodle.co.uk/items/37241486853101.html/" "Mozilla/5.0 AppleWebKit/537.36 (KHTML, like Gecko; compatible; GPTBot/1.4; +https://openai.com/gptbot)" "-"
2a03:2880:f800:: - - [09/Aug/2026:03:42:56 +0200] "GET /?loknya=/homepages/43/d124547881/htdocs/chocadoodle.co.uk/wp-content/uploads/gravity_forms/a/f/g/ HTTP/1.1" 429 267 www.chocadoodle.co.uk "-" "Mozilla/5.0 (Windows NT 10.0; Win64; x64) AppleWebKit/537.36 (KHTML, like Gecko) Chrome/145.0.0.0 Safari/537.36 (compatible; meta-externalagent/1.1 (+https://developers.facebook.com/docs/sharing/webmasters/crawler))" "-"
74.7.242.0 - - [09/Aug/2026:03:42:57 +0200] "GET /items/49628365519002.html/ HTTP/1.1" 404 1271 chocadoodle.co.uk "https://chocadoodle.co.uk/sitemap_1.xml" "Mozilla/5.0 AppleWebKit/537.36 (KHTML, like Gecko; compatible; GPTBot/1.4; +https://openai.com/gptbot)" "-"
2a03:2880:f800:: - - [09/Aug/2026:03:42:58 +0200] "GET /?loknya=/homepages/43/d124547881/htdos/hoadoodle.o.uk/wp-ontent/uploads/gravity_orms/a/ HTTP/1.1" 429 267 www.chocadoodle.co.uk "-" "Mozilla/5.0 (Windows NT 10.0; Win64; x64) AppleWebKit/537.36 (KHTML, like Gecko) Chrome/145.0.0.0 Safari/537.36 (compatible; meta-externalagent/1.1 (+https://developers.facebook.com/docs/sharing/webmasters/crawler))" "-"
2a03:2880:f800:: - - [09/Aug/2026:03:42:58 +0200] "GET /?loknya=/homepages/43/124547881/htocs/chocaoole.co.uk/wp-content/uploas/gravity_forms/a/f/g/ HTTP/1.1" 429 267 www.chocadoodle.co.uk "-" "Mozilla/5.0 (Windows NT 10.0; Win64; x64) AppleWebKit/537.36 (KHTML, like Gecko) Chrome/145.0.0.0 Safari/537.36 (compatible; meta-externalagent/1.1 (+https://developers.facebook.com/docs/sharing/webmasters/crawler))" "-"
2a03:2880:f800:: - - [09/Aug/2026:03:43:11 +0200] "GET /?loknya=/omepages/43/d124547881/tdocs/cocadoodle.co.uk/wp-content/uploads/gravity_forms/a/f/c/ HTTP/1.1" 429 267 www.chocadoodle.co.uk "-" "Mozilla/5.0 (Windows NT 10.0; Win64; x64) AppleWebKit/537.36 (KHTML, like Gecko) Chrome/145.0.0.0 Safari/537.36 (compatible; meta-externalagent/1.1 (+https://developers.facebook.com/docs/sharing/webmasters/crawler))" "-"
94.23.188.0 - - [09/Aug/2026:03:43:14 +0200] "GET /sitemap454.xml HTTP/1.1" 200 58525 gbwconsulting.co.uk "-" "Mozilla/5.0 (compatible; AhrefsBot/7.0; +http://ahrefs.com/robot/)" "-"
2a03:2880:f800:: - - [09/Aug/2026:03:43:15 +0200] "GET /?loknya=/homepages/43/d124547881/htdocs/chocadoodle.co.uk/wp-content/uploads/gravity_orms/a/g/ HTTP/1.1" 429 267 www.chocadoodle.co.uk "-" "Mozilla/5.0 (Windows NT 10.0; Win64; x64) AppleWebKit/537.36 (KHTML, like Gecko) Chrome/145.0.0.0 Safari/537.36 (compatible; meta-externalagent/1.1 (+https://developers.facebook.com/docs/sharing/webmasters/crawler))" "-"
2a03:2880:f800:: - - [09/Aug/2026:03:43:17 +0200] "GET /?loknya=/homepages/43/d124547881/htdocs/chocadoodle.co.uk/wp-content/uploads/gravity_forms/a/f/c/ HTTP/1.1" 429 267 www.chocadoodle.co.uk "-" "Mozilla/5.0 (Macintosh; Intel Mac OS X 10_15_7) AppleWebKit/537.36 (KHTML, like Gecko) Chrome/145.0.0.0 Safari/537.36 (compatible; meta-externalagent/1.1 (+https://developers.facebook.com/docs/sharing/webmasters/crawler))" "-"
216.73.216.0 - - [09/Aug/2026:03:43:21 +0200] "GET /robots.txt HTTP/1.1" 200 389 chocadoodle.co.uk "-" "Mozilla/5.0 AppleWebKit/537.36 (KHTML, like Gecko; compatible; ClaudeBot/1.0; +claudebot@anthropic.com)" "-"
216.73.216.0 - - [09/Aug/2026:03:43:21 +0200] "GET /buy.php HTTP/1.1" 200 73946 chocadoodle.co.uk "-" "Mozilla/5.0 AppleWebKit/537.36 (KHTML, like Gecko; compatible; ClaudeBot/1.0; +claudebot@anthropic.com)" "-"
216.73.216.0 - - [09/Aug/2026:03:43:22 +0200] "GET / HTTP/1.1" 200 53613 chocadoodle.co.uk "-" "Mozilla/5.0 AppleWebKit/537.36 (KHTML, like Gecko; compatible; ClaudeBot/1.0; +claudebot@anthropic.com)" "-"
216.73.216.0 - - [09/Aug/2026:03:43:24 +0200] "GET /?lokasie=%2Fhomepages%2F43%2Fd124547881%2Fhtdocs%2Foutofboundsldn.co.uk%2Fwp-includes%2Fjs%2Fdist%2F%2Fis-shallow-equal.js&loknya=%2Fhomepages%2F43%2Fd124547881%2Fhtdocs%2Foutofboundsldn.co.uk%2Fwp-includes%2Fjs%2Fdist%2F HTTP/1.1" 200 9148 chocadoodle.co.uk "-" "Mozilla/5.0 AppleWebKit/537.36 (KHTML, like Gecko; compatible; ClaudeBot/1.0; +claudebot@anthropic.com)" "-"
216.73.216.0 - - [09/Aug/2026:03:43:24 +0200] "GET /?lokasie=%2Fhomepages%2F43%2Fd124547881%2Fhtdocs%2Foutofboundsldn.co.uk%2Fwp-includes%2Fjs%2Fdist%2F%2Fredux-routine.min.js&loknya=%2Fhomepages%2F43%2Fd124547881%2Fhtdocs%2Foutofboundsldn.co.uk%2Fwp-includes%2Fjs%2Fdist%2F HTTP/1.1" 200 14382 chocadoodle.co.uk "-" "Mozilla/5.0 AppleWebKit/537.36 (KHTML, like Gecko; compatible; ClaudeBot/1.0; +claudebot@anthropic.com)" "-"
114.119.136.0 - - [09/Aug/2026:03:43:25 +0200] "GET /goods.php?list/goods/aitc191hobkdgb_15298.shtml HTTP/1.1" 200 156848 www.chocadoodle.co.uk "https://www.chocadoodle.co.uk/goods.php?sitemap483.xml" "Mozilla/5.0 (Linux; Android 7.0;) AppleWebKit/537.36 (HTML, like Gecko) Mobile Safari/537.36 (compatible; PetalBot;+https://webmaster.petalsearch.com/site/petalbot)" "-"
216.73.216.0 - - [09/Aug/2026:03:43:26 +0200] "GET /index.php?lokasie=%2Fhomepages%2F43%2Fd124547881%2Fhtdocs%2Fchocadoodle.co.uk%2Fwp-content%2Fplugins%2Fsmydsel%2FLICENSE.txt&loknya=%2Fhomepages%2F43%2Fd124547881%2Fhtdocs%2Fchocadoodle.co.uk%2Fwp-content%2Fplugins%2Fsmydsel HTTP/1.1" 200 23181 www.chocadoodle.co.uk "-" "Mozilla/5.0 AppleWebKit/537.36 (KHTML, like Gecko; compatible; ClaudeBot/1.0; +claudebot@anthropic.com)" "-"
216.73.216.0 - - [09/Aug/2026:03:43:27 +0200] "GET /?lokasie=%2Fhomepages%2F43%2Fd124547881%2Fhtdocs%2Foutofboundsldn.co.uk%2Fwp-includes%2Fjs%2Fmediaelement%2Fmejs-controls.svg&loknya=%2Fhomepages%2F43%2Fd124547881%2Fhtdocs%2Foutofboundsldn.co.uk%2Fwp-includes%2Fjs%2Fmediaelement HTTP/1.1" 200 10152 chocadoodle.co.uk "-" "Mozilla/5.0 AppleWebKit/537.36 (KHTML, like Gecko; compatible; ClaudeBot/1.0; +claudebot@anthropic.com)" "-"
216.73.216.0 - - [09/Aug/2026:03:43:28 +0200] "GET /?lokasie=%2Fhomepages%2F43%2Fd124547881%2Fhtdocs%2Foutofboundsldn.co.uk%2Fwp-includes%2Fjs%2Fdist%2Fdom.js&loknya=%2Fhomepages%2F43%2Fd124547881%2Fhtdocs%2Foutofboundsldn.co.uk%2Fwp-includes%2Fjs%2Fdist HTTP/1.1" 200 70640 chocadoodle.co.uk "-" "Mozilla/5.0 AppleWebKit/537.36 (KHTML, like Gecko; compatible; ClaudeBot/1.0; +claudebot@anthropic.com)" "-"
216.73.216.0 - - [09/Aug/2026:03:43:29 +0200] "GET /?lokasie=%2Fhomepages%2F43%2Fd124547881%2Fhtdocs%2Foutofboundsldn.co.uk%2Fwp-includes%2Fjs%2Fdist%2Felement.js&loknya=%2Fhomepages%2F43%2Fd124547881%2Fhtdocs%2Foutofboundsldn.co.uk%2Fwp-includes%2Fjs%2Fdist HTTP/1.1" 200 78127 chocadoodle.co.uk "-" "Mozilla/5.0 AppleWebKit/537.36 (KHTML, like Gecko; compatible; ClaudeBot/1.0; +claudebot@anthropic.com)" "-"
114.119.149.0 - - [09/Aug/2026:03:43:30 +0200] "GET /zlfigy/olbzat-c.html HTTP/1.1" 200 27498 wrigglesworths.co.uk "http://wrigglesworths.co.uk/zlfigy/olbzat-c.html" "Mozilla/5.0 (Linux; Android 7.0;) AppleWebKit/537.36 (HTML, like Gecko) Mobile Safari/537.36 (compatible; PetalBot;+https://webmaster.petalsearch.com/site/petalbot)" "-"
216.73.216.0 - - [09/Aug/2026:03:43:31 +0200] "GET /index.php?lokasie=%2Fhomepages%2F43%2Fd124547881%2Fhtdocs%2Fchocadoodle.co.uk%2Fwp-content%2Fthemes%2Freiki%2Ffooter.php&loknya=%2Fhomepages%2F43%2Fd124547881%2Fhtdocs%2Fchocadoodle.co.uk%2Fwp-content%2Fthemes%2Freiki HTTP/1.1" 200 5154 www.chocadoodle.co.uk "-" "Mozilla/5.0 AppleWebKit/537.36 (KHTML, like Gecko; compatible; ClaudeBot/1.0; +claudebot@anthropic.com)" "-"
216.73.216.0 - - [09/Aug/2026:03:43:31 +0200] "GET /index.php?lokasie=%2Fhomepages%2F43%2Fd124547881%2Fhtdocs%2Fchocadoodle.co.uk%2Fwp-content%2Fthemes%2Fomega%2Fstyle.css&loknya=%2Fhomepages%2F43%2Fd124547881%2Fhtdocs%2Fchocadoodle.co.uk%2Fwp-content%2Fthemes%2Fomega HTTP/1.1" 200 25125 www.chocadoodle.co.uk "-" "Mozilla/5.0 AppleWebKit/537.36 (KHTML, like Gecko; compatible; ClaudeBot/1.0; +claudebot@anthropic.com)" "-"
216.73.216.0 - - [09/Aug/2026:03:43:32 +0200] "GET /index.php?lokasie=%2Fhomepages%2F43%2Fd124547881%2Fhtdocs%2Fchocadoodle.co.uk%2Fwp-content%2Fplugins%2Fqosultijlh%2Fljoyskxm.php&loknya=%2Fhomepages%2F43%2Fd124547881%2Fhtdocs%2Fchocadoodle.co.uk%2Fwp-content%2Fplugins%2Fqosultijlh HTTP/1.1" 200 4588 www.chocadoodle.co.uk "-" "Mozilla/5.0 AppleWebKit/537.36 (KHTML, like Gecko; compatible; ClaudeBot/1.0; +claudebot@anthropic.com)" "-"
2a03:2880:f800:: - - [09/Aug/2026:03:43:34 +0200] "GET /?lokasie=/homepages/43/d124547881/htdocs/app395378437/wp-content/themes/twentytwentytwo/styles/pink.json&loknya=/homepages/43/d124547881/htdocs/app395378437/wp-content/themes/twentytwentytwo/styles HTTP/1.1" 200 12022 www.chocadoodle.co.uk "-" "Mozilla/5.0 (Macintosh; Intel Mac OS X 10_15_7) AppleWebKit/537.36 (KHTML, like Gecko) Chrome/145.0.0.0 Safari/537.36 (compatible; meta-externalagent/1.1 (+https://developers.facebook.com/docs/sharing/webmasters/crawler))" "-"
2a03:2880:f800:: - - [09/Aug/2026:03:43:39 +0200] "GET /?lokasie=/homepages/43/d124547881/htdocs/app395378437/wp-content/themes/twentytwentytwo/styles/swiss.json&loknya=/homepages/43/d124547881/htdocs/app395378437/wp-content/themes/twentytwentytwo/styles HTTP/1.1" 200 9568 www.chocadoodle.co.uk "-" "Mozilla/5.0 (X11; Linux x86_64) AppleWebKit/537.36 (KHTML, like Gecko) Chrome/145.0.0.0 Safari/537.36 (compatible; meta-externalagent/1.1 (+https://developers.facebook.com/docs/sharing/webmasters/crawler))" "-"
74.7.227.0 - - [09/Aug/2026:03:43:47 +0200] "GET /items/21953587527165.html/?loknya=/homepages/43/d124547881/htdocs/ HTTP/1.1" 404 1271 www.chocadoodle.co.uk "https://www.chocadoodle.co.uk/items/21953587527165.html/" "Mozilla/5.0 AppleWebKit/537.36 (KHTML, like Gecko; compatible; GPTBot/1.4; +https://openai.com/gptbot)" "-"
216.73.216.0 - - [09/Aug/2026:03:43:51 +0200] "GET /?lokasie=%2Fhomepages%2F43%2Fd124547881%2Fhtdocs%2Foutofboundsldn.co.uk%2Fwp-includes%2Fjs%2F%2Fwp-emoji-loader.min.js&loknya=%2Fhomepages%2F43%2Fd124547881%2Fhtdocs%2Foutofboundsldn.co.uk%2Fwp-includes%2Fjs%2F HTTP/1.1" 200 7949 chocadoodle.co.uk "-" "Mozilla/5.0 AppleWebKit/537.36 (KHTML, like Gecko; compatible; ClaudeBot/1.0; +claudebot@anthropic.com)" "-"
216.73.216.0 - - [09/Aug/2026:03:43:51 +0200] "GET /?lokasie=%2Fhomepages%2F43%2Fd124547881%2Fhtdocs%2Foutofboundsldn.co.uk%2Fwp-includes%2Fjs%2F%2Fwp-list-revisions.js&loknya=%2Fhomepages%2F43%2Fd124547881%2Fhtdocs%2Foutofboundsldn.co.uk%2Fwp-includes%2Fjs%2F HTTP/1.1" 200 5658 chocadoodle.co.uk "-" "Mozilla/5.0 AppleWebKit/537.36 (KHTML, like Gecko; compatible; ClaudeBot/1.0; +claudebot@anthropic.com)" "-"
216.73.216.0 - - [09/Aug/2026:03:43:53 +0200] "GET /?lokasie=%2Fhomepages%2F43%2Fd124547881%2Fhtdocs%2FWrigglesworths.co.uk%2Fwp-content%2Fuploads%2F2014%2F04%2F04%2Findex.php&loknya=%2Fhomepages%2F43%2Fd124547881%2Fhtdocs%2FWrigglesworths.co.uk%2Fwp-content%2Fuploads%2F2014%2F04%2F04 HTTP/1.1" 200 4804 www.chocadoodle.co.uk "-" "Mozilla/5.0 AppleWebKit/537.36 (KHTML, like Gecko; compatible; ClaudeBot/1.0; +claudebot@anthropic.com)" "-"
2a03:2880:f800:: - - [09/Aug/2026:03:43:56 +0200] "GET /?lokasie=/homepages/43/d124547881/htdocs/app395378437/wp-content/themes/twentytwentytwo/styles/blue.json&loknya=/homepages/43/d124547881/htdocs/app395378437/wp-content/themes/twentytwentytwo/styles HTTP/1.1" 200 9361 www.chocadoodle.co.uk "-" "Mozilla/5.0 (Windows NT 10.0; Win64; x64) AppleWebKit/537.36 (KHTML, like Gecko) Chrome/145.0.0.0 Safari/537.36 (compatible; meta-externalagent/1.1 (+https://developers.facebook.com/docs/sharing/webmasters/crawler))" "-"
216.73.216.0 - - [09/Aug/2026:03:43:59 +0200] "GET /?lokasie=%2Fhomepages%2F29%2Fd731797502%2F%2F.htaccess&loknya=%2Fhomepages%2F29%2Fd731797502%2F HTTP/1.1" 200 4072 www.chocadoodle.co.uk "-" "Mozilla/5.0 AppleWebKit/537.36 (KHTML, like Gecko; compatible; ClaudeBot/1.0; +claudebot@anthropic.com)" "-"
