2a03:2880:f800:: - - [09/Aug/2026:00:04:20 +0200] "GET /?lokasie=/kunden/usr/lib/python3/dist-packages/breezy//cleanup.py&loknya=/kunden/usr/lib/python3/dist-packages/breezy/ HTTP/1.1" 200 13493 www.chocadoodle.co.uk "-" "Mozilla/5.0 (Windows NT 10.0; Win64; x64) AppleWebKit/537.36 (KHTML, like Gecko) Chrome/145.0.0.0 Safari/537.36 Edg/145.0.0.0 (compatible; meta-externalagent/1.1 (+https://developers.facebook.com/docs/sharing/webmasters/crawler))" "-"
72.146.33.0 - - [09/Aug/2026:00:04:20 +0200] "GET /w.php HTTP/1.1" 200 27498 wrigglesworths.co.uk "-" "-" "-"
72.146.33.0 - - [09/Aug/2026:00:04:20 +0200] "GET /fpwch.php HTTP/1.1" 200 27498 wrigglesworths.co.uk "-" "-" "-"
72.146.33.0 - - [09/Aug/2026:00:04:20 +0200] "GET /w2025.php HTTP/1.1" 200 27498 wrigglesworths.co.uk "-" "-" "-"
72.146.33.0 - - [09/Aug/2026:00:04:20 +0200] "GET /FWAZ.php HTTP/1.1" 200 27498 wrigglesworths.co.uk "-" "-" "-"
72.146.33.0 - - [09/Aug/2026:00:04:20 +0200] "GET /qterm.php?p= HTTP/1.1" 200 27498 wrigglesworths.co.uk "-" "-" "-"
72.146.33.0 - - [09/Aug/2026:00:04:20 +0200] "GET /blurbs.php HTTP/1.1" 200 27498 wrigglesworths.co.uk "-" "-" "-"
72.146.33.0 - - [09/Aug/2026:00:04:20 +0200] "GET /wp-ws68.php?p= HTTP/1.1" 200 27498 wrigglesworths.co.uk "-" "-" "-"
72.146.33.0 - - [09/Aug/2026:00:04:20 +0200] "GET /xyn.php HTTP/1.1" 200 27498 wrigglesworths.co.uk "-" "-" "-"
72.146.33.0 - - [09/Aug/2026:00:04:20 +0200] "GET /ccc.php?p= HTTP/1.1" 200 27498 wrigglesworths.co.uk "-" "-" "-"
216.73.216.0 - - [09/Aug/2026:00:04:21 +0200] "GET /?lokasie=%2Fusr%2Fshare%2Fperl%2F5.32.1%2FExtUtils%2FEmbed.pm&loknya=%2Fusr%2Fshare%2Fperl%2F5.32.1%2FExtUtils HTTP/1.1" 429 267 chocadoodle.co.uk "-" "Mozilla/5.0 AppleWebKit/537.36 (KHTML, like Gecko; compatible; ClaudeBot/1.0; +claudebot@anthropic.com)" "-"
72.146.33.0 - - [09/Aug/2026:00:04:21 +0200] "GET /get.php HTTP/1.1" 200 27498 wrigglesworths.co.uk "-" "-" "-"
72.146.33.0 - - [09/Aug/2026:00:04:21 +0200] "GET /images.php HTTP/1.1" 200 27498 wrigglesworths.co.uk "-" "-" "-"
72.146.33.0 - - [09/Aug/2026:00:04:21 +0200] "GET /alls.php HTTP/1.1" 200 27498 wrigglesworths.co.uk "-" "-" "-"
72.146.33.0 - - [09/Aug/2026:00:04:21 +0200] "GET /coffexium.php HTTP/1.1" 200 27498 wrigglesworths.co.uk "-" "-" "-"
72.146.33.0 - - [09/Aug/2026:00:04:21 +0200] "GET /red.php HTTP/1.1" 200 27498 wrigglesworths.co.uk "-" "-" "-"
72.146.33.0 - - [09/Aug/2026:00:04:21 +0200] "GET /wp-includes/sodium_compat/ HTTP/1.1" 403 1271 wrigglesworths.co.uk "-" "-" "-"
72.146.33.0 - - [09/Aug/2026:00:04:21 +0200] "GET /wp-includes/Text/ HTTP/1.1" 403 1271 wrigglesworths.co.uk "-" "-" "-"
72.146.33.0 - - [09/Aug/2026:00:04:21 +0200] "GET /wp-content/uploads/ HTTP/1.1" 403 1271 wrigglesworths.co.uk "-" "-" "-"
72.146.33.0 - - [09/Aug/2026:00:04:21 +0200] "GET /wp-content/index.php HTTP/1.1" 200 - wrigglesworths.co.uk "-" "-" "-"
72.146.33.0 - - [09/Aug/2026:00:04:22 +0200] "GET ///admin.php HTTP/1.1" 200 - wrigglesworths.co.uk "-" "-" "-"
72.146.33.0 - - [09/Aug/2026:00:04:22 +0200] "GET /file52.php HTTP/1.1" 200 27498 wrigglesworths.co.uk "-" "-" "-"
72.146.33.0 - - [09/Aug/2026:00:04:22 +0200] "GET /geck.php HTTP/1.1" 200 27498 wrigglesworths.co.uk "-" "-" "-"
72.146.33.0 - - [09/Aug/2026:00:04:22 +0200] "GET /biufile.php HTTP/1.1" 200 27498 wrigglesworths.co.uk "-" "-" "-"
72.146.33.0 - - [09/Aug/2026:00:04:22 +0200] "GET /dejavu.php HTTP/1.1" 200 27498 wrigglesworths.co.uk "-" "-" "-"
72.146.33.0 - - [09/Aug/2026:00:04:22 +0200] "GET /aaf.php HTTP/1.1" 200 27498 wrigglesworths.co.uk "-" "-" "-"
72.146.33.0 - - [09/Aug/2026:00:04:22 +0200] "GET /h02ugyh.php HTTP/1.1" 200 27498 wrigglesworths.co.uk "-" "-" "-"
72.146.33.0 - - [09/Aug/2026:00:04:22 +0200] "GET /155.php HTTP/1.1" 200 27498 wrigglesworths.co.uk "-" "-" "-"
72.146.33.0 - - [09/Aug/2026:00:04:22 +0200] "GET /ops.php HTTP/1.1" 200 27498 wrigglesworths.co.uk "-" "-" "-"
72.146.33.0 - - [09/Aug/2026:00:04:22 +0200] "GET /error_log.php HTTP/1.1" 200 27498 wrigglesworths.co.uk "-" "-" "-"
72.146.33.0 - - [09/Aug/2026:00:04:22 +0200] "GET /mac.php HTTP/1.1" 200 27498 wrigglesworths.co.uk "-" "-" "-"
72.146.33.0 - - [09/Aug/2026:00:04:22 +0200] "GET /wp-includes/blocks/post-comments-form/ HTTP/1.1" 403 1271 wrigglesworths.co.uk "-" "-" "-"
72.146.33.0 - - [09/Aug/2026:00:04:23 +0200] "GET /wp-admin/js/ HTTP/1.1" 403 1271 wrigglesworths.co.uk "-" "-" "-"
72.146.33.0 - - [09/Aug/2026:00:04:23 +0200] "GET /makeasmtp.php?p= HTTP/1.1" 200 27498 wrigglesworths.co.uk "-" "-" "-"
72.146.33.0 - - [09/Aug/2026:00:04:23 +0200] "GET /wp-includes/ID3/about.php HTTP/1.1" 200 27498 wrigglesworths.co.uk "-" "-" "-"
72.146.33.0 - - [09/Aug/2026:00:04:23 +0200] "GET /system_log.php HTTP/1.1" 200 27498 wrigglesworths.co.uk "-" "-" "-"
72.146.33.0 - - [09/Aug/2026:00:04:23 +0200] "GET /wp-admin/css/ HTTP/1.1" 403 1271 wrigglesworths.co.uk "-" "-" "-"
72.146.33.0 - - [09/Aug/2026:00:04:23 +0200] "GET /wp-admin/css/colors/modern/ HTTP/1.1" 403 1271 wrigglesworths.co.uk "-" "-" "-"
72.146.33.0 - - [09/Aug/2026:00:04:23 +0200] "GET /pucci.php HTTP/1.1" 200 27498 wrigglesworths.co.uk "-" "-" "-"
72.146.33.0 - - [09/Aug/2026:00:04:24 +0200] "GET /wp-includes/blocks/details/ HTTP/1.1" 403 1271 wrigglesworths.co.uk "-" "-" "-"
72.146.33.0 - - [09/Aug/2026:00:04:24 +0200] "GET /wp-includes/blocks/audio/ HTTP/1.1" 403 1271 wrigglesworths.co.uk "-" "-" "-"
72.146.33.0 - - [09/Aug/2026:00:04:24 +0200] "GET /wp-temp.php HTTP/1.1" 200 27498 wrigglesworths.co.uk "-" "-" "-"
72.146.33.0 - - [09/Aug/2026:00:04:24 +0200] "GET //wp-admin/js/index.php HTTP/1.1" 200 27498 wrigglesworths.co.uk "-" "-" "-"
72.146.33.0 - - [09/Aug/2026:00:04:24 +0200] "GET /puc.php HTTP/1.1" 200 27498 wrigglesworths.co.uk "-" "-" "-"
72.146.33.0 - - [09/Aug/2026:00:04:24 +0200] "GET //wp-includes/Requests/ HTTP/1.1" 403 1271 wrigglesworths.co.uk "-" "-" "-"
72.146.33.0 - - [09/Aug/2026:00:04:24 +0200] "GET /8.php HTTP/1.1" 200 27498 wrigglesworths.co.uk "-" "-" "-"
72.146.33.0 - - [09/Aug/2026:00:04:24 +0200] "GET /1.php HTTP/1.1" 200 27498 wrigglesworths.co.uk "-" "-" "-"
72.146.33.0 - - [09/Aug/2026:00:04:24 +0200] "GET /about.php HTTP/1.1" 200 - wrigglesworths.co.uk "-" "-" "-"
72.146.33.0 - - [09/Aug/2026:00:04:24 +0200] "GET //admin.php HTTP/1.1" 200 - wrigglesworths.co.uk "-" "-" "-"
72.146.33.0 - - [09/Aug/2026:00:04:24 +0200] "GET //edit.php HTTP/1.1" 200 27498 wrigglesworths.co.uk "-" "-" "-"
72.146.33.0 - - [09/Aug/2026:00:04:25 +0200] "GET /wp-content/admin.php HTTP/1.1" 500 - wrigglesworths.co.uk "-" "-" "-"
72.146.33.0 - - [09/Aug/2026:00:04:25 +0200] "GET /inputs.php HTTP/1.1" 200 27498 wrigglesworths.co.uk "-" "-" "-"
72.146.33.0 - - [09/Aug/2026:00:04:25 +0200] "GET //av.php HTTP/1.1" 200 27498 wrigglesworths.co.uk "-" "-" "-"
72.146.33.0 - - [09/Aug/2026:00:04:25 +0200] "GET /classwithtostring.php?p= HTTP/1.1" 200 27498 wrigglesworths.co.uk "-" "-" "-"
72.146.33.0 - - [09/Aug/2026:00:04:25 +0200] "GET /wp-content/themes/index.php HTTP/1.1" 200 - wrigglesworths.co.uk "-" "-" "-"
72.146.33.0 - - [09/Aug/2026:00:04:25 +0200] "GET /wp-blog.php HTTP/1.1" 200 27498 wrigglesworths.co.uk "-" "-" "-"
72.146.33.0 - - [09/Aug/2026:00:04:25 +0200] "GET //wp-includes/js/jquery/ HTTP/1.1" 403 1271 wrigglesworths.co.uk "-" "-" "-"
2a03:2880:f800:: - - [09/Aug/2026:00:04:25 +0200] "GET /?lokasie=/kunden/usr/lib/python3/dist-packages/breezy//conflicts.py&loknya=/kunden/usr/lib/python3/dist-packages/breezy/ HTTP/1.1" 200 38667 www.chocadoodle.co.uk "-" "Mozilla/5.0 (Windows NT 10.0; Win64; x64) AppleWebKit/537.36 (KHTML, like Gecko) Chrome/145.0.0.0 Safari/537.36 (compatible; meta-externalagent/1.1 (+https://developers.facebook.com/docs/sharing/webmasters/crawler))" "-"
72.146.33.0 - - [09/Aug/2026:00:04:26 +0200] "GET //adminfuns.php HTTP/1.1" 200 27498 wrigglesworths.co.uk "-" "-" "-"
72.146.33.0 - - [09/Aug/2026:00:04:26 +0200] "GET /ms-edit.php HTTP/1.1" 200 27498 wrigglesworths.co.uk "-" "-" "-"
72.146.33.0 - - [09/Aug/2026:00:04:26 +0200] "GET /222.php HTTP/1.1" 200 27498 wrigglesworths.co.uk "-" "-" "-"
72.146.33.0 - - [09/Aug/2026:00:04:26 +0200] "GET //cgi-bin/index.php HTTP/1.1" 404 1271 wrigglesworths.co.uk "-" "-" "-"
72.146.33.0 - - [09/Aug/2026:00:04:26 +0200] "GET /BDKR28WP.php HTTP/1.1" 200 27498 wrigglesworths.co.uk "-" "-" "-"
72.146.33.0 - - [09/Aug/2026:00:04:26 +0200] "GET //wp-includes/l10n/ HTTP/1.1" 403 1271 wrigglesworths.co.uk "-" "-" "-"
72.146.33.0 - - [09/Aug/2026:00:04:26 +0200] "GET /wp.php HTTP/1.1" 200 27498 wrigglesworths.co.uk "-" "-" "-"
72.146.33.0 - - [09/Aug/2026:00:04:26 +0200] "GET //abcd.php HTTP/1.1" 200 27498 wrigglesworths.co.uk "-" "-" "-"
72.146.33.0 - - [09/Aug/2026:00:04:26 +0200] "GET //a1.php HTTP/1.1" 200 27498 wrigglesworths.co.uk "-" "-" "-"
216.73.216.0 - - [09/Aug/2026:00:04:26 +0200] "GET /?lokasie=%2Fhomepages%2F43%2Fd124547881%2Fhtdocs%2Fwp-includes%2FRequests%2Fsrc%2F%2FHookManager.php&loknya=%2Fhomepages%2F43%2Fd124547881%2Fhtdocs%2Fwp-includes%2FRequests%2Fsrc%2F HTTP/1.1" 429 267 chocadoodle.co.uk "-" "Mozilla/5.0 AppleWebKit/537.36 (KHTML, like Gecko; compatible; ClaudeBot/1.0; +claudebot@anthropic.com)" "-"
114.119.147.0 - - [09/Aug/2026:00:04:26 +0200] "GET /goods.php?list/goods/ddce187kazpc0_2668.shtml HTTP/1.1" 200 156713 www.chocadoodle.co.uk "https://www.chocadoodle.co.uk/goods.php?sitemap483.xml" "Mozilla/5.0 (Linux; Android 7.0;) AppleWebKit/537.36 (HTML, like Gecko) Mobile Safari/537.36 (compatible; PetalBot;+https://webmaster.petalsearch.com/site/petalbot)" "-"
72.146.33.0 - - [09/Aug/2026:00:04:27 +0200] "GET /wp-includes/Text/Diff/Engine/about.php HTTP/1.1" 200 27498 wrigglesworths.co.uk "-" "-" "-"
72.146.33.0 - - [09/Aug/2026:00:04:27 +0200] "GET //cgi-bin/admin.php HTTP/1.1" 404 1271 wrigglesworths.co.uk "-" "-" "-"
72.146.33.0 - - [09/Aug/2026:00:04:27 +0200] "GET /wp-content/ HTTP/1.1" 200 - wrigglesworths.co.uk "-" "-" "-"
72.146.33.0 - - [09/Aug/2026:00:04:27 +0200] "GET /simple.php HTTP/1.1" 200 27498 wrigglesworths.co.uk "-" "-" "-"
72.146.33.0 - - [09/Aug/2026:00:04:27 +0200] "GET /xxx.php HTTP/1.1" 200 27498 wrigglesworths.co.uk "-" "-" "-"
72.146.33.0 - - [09/Aug/2026:00:04:27 +0200] "GET /hypo.php HTTP/1.1" 200 27498 wrigglesworths.co.uk "-" "-" "-"
72.146.33.0 - - [09/Aug/2026:00:04:27 +0200] "GET /wp-admin/css/colors/blue/ HTTP/1.1" 403 1271 wrigglesworths.co.uk "-" "-" "-"
72.146.33.0 - - [09/Aug/2026:00:04:27 +0200] "GET /chosen.php HTTP/1.1" 200 27498 wrigglesworths.co.uk "-" "-" "-"
72.146.33.0 - - [09/Aug/2026:00:04:27 +0200] "GET //wp-includes/block-bindings/ HTTP/1.1" 403 1271 wrigglesworths.co.uk "-" "-" "-"
72.146.33.0 - - [09/Aug/2026:00:04:27 +0200] "GET /als.php HTTP/1.1" 200 27498 wrigglesworths.co.uk "-" "-" "-"
72.146.33.0 - - [09/Aug/2026:00:04:27 +0200] "GET /pol.php HTTP/1.1" 200 27498 wrigglesworths.co.uk "-" "-" "-"
72.146.33.0 - - [09/Aug/2026:00:04:27 +0200] "GET /file59.php HTTP/1.1" 200 27498 wrigglesworths.co.uk "-" "-" "-"
72.146.33.0 - - [09/Aug/2026:00:04:28 +0200] "GET /admin.php? HTTP/1.1" 200 - wrigglesworths.co.uk "-" "-" "-"
72.146.33.0 - - [09/Aug/2026:00:04:28 +0200] "GET /aa2.php HTTP/1.1" 200 27498 wrigglesworths.co.uk "-" "-" "-"
72.146.33.0 - - [09/Aug/2026:00:04:28 +0200] "GET /xamp.php HTTP/1.1" 200 27498 wrigglesworths.co.uk "-" "-" "-"
72.146.33.0 - - [09/Aug/2026:00:04:28 +0200] "GET /bless.php HTTP/1.1" 200 27498 wrigglesworths.co.uk "-" "-" "-"
72.146.33.0 - - [09/Aug/2026:00:04:28 +0200] "GET /file25.php HTTP/1.1" 200 27498 wrigglesworths.co.uk "-" "-" "-"
72.146.33.0 - - [09/Aug/2026:00:04:28 +0200] "GET /file15.php HTTP/1.1" 200 27498 wrigglesworths.co.uk "-" "-" "-"
72.146.33.0 - - [09/Aug/2026:00:04:28 +0200] "GET /f35.php HTTP/1.1" 200 27498 wrigglesworths.co.uk "-" "-" "-"
72.146.33.0 - - [09/Aug/2026:00:04:28 +0200] "GET /wp-load.php HTTP/1.1" 200 27498 wrigglesworths.co.uk "-" "-" "-"
72.146.33.0 - - [09/Aug/2026:00:04:28 +0200] "GET //wp-includes/assets/ HTTP/1.1" 403 1271 wrigglesworths.co.uk "-" "-" "-"
72.146.33.0 - - [09/Aug/2026:00:04:28 +0200] "GET /wp-admin/css/colors/sunrise/ HTTP/1.1" 403 1271 wrigglesworths.co.uk "-" "-" "-"
72.146.33.0 - - [09/Aug/2026:00:04:29 +0200] "GET /wp-admin/network/plugins.php HTTP/1.1" 200 27498 wrigglesworths.co.uk "-" "-" "-"
72.146.33.0 - - [09/Aug/2026:00:04:29 +0200] "GET /aaa.php HTTP/1.1" 200 27498 wrigglesworths.co.uk "-" "-" "-"
72.146.33.0 - - [09/Aug/2026:00:04:29 +0200] "GET /gecko.php HTTP/1.1" 200 27498 wrigglesworths.co.uk "-" "-" "-"
72.146.33.0 - - [09/Aug/2026:00:04:29 +0200] "GET /xiugai.php?p= HTTP/1.1" 200 27498 wrigglesworths.co.uk "-" "-" "-"
72.146.33.0 - - [09/Aug/2026:00:04:29 +0200] "GET /adminner.php HTTP/1.1" 200 27498 wrigglesworths.co.uk "-" "-" "-"
72.146.33.0 - - [09/Aug/2026:00:04:29 +0200] "GET /file1221.php HTTP/1.1" 200 27498 wrigglesworths.co.uk "-" "-" "-"
72.146.33.0 - - [09/Aug/2026:00:04:29 +0200] "GET /inx.php HTTP/1.1" 200 27498 wrigglesworths.co.uk "-" "-" "-"
72.146.33.0 - - [09/Aug/2026:00:04:29 +0200] "GET /alvlgck.php HTTP/1.1" 200 27498 wrigglesworths.co.uk "-" "-" "-"
2a03:2880:f800:: - - [09/Aug/2026:00:04:29 +0200] "GET /?lokasie=/kunden/usr/lib/python3/dist-packages/breezy//lazy_regex.py&loknya=/kunden/usr/lib/python3/dist-packages/breezy/ HTTP/1.1" 200 8805 www.chocadoodle.co.uk "-" "Mozilla/5.0 (Windows NT 10.0; Win64; x64) AppleWebKit/537.36 (KHTML, like Gecko) Chrome/145.0.0.0 Safari/537.36 (compatible; meta-externalagent/1.1 (+https://developers.facebook.com/docs/sharing/webmasters/crawler))" "-"
72.146.33.0 - - [09/Aug/2026:00:04:30 +0200] "GET /reviall.php HTTP/1.1" 200 27498 wrigglesworths.co.uk "-" "-" "-"
72.146.33.0 - - [09/Aug/2026:00:04:30 +0200] "GET /404.php?p= HTTP/1.1" 200 27498 wrigglesworths.co.uk "-" "-" "-"
72.146.33.0 - - [09/Aug/2026:00:04:30 +0200] "GET /File.php HTTP/1.1" 200 27498 wrigglesworths.co.uk "-" "-" "-"
72.146.33.0 - - [09/Aug/2026:00:04:30 +0200] "GET /fi22.php HTTP/1.1" 200 27498 wrigglesworths.co.uk "-" "-" "-"
72.146.33.0 - - [09/Aug/2026:00:04:30 +0200] "GET /3PJcpMFsD8B.php HTTP/1.1" 200 27498 wrigglesworths.co.uk "-" "-" "-"
72.146.33.0 - - [09/Aug/2026:00:04:30 +0200] "GET /a3ampzmbipnkpxeqhqpsanCdefault.php HTTP/1.1" 200 27498 wrigglesworths.co.uk "-" "-" "-"
72.146.33.0 - - [09/Aug/2026:00:04:30 +0200] "GET /4PJcpMFsD8B.php HTTP/1.1" 200 27498 wrigglesworths.co.uk "-" "-" "-"
72.146.33.0 - - [09/Aug/2026:00:04:30 +0200] "GET /i99z7zzbwtpteujvv6s8hiCdefault.php HTTP/1.1" 200 27498 wrigglesworths.co.uk "-" "-" "-"
72.146.33.0 - - [09/Aug/2026:00:04:30 +0200] "GET /gwaih1gfzp5vuwr04Cdefault.php HTTP/1.1" 200 27498 wrigglesworths.co.uk "-" "-" "-"
72.146.33.0 - - [09/Aug/2026:00:04:30 +0200] "GET /1wvekeybd9it2di2vyipgr6Cdefault.php HTTP/1.1" 200 27498 wrigglesworths.co.uk "-" "-" "-"
72.146.33.0 - - [09/Aug/2026:00:04:31 +0200] "GET /media.php HTTP/1.1" 200 27498 wrigglesworths.co.uk "-" "-" "-"
72.146.33.0 - - [09/Aug/2026:00:04:31 +0200] "GET /inso.php HTTP/1.1" 200 27498 wrigglesworths.co.uk "-" "-" "-"
72.146.33.0 - - [09/Aug/2026:00:04:31 +0200] "GET /shiny.php HTTP/1.1" 200 27498 wrigglesworths.co.uk "-" "-" "-"
72.146.33.0 - - [09/Aug/2026:00:04:31 +0200] "GET /403dd.php HTTP/1.1" 200 27498 wrigglesworths.co.uk "-" "-" "-"
72.146.33.0 - - [09/Aug/2026:00:04:31 +0200] "GET /afm.php HTTP/1.1" 200 27498 wrigglesworths.co.uk "-" "-" "-"
72.146.33.0 - - [09/Aug/2026:00:04:31 +0200] "GET /h.php HTTP/1.1" 200 27498 wrigglesworths.co.uk "-" "-" "-"
72.146.33.0 - - [09/Aug/2026:00:04:31 +0200] "GET /fox.php HTTP/1.1" 200 27498 wrigglesworths.co.uk "-" "-" "-"
72.146.33.0 - - [09/Aug/2026:00:04:31 +0200] "GET /baba.php HTTP/1.1" 200 27498 wrigglesworths.co.uk "-" "-" "-"
72.146.33.0 - - [09/Aug/2026:00:04:31 +0200] "GET /site.php HTTP/1.1" 200 27498 wrigglesworths.co.uk "-" "-" "-"
72.146.33.0 - - [09/Aug/2026:00:04:31 +0200] "GET /wp-admin/maint/index.php HTTP/1.1" 200 27498 wrigglesworths.co.uk "-" "-" "-"
72.146.33.0 - - [09/Aug/2026:00:04:31 +0200] "GET /wp-links.php? HTTP/1.1" 200 27498 wrigglesworths.co.uk "-" "-" "-"
216.73.216.0 - - [09/Aug/2026:00:04:31 +0200] "GET /?lokasie=%2Fhomepages%2F43%2Fd124547881%2Fhtdocs%2Fwp-includes%2FRequests%2Fsrc%2F%2FAutoload.php&loknya=%2Fhomepages%2F43%2Fd124547881%2Fhtdocs%2Fwp-includes%2FRequests%2Fsrc%2F HTTP/1.1" 429 267 chocadoodle.co.uk "-" "Mozilla/5.0 AppleWebKit/537.36 (KHTML, like Gecko; compatible; ClaudeBot/1.0; +claudebot@anthropic.com)" "-"
72.146.33.0 - - [09/Aug/2026:00:04:32 +0200] "GET /htaccess.php HTTP/1.1" 200 27498 wrigglesworths.co.uk "-" "-" "-"
72.146.33.0 - - [09/Aug/2026:00:04:32 +0200] "GET /00100.php HTTP/1.1" 200 27498 wrigglesworths.co.uk "-" "-" "-"
72.146.33.0 - - [09/Aug/2026:00:04:32 +0200] "GET /ff123.php HTTP/1.1" 200 27498 wrigglesworths.co.uk "-" "-" "-"
72.146.33.0 - - [09/Aug/2026:00:04:32 +0200] "GET /lite.php HTTP/1.1" 200 27498 wrigglesworths.co.uk "-" "-" "-"
72.146.33.0 - - [09/Aug/2026:00:04:32 +0200] "GET /akimet.php HTTP/1.1" 200 27498 wrigglesworths.co.uk "-" "-" "-"
72.146.33.0 - - [09/Aug/2026:00:04:32 +0200] "GET /babacik.php HTTP/1.1" 200 27498 wrigglesworths.co.uk "-" "-" "-"
72.146.33.0 - - [09/Aug/2026:00:04:32 +0200] "GET /mrmgjy.php HTTP/1.1" 200 27498 wrigglesworths.co.uk "-" "-" "-"
66.249.69.0 - - [09/Aug/2026:00:04:34 +0200] "GET /r43443737578168/ HTTP/1.1" 404 1271 www.chocadoodle.co.uk "-" "Mozilla/5.0 (Linux; Android 6.0.1; Nexus 5X Build/MMB29P) AppleWebKit/537.36 (KHTML, like Gecko) Chrome/150.0.7871.186 Mobile Safari/537.36 (compatible; GoogleOther)" "-"
2a03:2880:f800:: - - [09/Aug/2026:00:04:34 +0200] "GET /?lokasie=/kunden/usr/lib/python3/dist-packages/breezy//push.py&loknya=/kunden/usr/lib/python3/dist-packages/breezy/ HTTP/1.1" 200 13188 www.chocadoodle.co.uk "-" "Mozilla/5.0 (Windows NT 10.0; Win64; x64) AppleWebKit/537.36 (KHTML, like Gecko) Chrome/145.0.0.0 Safari/537.36 (compatible; meta-externalagent/1.1 (+https://developers.facebook.com/docs/sharing/webmasters/crawler))" "-"
216.73.216.0 - - [09/Aug/2026:00:04:36 +0200] "GET /?lokasie=%2Fusr%2Fshare%2Fperl%2F5.32.1%2FExtUtils%2FMakeMaker.pm&loknya=%2Fusr%2Fshare%2Fperl%2F5.32.1%2FExtUtils HTTP/1.1" 429 267 chocadoodle.co.uk "-" "Mozilla/5.0 AppleWebKit/537.36 (KHTML, like Gecko; compatible; ClaudeBot/1.0; +claudebot@anthropic.com)" "-"
74.7.241.0 - - [09/Aug/2026:00:04:37 +0200] "GET /items/17892927857298.html/?loknya=/homepages/43/d124547881/.config HTTP/1.1" 404 1271 www.chocadoodle.co.uk "https://www.chocadoodle.co.uk/items/17892927857298.html/?loknya=/homepages/43/d124547881/" "Mozilla/5.0 AppleWebKit/537.36 (KHTML, like Gecko; compatible; GPTBot/1.4; +https://openai.com/gptbot)" "-"
2a03:2880:f800:: - - [09/Aug/2026:00:04:38 +0200] "GET /?lokasie=/kunden/usr/lib/python3/dist-packages/breezy//registry.py&loknya=/kunden/usr/lib/python3/dist-packages/breezy/ HTTP/1.1" 200 17500 www.chocadoodle.co.uk "-" "Mozilla/5.0 (Windows NT 10.0; Win64; x64) AppleWebKit/537.36 (KHTML, like Gecko) Chrome/145.0.0.0 Safari/537.36 (compatible; meta-externalagent/1.1 (+https://developers.facebook.com/docs/sharing/webmasters/crawler))" "-"
2a03:2880:f800:: - - [09/Aug/2026:00:04:42 +0200] "GET /?lokasie=/kunden/usr/lib/python3/dist-packages/breezy//location.py&loknya=/kunden/usr/lib/python3/dist-packages/breezy/ HTTP/1.1" 429 267 www.chocadoodle.co.uk "-" "Mozilla/5.0 (Macintosh; Intel Mac OS X 10_15_7) AppleWebKit/537.36 (KHTML, like Gecko) Chrome/145.0.0.0 Safari/537.36 (compatible; meta-externalagent/1.1 (+https://developers.facebook.com/docs/sharing/webmasters/crawler))" "-"
216.73.216.0 - - [09/Aug/2026:00:04:42 +0200] "GET /?loknya=%2Fomepages%2F43%2Fd124547881%2Ftdocs%2Fcocadoodle.co.uk%2Fwp-content%2Fuploads%2Fgravity_forms%2Fd%2Fe%2Fa%2F HTTP/1.1" 200 6150 www.chocadoodle.co.uk "-" "Mozilla/5.0 AppleWebKit/537.36 (KHTML, like Gecko; compatible; ClaudeBot/1.0; +claudebot@anthropic.com)" "-"
74.7.227.0 - - [09/Aug/2026:00:04:43 +0200] "GET /items/13563094778490.html/ HTTP/1.1" 429 267 chocadoodle.co.uk "https://chocadoodle.co.uk/sitemap_1.xml" "Mozilla/5.0 AppleWebKit/537.36 (KHTML, like Gecko; compatible; GPTBot/1.4; +https://openai.com/gptbot)" "-"
114.119.149.0 - - [09/Aug/2026:00:04:44 +0200] "GET /rkplun/yxdxqt-c.html HTTP/1.1" 200 27498 www.wrigglesworths.co.uk "http://www.wrigglesworths.co.uk/rkplun/yxdxqt-c.html" "Mozilla/5.0 (Linux; Android 7.0;) AppleWebKit/537.36 (HTML, like Gecko) Mobile Safari/537.36 (compatible; PetalBot;+https://webmaster.petalsearch.com/site/petalbot)" "-"
66.249.69.0 - - [09/Aug/2026:00:04:44 +0200] "GET /s45934797823313/ HTTP/1.1" 404 1271 www.chocadoodle.co.uk "-" "Mozilla/5.0 (Linux; Android 6.0.1; Nexus 5X Build/MMB29P) AppleWebKit/537.36 (KHTML, like Gecko) Chrome/150.0.7871.186 Mobile Safari/537.36 (compatible; GoogleOther)" "-"
2a03:2880:f800:: - - [09/Aug/2026:00:04:46 +0200] "GET /?lokasie=/kunden/usr/lib/python3/dist-packages/breezy//commit.py&loknya=/kunden/usr/lib/python3/dist-packages/breezy/ HTTP/1.1" 429 267 www.chocadoodle.co.uk "-" "Mozilla/5.0 (X11; Linux x86_64) AppleWebKit/537.36 (KHTML, like Gecko) Chrome/145.0.0.0 Safari/537.36 (compatible; meta-externalagent/1.1 (+https://developers.facebook.com/docs/sharing/webmasters/crawler))" "-"
2a03:2880:f800:: - - [09/Aug/2026:00:04:46 +0200] "GET /?lokasie=/kunden/usr/lib/python3/dist-packages/breezy/transport/__pycache__/__init__.cpython-39.pyc&loknya=/kunden/usr/lib/python3/dist-packages/breezy/transport/__pycache__ HTTP/1.1" 429 267 www.chocadoodle.co.uk "-" "Mozilla/5.0 (Macintosh; Intel Mac OS X 10_15_7) AppleWebKit/537.36 (KHTML, like Gecko) Chrome/145.0.0.0 Safari/537.36 (compatible; meta-externalagent/1.1 (+https://developers.facebook.com/docs/sharing/webmasters/crawler))" "-"
216.73.216.0 - - [09/Aug/2026:00:04:47 +0200] "GET /?loknya=%2Fomepages%2F43%2Fd124547881%2Ftdocs%2Fcocadoodle.co.uk%2Fwp-content%2Fuploads%2Fgravity_forms%2Fa%2Fd%2Fe%2F HTTP/1.1" 200 6150 www.chocadoodle.co.uk "-" "Mozilla/5.0 AppleWebKit/537.36 (KHTML, like Gecko; compatible; ClaudeBot/1.0; +claudebot@anthropic.com)" "-"
216.73.216.0 - - [09/Aug/2026:00:04:51 +0200] "GET /?loknya=%2Fhompgs%2F43%2F124547881 HTTP/1.1" 200 5168 www.chocadoodle.co.uk "-" "Mozilla/5.0 AppleWebKit/537.36 (KHTML, like Gecko; compatible; ClaudeBot/1.0; +claudebot@anthropic.com)" "-"
2a03:2880:f800:: - - [09/Aug/2026:00:04:52 +0200] "GET /?lokasie=/kunden/usr/lib/python3/dist-packages/breezy//_rio_pyx.cpython-39-x86_64-linux-gnu.so&loknya=/kunden/usr/lib/python3/dist-packages/breezy/ HTTP/1.1" 429 267 www.chocadoodle.co.uk "-" "Mozilla/5.0 (Windows NT 10.0; Win64; x64) AppleWebKit/537.36 (KHTML, like Gecko) Chrome/145.0.0.0 Safari/537.36 (compatible; meta-externalagent/1.1 (+https://developers.facebook.com/docs/sharing/webmasters/crawler))" "-"
2a03:2880:f800:: - - [09/Aug/2026:00:04:52 +0200] "GET /?lokasie=/kunden/usr/lib/python3/dist-packages/breezy//_annotator_pyx.cpython-39-x86_64-linux-gnu.so&loknya=/kunden/usr/lib/python3/dist-packages/breezy/ HTTP/1.1" 429 267 www.chocadoodle.co.uk "-" "Mozilla/5.0 (X11; Linux x86_64) AppleWebKit/537.36 (KHTML, like Gecko) Chrome/145.0.0.0 Safari/537.36 (compatible; meta-externalagent/1.1 (+https://developers.facebook.com/docs/sharing/webmasters/crawler))" "-"
216.73.216.0 - - [09/Aug/2026:00:04:56 +0200] "GET /?loknya=%2Fhomepaes%2F43%2Fd124547881%2Fhtdos%2Fhoadoodle.o.uk%2Fwp-ontent%2Fuploads%2Fravity_forms%2Fa%2Fd%2F HTTP/1.1" 200 5997 www.chocadoodle.co.uk "-" "Mozilla/5.0 AppleWebKit/537.36 (KHTML, like Gecko; compatible; ClaudeBot/1.0; +claudebot@anthropic.com)" "-"
2a03:2880:f800:: - - [09/Aug/2026:00:04:58 +0200] "GET /?lokasie=/kunden/usr/lib/python3/dist-packages/breezy//textfile.py&loknya=/kunden/usr/lib/python3/dist-packages/breezy/ HTTP/1.1" 429 267 www.chocadoodle.co.uk "-" "Mozilla/5.0 (Macintosh; Intel Mac OS X 10_15_7) AppleWebKit/537.36 (KHTML, like Gecko) Chrome/145.0.0.0 Safari/537.36 (compatible; meta-externalagent/1.1 (+https://developers.facebook.com/docs/sharing/webmasters/crawler))" "-"
2a03:2880:f800:: - - [09/Aug/2026:00:04:59 +0200] "GET /?lokasie=/kunden/usr/lib/python3/dist-packages/breezy//_readdir_py.py&loknya=/kunden/usr/lib/python3/dist-packages/breezy/ HTTP/1.1" 429 267 www.chocadoodle.co.uk "-" "Mozilla/5.0 (Windows NT 10.0; Win64; x64) AppleWebKit/537.36 (KHTML, like Gecko) Chrome/145.0.0.0 Safari/537.36 (compatible; meta-externalagent/1.1 (+https://developers.facebook.com/docs/sharing/webmasters/crawler))" "-"
216.73.216.0 - - [09/Aug/2026:00:05:00 +0200] "GET /?loknya=%2Fhomepages%2F43%2F124547881%2Fhtocs%2Fchocaoole.co.uk%2Fwp-content%2Fuploas%2Fgravity_forms%2Fe%2Ff%2Fb%2F HTTP/1.1" 200 6136 www.chocadoodle.co.uk "-" "Mozilla/5.0 AppleWebKit/537.36 (KHTML, like Gecko; compatible; ClaudeBot/1.0; +claudebot@anthropic.com)" "-"
2a03:2880:f800:: - - [09/Aug/2026:00:05:05 +0200] "GET /?lokasie=/kunden/usr/lib/python3/dist-packages/breezy//msgeditor.py&loknya=/kunden/usr/lib/python3/dist-packages/breezy/ HTTP/1.1" 429 267 www.chocadoodle.co.uk "-" "Mozilla/5.0 (Windows NT 10.0; Win64; x64) AppleWebKit/537.36 (KHTML, like Gecko) Chrome/145.0.0.0 Safari/537.36 (compatible; meta-externalagent/1.1 (+https://developers.facebook.com/docs/sharing/webmasters/crawler))" "-"
216.73.216.0 - - [09/Aug/2026:00:05:05 +0200] "GET /?loknya=%2Fhomepages%2F43%2F124547881%2Fhtocs%2Fchocaoole.co.uk%2Fwp-content%2Fuploas%2Fgravity_forms%2Fc%2Fb%2Fa%2F HTTP/1.1" 200 6132 www.chocadoodle.co.uk "-" "Mozilla/5.0 AppleWebKit/537.36 (KHTML, like Gecko; compatible; ClaudeBot/1.0; +claudebot@anthropic.com)" "-"
2a03:2880:f800:: - - [09/Aug/2026:00:05:07 +0200] "GET /?lokasie=/kunden/usr/lib/python3/dist-packages/breezy//bedding.py&loknya=/kunden/usr/lib/python3/dist-packages/breezy/ HTTP/1.1" 429 267 www.chocadoodle.co.uk "-" "Mozilla/5.0 (Windows NT 10.0; Win64; x64) AppleWebKit/537.36 (KHTML, like Gecko) Chrome/145.0.0.0 Safari/537.36 (compatible; meta-externalagent/1.1 (+https://developers.facebook.com/docs/sharing/webmasters/crawler))" "-"
2a03:2880:f800:: - - [09/Aug/2026:00:05:08 +0200] "GET /?lokasie=/kunden/usr/lib/python3/dist-packages/breezy//shelf.py&loknya=/kunden/usr/lib/python3/dist-packages/breezy/ HTTP/1.1" 429 267 www.chocadoodle.co.uk "-" "Mozilla/5.0 (Windows NT 10.0; Win64; x64) AppleWebKit/537.36 (KHTML, like Gecko) Chrome/145.0.0.0 Safari/537.36 (compatible; meta-externalagent/1.1 (+https://developers.facebook.com/docs/sharing/webmasters/crawler))" "-"
216.73.216.0 - - [09/Aug/2026:00:05:09 +0200] "GET /?loknya=%2Fhomepges%2F43%2Fd124547881%2Fhtdocs%2Fchocdoodle.co.uk%2Fwp-content%2Fuplods%2Fgrvity_forms%2Fb%2Fh%2Fc HTTP/1.1" 200 6142 www.chocadoodle.co.uk "-" "Mozilla/5.0 AppleWebKit/537.36 (KHTML, like Gecko; compatible; ClaudeBot/1.0; +claudebot@anthropic.com)" "-"
66.249.69.0 - - [09/Aug/2026:00:05:12 +0200] "GET /o15377256691822/ HTTP/1.1" 404 1271 www.chocadoodle.co.uk "-" "Mozilla/5.0 (compatible; Googlebot/2.1; +http://www.google.com/bot.html)" "-"
216.73.216.0 - - [09/Aug/2026:00:05:14 +0200] "GET /?loknya=%2Fhomepages%2F43%2Fd124547881%2Fhtdocs%2Fchocadoodle.co.uk%2Fwp-content%2Fuploads%2Fgravity_orms%2Fa%2Fc HTTP/1.1" 200 6059 www.chocadoodle.co.uk "-" "Mozilla/5.0 AppleWebKit/537.36 (KHTML, like Gecko; compatible; ClaudeBot/1.0; +claudebot@anthropic.com)" "-"
2a03:2880:f800:: - - [09/Aug/2026:00:05:17 +0200] "GET /?lokasie=/kunden/usr/lib/python3/dist-packages/breezy//fetch_ghosts.py&loknya=/kunden/usr/lib/python3/dist-packages/breezy/ HTTP/1.1" 429 267 www.chocadoodle.co.uk "-" "Mozilla/5.0 (Macintosh; Intel Mac OS X 10_15_7) AppleWebKit/537.36 (KHTML, like Gecko) Chrome/145.0.0.0 Safari/537.36 (compatible; meta-externalagent/1.1 (+https://developers.facebook.com/docs/sharing/webmasters/crawler))" "-"
216.73.216.0 - - [09/Aug/2026:00:05:19 +0200] "GET /?loknya=%2Fhomepages%2F43%2Fd124547881%2Fhtdocs%2Foutofboundsldn.co.uk%2Fwp-includes%2Fblock-supports%2F HTTP/1.1" 200 32691 chocadoodle.co.uk "-" "Mozilla/5.0 AppleWebKit/537.36 (KHTML, like Gecko; compatible; ClaudeBot/1.0; +claudebot@anthropic.com)" "-"
2a03:2880:f800:: - - [09/Aug/2026:00:05:19 +0200] "GET /?lokasie=/kunden/usr/lib/python3/dist-packages/breezy//cmd_test_script.py&loknya=/kunden/usr/lib/python3/dist-packages/breezy/ HTTP/1.1" 429 267 www.chocadoodle.co.uk "-" "Mozilla/5.0 (X11; Linux x86_64) AppleWebKit/537.36 (KHTML, like Gecko) Chrome/145.0.0.0 Safari/537.36 (compatible; meta-externalagent/1.1 (+https://developers.facebook.com/docs/sharing/webmasters/crawler))" "-"
2a03:2880:f800:: - - [09/Aug/2026:00:05:20 +0200] "GET /?lokasie=/kunden/usr/lib/python3/dist-packages/breezy//_simple_set_pyx.cpython-39-x86_64-linux-gnu.so&loknya=/kunden/usr/lib/python3/dist-packages/breezy/ HTTP/1.1" 429 267 www.chocadoodle.co.uk "-" "Mozilla/5.0 (Windows NT 10.0; Win64; x64) AppleWebKit/537.36 (KHTML, like Gecko) Chrome/145.0.0.0 Safari/537.36 (compatible; meta-externalagent/1.1 (+https://developers.facebook.com/docs/sharing/webmasters/crawler))" "-"
216.73.216.0 - - [09/Aug/2026:00:05:20 +0200] "GET /?loknya=%2Fhomepages%2F43%2F124547881%2Fhtocs%2Fchocaoole.co.uk%2Fwp-content%2Fuploas%2Fgravity_forms%2Fc%2Fb%2Fe%2F HTTP/1.1" 200 6132 www.chocadoodle.co.uk "-" "Mozilla/5.0 AppleWebKit/537.36 (KHTML, like Gecko; compatible; ClaudeBot/1.0; +claudebot@anthropic.com)" "-"
216.73.216.0 - - [09/Aug/2026:00:05:25 +0200] "GET /?loknya=%2Fhomepages%2F43%2F124547881%2Fhtocs%2Fchocaoole.co.uk%2Fwp-content%2Fuploas%2Fgravity_forms%2Fb%2Fc%2Fe%2F HTTP/1.1" 200 6132 www.chocadoodle.co.uk "-" "Mozilla/5.0 AppleWebKit/537.36 (KHTML, like Gecko; compatible; ClaudeBot/1.0; +claudebot@anthropic.com)" "-"
216.73.216.0 - - [09/Aug/2026:00:05:28 +0200] "GET /?loknya=%2Fhomepages%2F43%2Fd124547881%2Fhtdocs%2Fchocadoodle.co.uk%2Fwp-content%2Fuploads%2Fgravity_orms%2Fb%2Fh%2Fa%2F HTTP/1.1" 200 6180 www.chocadoodle.co.uk "-" "Mozilla/5.0 AppleWebKit/537.36 (KHTML, like Gecko; compatible; ClaudeBot/1.0; +claudebot@anthropic.com)" "-"
216.73.216.0 - - [09/Aug/2026:00:05:33 +0200] "GET /?loknya=%2Fhomepages%2F43%2Fd124547881%2Fhtdocs%2Fchocadoodle.co.uk%2Fwp-content%2Fuploads%2Fgravity_orms%2Fb%2Fa%2Fh%2F HTTP/1.1" 200 6181 www.chocadoodle.co.uk "-" "Mozilla/5.0 AppleWebKit/537.36 (KHTML, like Gecko; compatible; ClaudeBot/1.0; +claudebot@anthropic.com)" "-"
2a03:2880:f800:: - - [09/Aug/2026:00:05:33 +0200] "GET /?lokasie=/kunden/usr/lib/python3/dist-packages/breezy//clean_tree.py&loknya=/kunden/usr/lib/python3/dist-packages/breezy/ HTTP/1.1" 429 267 www.chocadoodle.co.uk "-" "Mozilla/5.0 (Windows NT 10.0; Win64; x64) AppleWebKit/537.36 (KHTML, like Gecko) Chrome/145.0.0.0 Safari/537.36 (compatible; meta-externalagent/1.1 (+https://developers.facebook.com/docs/sharing/webmasters/crawler))" "-"
2a03:2880:f800:: - - [09/Aug/2026:00:05:36 +0200] "GET /?lokasie=/kunden/usr/lib/python3/dist-packages/breezy//uncommit.py&loknya=/kunden/usr/lib/python3/dist-packages/breezy/ HTTP/1.1" 429 267 www.chocadoodle.co.uk "-" "Mozilla/5.0 (Windows NT 10.0; Win64; x64) AppleWebKit/537.36 (KHTML, like Gecko) Chrome/145.0.0.0 Safari/537.36 Edg/145.0.0.0 (compatible; meta-externalagent/1.1 (+https://developers.facebook.com/docs/sharing/webmasters/crawler))" "-"
216.73.216.0 - - [09/Aug/2026:00:05:37 +0200] "GET /?lokasie=%2Fhomepages%2F43%2Fd124547881%2Fhtdocs%2Foutofboundsldn.co.uk%2Fwp-admin%2Fcss%2Fforms-rtl.css&loknya=%2Fhomepages%2F43%2Fd124547881%2Fhtdocs%2Foutofboundsldn.co.uk%2Fwp-admin%2Fcss HTTP/1.1" 200 41921 chocadoodle.co.uk "-" "Mozilla/5.0 AppleWebKit/537.36 (KHTML, like Gecko; compatible; ClaudeBot/1.0; +claudebot@anthropic.com)" "-"
2a03:2880:f800:: - - [09/Aug/2026:00:05:38 +0200] "GET /?lokasie=/kunden/usr/lib/python3/dist-packages/breezy//rio.py&loknya=/kunden/usr/lib/python3/dist-packages/breezy/ HTTP/1.1" 429 267 www.chocadoodle.co.uk "-" "Mozilla/5.0 (Windows NT 10.0; Win64; x64) AppleWebKit/537.36 (KHTML, like Gecko) Chrome/145.0.0.0 Safari/537.36 (compatible; meta-externalagent/1.1 (+https://developers.facebook.com/docs/sharing/webmasters/crawler))" "-"
74.7.241.0 - - [09/Aug/2026:00:05:39 +0200] "GET /items/12892827356085.html/?loknya=/homepages/43/d124547881/htdocs/ HTTP/1.1" 404 1271 www.chocadoodle.co.uk "https://www.chocadoodle.co.uk/items/12892827356085.html/" "Mozilla/5.0 AppleWebKit/537.36 (KHTML, like Gecko; compatible; GPTBot/1.4; +https://openai.com/gptbot)" "-"
2a03:2880:f800:: - - [09/Aug/2026:00:05:40 +0200] "GET /?lokasie=/kunden/usr/lib/python3/dist-packages/breezy//win32utils.py&loknya=/kunden/usr/lib/python3/dist-packages/breezy/ HTTP/1.1" 429 267 www.chocadoodle.co.uk "-" "Mozilla/5.0 (Windows NT 10.0; Win64; x64) AppleWebKit/537.36 (KHTML, like Gecko) Chrome/145.0.0.0 Safari/537.36 (compatible; meta-externalagent/1.1 (+https://developers.facebook.com/docs/sharing/webmasters/crawler))" "-"
216.73.216.0 - - [09/Aug/2026:00:05:40 +0200] "GET /?loknya=%2Fhomepages%2F43%2F124547881%2Fhtocs%2Fchocaoole.co.uk%2Fwp-content%2Fuploas%2Fgravity_forms%2Fc%2Fb%2Ff%2F HTTP/1.1" 200 6135 www.chocadoodle.co.uk "-" "Mozilla/5.0 AppleWebKit/537.36 (KHTML, like Gecko; compatible; ClaudeBot/1.0; +claudebot@anthropic.com)" "-"
2a03:2880:f800:: - - [09/Aug/2026:00:05:42 +0200] "GET /?lokasie=/kunden/usr/lib/python3/dist-packages/breezy//foreign.py&loknya=/kunden/usr/lib/python3/dist-packages/breezy/ HTTP/1.1" 200 12895 www.chocadoodle.co.uk "-" "Mozilla/5.0 (Windows NT 10.0; Win64; x64) AppleWebKit/537.36 (KHTML, like Gecko) Chrome/145.0.0.0 Safari/537.36 (compatible; meta-externalagent/1.1 (+https://developers.facebook.com/docs/sharing/webmasters/crawler))" "-"
74.7.227.0 - - [09/Aug/2026:00:05:43 +0200] "GET /items/21964137583803.html/ HTTP/1.1" 404 1271 chocadoodle.co.uk "https://chocadoodle.co.uk/sitemap_1.xml" "Mozilla/5.0 AppleWebKit/537.36 (KHTML, like Gecko; compatible; GPTBot/1.4; +https://openai.com/gptbot)" "-"
2a03:2880:f800:: - - [09/Aug/2026:00:05:44 +0200] "GET /?lokasie=/kunden/usr/lib/python3/dist-packages/breezy//revisionspec.py&loknya=/kunden/usr/lib/python3/dist-packages/breezy/ HTTP/1.1" 200 42256 www.chocadoodle.co.uk "-" "Mozilla/5.0 (Macintosh; Intel Mac OS X 10_15_7) AppleWebKit/537.36 (KHTML, like Gecko) Chrome/145.0.0.0 Safari/537.36 (compatible; meta-externalagent/1.1 (+https://developers.facebook.com/docs/sharing/webmasters/crawler))" "-"
216.73.216.0 - - [09/Aug/2026:00:05:45 +0200] "GET /?loknya=%2Fhompgs%2F43%2F124547881%2Fhtocs%2Fchocool.co.uk%2Fwp-contnt%2Fuplos HTTP/1.1" 200 5580 www.chocadoodle.co.uk "-" "Mozilla/5.0 AppleWebKit/537.36 (KHTML, like Gecko; compatible; ClaudeBot/1.0; +claudebot@anthropic.com)" "-"
114.119.136.0 - - [09/Aug/2026:00:05:49 +0200] "GET /goods.php?list/goods/ddbm282yshw3_16923.shtml HTTP/1.1" 200 167592 www.chocadoodle.co.uk "https://www.chocadoodle.co.uk/goods.php?sitemap483.xml" "Mozilla/5.0 (Linux; Android 7.0;) AppleWebKit/537.36 (HTML, like Gecko) Mobile Safari/537.36 (compatible; PetalBot;+https://webmaster.petalsearch.com/site/petalbot)" "-"
216.73.216.0 - - [09/Aug/2026:00:05:50 +0200] "GET /?loknya=%2Fomepages%2F43%2F124547881%2Ftos%2Foaoole.o.uk%2Fwp-ontent%2Fuploas%2Fgravity_forms%2Fb%2F HTTP/1.1" 200 5833 www.chocadoodle.co.uk "-" "Mozilla/5.0 AppleWebKit/537.36 (KHTML, like Gecko; compatible; ClaudeBot/1.0; +claudebot@anthropic.com)" "-"
216.73.216.0 - - [09/Aug/2026:00:05:55 +0200] "GET /?loknya=%2Fhomepages%2F43%2Fd124547881%2Fhtdocs%2Fchocadoodle.co.uk%2Fwp-content%2Fuploads%2Fgravity_orms%2Fd%2Fg HTTP/1.1" 200 6062 www.chocadoodle.co.uk "-" "Mozilla/5.0 AppleWebKit/537.36 (KHTML, like Gecko; compatible; ClaudeBot/1.0; +claudebot@anthropic.com)" "-"
216.73.216.0 - - [09/Aug/2026:00:06:00 +0200] "GET /?loknya=%2Fomepages%2F43%2Fd124547881%2Ftdocs%2Fcocadoodle.co.uk%2Fwp-content%2Fuploads%2Fgravity_forms%2Fc%2F HTTP/1.1" 200 5919 www.chocadoodle.co.uk "-" "Mozilla/5.0 AppleWebKit/537.36 (KHTML, like Gecko; compatible; ClaudeBot/1.0; +claudebot@anthropic.com)" "-"
2a03:2880:f800:: - - [09/Aug/2026:00:06:03 +0200] "GET /?lokasie=/kunden/usr/lib/python3/dist-packages/breezy/transport/__pycache__/local.cpython-39.pyc&loknya=/kunden/usr/lib/python3/dist-packages/breezy/transport/__pycache__ HTTP/1.1" 200 24386 www.chocadoodle.co.uk "-" "Mozilla/5.0 (Macintosh; Intel Mac OS X 10_15_7) AppleWebKit/537.36 (KHTML, like Gecko) Chrome/145.0.0.0 Safari/537.36 (compatible; meta-externalagent/1.1 (+https://developers.facebook.com/docs/sharing/webmasters/crawler))" "-"
216.73.216.0 - - [09/Aug/2026:00:06:05 +0200] "GET /?loknya=%2Fhomepages%2F43%2Fd124547881%2Fhtdocs%2Fchocadoodle.co.uk%2Fwp-content%2Fuploads%2Fgravity_orms%2Fd%2Fg%2Fb%2F HTTP/1.1" 200 6184 www.chocadoodle.co.uk "-" "Mozilla/5.0 AppleWebKit/537.36 (KHTML, like Gecko; compatible; ClaudeBot/1.0; +claudebot@anthropic.com)" "-"
114.119.151.0 - - [09/Aug/2026:00:06:07 +0200] "GET /cfcmeu/jhbzvg-c.html HTTP/1.1" 200 27498 wrigglesworths.co.uk "http://wrigglesworths.co.uk/cfcmeu/jhbzvg-c.html" "Mozilla/5.0 (Linux; Android 7.0;) AppleWebKit/537.36 (HTML, like Gecko) Mobile Safari/537.36 (compatible; PetalBot;+https://webmaster.petalsearch.com/site/petalbot)" "-"
216.73.216.0 - - [09/Aug/2026:00:06:10 +0200] "GET /?loknya=%2Fhomepages%2F43%2Fd124547881%2Fhtdocs%2Fchocadoodle.co.uk%2Fwp-content%2Fuploads%2Fgravity_orms%2Fb%2Fg%2Fd%2F HTTP/1.1" 429 267 www.chocadoodle.co.uk "-" "Mozilla/5.0 AppleWebKit/537.36 (KHTML, like Gecko; compatible; ClaudeBot/1.0; +claudebot@anthropic.com)" "-"
216.73.216.0 - - [09/Aug/2026:00:06:16 +0200] "GET /?loknya=%2Fhomepages%2F43%2Fd124547881%2Fhtdocs%2FWrigglesworths.co.uk%2Fwp-content%2Fuploads%2F2014%2F01%2F01 HTTP/1.1" 429 267 www.chocadoodle.co.uk "-" "Mozilla/5.0 AppleWebKit/537.36 (KHTML, like Gecko; compatible; ClaudeBot/1.0; +claudebot@anthropic.com)" "-"
2a03:2880:f800:: - - [09/Aug/2026:00:06:19 +0200] "GET /?lokasie=/kunden/usr/lib/python3/dist-packages/breezy//lru_cache.py&loknya=/kunden/usr/lib/python3/dist-packages/breezy/ HTTP/1.1" 200 16735 www.chocadoodle.co.uk "-" "Mozilla/5.0 (Macintosh; Intel Mac OS X 10_15_7) AppleWebKit/537.36 (KHTML, like Gecko) Chrome/145.0.0.0 Safari/537.36 (compatible; meta-externalagent/1.1 (+https://developers.facebook.com/docs/sharing/webmasters/crawler))" "-"
216.73.216.0 - - [09/Aug/2026:00:06:20 +0200] "GET /?loknya=%2Fhomepges%2F43%2Fd124547881%2Fhtdos%2Fhodoodle.o.uk%2Fwp-ontent%2Fuplods%2Fgrvity_forms HTTP/1.1" 429 267 www.chocadoodle.co.uk "-" "Mozilla/5.0 AppleWebKit/537.36 (KHTML, like Gecko; compatible; ClaudeBot/1.0; +claudebot@anthropic.com)" "-"
216.73.216.0 - - [09/Aug/2026:00:06:24 +0200] "GET /?loknya=%2Fhomepages%2F43%2F124547881%2Fhtocs%2Fchocaoole.co.uk%2Fwp-content%2Fuploas%2Fgravity_forms%2Fc%2Fb%2Fc%2F HTTP/1.1" 429 267 www.chocadoodle.co.uk "-" "Mozilla/5.0 AppleWebKit/537.36 (KHTML, like Gecko; compatible; ClaudeBot/1.0; +claudebot@anthropic.com)" "-"
51.68.247.0 - - [09/Aug/2026:00:06:25 +0200] "GET /?sitemap329.xml HTTP/1.1" 200 407610 www.chocadoodle.co.uk "-" "Mozilla/5.0 (compatible; AhrefsBot/7.0; +http://ahrefs.com/robot/)" "-"
216.73.216.0 - - [09/Aug/2026:00:06:29 +0200] "GET /?loknya=%2Fomepages%2F43%2F124547881%2Ftocs%2Fcocaoole.co.uk%2Fwp-content%2Fuploas%2Fgravity_orms%2F HTTP/1.1" 429 267 www.chocadoodle.co.uk "-" "Mozilla/5.0 AppleWebKit/537.36 (KHTML, like Gecko; compatible; ClaudeBot/1.0; +claudebot@anthropic.com)" "-"
216.73.216.0 - - [09/Aug/2026:00:06:34 +0200] "GET /?loknya=%2Fhomepages%2F43%2F124547881%2Fhtocs%2Fchocaoole.co.uk%2Fwp-content%2Fuploas%2Fgravity_forms%2Fb%2Ff%2Fg HTTP/1.1" 429 267 www.chocadoodle.co.uk "-" "Mozilla/5.0 AppleWebKit/537.36 (KHTML, like Gecko; compatible; ClaudeBot/1.0; +claudebot@anthropic.com)" "-"
2a03:2880:f800:: - - [09/Aug/2026:00:06:34 +0200] "GET /?lokasie=/kunden/usr/lib/python3/dist-packages/breezy//generate_ids.py&loknya=/kunden/usr/lib/python3/dist-packages/breezy/ HTTP/1.1" 200 5100 www.chocadoodle.co.uk "-" "Mozilla/5.0 (Macintosh; Intel Mac OS X 10_15_7) AppleWebKit/537.36 (KHTML, like Gecko) Chrome/145.0.0.0 Safari/537.36 (compatible; meta-externalagent/1.1 (+https://developers.facebook.com/docs/sharing/webmasters/crawler))" "-"
216.73.216.0 - - [09/Aug/2026:00:06:39 +0200] "GET /?loknya=%2Fhomepaes%2F43%2Fd124547881%2Fhtdos%2Fhoadoodle.o.uk%2Fwp-ontent%2Fuploads HTTP/1.1" 429 267 www.chocadoodle.co.uk "-" "Mozilla/5.0 AppleWebKit/537.36 (KHTML, like Gecko; compatible; ClaudeBot/1.0; +claudebot@anthropic.com)" "-"
74.7.241.0 - - [09/Aug/2026:00:06:42 +0200] "GET /items/13153125709386.html/?loknya=/homepages/43/d124547881/htdocs/ HTTP/1.1" 429 267 www.chocadoodle.co.uk "https://www.chocadoodle.co.uk/items/13153125709386.html/" "Mozilla/5.0 AppleWebKit/537.36 (KHTML, like Gecko; compatible; GPTBot/1.4; +https://openai.com/gptbot)" "-"
74.7.227.0 - - [09/Aug/2026:00:06:44 +0200] "GET /items/13451567622902.html/ HTTP/1.1" 404 1271 chocadoodle.co.uk "https://chocadoodle.co.uk/sitemap_1.xml" "Mozilla/5.0 AppleWebKit/537.36 (KHTML, like Gecko; compatible; GPTBot/1.4; +https://openai.com/gptbot)" "-"
216.73.216.0 - - [09/Aug/2026:00:06:44 +0200] "GET /?loknya=%2Fhompgs%2F43%2F124547881%2Fhtocs%2Fchocool.co.uk%2Fwp-contnt HTTP/1.1" 429 267 www.chocadoodle.co.uk "-" "Mozilla/5.0 AppleWebKit/537.36 (KHTML, like Gecko; compatible; ClaudeBot/1.0; +claudebot@anthropic.com)" "-"
2a03:2880:f800:: - - [09/Aug/2026:00:06:45 +0200] "GET /?lokasie=/kunden/usr/lib/python3/dist-packages/breezy//ignores.py&loknya=/kunden/usr/lib/python3/dist-packages/breezy/ HTTP/1.1" 200 11783 www.chocadoodle.co.uk "-" "Mozilla/5.0 (Windows NT 10.0; Win64; x64) AppleWebKit/537.36 (KHTML, like Gecko) Chrome/145.0.0.0 Safari/537.36 (compatible; meta-externalagent/1.1 (+https://developers.facebook.com/docs/sharing/webmasters/crawler))" "-"
66.249.69.0 - - [09/Aug/2026:00:06:46 +0200] "GET /z30557684825941/ HTTP/1.1" 404 1271 www.chocadoodle.co.uk "-" "Mozilla/5.0 (Linux; Android 6.0.1; Nexus 5X Build/MMB29P) AppleWebKit/537.36 (KHTML, like Gecko) Chrome/150.0.7871.186 Mobile Safari/537.36 (compatible; GoogleOther)" "-"
216.73.216.0 - - [09/Aug/2026:00:06:49 +0200] "GET /?loknya=%2Fhomepages%2F43%2F124547881%2Fhtocs%2Fchocaoole.co.uk%2Fwp-content%2Fuploas%2Fgravity_forms%2Fe%2Fb%2F HTTP/1.1" 429 267 www.chocadoodle.co.uk "-" "Mozilla/5.0 AppleWebKit/537.36 (KHTML, like Gecko; compatible; ClaudeBot/1.0; +claudebot@anthropic.com)" "-"
216.73.216.0 - - [09/Aug/2026:00:06:54 +0200] "GET /?loknya=%2Fhomepages%2F43%2F124547881%2Fhtocs%2Fchocaoole.co.uk%2Fwp-content%2Fuploas%2Fgravity_forms%2Fh HTTP/1.1" 429 267 www.chocadoodle.co.uk "-" "Mozilla/5.0 AppleWebKit/537.36 (KHTML, like Gecko; compatible; ClaudeBot/1.0; +claudebot@anthropic.com)" "-"
2a03:2880:f800:: - - [09/Aug/2026:00:06:56 +0200] "GET /?lokasie=/kunden/usr/lib/python3/dist-packages/breezy//_known_graph_pyx.cpython-39-x86_64-linux-gnu.so&loknya=/kunden/usr/lib/python3/dist-packages/breezy/ HTTP/1.1" 200 256108 www.chocadoodle.co.uk "-" "Mozilla/5.0 (Macintosh; Intel Mac OS X 10_15_7) AppleWebKit/537.36 (KHTML, like Gecko) Chrome/145.0.0.0 Safari/537.36 (compatible; meta-externalagent/1.1 (+https://developers.facebook.com/docs/sharing/webmasters/crawler))" "-"
216.73.216.0 - - [09/Aug/2026:00:07:00 +0200] "GET /?loknya=%2Fhomepages%2F43%2F124547881%2Fhtocs%2Fchocaoole.co.uk%2Fwp-content%2Fuploas%2Fgravity_forms%2Fa%2Fe%2F HTTP/1.1" 429 267 www.chocadoodle.co.uk "-" "Mozilla/5.0 AppleWebKit/537.36 (KHTML, like Gecko; compatible; ClaudeBot/1.0; +claudebot@anthropic.com)" "-"
216.73.216.0 - - [09/Aug/2026:00:07:05 +0200] "GET /?loknya=%2Fhomepaes%2F43%2Fd124547881%2Fhtdocs%2Fchocadoodle.co.uk%2Fwp-content%2Fuploads%2Fravity_orms%2F HTTP/1.1" 429 267 www.chocadoodle.co.uk "-" "Mozilla/5.0 AppleWebKit/537.36 (KHTML, like Gecko; compatible; ClaudeBot/1.0; +claudebot@anthropic.com)" "-"
2a03:2880:f800:: - - [09/Aug/2026:00:07:06 +0200] "GET /?lokasie=/kunden/usr/lib/python3/dist-packages/breezy//switch.py&loknya=/kunden/usr/lib/python3/dist-packages/breezy/ HTTP/1.1" 200 12133 www.chocadoodle.co.uk "-" "Mozilla/5.0 (Windows NT 10.0; Win64; x64) AppleWebKit/537.36 (KHTML, like Gecko) Chrome/145.0.0.0 Safari/537.36 (compatible; meta-externalagent/1.1 (+https://developers.facebook.com/docs/sharing/webmasters/crawler))" "-"
216.73.216.0 - - [09/Aug/2026:00:07:08 +0200] "GET /?loknya=%2Fomepges%2F43%2Fd124547881%2Ftdocs%2Fcocdoodle.co.uk%2Fwp-content%2Fuplods%2Fgrvity_forms%2Fd%2Ff%2F HTTP/1.1" 429 267 www.chocadoodle.co.uk "-" "Mozilla/5.0 AppleWebKit/537.36 (KHTML, like Gecko; compatible; ClaudeBot/1.0; +claudebot@anthropic.com)" "-"
114.119.147.0 - - [09/Aug/2026:00:07:12 +0200] "GET /goods.php?list/goods/dcxmu300rhjxmfskpn2j_43989.shtml HTTP/1.1" 200 159269 www.chocadoodle.co.uk "https://www.chocadoodle.co.uk/goods.php?sitemap483.xml" "Mozilla/5.0 (Linux; Android 7.0;) AppleWebKit/537.36 (HTML, like Gecko) Mobile Safari/537.36 (compatible; PetalBot;+https://webmaster.petalsearch.com/site/petalbot)" "-"
216.73.216.0 - - [09/Aug/2026:00:07:13 +0200] "GET /?loknya=%2Fomepages%2F43%2Fd124547881%2Ftdocs%2Fcocadoodle.co.uk%2Fwp-content%2Fuploads%2Fgravity_orms%2Fd HTTP/1.1" 200 5911 www.chocadoodle.co.uk "-" "Mozilla/5.0 AppleWebKit/537.36 (KHTML, like Gecko; compatible; ClaudeBot/1.0; +claudebot@anthropic.com)" "-"
2a03:2880:f800:: - - [09/Aug/2026:00:07:20 +0200] "GET /?lokasie=/kunden/usr/lib/python3/dist-packages/breezy//grep.py&loknya=/kunden/usr/lib/python3/dist-packages/breezy/ HTTP/1.1" 200 35811 www.chocadoodle.co.uk "-" "Mozilla/5.0 (Macintosh; Intel Mac OS X 10_15_7) AppleWebKit/537.36 (KHTML, like Gecko) Chrome/145.0.0.0 Safari/537.36 (compatible; meta-externalagent/1.1 (+https://developers.facebook.com/docs/sharing/webmasters/crawler))" "-"
216.73.216.0 - - [09/Aug/2026:00:07:21 +0200] "GET /?loknya=%2Fhomepges%2F43%2F124547881%2Fhtocs%2Fchocoole.co.uk%2Fwp-content%2Fuplos%2Fgrvity_forms%2Fb%2F%2F HTTP/1.1" 200 5878 www.chocadoodle.co.uk "-" "Mozilla/5.0 AppleWebKit/537.36 (KHTML, like Gecko; compatible; ClaudeBot/1.0; +claudebot@anthropic.com)" "-"
66.249.69.0 - - [09/Aug/2026:00:07:21 +0200] "GET /m11024128097338/ HTTP/1.1" 404 1271 www.chocadoodle.co.uk "-" "Mozilla/5.0 (Linux; Android 6.0.1; Nexus 5X Build/MMB29P) AppleWebKit/537.36 (KHTML, like Gecko) Chrome/150.0.7871.186 Mobile Safari/537.36 (compatible; GoogleOther)" "-"
216.73.216.0 - - [09/Aug/2026:00:07:23 +0200] "GET /?loknya=%2Fhomepages%2F43%2F124547881%2Fhtocs%2Fchocaoole.co.uk%2Fwp-content%2Fuploas%2Fgravity_forms%2Fg HTTP/1.1" 200 5906 www.chocadoodle.co.uk "-" "Mozilla/5.0 AppleWebKit/537.36 (KHTML, like Gecko; compatible; ClaudeBot/1.0; +claudebot@anthropic.com)" "-"
2a03:2880:f800:: - - [09/Aug/2026:00:07:24 +0200] "GET /?lokasie=/kunden/usr/lib/python3/dist-packages/breezy//mergeable.py&loknya=/kunden/usr/lib/python3/dist-packages/breezy/ HTTP/1.1" 200 8448 www.chocadoodle.co.uk "-" "Mozilla/5.0 (Macintosh; Intel Mac OS X 10_15_7) AppleWebKit/537.36 (KHTML, like Gecko) Chrome/145.0.0.0 Safari/537.36 (compatible; meta-externalagent/1.1 (+https://developers.facebook.com/docs/sharing/webmasters/crawler))" "-"
216.73.216.0 - - [09/Aug/2026:00:07:29 +0200] "GET /?loknya=%2Fomepaes%2F43%2Fd124547881%2Ftdocs%2Fcocadoodle.co.uk%2Fwp-content%2Fuploads%2Fravity_forms%2Fd%2F HTTP/1.1" 200 5900 www.chocadoodle.co.uk "-" "Mozilla/5.0 AppleWebKit/537.36 (KHTML, like Gecko; compatible; ClaudeBot/1.0; +claudebot@anthropic.com)" "-"
114.119.148.0 - - [09/Aug/2026:00:07:31 +0200] "GET /bpiwrd/nyvhxf-c.html HTTP/1.1" 200 27498 wrigglesworths.co.uk "http://wrigglesworths.co.uk/bpiwrd/nyvhxf-c.html" "Mozilla/5.0 (Linux; Android 7.0;) AppleWebKit/537.36 (HTML, like Gecko) Mobile Safari/537.36 (compatible; PetalBot;+https://webmaster.petalsearch.com/site/petalbot)" "-"
2a03:2880:f800:: - - [09/Aug/2026:00:07:31 +0200] "GET /?lokasie=/kunden/usr/lib/python3/dist-packages/breezy//_termcolor.py&loknya=/kunden/usr/lib/python3/dist-packages/breezy/ HTTP/1.1" 200 6645 www.chocadoodle.co.uk "-" "Mozilla/5.0 (Windows NT 10.0; Win64; x64) AppleWebKit/537.36 (KHTML, like Gecko) Chrome/145.0.0.0 Safari/537.36 (compatible; meta-externalagent/1.1 (+https://developers.facebook.com/docs/sharing/webmasters/crawler))" "-"
216.73.216.0 - - [09/Aug/2026:00:07:33 +0200] "GET /?loknya=%2Fhomepages%2F43%2F124547881%2Fhtocs%2Fchocaoole.co.uk%2Fwp-content%2Fuploas%2Fgravity_forms%2F%2Fc%2F HTTP/1.1" 200 5909 www.chocadoodle.co.uk "-" "Mozilla/5.0 AppleWebKit/537.36 (KHTML, like Gecko; compatible; ClaudeBot/1.0; +claudebot@anthropic.com)" "-"
216.73.216.0 - - [09/Aug/2026:00:07:35 +0200] "GET /?loknya=%2Fhomepages%2F43%2F124547881%2Fhtocs%2Fchocaoole.co.uk%2Fwp-content%2Fuploas%2Fgravity_forms%2Fg%2Fh%2F HTTP/1.1" 200 6019 www.chocadoodle.co.uk "-" "Mozilla/5.0 AppleWebKit/537.36 (KHTML, like Gecko; compatible; ClaudeBot/1.0; +claudebot@anthropic.com)" "-"
2a03:2880:f800:: - - [09/Aug/2026:00:07:38 +0200] "GET /?lokasie=/kunden/usr/lib/python3/dist-packages/breezy//transactions.py&loknya=/kunden/usr/lib/python3/dist-packages/breezy/ HTTP/1.1" 200 11668 www.chocadoodle.co.uk "-" "Mozilla/5.0 (Macintosh; Intel Mac OS X 10_15_7) AppleWebKit/537.36 (KHTML, like Gecko) Chrome/145.0.0.0 Safari/537.36 (compatible; meta-externalagent/1.1 (+https://developers.facebook.com/docs/sharing/webmasters/crawler))" "-"
216.73.216.0 - - [09/Aug/2026:00:07:40 +0200] "GET /?loknya=%2Fhomepages%2F43%2F124547881%2Fhtocs%2F HTTP/1.1" 200 5271 www.chocadoodle.co.uk "-" "Mozilla/5.0 AppleWebKit/537.36 (KHTML, like Gecko; compatible; ClaudeBot/1.0; +claudebot@anthropic.com)" "-"
2a03:2880:f800:: - - [09/Aug/2026:00:07:44 +0200] "GET /?lokasie=/kunden/usr/lib/python3/dist-packages/breezy//delta.py&loknya=/kunden/usr/lib/python3/dist-packages/breezy/ HTTP/1.1" 200 23791 www.chocadoodle.co.uk "-" "Mozilla/5.0 (Windows NT 10.0; Win64; x64) AppleWebKit/537.36 (KHTML, like Gecko) Chrome/145.0.0.0 Safari/537.36 (compatible; meta-externalagent/1.1 (+https://developers.facebook.com/docs/sharing/webmasters/crawler))" "-"
216.73.216.0 - - [09/Aug/2026:00:07:46 +0200] "GET /?loknya=%2Fhomepages%2F43%2F124547881%2Fhtocs%2Fchocaoole.co.uk%2Fwp-content%2Fuploas%2Fgravity_forms%2Fc%2Fa%2F HTTP/1.1" 200 6018 www.chocadoodle.co.uk "-" "Mozilla/5.0 AppleWebKit/537.36 (KHTML, like Gecko; compatible; ClaudeBot/1.0; +claudebot@anthropic.com)" "-"
