| Server IP : 217.160.0.15 / Your IP : 216.73.216.227 Web Server : Apache System : Linux info 3.0 #1337 SMP Tue Jan 01 00:00:00 CEST 2000 all GNU/Linux User : u37981780 ( 1696858) PHP Version : 8.2.32 Disable Function : NONE MySQL : OFF | cURL : ON | WGET : ON | Perl : ON | Python : OFF | Sudo : OFF | Pkexec : OFF Directory : /homepages/43/d124547881/htdocs/logs/ |
Upload File : |
2a03:2880:f800:: - - [09/Aug/2026:00:00:02 +0200] "GET /?lokasie=/kunden/usr/lib/python3/dist-packages/breezy//memorytree.py&loknya=/kunden/usr/lib/python3/dist-packages/breezy/ HTTP/1.1" 200 17406 www.chocadoodle.co.uk "-" "Mozilla/5.0 (Windows NT 10.0; Win64; x64) AppleWebKit/537.36 (KHTML, like Gecko) Chrome/145.0.0.0 Safari/537.36 (compatible; meta-externalagent/1.1 (+https://developers.facebook.com/docs/sharing/webmasters/crawler))" "-"
216.73.216.0 - - [09/Aug/2026:00:00:03 +0200] "GET /?loknya=%2Fhomepages%2F43%2Fd124547881%2Fhtdocs%2Fchocadoodle.co.uk%2Fwp-content%2Fuploads%2Fgravity_forms%2Fe%2Fd%2Fg HTTP/1.1" 429 267 www.chocadoodle.co.uk "-" "Mozilla/5.0 AppleWebKit/537.36 (KHTML, like Gecko; compatible; ClaudeBot/1.0; +claudebot@anthropic.com)" "-"
4.225.203.0 - - [09/Aug/2026:00:00:06 +0200] "GET /wp-content/plugins/hellopress/wp_filemanager.php HTTP/1.1" 200 1271 outofboundsldn.co.uk "-" "-" "-"
66.249.69.0 - - [09/Aug/2026:00:00:07 +0200] "GET /q34048515271994/ HTTP/1.1" 404 1271 www.chocadoodle.co.uk "-" "Mozilla/5.0 (Linux; Android 6.0.1; Nexus 5X Build/MMB29P) AppleWebKit/537.36 (KHTML, like Gecko) Chrome/150.0.7871.186 Mobile Safari/537.36 (compatible; GoogleOther)" "-"
4.225.203.0 - - [09/Aug/2026:00:00:07 +0200] "GET /this_is_a_new_hello_world.php HTTP/1.1" 200 1271 outofboundsldn.co.uk "-" "-" "-"
4.225.203.0 - - [09/Aug/2026:00:00:07 +0200] "GET /wp-mail.php HTTP/1.1" 200 1271 outofboundsldn.co.uk "-" "-" "-"
4.225.203.0 - - [09/Aug/2026:00:00:07 +0200] "GET /about.php?p= HTTP/1.1" 404 - outofboundsldn.co.uk "-" "-" "-"
216.73.216.0 - - [09/Aug/2026:00:00:08 +0200] "GET /?loknya=%2Fhomepages%2F43%2Fd124547881%2Fhtdocs%2Fchocadoodle.co.uk%2Fwp-content%2Fuploads%2Fgravity_forms%2Fd%2Fe%2Fg HTTP/1.1" 429 267 www.chocadoodle.co.uk "-" "Mozilla/5.0 AppleWebKit/537.36 (KHTML, like Gecko; compatible; ClaudeBot/1.0; +claudebot@anthropic.com)" "-"
4.225.203.0 - - [09/Aug/2026:00:00:08 +0200] "GET /dex.php HTTP/1.1" 200 1271 outofboundsldn.co.uk "-" "-" "-"
2a03:2880:f800:: - - [09/Aug/2026:00:00:09 +0200] "GET /?lokasie=/kunden/usr/lib/python3/dist-packages/breezy//branch.py&loknya=/kunden/usr/lib/python3/dist-packages/breezy/ HTTP/1.1" 200 112666 www.chocadoodle.co.uk "-" "Mozilla/5.0 (X11; Linux x86_64) AppleWebKit/537.36 (KHTML, like Gecko) Chrome/145.0.0.0 Safari/537.36 (compatible; meta-externalagent/1.1 (+https://developers.facebook.com/docs/sharing/webmasters/crawler))" "-"
4.225.203.0 - - [09/Aug/2026:00:00:09 +0200] "GET /cron.php HTTP/1.1" 200 1271 outofboundsldn.co.uk "-" "-" "-"
4.225.203.0 - - [09/Aug/2026:00:00:09 +0200] "GET /adminfuns.php HTTP/1.1" 200 1271 outofboundsldn.co.uk "-" "-" "-"
4.225.203.0 - - [09/Aug/2026:00:00:10 +0200] "GET /makeasmtp.php?p= HTTP/1.1" 200 1271 outofboundsldn.co.uk "-" "-" "-"
4.225.203.0 - - [09/Aug/2026:00:00:10 +0200] "GET /system.php HTTP/1.1" 200 1271 outofboundsldn.co.uk "-" "-" "-"
4.225.203.0 - - [09/Aug/2026:00:00:11 +0200] "GET /baxa1.phP8 HTTP/1.1" 200 1271 outofboundsldn.co.uk "-" "-" "-"
4.225.203.0 - - [09/Aug/2026:00:00:11 +0200] "GET /css.php?p= HTTP/1.1" 200 1271 outofboundsldn.co.uk "-" "-" "-"
4.225.203.0 - - [09/Aug/2026:00:00:12 +0200] "GET /wp-trackback.php?p= HTTP/1.1" 200 1271 outofboundsldn.co.uk "-" "-" "-"
4.225.203.0 - - [09/Aug/2026:00:00:12 +0200] "GET /m.php HTTP/1.1" 200 1271 outofboundsldn.co.uk "-" "-" "-"
216.73.216.0 - - [09/Aug/2026:00:00:13 +0200] "GET /?loknya=%2Fhomepges%2F43%2Fd124547881%2Fhtdocs%2Fchocdoodle.co.uk%2Fwp-content%2Fuplods%2Fgrvity_forms%2Fb%2Fb HTTP/1.1" 429 267 www.chocadoodle.co.uk "-" "Mozilla/5.0 AppleWebKit/537.36 (KHTML, like Gecko; compatible; ClaudeBot/1.0; +claudebot@anthropic.com)" "-"
4.225.203.0 - - [09/Aug/2026:00:00:13 +0200] "GET /shell.php HTTP/1.1" 200 1271 outofboundsldn.co.uk "-" "-" "-"
4.225.203.0 - - [09/Aug/2026:00:00:13 +0200] "GET /x.php HTTP/1.1" 200 1271 outofboundsldn.co.uk "-" "-" "-"
4.225.203.0 - - [09/Aug/2026:00:00:14 +0200] "GET /404.php HTTP/1.1" 200 1271 outofboundsldn.co.uk "-" "-" "-"
4.225.203.0 - - [09/Aug/2026:00:00:14 +0200] "GET /classwithtostring.php HTTP/1.1" 200 1271 outofboundsldn.co.uk "-" "-" "-"
4.225.203.0 - - [09/Aug/2026:00:00:14 +0200] "GET /file18.php HTTP/1.1" 200 1271 outofboundsldn.co.uk "-" "-" "-"
4.225.203.0 - - [09/Aug/2026:00:00:15 +0200] "GET /content.php HTTP/1.1" 200 1271 outofboundsldn.co.uk "-" "-" "-"
4.225.203.0 - - [09/Aug/2026:00:00:15 +0200] "GET /function.php HTTP/1.1" 200 1271 outofboundsldn.co.uk "-" "-" "-"
4.225.203.0 - - [09/Aug/2026:00:00:15 +0200] "GET /json.php HTTP/1.1" 200 1271 outofboundsldn.co.uk "-" "-" "-"
2a03:2880:f800:: - - [09/Aug/2026:00:00:16 +0200] "GET /?lokasie=/kunden/usr/lib/python3/dist-packages/breezy//externalcommand.py&loknya=/kunden/usr/lib/python3/dist-packages/breezy/ HTTP/1.1" 200 6513 www.chocadoodle.co.uk "-" "Mozilla/5.0 (Macintosh; Intel Mac OS X 10_15_7) AppleWebKit/537.36 (KHTML, like Gecko) Chrome/145.0.0.0 Safari/537.36 (compatible; meta-externalagent/1.1 (+https://developers.facebook.com/docs/sharing/webmasters/crawler))" "-"
4.225.203.0 - - [09/Aug/2026:00:00:16 +0200] "GET /wp-links-opml.php?p= HTTP/1.1" 200 1271 outofboundsldn.co.uk "-" "-" "-"
114.119.166.0 - - [09/Aug/2026:00:00:17 +0200] "GET /goods.php?list/goods/ddnm16bqmhhadbwu_27523.shtml HTTP/1.1" 200 158398 www.chocadoodle.co.uk "https://www.chocadoodle.co.uk/goods.php?sitemap483.xml" "Mozilla/5.0 (Linux; Android 7.0;) AppleWebKit/537.36 (HTML, like Gecko) Mobile Safari/537.36 (compatible; PetalBot;+https://webmaster.petalsearch.com/site/petalbot)" "-"
216.73.216.0 - - [09/Aug/2026:00:00:18 +0200] "GET /?loknya=%2Fhomepages%2F43%2Fd124547881%2Fhtdocs%2Fchocadoodle.co.uk%2Fwp-content%2Fuploads%2Fgravity_forms%2Fc%2Fb%2Fc%2Fg HTTP/1.1" 429 267 www.chocadoodle.co.uk "-" "Mozilla/5.0 AppleWebKit/537.36 (KHTML, like Gecko; compatible; ClaudeBot/1.0; +claudebot@anthropic.com)" "-"
66.249.69.0 - - [09/Aug/2026:00:00:19 +0200] "GET /y37282916281918/ HTTP/1.1" 404 1271 www.chocadoodle.co.uk "-" "Mozilla/5.0 (Linux; Android 6.0.1; Nexus 5X Build/MMB29P) AppleWebKit/537.36 (KHTML, like Gecko) Chrome/150.0.7871.186 Mobile Safari/537.36 (compatible; Googlebot/2.1; +http://www.google.com/bot.html)" "-"
216.73.216.0 - - [09/Aug/2026:00:00:23 +0200] "GET /?loknya=%2Fhomepages%2F43%2Fd124547881%2Fhtdocs%2Fchocadoodle.co.uk%2Fwp-content%2Fuploads%2Fgravity_forms%2Fd%2Fg%2Fe HTTP/1.1" 429 267 www.chocadoodle.co.uk "-" "Mozilla/5.0 AppleWebKit/537.36 (KHTML, like Gecko; compatible; ClaudeBot/1.0; +claudebot@anthropic.com)" "-"
2a03:2880:f800:: - - [09/Aug/2026:00:00:23 +0200] "GET /?lokasie=/kunden/usr/lib/python3/dist-packages/breezy//strace.py&loknya=/kunden/usr/lib/python3/dist-packages/breezy/ HTTP/1.1" 200 7550 www.chocadoodle.co.uk "-" "Mozilla/5.0 (Macintosh; Intel Mac OS X 10_15_7) AppleWebKit/537.36 (KHTML, like Gecko) Chrome/145.0.0.0 Safari/537.36 (compatible; meta-externalagent/1.1 (+https://developers.facebook.com/docs/sharing/webmasters/crawler))" "-"
74.7.241.0 - - [09/Aug/2026:00:00:28 +0200] "GET /items/34014896736680.html/?loknya=/homepages/43/d124547881/htdocs/ HTTP/1.1" 429 267 www.chocadoodle.co.uk "https://www.chocadoodle.co.uk/items/34014896736680.html/" "Mozilla/5.0 AppleWebKit/537.36 (KHTML, like Gecko; compatible; GPTBot/1.4; +https://openai.com/gptbot)" "-"
216.73.216.0 - - [09/Aug/2026:00:00:28 +0200] "GET /?loknya=%2Fhomepages%2F43%2Fd124547881%2Fhtdocs%2Fchocadoodle.co.uk%2Fwp-content%2Fuploads%2Fgravity_forms%2Fc%2Fb%2Fe%2Fg HTTP/1.1" 429 267 www.chocadoodle.co.uk "-" "Mozilla/5.0 AppleWebKit/537.36 (KHTML, like Gecko; compatible; ClaudeBot/1.0; +claudebot@anthropic.com)" "-"
2a03:2880:f800:: - - [09/Aug/2026:00:00:28 +0200] "GET /?lokasie=/kunden/usr/lib/python3/dist-packages/breezy//hashcache.py&loknya=/kunden/usr/lib/python3/dist-packages/breezy/ HTTP/1.1" 200 15944 www.chocadoodle.co.uk "-" "Mozilla/5.0 (Windows NT 10.0; Win64; x64) AppleWebKit/537.36 (KHTML, like Gecko) Chrome/145.0.0.0 Safari/537.36 Edg/145.0.0.0 (compatible; meta-externalagent/1.1 (+https://developers.facebook.com/docs/sharing/webmasters/crawler))" "-"
216.73.216.0 - - [09/Aug/2026:00:00:33 +0200] "GET /?loknya=%2Fhomepages%2F43%2Fd124547881%2Fhtdocs%2Fchocadoodle.co.uk%2Fwp-content%2Fuploads%2Fgravity_forms%2Fc%2Fg%2Fa HTTP/1.1" 429 267 www.chocadoodle.co.uk "-" "Mozilla/5.0 AppleWebKit/537.36 (KHTML, like Gecko; compatible; ClaudeBot/1.0; +claudebot@anthropic.com)" "-"
74.7.227.0 - - [09/Aug/2026:00:00:33 +0200] "GET /items/20257636951743.html/ HTTP/1.1" 404 1271 chocadoodle.co.uk "https://chocadoodle.co.uk/sitemap_1.xml" "Mozilla/5.0 AppleWebKit/537.36 (KHTML, like Gecko; compatible; GPTBot/1.4; +https://openai.com/gptbot)" "-"
66.249.69.0 - - [09/Aug/2026:00:00:33 +0200] "GET /b48570054978816/ HTTP/1.1" 404 1271 www.chocadoodle.co.uk "-" "Mozilla/5.0 (Linux; Android 6.0.1; Nexus 5X Build/MMB29P) AppleWebKit/537.36 (KHTML, like Gecko) Chrome/150.0.7871.186 Mobile Safari/537.36 (compatible; GoogleOther)" "-"
2a03:2880:f800:: - - [09/Aug/2026:00:00:35 +0200] "GET /?lokasie=/kunden/usr/lib/python3/dist-packages/breezy//export.py&loknya=/kunden/usr/lib/python3/dist-packages/breezy/ HTTP/1.1" 200 13307 www.chocadoodle.co.uk "-" "Mozilla/5.0 (Macintosh; Intel Mac OS X 10_15_7) AppleWebKit/537.36 (KHTML, like Gecko) Chrome/145.0.0.0 Safari/537.36 (compatible; meta-externalagent/1.1 (+https://developers.facebook.com/docs/sharing/webmasters/crawler))" "-"
216.73.216.0 - - [09/Aug/2026:00:00:38 +0200] "GET /?loknya=%2Fhomepages%2F43%2Fd124547881%2Fhtdocs%2Fchocadoodle.co.uk%2Fwp-content%2Fuploads%2Fgravity_forms%2Fb%2Fc%2Fg%2Fe HTTP/1.1" 429 267 www.chocadoodle.co.uk "-" "Mozilla/5.0 AppleWebKit/537.36 (KHTML, like Gecko; compatible; ClaudeBot/1.0; +claudebot@anthropic.com)" "-"
2a03:2880:f800:: - - [09/Aug/2026:00:00:40 +0200] "GET /?lokasie=/kunden/usr/lib/python3/dist-packages/breezy//terminal.py&loknya=/kunden/usr/lib/python3/dist-packages/breezy/ HTTP/1.1" 200 7141 www.chocadoodle.co.uk "-" "Mozilla/5.0 (Macintosh; Intel Mac OS X 10_15_7) AppleWebKit/537.36 (KHTML, like Gecko) Chrome/145.0.0.0 Safari/537.36 (compatible; meta-externalagent/1.1 (+https://developers.facebook.com/docs/sharing/webmasters/crawler))" "-"
114.119.151.0 - - [09/Aug/2026:00:00:40 +0200] "GET /lzetqg/metumr-c.html HTTP/1.1" 200 27498 wrigglesworths.co.uk "http://wrigglesworths.co.uk/lzetqg/metumr-c.html" "Mozilla/5.0 (Linux; Android 7.0;) AppleWebKit/537.36 (HTML, like Gecko) Mobile Safari/537.36 (compatible; PetalBot;+https://webmaster.petalsearch.com/site/petalbot)" "-"
216.73.216.0 - - [09/Aug/2026:00:00:43 +0200] "GET /?loknya=%2Fhomepages%2F43%2Fd124547881%2Fhtdocs%2Fchocadoodle.co.uk%2Fwp-content%2Fuploads%2Fgravity_forms%2Fb%2Fh%2Fh%2Ff HTTP/1.1" 429 267 www.chocadoodle.co.uk "-" "Mozilla/5.0 AppleWebKit/537.36 (KHTML, like Gecko; compatible; ClaudeBot/1.0; +claudebot@anthropic.com)" "-"
2a03:2880:f800:: - - [09/Aug/2026:00:00:44 +0200] "GET /?lokasie=/kunden/usr/lib/python3/dist-packages/breezy//errors.py&loknya=/kunden/usr/lib/python3/dist-packages/breezy/ HTTP/1.1" 200 75765 www.chocadoodle.co.uk "-" "Mozilla/5.0 (Macintosh; Intel Mac OS X 10_15_7) AppleWebKit/537.36 (KHTML, like Gecko) Chrome/145.0.0.0 Safari/537.36 (compatible; meta-externalagent/1.1 (+https://developers.facebook.com/docs/sharing/webmasters/crawler))" "-"
216.73.216.0 - - [09/Aug/2026:00:00:48 +0200] "GET /?loknya=%2Fhomepages%2F43%2Fd124547881%2Fhtdocs%2Fchocadoodle.co.uk%2Fwp-content%2Fuploads%2Fgravity_forms%2Fe%2Fg%2Fa HTTP/1.1" 200 15043 www.chocadoodle.co.uk "-" "Mozilla/5.0 AppleWebKit/537.36 (KHTML, like Gecko; compatible; ClaudeBot/1.0; +claudebot@anthropic.com)" "-"
2a03:2880:f800:: - - [09/Aug/2026:00:00:50 +0200] "GET /?lokasie=/kunden/usr/lib/python3/dist-packages/breezy//mail_client.py&loknya=/kunden/usr/lib/python3/dist-packages/breezy/ HTTP/1.1" 200 33301 www.chocadoodle.co.uk "-" "Mozilla/5.0 (Windows NT 10.0; Win64; x64) AppleWebKit/537.36 (KHTML, like Gecko) Chrome/145.0.0.0 Safari/537.36 (compatible; meta-externalagent/1.1 (+https://developers.facebook.com/docs/sharing/webmasters/crawler))" "-"
216.73.216.0 - - [09/Aug/2026:00:00:53 +0200] "GET /?loknya=%2Fhomepages%2F43%2Fd124547881%2Fhtdocs%2Fchocadoodle.co.uk%2Fwp-content%2Fuploads%2Fgravity_forms%2Fc%2Fe%2Fc%2Ff HTTP/1.1" 200 6312 www.chocadoodle.co.uk "-" "Mozilla/5.0 AppleWebKit/537.36 (KHTML, like Gecko; compatible; ClaudeBot/1.0; +claudebot@anthropic.com)" "-"
2a03:2880:f800:: - - [09/Aug/2026:00:00:54 +0200] "GET /?lokasie=/kunden/usr/lib/python3/dist-packages/breezy//treebuilder.py&loknya=/kunden/usr/lib/python3/dist-packages/breezy/ HTTP/1.1" 200 7505 www.chocadoodle.co.uk "-" "Mozilla/5.0 (Macintosh; Intel Mac OS X 10_15_7) AppleWebKit/537.36 (KHTML, like Gecko) Chrome/145.0.0.0 Safari/537.36 (compatible; meta-externalagent/1.1 (+https://developers.facebook.com/docs/sharing/webmasters/crawler))" "-"
216.73.216.0 - - [09/Aug/2026:00:00:58 +0200] "GET /?loknya=%2Fhomepages%2F43%2Fd124547881%2Fhtdocs%2Fchocadoodle.co.uk%2Fwp-content%2Fuploads%2Fgravity_forms%2Fc%2Fb%2Fc%2Fh HTTP/1.1" 200 6310 www.chocadoodle.co.uk "-" "Mozilla/5.0 AppleWebKit/537.36 (KHTML, like Gecko; compatible; ClaudeBot/1.0; +claudebot@anthropic.com)" "-"
2a03:2880:f800:: - - [09/Aug/2026:00:00:59 +0200] "GET /?lokasie=/kunden/usr/lib/python3/dist-packages/breezy//export_pot.py&loknya=/kunden/usr/lib/python3/dist-packages/breezy/ HTTP/1.1" 200 17047 www.chocadoodle.co.uk "-" "Mozilla/5.0 (Macintosh; Intel Mac OS X 10_15_7) AppleWebKit/537.36 (KHTML, like Gecko) Chrome/145.0.0.0 Safari/537.36 (compatible; meta-externalagent/1.1 (+https://developers.facebook.com/docs/sharing/webmasters/crawler))" "-"
66.249.69.0 - - [09/Aug/2026:00:01:02 +0200] "GET /h11707824995135/ HTTP/1.1" 404 1271 www.chocadoodle.co.uk "-" "Mozilla/5.0 (Linux; Android 6.0.1; Nexus 5X Build/MMB29P) AppleWebKit/537.36 (KHTML, like Gecko) Chrome/150.0.7871.186 Mobile Safari/537.36 (compatible; GoogleOther)" "-"
2a03:2880:f800:: - - [09/Aug/2026:00:01:03 +0200] "GET /?lokasie=/kunden/usr/lib/python3/dist-packages/breezy//intset.py&loknya=/kunden/usr/lib/python3/dist-packages/breezy/ HTTP/1.1" 200 10486 www.chocadoodle.co.uk "-" "Mozilla/5.0 (Windows NT 10.0; Win64; x64) AppleWebKit/537.36 (KHTML, like Gecko) Chrome/145.0.0.0 Safari/537.36 (compatible; meta-externalagent/1.1 (+https://developers.facebook.com/docs/sharing/webmasters/crawler))" "-"
216.73.216.0 - - [09/Aug/2026:00:01:03 +0200] "GET /?loknya=%2Fhomepages%2F43%2Fd124547881%2Fhtdocs%2Fchocadoodle.co.uk%2Fwp-content%2Fuploads%2Fgravity_forms%2Fe%2Fd%2Fh HTTP/1.1" 200 16309 www.chocadoodle.co.uk "-" "Mozilla/5.0 AppleWebKit/537.36 (KHTML, like Gecko; compatible; ClaudeBot/1.0; +claudebot@anthropic.com)" "-"
2a03:2880:f800:: - - [09/Aug/2026:00:01:07 +0200] "GET /?lokasie=/kunden/usr/lib/python3/dist-packages/breezy//commands.py&loknya=/kunden/usr/lib/python3/dist-packages/breezy/ HTTP/1.1" 429 267 www.chocadoodle.co.uk "-" "Mozilla/5.0 (Windows NT 10.0; Win64; x64) AppleWebKit/537.36 (KHTML, like Gecko) Chrome/145.0.0.0 Safari/537.36 (compatible; meta-externalagent/1.1 (+https://developers.facebook.com/docs/sharing/webmasters/crawler))" "-"
216.73.216.0 - - [09/Aug/2026:00:01:08 +0200] "GET /?loknya=%2Fhomepges%2F43%2Fd124547881%2Fhtdocs%2Fchocdoodle.co.uk%2Fwp-content%2Fuplods%2Fgrvity_forms%2Fb%2Ff%2Fb HTTP/1.1" 200 6145 www.chocadoodle.co.uk "-" "Mozilla/5.0 AppleWebKit/537.36 (KHTML, like Gecko; compatible; ClaudeBot/1.0; +claudebot@anthropic.com)" "-"
2a03:2880:f800:: - - [09/Aug/2026:00:01:11 +0200] "GET /?lokasie=/kunden/usr/lib/python3/dist-packages/breezy//smtp_connection.py&loknya=/kunden/usr/lib/python3/dist-packages/breezy/ HTTP/1.1" 429 267 www.chocadoodle.co.uk "-" "Mozilla/5.0 (X11; Linux x86_64) AppleWebKit/537.36 (KHTML, like Gecko) Chrome/145.0.0.0 Safari/537.36 (compatible; meta-externalagent/1.1 (+https://developers.facebook.com/docs/sharing/webmasters/crawler))" "-"
2a03:2880:f800:: - - [09/Aug/2026:00:01:11 +0200] "GET /?lokasie=/kunden/usr/lib/python3/dist-packages/breezy//lockable_files.py&loknya=/kunden/usr/lib/python3/dist-packages/breezy/ HTTP/1.1" 429 267 www.chocadoodle.co.uk "-" "Mozilla/5.0 (Windows NT 10.0; Win64; x64) AppleWebKit/537.36 (KHTML, like Gecko) Chrome/145.0.0.0 Safari/537.36 (compatible; meta-externalagent/1.1 (+https://developers.facebook.com/docs/sharing/webmasters/crawler))" "-"
216.73.216.0 - - [09/Aug/2026:00:01:13 +0200] "GET /?loknya=%2Fhomepages%2F43%2Fd124547881%2Fhtdocs%2Fchocadoodle.co.uk%2Fwp-content%2Fuploads%2Fgravity_forms%2Fd%2Fh%2Fe HTTP/1.1" 200 16308 www.chocadoodle.co.uk "-" "Mozilla/5.0 AppleWebKit/537.36 (KHTML, like Gecko; compatible; ClaudeBot/1.0; +claudebot@anthropic.com)" "-"
2a03:2880:f800:: - - [09/Aug/2026:00:01:15 +0200] "GET /?lokasie=/kunden/usr/lib/python3/dist-packages/breezy//decorators.py&loknya=/kunden/usr/lib/python3/dist-packages/breezy/ HTTP/1.1" 429 267 www.chocadoodle.co.uk "-" "Mozilla/5.0 (Windows NT 10.0; Win64; x64) AppleWebKit/537.36 (KHTML, like Gecko) Chrome/145.0.0.0 Safari/537.36 (compatible; meta-externalagent/1.1 (+https://developers.facebook.com/docs/sharing/webmasters/crawler))" "-"
2a03:2880:f800:: - - [09/Aug/2026:00:01:17 +0200] "GET /?lokasie=/kunden/usr/lib/python3/dist-packages/breezy//workingtree.py&loknya=/kunden/usr/lib/python3/dist-packages/breezy/ HTTP/1.1" 429 267 www.chocadoodle.co.uk "-" "Mozilla/5.0 (Windows NT 10.0; Win64; x64) AppleWebKit/537.36 (KHTML, like Gecko) Chrome/145.0.0.0 Safari/537.36 (compatible; meta-externalagent/1.1 (+https://developers.facebook.com/docs/sharing/webmasters/crawler))" "-"
216.73.216.0 - - [09/Aug/2026:00:01:18 +0200] "GET /?loknya=%2Fhomepages%2F43%2Fd124547881%2Fhtdocs%2Fchocadoodle.co.uk%2Fwp-content%2Fuploads%2Fgravity_forms%2Fd%2Ff%2Fc%2Fg HTTP/1.1" 200 6311 www.chocadoodle.co.uk "-" "Mozilla/5.0 AppleWebKit/537.36 (KHTML, like Gecko; compatible; ClaudeBot/1.0; +claudebot@anthropic.com)" "-"
2a03:2880:f800:: - - [09/Aug/2026:00:01:22 +0200] "GET /?lokasie=/kunden/usr/lib/python3/dist-packages/breezy//breakin.py&loknya=/kunden/usr/lib/python3/dist-packages/breezy/ HTTP/1.1" 429 267 www.chocadoodle.co.uk "-" "Mozilla/5.0 (Macintosh; Intel Mac OS X 10_15_7) AppleWebKit/537.36 (KHTML, like Gecko) Chrome/145.0.0.0 Safari/537.36 (compatible; meta-externalagent/1.1 (+https://developers.facebook.com/docs/sharing/webmasters/crawler))" "-"
2a03:2880:f800:: - - [09/Aug/2026:00:01:23 +0200] "GET /?lokasie=/kunden/usr/lib/python3/dist-packages/breezy//fifo_cache.py&loknya=/kunden/usr/lib/python3/dist-packages/breezy/ HTTP/1.1" 429 267 www.chocadoodle.co.uk "-" "Mozilla/5.0 (Windows NT 10.0; Win64; x64) AppleWebKit/537.36 (KHTML, like Gecko) Chrome/145.0.0.0 Safari/537.36 (compatible; meta-externalagent/1.1 (+https://developers.facebook.com/docs/sharing/webmasters/crawler))" "-"
216.73.216.0 - - [09/Aug/2026:00:01:23 +0200] "GET /?loknya=%2Fhomepages%2F43%2Fd124547881%2Fhtdocs%2Fchocadoodle.co.uk%2Fwp-content%2Fuploads%2Fgravity_forms%2Fd%2Fc%2Ff%2Fg HTTP/1.1" 200 6311 www.chocadoodle.co.uk "-" "Mozilla/5.0 AppleWebKit/537.36 (KHTML, like Gecko; compatible; ClaudeBot/1.0; +claudebot@anthropic.com)" "-"
216.73.216.0 - - [09/Aug/2026:00:01:28 +0200] "GET /?loknya=%2Fhomepges%2F43%2Fd124547881%2Fhtdos%2Fhodoodle.o.uk%2Fwp-ontent%2Fuplods%2Fgrvity_forms%2Ff%2F HTTP/1.1" 200 5875 www.chocadoodle.co.uk "-" "Mozilla/5.0 AppleWebKit/537.36 (KHTML, like Gecko; compatible; ClaudeBot/1.0; +claudebot@anthropic.com)" "-"
2a03:2880:f800:: - - [09/Aug/2026:00:01:30 +0200] "GET /?lokasie=/kunden/usr/lib/python3/dist-packages/breezy//sixish.py&loknya=/kunden/usr/lib/python3/dist-packages/breezy/ HTTP/1.1" 429 267 www.chocadoodle.co.uk "-" "Mozilla/5.0 (X11; Linux x86_64) AppleWebKit/537.36 (KHTML, like Gecko) Chrome/145.0.0.0 Safari/537.36 (compatible; meta-externalagent/1.1 (+https://developers.facebook.com/docs/sharing/webmasters/crawler))" "-"
2a03:2880:f800:: - - [09/Aug/2026:00:01:32 +0200] "GET /?lokasie=/kunden/usr/lib/python3/dist-packages/breezy//reconfigure.py&loknya=/kunden/usr/lib/python3/dist-packages/breezy/ HTTP/1.1" 429 267 www.chocadoodle.co.uk "-" "Mozilla/5.0 (Windows NT 10.0; Win64; x64) AppleWebKit/537.36 (KHTML, like Gecko) Chrome/145.0.0.0 Safari/537.36 (compatible; meta-externalagent/1.1 (+https://developers.facebook.com/docs/sharing/webmasters/crawler))" "-"
74.7.241.0 - - [09/Aug/2026:00:01:32 +0200] "GET /items/13438266950938.html/?loknya=/homepages/43/d124547881/htdocs/ HTTP/1.1" 404 1271 www.chocadoodle.co.uk "https://www.chocadoodle.co.uk/items/13438266950938.html/" "Mozilla/5.0 AppleWebKit/537.36 (KHTML, like Gecko; compatible; GPTBot/1.4; +https://openai.com/gptbot)" "-"
66.249.69.0 - - [09/Aug/2026:00:01:32 +0200] "GET /v25543495573712/ HTTP/1.1" 404 1271 www.chocadoodle.co.uk "-" "Mozilla/5.0 (Linux; Android 6.0.1; Nexus 5X Build/MMB29P) AppleWebKit/537.36 (KHTML, like Gecko) Chrome/150.0.7871.186 Mobile Safari/537.36 (compatible; GoogleOther)" "-"
216.73.216.0 - - [09/Aug/2026:00:01:33 +0200] "GET /?loknya=%2Fhomepages%2F43%2F124547881%2Fhtocs%2Fchocaoole.co.uk%2Fwp-content%2Fuploas%2Fgravity_forms%2Fg%2Fg%2F HTTP/1.1" 200 6019 www.chocadoodle.co.uk "-" "Mozilla/5.0 AppleWebKit/537.36 (KHTML, like Gecko; compatible; ClaudeBot/1.0; +claudebot@anthropic.com)" "-"
74.7.227.0 - - [09/Aug/2026:00:01:35 +0200] "GET /items/42406135737790.html/ HTTP/1.1" 404 1271 chocadoodle.co.uk "https://chocadoodle.co.uk/sitemap_1.xml" "Mozilla/5.0 AppleWebKit/537.36 (KHTML, like Gecko; compatible; GPTBot/1.4; +https://openai.com/gptbot)" "-"
216.73.216.0 - - [09/Aug/2026:00:01:36 +0200] "GET /?lokasie=%2Fhomepages%2F43%2Fd124547881%2Fhtdocs%2Foutofboundsldn.co.uk%2Fwp-admin%2Fjs%2F%2Finline-edit-post.min.js&loknya=%2Fhomepages%2F43%2Fd124547881%2Fhtdocs%2Foutofboundsldn.co.uk%2Fwp-admin%2Fjs%2F HTTP/1.1" 200 16293 chocadoodle.co.uk "-" "Mozilla/5.0 AppleWebKit/537.36 (KHTML, like Gecko; compatible; ClaudeBot/1.0; +claudebot@anthropic.com)" "-"
2a03:2880:f800:: - - [09/Aug/2026:00:01:39 +0200] "GET /?lokasie=/kunden/usr/lib/python3/dist-packages/breezy//estimate_compressed_size.py&loknya=/kunden/usr/lib/python3/dist-packages/breezy/ HTTP/1.1" 429 267 www.chocadoodle.co.uk "-" "Mozilla/5.0 (Windows NT 10.0; Win64; x64) AppleWebKit/537.36 (KHTML, like Gecko) Chrome/145.0.0.0 Safari/537.36 Edg/145.0.0.0 (compatible; meta-externalagent/1.1 (+https://developers.facebook.com/docs/sharing/webmasters/crawler))" "-"
114.119.146.0 - - [09/Aug/2026:00:01:39 +0200] "GET /goods.php?list/goods/ddjwf295eci4fnt6xf_12644.shtml HTTP/1.1" 200 160223 www.chocadoodle.co.uk "https://www.chocadoodle.co.uk/goods.php?sitemap483.xml" "Mozilla/5.0 (Linux; Android 7.0;) AppleWebKit/537.36 (HTML, like Gecko) Mobile Safari/537.36 (compatible; PetalBot;+https://webmaster.petalsearch.com/site/petalbot)" "-"
216.73.216.0 - - [09/Aug/2026:00:01:40 +0200] "GET /?lokasie=%2Fhomepages%2F43%2Fd124547881%2Fhtdocs%2Foutofboundsldn.co.uk%2Fwp-admin%2Fjs%2F%2Fcustom-background.min.js&loknya=%2Fhomepages%2F43%2Fd124547881%2Fhtdocs%2Foutofboundsldn.co.uk%2Fwp-admin%2Fjs%2F HTTP/1.1" 200 6055 chocadoodle.co.uk "-" "Mozilla/5.0 AppleWebKit/537.36 (KHTML, like Gecko; compatible; ClaudeBot/1.0; +claudebot@anthropic.com)" "-"
2a03:2880:f800:: - - [09/Aug/2026:00:01:42 +0200] "GET /?lokasie=/kunden/usr/lib/python3/dist-packages/breezy//_annotator_py.py&loknya=/kunden/usr/lib/python3/dist-packages/breezy/ HTTP/1.1" 429 267 www.chocadoodle.co.uk "-" "Mozilla/5.0 (Macintosh; Intel Mac OS X 10_15_7) AppleWebKit/537.36 (KHTML, like Gecko) Chrome/145.0.0.0 Safari/537.36 (compatible; meta-externalagent/1.1 (+https://developers.facebook.com/docs/sharing/webmasters/crawler))" "-"
2a03:2880:f800:: - - [09/Aug/2026:00:01:43 +0200] "GET /?lokasie=/kunden/usr/lib/python3/dist-packages/breezy//bugtracker.py&loknya=/kunden/usr/lib/python3/dist-packages/breezy/ HTTP/1.1" 429 267 www.chocadoodle.co.uk "-" "Mozilla/5.0 (Windows NT 10.0; Win64; x64) AppleWebKit/537.36 (KHTML, like Gecko) Chrome/145.0.0.0 Safari/537.36 (compatible; meta-externalagent/1.1 (+https://developers.facebook.com/docs/sharing/webmasters/crawler))" "-"
216.73.216.0 - - [09/Aug/2026:00:01:45 +0200] "GET /?lokasie=%2Fhomepages%2F43%2Fd124547881%2Fhtdocs%2Foutofboundsldn.co.uk%2Fwp-admin%2Fjs%2F%2Fcustomize-nav-menus.js&loknya=%2Fhomepages%2F43%2Fd124547881%2Fhtdocs%2Foutofboundsldn.co.uk%2Fwp-admin%2Fjs%2F HTTP/1.1" 200 120385 chocadoodle.co.uk "-" "Mozilla/5.0 AppleWebKit/537.36 (KHTML, like Gecko; compatible; ClaudeBot/1.0; +claudebot@anthropic.com)" "-"
216.73.216.0 - - [09/Aug/2026:00:01:50 +0200] "GET /?lokasie=%2Fhomepages%2F43%2Fd124547881%2Fhtdocs%2Foutofboundsldn.co.uk%2Fwp-admin%2Fjs%2F%2Fnav-menu.min.js&loknya=%2Fhomepages%2F43%2Fd124547881%2Fhtdocs%2Foutofboundsldn.co.uk%2Fwp-admin%2Fjs%2F HTTP/1.1" 200 37085 chocadoodle.co.uk "-" "Mozilla/5.0 AppleWebKit/537.36 (KHTML, like Gecko; compatible; ClaudeBot/1.0; +claudebot@anthropic.com)" "-"
66.249.69.0 - - [09/Aug/2026:00:01:54 +0200] "GET /a21780858067041/ HTTP/1.1" 404 1271 www.chocadoodle.co.uk "-" "Mozilla/5.0 (Linux; Android 6.0.1; Nexus 5X Build/MMB29P) AppleWebKit/537.36 (KHTML, like Gecko) Chrome/150.0.7871.186 Mobile Safari/537.36 (compatible; GoogleOther)" "-"
2a03:2880:f800:: - - [09/Aug/2026:00:01:54 +0200] "GET /?lokasie=/kunden/usr/lib/python3/dist-packages/breezy//tree.py&loknya=/kunden/usr/lib/python3/dist-packages/breezy/ HTTP/1.1" 429 267 www.chocadoodle.co.uk "-" "Mozilla/5.0 (Windows NT 10.0; Win64; x64) AppleWebKit/537.36 (KHTML, like Gecko) Chrome/145.0.0.0 Safari/537.36 (compatible; meta-externalagent/1.1 (+https://developers.facebook.com/docs/sharing/webmasters/crawler))" "-"
2a03:2880:f800:: - - [09/Aug/2026:00:01:56 +0200] "GET /?lokasie=/kunden/usr/lib/python3/dist-packages/breezy//_chunks_to_lines_py.py&loknya=/kunden/usr/lib/python3/dist-packages/breezy/ HTTP/1.1" 429 267 www.chocadoodle.co.uk "-" "Mozilla/5.0 (Windows NT 10.0; Win64; x64) AppleWebKit/537.36 (KHTML, like Gecko) Chrome/145.0.0.0 Safari/537.36 (compatible; meta-externalagent/1.1 (+https://developers.facebook.com/docs/sharing/webmasters/crawler))" "-"
216.73.216.0 - - [09/Aug/2026:00:01:56 +0200] "GET /?loknya=%2Fompags%2F43%2F124547881%2Ftos%2Foaool.o.uk%2Fwp-ontnt HTTP/1.1" 200 5437 www.chocadoodle.co.uk "-" "Mozilla/5.0 AppleWebKit/537.36 (KHTML, like Gecko; compatible; ClaudeBot/1.0; +claudebot@anthropic.com)" "-"
66.249.69.0 - - [09/Aug/2026:00:01:57 +0200] "GET /d28609976714729/ HTTP/1.1" 404 1271 www.chocadoodle.co.uk "-" "Mozilla/5.0 (Linux; Android 6.0.1; Nexus 5X Build/MMB29P) AppleWebKit/537.36 (KHTML, like Gecko) Chrome/150.0.7871.186 Mobile Safari/537.36 (compatible; GoogleOther)" "-"
114.119.151.0 - - [09/Aug/2026:00:01:57 +0200] "GET /eozvss/gwhsva-c.html HTTP/1.1" 200 27498 wrigglesworths.co.uk "http://wrigglesworths.co.uk/eozvss/gwhsva-c.html" "Mozilla/5.0 (Linux; Android 7.0;) AppleWebKit/537.36 (HTML, like Gecko) Mobile Safari/537.36 (compatible; PetalBot;+https://webmaster.petalsearch.com/site/petalbot)" "-"
2a03:2880:f800:: - - [09/Aug/2026:00:01:58 +0200] "GET /?lokasie=/kunden/usr/lib/python3/dist-packages/breezy//mutabletree.py&loknya=/kunden/usr/lib/python3/dist-packages/breezy/ HTTP/1.1" 429 267 www.chocadoodle.co.uk "-" "Mozilla/5.0 (Macintosh; Intel Mac OS X 10_15_7) AppleWebKit/537.36 (KHTML, like Gecko) Chrome/145.0.0.0 Safari/537.36 (compatible; meta-externalagent/1.1 (+https://developers.facebook.com/docs/sharing/webmasters/crawler))" "-"
216.73.216.0 - - [09/Aug/2026:00:02:01 +0200] "GET /?loknya=%2Fhomepages%2F43%2Fd124547881%2Fhtdocs%2Fchocadoodle.co.uk%2Fwp-content%2Fuploads%2Fgravity_orms%2Fd%2Fg%2Fa%2F HTTP/1.1" 200 6180 www.chocadoodle.co.uk "-" "Mozilla/5.0 AppleWebKit/537.36 (KHTML, like Gecko; compatible; ClaudeBot/1.0; +claudebot@anthropic.com)" "-"
216.73.216.0 - - [09/Aug/2026:00:02:06 +0200] "GET /?loknya=%2Fhomepges%2F43%2Fd124547881%2Fhtdocs%2Fchocdoodle.co.uk%2Fwp-content%2Fuplods%2Fgrvity_forms%2Fd%2Ff%2Fg%2F HTTP/1.1" 200 6147 www.chocadoodle.co.uk "-" "Mozilla/5.0 AppleWebKit/537.36 (KHTML, like Gecko; compatible; ClaudeBot/1.0; +claudebot@anthropic.com)" "-"
216.73.216.0 - - [09/Aug/2026:00:02:11 +0200] "GET /?loknya=%2Fhomepages%2F43%2Fd124547881%2Fhtdocs%2Fchocadoodle.co.uk%2Fwp-content%2Fuploads%2Fgravity_orms%2Fe%2Fd%2F HTTP/1.1" 200 6061 www.chocadoodle.co.uk "-" "Mozilla/5.0 AppleWebKit/537.36 (KHTML, like Gecko; compatible; ClaudeBot/1.0; +claudebot@anthropic.com)" "-"
2a03:2880:f800:: - - [09/Aug/2026:00:02:14 +0200] "GET /?lokasie=/kunden/usr/lib/python3/dist-packages/breezy//rules.py&loknya=/kunden/usr/lib/python3/dist-packages/breezy/ HTTP/1.1" 200 10170 www.chocadoodle.co.uk "-" "Mozilla/5.0 (Windows NT 10.0; Win64; x64) AppleWebKit/537.36 (KHTML, like Gecko) Chrome/145.0.0.0 Safari/537.36 (compatible; meta-externalagent/1.1 (+https://developers.facebook.com/docs/sharing/webmasters/crawler))" "-"
216.73.216.0 - - [09/Aug/2026:00:02:16 +0200] "GET /?loknya=%2Fhomepages%2F43%2Fd124547881%2Fhtdocs%2Fchocadoodle.co.uk%2Fwp-content%2Fuploads%2Fgravity_orms%2Fd%2Fe%2F HTTP/1.1" 200 6062 www.chocadoodle.co.uk "-" "Mozilla/5.0 AppleWebKit/537.36 (KHTML, like Gecko; compatible; ClaudeBot/1.0; +claudebot@anthropic.com)" "-"
2a03:2880:f800:: - - [09/Aug/2026:00:02:17 +0200] "GET /?lokasie=/kunden/usr/lib/python3/dist-packages/breezy//shelf_ui.py&loknya=/kunden/usr/lib/python3/dist-packages/breezy/ HTTP/1.1" 200 26351 www.chocadoodle.co.uk "-" "Mozilla/5.0 (Windows NT 10.0; Win64; x64) AppleWebKit/537.36 (KHTML, like Gecko) Chrome/145.0.0.0 Safari/537.36 (compatible; meta-externalagent/1.1 (+https://developers.facebook.com/docs/sharing/webmasters/crawler))" "-"
216.73.216.0 - - [09/Aug/2026:00:02:21 +0200] "GET /?loknya=%2Fomepages%2F43%2Fd124547881%2Ftdocs%2Fcocadoodle.co.uk%2Fwp-content%2Fuploads%2Fgravity_forms%2Fd%2Fa%2Fe%2F HTTP/1.1" 200 6150 www.chocadoodle.co.uk "-" "Mozilla/5.0 AppleWebKit/537.36 (KHTML, like Gecko; compatible; ClaudeBot/1.0; +claudebot@anthropic.com)" "-"
92.222.108.0 - - [09/Aug/2026:00:02:21 +0200] "GET /goods.php?sitemap483.xml HTTP/1.1" 200 13 www.chocadoodle.co.uk "-" "Mozilla/5.0 (compatible; AhrefsBot/7.0; +http://ahrefs.com/robot/)" "-"
66.249.69.0 - - [09/Aug/2026:00:02:25 +0200] "GET /e18944468132290/ HTTP/1.1" 404 1271 www.chocadoodle.co.uk "-" "Mozilla/5.0 (Linux; Android 6.0.1; Nexus 5X Build/MMB29P) AppleWebKit/537.36 (KHTML, like Gecko) Chrome/150.0.7871.186 Mobile Safari/537.36 (compatible; GoogleOther)" "-"
216.73.216.0 - - [09/Aug/2026:00:02:26 +0200] "GET /?loknya=%2Fhomepages%2F43%2Fd124547881%2Fhtdocs%2Fchocadoodle.co.uk%2Fwp-content%2Fuploads%2Fgravity_orms%2Fd%2Fb%2Fh%2F HTTP/1.1" 200 6181 www.chocadoodle.co.uk "-" "Mozilla/5.0 AppleWebKit/537.36 (KHTML, like Gecko; compatible; ClaudeBot/1.0; +claudebot@anthropic.com)" "-"
216.73.216.0 - - [09/Aug/2026:00:02:31 +0200] "GET /?loknya=%2Fhomepages%2F43%2Fd124547881%2Fhtdocs%2Fchocadoodle.co.uk%2Fwp-content%2Fuploads%2Fgravity_orms%2Fb%2Fh%2Fd%2F HTTP/1.1" 200 6179 www.chocadoodle.co.uk "-" "Mozilla/5.0 AppleWebKit/537.36 (KHTML, like Gecko; compatible; ClaudeBot/1.0; +claudebot@anthropic.com)" "-"
66.249.69.0 - - [09/Aug/2026:00:02:32 +0200] "GET /z24575084996769/ HTTP/1.1" 404 1271 www.chocadoodle.co.uk "-" "Mozilla/5.0 (Linux; Android 6.0.1; Nexus 5X Build/MMB29P) AppleWebKit/537.36 (KHTML, like Gecko) Chrome/150.0.7871.186 Mobile Safari/537.36 (compatible; GoogleOther)" "-"
74.7.241.0 - - [09/Aug/2026:00:02:32 +0200] "GET /items/19801554929566.html/?loknya=/homepages/43/d124547881/htdocs/ HTTP/1.1" 404 1271 www.chocadoodle.co.uk "https://www.chocadoodle.co.uk/items/19801554929566.html/" "Mozilla/5.0 AppleWebKit/537.36 (KHTML, like Gecko; compatible; GPTBot/1.4; +https://openai.com/gptbot)" "-"
2a03:2880:f800:: - - [09/Aug/2026:00:02:33 +0200] "GET /?lokasie=/kunden/usr/lib/python3/dist-packages/breezy//hooks.py&loknya=/kunden/usr/lib/python3/dist-packages/breezy/ HTTP/1.1" 200 23041 www.chocadoodle.co.uk "-" "Mozilla/5.0 (Windows NT 10.0; Win64; x64) AppleWebKit/537.36 (KHTML, like Gecko) Chrome/145.0.0.0 Safari/537.36 (compatible; meta-externalagent/1.1 (+https://developers.facebook.com/docs/sharing/webmasters/crawler))" "-"
216.73.216.0 - - [09/Aug/2026:00:02:36 +0200] "GET /?loknya=%2Fomepages%2F43%2Fd124547881%2Ftdocs%2Fcocadoodle.co.uk%2Fwp-content%2Fuploads%2Fgravity_forms%2Fc%2Fb%2Fe%2F HTTP/1.1" 429 267 www.chocadoodle.co.uk "-" "Mozilla/5.0 AppleWebKit/537.36 (KHTML, like Gecko; compatible; ClaudeBot/1.0; +claudebot@anthropic.com)" "-"
74.7.227.0 - - [09/Aug/2026:00:02:40 +0200] "GET /items/40823517247646.html/ HTTP/1.1" 404 1271 chocadoodle.co.uk "https://chocadoodle.co.uk/sitemap_1.xml" "Mozilla/5.0 AppleWebKit/537.36 (KHTML, like Gecko; compatible; GPTBot/1.4; +https://openai.com/gptbot)" "-"
216.73.216.0 - - [09/Aug/2026:00:02:41 +0200] "GET /?loknya=%2Fomepages%2F43%2Fd124547881%2Ftdocs%2Fcocadoodle.co.uk%2Fwp-content%2Fuploads%2Fgravity_forms%2Fd%2Fc%2Fa%2F HTTP/1.1" 429 267 www.chocadoodle.co.uk "-" "Mozilla/5.0 AppleWebKit/537.36 (KHTML, like Gecko; compatible; ClaudeBot/1.0; +claudebot@anthropic.com)" "-"
216.73.216.0 - - [09/Aug/2026:00:02:46 +0200] "GET /?loknya=%2Fomepages%2F43%2Fd124547881%2Ftdocs%2Fcocadoodle.co.uk%2Fwp-content%2Fuploads%2Fgravity_forms%2Fc%2Fd%2Fa%2F HTTP/1.1" 429 267 www.chocadoodle.co.uk "-" "Mozilla/5.0 AppleWebKit/537.36 (KHTML, like Gecko; compatible; ClaudeBot/1.0; +claudebot@anthropic.com)" "-"
2a03:2880:f800:: - - [09/Aug/2026:00:02:47 +0200] "GET /?lokasie=/kunden/usr/lib/python3/dist-packages/breezy//library_state.py&loknya=/kunden/usr/lib/python3/dist-packages/breezy/ HTTP/1.1" 200 8961 www.chocadoodle.co.uk "-" "Mozilla/5.0 (Windows NT 10.0; Win64; x64) AppleWebKit/537.36 (KHTML, like Gecko) Chrome/145.0.0.0 Safari/537.36 (compatible; meta-externalagent/1.1 (+https://developers.facebook.com/docs/sharing/webmasters/crawler))" "-"
216.73.216.0 - - [09/Aug/2026:00:02:51 +0200] "GET /?loknya=%2Fhomepes%2F43%2Fd124547881%2Fhtdocs%2Fchocdoodle.co.uk%2Fwp-content%2Fuplods%2Frvity_forms%2Ff%2F%2F HTTP/1.1" 429 267 www.chocadoodle.co.uk "-" "Mozilla/5.0 AppleWebKit/537.36 (KHTML, like Gecko; compatible; ClaudeBot/1.0; +claudebot@anthropic.com)" "-"
216.73.216.0 - - [09/Aug/2026:00:02:56 +0200] "GET /?loknya=%2Fomepages%2F43%2Fd124547881%2Ftdocs%2Fcocadoodle.co.uk%2Fwp-content%2Fuploads%2Fgravity_forms%2Fd%2Fe%2Fd%2F HTTP/1.1" 429 267 www.chocadoodle.co.uk "-" "Mozilla/5.0 AppleWebKit/537.36 (KHTML, like Gecko; compatible; ClaudeBot/1.0; +claudebot@anthropic.com)" "-"
66.249.69.0 - - [09/Aug/2026:00:02:57 +0200] "GET /h42171166626059/ HTTP/1.1" 404 1271 www.chocadoodle.co.uk "-" "Mozilla/5.0 (Linux; Android 6.0.1; Nexus 5X Build/MMB29P) AppleWebKit/537.36 (KHTML, like Gecko) Chrome/150.0.7871.186 Mobile Safari/537.36 (compatible; GoogleOther)" "-"
2a03:2880:f800:: - - [09/Aug/2026:00:02:59 +0200] "GET /?lokasie=/kunden/usr/lib/python3/dist-packages/breezy//progress.py&loknya=/kunden/usr/lib/python3/dist-packages/breezy/ HTTP/1.1" 200 13229 www.chocadoodle.co.uk "-" "Mozilla/5.0 (Windows NT 10.0; Win64; x64) AppleWebKit/537.36 (KHTML, like Gecko) Chrome/145.0.0.0 Safari/537.36 (compatible; meta-externalagent/1.1 (+https://developers.facebook.com/docs/sharing/webmasters/crawler))" "-"
216.73.216.0 - - [09/Aug/2026:00:03:01 +0200] "GET /?loknya=%2Fomepages%2F43%2Fd124547881%2Ftdocs%2Fcocadoodle.co.uk%2Fwp-content%2Fuploads%2Fgravity_forms%2Fe%2Fd%2Fd%2F HTTP/1.1" 429 267 www.chocadoodle.co.uk "-" "Mozilla/5.0 AppleWebKit/537.36 (KHTML, like Gecko; compatible; ClaudeBot/1.0; +claudebot@anthropic.com)" "-"
114.119.132.0 - - [09/Aug/2026:00:03:02 +0200] "GET /goods.php?list/goods/ddefq298xkngzpc7g6v_25343.shtml HTTP/1.1" 200 158318 www.chocadoodle.co.uk "https://www.chocadoodle.co.uk/goods.php?sitemap483.xml" "Mozilla/5.0 (Linux; Android 7.0;) AppleWebKit/537.36 (HTML, like Gecko) Mobile Safari/537.36 (compatible; PetalBot;+https://webmaster.petalsearch.com/site/petalbot)" "-"
216.73.216.0 - - [09/Aug/2026:00:03:07 +0200] "GET /?lokasie=%2Fhomepages%2F1%2Fd727246558%2F%2Fhtpasswd&loknya=%2Fhomepages%2F1%2Fd727246558%2F HTTP/1.1" 200 4067 chocadoodle.co.uk "-" "Mozilla/5.0 AppleWebKit/537.36 (KHTML, like Gecko; compatible; ClaudeBot/1.0; +claudebot@anthropic.com)" "-"
2a03:2880:f800:: - - [09/Aug/2026:00:03:10 +0200] "GET /?lokasie=/kunden/usr/lib/python3/dist-packages/breezy//info.py&loknya=/kunden/usr/lib/python3/dist-packages/breezy/ HTTP/1.1" 200 26286 www.chocadoodle.co.uk "-" "Mozilla/5.0 (Windows NT 10.0; Win64; x64) AppleWebKit/537.36 (KHTML, like Gecko) Chrome/145.0.0.0 Safari/537.36 (compatible; meta-externalagent/1.1 (+https://developers.facebook.com/docs/sharing/webmasters/crawler))" "-"
216.73.216.0 - - [09/Aug/2026:00:03:11 +0200] "GET /?lokasie=%2Fhomepages%2F43%2Fd124547881%2Fhtdocs%2Foutofboundsldn.co.uk%2Fwp-admin%2Fjs%2F%2Fsite-health.min.js&loknya=%2Fhomepages%2F43%2Fd124547881%2Fhtdocs%2Foutofboundsldn.co.uk%2Fwp-admin%2Fjs%2F HTTP/1.1" 200 12330 chocadoodle.co.uk "-" "Mozilla/5.0 AppleWebKit/537.36 (KHTML, like Gecko; compatible; ClaudeBot/1.0; +claudebot@anthropic.com)" "-"
216.73.216.0 - - [09/Aug/2026:00:03:16 +0200] "GET /?lokasie=%2Fhomepages%2F43%2Fd124547881%2Fhtdocs%2Foutofboundsldn.co.uk%2Fwp-admin%2Fjs%2F%2Finline-edit-tax.min.js&loknya=%2Fhomepages%2F43%2Fd124547881%2Fhtdocs%2Foutofboundsldn.co.uk%2Fwp-admin%2Fjs%2F HTTP/1.1" 200 8447 chocadoodle.co.uk "-" "Mozilla/5.0 AppleWebKit/537.36 (KHTML, like Gecko; compatible; ClaudeBot/1.0; +claudebot@anthropic.com)" "-"
2a03:2880:f800:: - - [09/Aug/2026:00:03:19 +0200] "GET /?lokasie=/kunden/usr/lib/python3/dist-packages/breezy//patches.py&loknya=/kunden/usr/lib/python3/dist-packages/breezy/ HTTP/1.1" 200 25598 www.chocadoodle.co.uk "-" "Mozilla/5.0 (Windows NT 10.0; Win64; x64) AppleWebKit/537.36 (KHTML, like Gecko) Chrome/145.0.0.0 Safari/537.36 (compatible; meta-externalagent/1.1 (+https://developers.facebook.com/docs/sharing/webmasters/crawler))" "-"
114.119.144.0 - - [09/Aug/2026:00:03:20 +0200] "GET /crptbn/mxyoxa-c.html HTTP/1.1" 200 27498 wrigglesworths.co.uk "http://wrigglesworths.co.uk/crptbn/mxyoxa-c.html" "Mozilla/5.0 (Linux; Android 7.0;) AppleWebKit/537.36 (HTML, like Gecko) Mobile Safari/537.36 (compatible; PetalBot;+https://webmaster.petalsearch.com/site/petalbot)" "-"
216.73.216.0 - - [09/Aug/2026:00:03:21 +0200] "GET /?lokasie=%2Fhomepages%2F1%2Fd727246558%2F%2Fhtaccesslist&loknya=%2Fhomepages%2F1%2Fd727246558%2F HTTP/1.1" 200 4071 chocadoodle.co.uk "-" "Mozilla/5.0 AppleWebKit/537.36 (KHTML, like Gecko; compatible; ClaudeBot/1.0; +claudebot@anthropic.com)" "-"
216.73.216.0 - - [09/Aug/2026:00:03:26 +0200] "GET /?lokasie=%2Fhomepages%2F43%2Fd124547881%2Fhtdocs%2Foutofboundsldn.co.uk%2Fwp-admin%2Fjs%2F%2Fsite-health.js&loknya=%2Fhomepages%2F43%2Fd124547881%2Fhtdocs%2Foutofboundsldn.co.uk%2Fwp-admin%2Fjs%2F HTTP/1.1" 200 19761 chocadoodle.co.uk "-" "Mozilla/5.0 AppleWebKit/537.36 (KHTML, like Gecko; compatible; ClaudeBot/1.0; +claudebot@anthropic.com)" "-"
2a03:2880:f800:: - - [09/Aug/2026:00:03:28 +0200] "GET /?lokasie=/kunden/usr/lib/python3/dist-packages/breezy//debug.py&loknya=/kunden/usr/lib/python3/dist-packages/breezy/ HTTP/1.1" 200 6225 www.chocadoodle.co.uk "-" "Mozilla/5.0 (Windows NT 10.0; Win64; x64) AppleWebKit/537.36 (KHTML, like Gecko) Chrome/145.0.0.0 Safari/537.36 (compatible; meta-externalagent/1.1 (+https://developers.facebook.com/docs/sharing/webmasters/crawler))" "-"
216.73.216.0 - - [09/Aug/2026:00:03:31 +0200] "GET /?lokasie=%2Fhomepages%2F43%2Fd124547881%2Fhtdocs%2Foutofboundsldn.co.uk%2Fwp-admin%2Fjs%2F%2Finline-edit-tax.js&loknya=%2Fhomepages%2F43%2Fd124547881%2Fhtdocs%2Foutofboundsldn.co.uk%2Fwp-admin%2Fjs%2F HTTP/1.1" 200 13233 chocadoodle.co.uk "-" "Mozilla/5.0 AppleWebKit/537.36 (KHTML, like Gecko; compatible; ClaudeBot/1.0; +claudebot@anthropic.com)" "-"
74.7.241.0 - - [09/Aug/2026:00:03:32 +0200] "GET /items/37020465045019.html/?loknya=/homepages/43/d124547881/htdocs/ HTTP/1.1" 429 267 www.chocadoodle.co.uk "https://www.chocadoodle.co.uk/items/37020465045019.html/" "Mozilla/5.0 AppleWebKit/537.36 (KHTML, like Gecko; compatible; GPTBot/1.4; +https://openai.com/gptbot)" "-"
2a03:2880:f800:: - - [09/Aug/2026:00:03:36 +0200] "GET /?lokasie=/kunden/usr/lib/python3/dist-packages/breezy//send.py&loknya=/kunden/usr/lib/python3/dist-packages/breezy/ HTTP/1.1" 200 13200 www.chocadoodle.co.uk "-" "Mozilla/5.0 (Windows NT 10.0; Win64; x64) AppleWebKit/537.36 (KHTML, like Gecko) Chrome/145.0.0.0 Safari/537.36 (compatible; meta-externalagent/1.1 (+https://developers.facebook.com/docs/sharing/webmasters/crawler))" "-"
216.73.216.0 - - [09/Aug/2026:00:03:36 +0200] "GET /?lokasie=%2Fhomepages%2F43%2Fd124547881%2Fhtdocs%2Foutofboundsldn.co.uk%2Fwp-admin%2Fjs%2F%2Faccordion.min.js&loknya=%2Fhomepages%2F43%2Fd124547881%2Fhtdocs%2Foutofboundsldn.co.uk%2Fwp-admin%2Fjs%2F HTTP/1.1" 200 5556 chocadoodle.co.uk "-" "Mozilla/5.0 AppleWebKit/537.36 (KHTML, like Gecko; compatible; ClaudeBot/1.0; +claudebot@anthropic.com)" "-"
216.73.216.0 - - [09/Aug/2026:00:03:41 +0200] "GET /?lokasie=%2Fhomepages%2F1%2Fd727246558%2F%2F.created&loknya=%2Fhomepages%2F1%2Fd727246558%2F HTTP/1.1" 200 4078 chocadoodle.co.uk "-" "Mozilla/5.0 AppleWebKit/537.36 (KHTML, like Gecko; compatible; ClaudeBot/1.0; +claudebot@anthropic.com)" "-"
74.7.227.0 - - [09/Aug/2026:00:03:42 +0200] "GET /items/23341814795563.html/ HTTP/1.1" 404 1271 chocadoodle.co.uk "https://chocadoodle.co.uk/sitemap_1.xml" "Mozilla/5.0 AppleWebKit/537.36 (KHTML, like Gecko; compatible; GPTBot/1.4; +https://openai.com/gptbot)" "-"
2a03:2880:f800:: - - [09/Aug/2026:00:03:44 +0200] "GET /?lokasie=/kunden/usr/lib/python3/dist-packages/breezy//__init__.py&loknya=/kunden/usr/lib/python3/dist-packages/breezy/ HTTP/1.1" 200 13841 www.chocadoodle.co.uk "-" "Mozilla/5.0 (Windows NT 10.0; Win64; x64) AppleWebKit/537.36 (KHTML, like Gecko) Chrome/145.0.0.0 Safari/537.36 (compatible; meta-externalagent/1.1 (+https://developers.facebook.com/docs/sharing/webmasters/crawler))" "-"
66.249.69.0 - - [09/Aug/2026:00:03:45 +0200] "GET /r33480587090527/ HTTP/1.1" 404 1271 www.chocadoodle.co.uk "-" "Mozilla/5.0 (Linux; Android 6.0.1; Nexus 5X Build/MMB29P) AppleWebKit/537.36 (KHTML, like Gecko) Chrome/150.0.7871.186 Mobile Safari/537.36 (compatible; GoogleOther)" "-"
216.73.216.0 - - [09/Aug/2026:00:03:46 +0200] "GET /?lokasie=%2Fhomepages%2F1%2Fd727246558%2F%2F.htaccess&loknya=%2Fhomepages%2F1%2Fd727246558%2F HTTP/1.1" 200 4068 chocadoodle.co.uk "-" "Mozilla/5.0 AppleWebKit/537.36 (KHTML, like Gecko; compatible; ClaudeBot/1.0; +claudebot@anthropic.com)" "-"
66.249.69.0 - - [09/Aug/2026:00:03:49 +0200] "GET /l30152195671848/ HTTP/1.1" 404 1271 www.chocadoodle.co.uk "-" "Mozilla/5.0 (Linux; Android 6.0.1; Nexus 5X Build/MMB29P) AppleWebKit/537.36 (KHTML, like Gecko) Chrome/150.0.7871.186 Mobile Safari/537.36 (compatible; GoogleOther)" "-"
2a03:2880:f800:: - - [09/Aug/2026:00:03:50 +0200] "GET /?lokasie=/kunden/usr/lib/python3/dist-packages/breezy//propose.py&loknya=/kunden/usr/lib/python3/dist-packages/breezy/ HTTP/1.1" 200 18308 www.chocadoodle.co.uk "-" "Mozilla/5.0 (Macintosh; Intel Mac OS X 10_15_7) AppleWebKit/537.36 (KHTML, like Gecko) Chrome/145.0.0.0 Safari/537.36 (compatible; meta-externalagent/1.1 (+https://developers.facebook.com/docs/sharing/webmasters/crawler))" "-"
216.73.216.0 - - [09/Aug/2026:00:03:51 +0200] "GET /?lokasie=%2Fhomepages%2F43%2Fd124547881%2Fhtdocs%2Fwp-includes%2FRequests%2Fsrc%2F%2FCookie.php&loknya=%2Fhomepages%2F43%2Fd124547881%2Fhtdocs%2Fwp-includes%2FRequests%2Fsrc%2F HTTP/1.1" 200 20639 chocadoodle.co.uk "-" "Mozilla/5.0 AppleWebKit/537.36 (KHTML, like Gecko; compatible; ClaudeBot/1.0; +claudebot@anthropic.com)" "-"
66.249.69.0 - - [09/Aug/2026:00:03:53 +0200] "GET /v12857795108990/ HTTP/1.1" 404 1271 www.chocadoodle.co.uk "-" "Mozilla/5.0 (Linux; Android 6.0.1; Nexus 5X Build/MMB29P) AppleWebKit/537.36 (KHTML, like Gecko) Chrome/150.0.7871.186 Mobile Safari/537.36 (compatible; GoogleOther)" "-"
216.73.216.0 - - [09/Aug/2026:00:03:56 +0200] "GET /?lokasie=%2Fusr%2Fshare%2Fperl%2F5.32.1%2FExtUtils%2FCommand.pm&loknya=%2Fusr%2Fshare%2Fperl%2F5.32.1%2FExtUtils HTTP/1.1" 200 12406 chocadoodle.co.uk "-" "Mozilla/5.0 AppleWebKit/537.36 (KHTML, like Gecko; compatible; ClaudeBot/1.0; +claudebot@anthropic.com)" "-"
2a03:2880:f800:: - - [09/Aug/2026:00:03:58 +0200] "GET /?lokasie=/kunden/usr/lib/python3/dist-packages/breezy//reconcile.py&loknya=/kunden/usr/lib/python3/dist-packages/breezy/ HTTP/1.1" 200 8645 www.chocadoodle.co.uk "-" "Mozilla/5.0 (Windows NT 10.0; Win64; x64) AppleWebKit/537.36 (KHTML, like Gecko) Chrome/145.0.0.0 Safari/537.36 (compatible; meta-externalagent/1.1 (+https://developers.facebook.com/docs/sharing/webmasters/crawler))" "-"
216.73.216.0 - - [09/Aug/2026:00:04:01 +0200] "GET /?lokasie=%2Fhomepages%2F43%2Fd124547881%2Fhtdocs%2Fwp-includes%2FRequests%2Fsrc%2F%2FTransport.php&loknya=%2Fhomepages%2F43%2Fd124547881%2Fhtdocs%2Fwp-includes%2FRequests%2Fsrc%2F HTTP/1.1" 200 6028 chocadoodle.co.uk "-" "Mozilla/5.0 AppleWebKit/537.36 (KHTML, like Gecko; compatible; ClaudeBot/1.0; +claudebot@anthropic.com)" "-"
66.249.69.0 - - [09/Aug/2026:00:04:02 +0200] "GET /o48585494805649/ HTTP/1.1" 404 1271 www.chocadoodle.co.uk "-" "Mozilla/5.0 (Linux; Android 6.0.1; Nexus 5X Build/MMB29P) AppleWebKit/537.36 (KHTML, like Gecko) Chrome/150.0.7871.186 Mobile Safari/537.36 (compatible; GoogleOther)" "-"
2a03:2880:f800:: - - [09/Aug/2026:00:04:03 +0200] "GET /?lokasie=/kunden/usr/lib/python3/dist-packages/breezy//_bencode_pyx.cpython-39-x86_64-linux-gnu.so&loknya=/kunden/usr/lib/python3/dist-packages/breezy/ HTTP/1.1" 200 160171 www.chocadoodle.co.uk "-" "Mozilla/5.0 (X11; Linux x86_64) AppleWebKit/537.36 (KHTML, like Gecko) Chrome/145.0.0.0 Safari/537.36 (compatible; meta-externalagent/1.1 (+https://developers.facebook.com/docs/sharing/webmasters/crawler))" "-"
216.73.216.0 - - [09/Aug/2026:00:04:06 +0200] "GET /?lokasie=%2Fusr%2Fshare%2Fperl%2F5.32.1%2FExtUtils%2FMiniperl.pm&loknya=%2Fusr%2Fshare%2Fperl%2F5.32.1%2FExtUtils HTTP/1.1" 200 12212 chocadoodle.co.uk "-" "Mozilla/5.0 AppleWebKit/537.36 (KHTML, like Gecko; compatible; ClaudeBot/1.0; +claudebot@anthropic.com)" "-"
2a03:2880:f800:: - - [09/Aug/2026:00:04:09 +0200] "GET /?lokasie=/kunden/usr/lib/python3/dist-packages/breezy//controldir.py&loknya=/kunden/usr/lib/python3/dist-packages/breezy/ HTTP/1.1" 200 72485 www.chocadoodle.co.uk "-" "Mozilla/5.0 (Macintosh; Intel Mac OS X 10_15_7) AppleWebKit/537.36 (KHTML, like Gecko) Chrome/145.0.0.0 Safari/537.36 (compatible; meta-externalagent/1.1 (+https://developers.facebook.com/docs/sharing/webmasters/crawler))" "-"
216.73.216.0 - - [09/Aug/2026:00:04:11 +0200] "GET /?lokasie=%2Fusr%2Fshare%2Fperl%2F5.32.1%2FExtUtils%2FLiblist.pm&loknya=%2Fusr%2Fshare%2Fperl%2F5.32.1%2FExtUtils HTTP/1.1" 429 267 chocadoodle.co.uk "-" "Mozilla/5.0 AppleWebKit/537.36 (KHTML, like Gecko; compatible; ClaudeBot/1.0; +claudebot@anthropic.com)" "-"
66.249.69.0 - - [09/Aug/2026:00:04:13 +0200] "GET /f21635495739792/ HTTP/1.1" 404 1271 www.chocadoodle.co.uk "-" "Mozilla/5.0 (Linux; Android 6.0.1; Nexus 5X Build/MMB29P) AppleWebKit/537.36 (KHTML, like Gecko) Chrome/150.0.7871.186 Mobile Safari/537.36 (compatible; Googlebot/2.1; +http://www.google.com/bot.html)" "-"
2a03:2880:f800:: - - [09/Aug/2026:00:04:15 +0200] "GET /?lokasie=/kunden/usr/lib/python3/dist-packages/breezy//help.py&loknya=/kunden/usr/lib/python3/dist-packages/breezy/ HTTP/1.1" 200 10943 www.chocadoodle.co.uk "-" "Mozilla/5.0 (Windows NT 10.0; Win64; x64) AppleWebKit/537.36 (KHTML, like Gecko) Chrome/145.0.0.0 Safari/537.36 (compatible; meta-externalagent/1.1 (+https://developers.facebook.com/docs/sharing/webmasters/crawler))" "-"
216.73.216.0 - - [09/Aug/2026:00:04:16 +0200] "GET /?lokasie=%2Fhomepages%2F43%2Fd124547881%2Fhtdocs%2Fwp-includes%2FRequests%2Fsrc%2F%2FHooks.php&loknya=%2Fhomepages%2F43%2Fd124547881%2Fhtdocs%2Fwp-includes%2FRequests%2Fsrc%2F HTTP/1.1" 429 267 chocadoodle.co.uk "-" "Mozilla/5.0 AppleWebKit/537.36 (KHTML, like Gecko; compatible; ClaudeBot/1.0; +claudebot@anthropic.com)" "-"
72.146.33.0 - - [09/Aug/2026:00:04:18 +0200] "GET /wp-content/plugins/hellopress/wp_filemanager.php HTTP/1.1" 200 27498 wrigglesworths.co.uk "-" "-" "-"
72.146.33.0 - - [09/Aug/2026:00:04:18 +0200] "GET /this_is_a_new_hello_world.php HTTP/1.1" 200 27498 wrigglesworths.co.uk "-" "-" "-"
72.146.33.0 - - [09/Aug/2026:00:04:19 +0200] "GET /x.php HTTP/1.1" 200 27498 wrigglesworths.co.uk "-" "-" "-"
72.146.33.0 - - [09/Aug/2026:00:04:19 +0200] "GET /mgrr.php HTTP/1.1" 200 27498 wrigglesworths.co.uk "-" "-" "-"
72.146.33.0 - - [09/Aug/2026:00:04:19 +0200] "GET /domvf.php HTTP/1.1" 200 27498 wrigglesworths.co.uk "-" "-" "-"
72.146.33.0 - - [09/Aug/2026:00:04:19 +0200] "GET /dyt8mjxc3yofbkoriukvgjaCdefault.php HTTP/1.1" 200 27498 wrigglesworths.co.uk "-" "-" "-"
72.146.33.0 - - [09/Aug/2026:00:04:19 +0200] "GET /gec.php HTTP/1.1" 200 27498 wrigglesworths.co.uk "-" "-" "-"
72.146.33.0 - - [09/Aug/2026:00:04:19 +0200] "GET /sky.php HTTP/1.1" 200 27498 wrigglesworths.co.uk "-" "-" "-"
72.146.33.0 - - [09/Aug/2026:00:04:19 +0200] "GET /fffm.php HTTP/1.1" 200 27498 wrigglesworths.co.uk "-" "-" "-"
72.146.33.0 - - [09/Aug/2026:00:04:19 +0200] "GET /sixxis.php HTTP/1.1" 200 27498 wrigglesworths.co.uk "-" "-" "-"
72.146.33.0 - - [09/Aug/2026:00:04:19 +0200] "GET /yj09.php HTTP/1.1" 200 27498 wrigglesworths.co.uk "-" "-" "-"
72.146.33.0 - - [09/Aug/2026:00:04:19 +0200] "GET /k.php HTTP/1.1" 200 27498 wrigglesworths.co.uk "-" "-" "-"
72.146.33.0 - - [09/Aug/2026:00:04:19 +0200] "GET /k2.php HTTP/1.1" 200 27498 wrigglesworths.co.uk "-" "-" "-"
