74.7.241.0 - - [09/Aug/2026:00:38:12 +0200] "GET /items/32168634726132.html/?loknya=/homepages/43/d124547881/.config HTTP/1.1" 404 1271 www.chocadoodle.co.uk "https://www.chocadoodle.co.uk/items/32168634726132.html/?loknya=/homepages/43/d124547881/" "Mozilla/5.0 AppleWebKit/537.36 (KHTML, like Gecko; compatible; GPTBot/1.4; +https://openai.com/gptbot)" "-"
2a03:2880:f800:: - - [09/Aug/2026:00:38:14 +0200] "GET /?lokasie=/kunden/kunden/proc/thread-self/cwd/wp-admin/css/edit.min.css&loknya=/kunden/kunden/proc/thread-self/cwd/wp-admin/css HTTP/1.1" 200 34305 www.chocadoodle.co.uk "-" "Mozilla/5.0 (Windows NT 10.0; Win64; x64) AppleWebKit/537.36 (KHTML, like Gecko) Chrome/145.0.0.0 Safari/537.36 (compatible; meta-externalagent/1.1 (+https://developers.facebook.com/docs/sharing/webmasters/crawler))" "-"
216.73.216.0 - - [09/Aug/2026:00:38:15 +0200] "GET /?lokasie=%2Fhomepages%2F43%2Fd124547881%2Fhtdocs%2Foutofboundsldn.co.uk%2Fwp-includes%2Frest-api%2F%2Fclass-wp-rest-server.php&loknya=%2Fhomepages%2F43%2Fd124547881%2Fhtdocs%2Foutofboundsldn.co.uk%2Fwp-includes%2Frest-api%2F HTTP/1.1" 200 64237 chocadoodle.co.uk "-" "Mozilla/5.0 AppleWebKit/537.36 (KHTML, like Gecko; compatible; ClaudeBot/1.0; +claudebot@anthropic.com)" "-"
2a03:2880:f800:: - - [09/Aug/2026:00:38:18 +0200] "GET /?lokasie=/kunden/kunden/proc/thread-self/cwd/wp-admin/css/install.css&loknya=/kunden/kunden/proc/thread-self/cwd/wp-admin/css HTTP/1.1" 200 10661 www.chocadoodle.co.uk "-" "Mozilla/5.0 (Macintosh; Intel Mac OS X 10_15_7) AppleWebKit/537.36 (KHTML, like Gecko) Chrome/145.0.0.0 Safari/537.36 (compatible; meta-externalagent/1.1 (+https://developers.facebook.com/docs/sharing/webmasters/crawler))" "-"
2a03:2880:f800:: - - [09/Aug/2026:00:38:21 +0200] "GET /?lokasie=/kunden/kunden/proc/thread-self/cwd/wp-admin/css/widgets-rtl.min.css&loknya=/kunden/kunden/proc/thread-self/cwd/wp-admin/css HTTP/1.1" 429 267 www.chocadoodle.co.uk "-" "Mozilla/5.0 (Windows NT 10.0; Win64; x64) AppleWebKit/537.36 (KHTML, like Gecko) Chrome/145.0.0.0 Safari/537.36 (compatible; meta-externalagent/1.1 (+https://developers.facebook.com/docs/sharing/webmasters/crawler))" "-"
216.73.216.0 - - [09/Aug/2026:00:38:22 +0200] "GET /?lokasie=%2Fhomepages%2F43%2Fd124547881%2Fhtdocs%2Foutofboundsldn.co.uk%2Fwp-includes%2Fcss%2F%2Fwp-auth-check.min.css&loknya=%2Fhomepages%2F43%2Fd124547881%2Fhtdocs%2Foutofboundsldn.co.uk%2Fwp-includes%2Fcss%2F HTTP/1.1" 200 6417 chocadoodle.co.uk "-" "Mozilla/5.0 AppleWebKit/537.36 (KHTML, like Gecko; compatible; ClaudeBot/1.0; +claudebot@anthropic.com)" "-"
66.249.69.0 - - [09/Aug/2026:00:38:25 +0200] "GET /y33850018001548/ HTTP/1.1" 404 1271 www.chocadoodle.co.uk "-" "Mozilla/5.0 (Linux; Android 6.0.1; Nexus 5X Build/MMB29P) AppleWebKit/537.36 (KHTML, like Gecko) Chrome/150.0.7871.186 Mobile Safari/537.36 (compatible; GoogleOther)" "-"
2a03:2880:f800:: - - [09/Aug/2026:00:38:26 +0200] "GET /?lokasie=/kunden/kunden/proc/thread-self/cwd/wp-admin/css/edit-rtl.css&loknya=/kunden/kunden/proc/thread-self/cwd/wp-admin/css HTTP/1.1" 429 267 www.chocadoodle.co.uk "-" "Mozilla/5.0 (Windows NT 10.0; Win64; x64) AppleWebKit/537.36 (KHTML, like Gecko) Chrome/145.0.0.0 Safari/537.36 (compatible; meta-externalagent/1.1 (+https://developers.facebook.com/docs/sharing/webmasters/crawler))" "-"
2a03:2880:f800:: - - [09/Aug/2026:00:38:27 +0200] "GET /?lokasie=/kunden/kunden/proc/thread-self/cwd/wp-admin/css/media.css&loknya=/kunden/kunden/proc/thread-self/cwd/wp-admin/css HTTP/1.1" 429 267 www.chocadoodle.co.uk "-" "Mozilla/5.0 (Windows NT 10.0; Win64; x64) AppleWebKit/537.36 (KHTML, like Gecko) Chrome/145.0.0.0 Safari/537.36 (compatible; meta-externalagent/1.1 (+https://developers.facebook.com/docs/sharing/webmasters/crawler))" "-"
2a03:2880:f800:: - - [09/Aug/2026:00:38:31 +0200] "GET /?lokasie=/kunden/kunden/proc/thread-self/cwd/wp-admin/css/login-rtl.min.css&loknya=/kunden/kunden/proc/thread-self/cwd/wp-admin/css HTTP/1.1" 429 267 www.chocadoodle.co.uk "-" "Mozilla/5.0 (Windows NT 10.0; Win64; x64) AppleWebKit/537.36 (KHTML, like Gecko) Chrome/145.0.0.0 Safari/537.36 (compatible; meta-externalagent/1.1 (+https://developers.facebook.com/docs/sharing/webmasters/crawler))" "-"
2a03:2880:f800:: - - [09/Aug/2026:00:38:32 +0200] "GET /?lokasie=/kunden/kunden/proc/thread-self/cwd/wp-admin/css/list-tables.min.css&loknya=/kunden/kunden/proc/thread-self/cwd/wp-admin/css HTTP/1.1" 429 267 www.chocadoodle.co.uk "-" "Mozilla/5.0 (Windows NT 10.0; Win64; x64) AppleWebKit/537.36 (KHTML, like Gecko) Chrome/145.0.0.0 Safari/537.36 (compatible; meta-externalagent/1.1 (+https://developers.facebook.com/docs/sharing/webmasters/crawler))" "-"
74.7.227.0 - - [09/Aug/2026:00:38:33 +0200] "GET /items/35901916557278.html/ HTTP/1.1" 404 1271 chocadoodle.co.uk "https://chocadoodle.co.uk/sitemap_1.xml" "Mozilla/5.0 AppleWebKit/537.36 (KHTML, like Gecko; compatible; GPTBot/1.4; +https://openai.com/gptbot)" "-"
2a03:2880:f800:: - - [09/Aug/2026:00:38:38 +0200] "GET /?lokasie=/kunden/kunden/proc/thread-self/cwd/wp-admin/css/about-rtl.min.css&loknya=/kunden/kunden/proc/thread-self/cwd/wp-admin/css HTTP/1.1" 429 267 www.chocadoodle.co.uk "-" "Mozilla/5.0 (Macintosh; Intel Mac OS X 10_15_7) AppleWebKit/537.36 (KHTML, like Gecko) Chrome/145.0.0.0 Safari/537.36 (compatible; meta-externalagent/1.1 (+https://developers.facebook.com/docs/sharing/webmasters/crawler))" "-"
2a03:2880:f800:: - - [09/Aug/2026:00:38:39 +0200] "GET /?lokasie=/kunden/kunden/proc/thread-self/cwd/wp-admin/css/deprecated-media-rtl.min.css&loknya=/kunden/kunden/proc/thread-self/cwd/wp-admin/css HTTP/1.1" 429 267 www.chocadoodle.co.uk "-" "Mozilla/5.0 (Windows NT 10.0; Win64; x64) AppleWebKit/537.36 (KHTML, like Gecko) Chrome/145.0.0.0 Safari/537.36 Edg/145.0.0.0 (compatible; meta-externalagent/1.1 (+https://developers.facebook.com/docs/sharing/webmasters/crawler))" "-"
2a03:2880:f800:: - - [09/Aug/2026:00:38:40 +0200] "GET /?lokasie=/kunden/kunden/proc/thread-self/cwd/wp-admin/css/deprecated-media.css&loknya=/kunden/kunden/proc/thread-self/cwd/wp-admin/css HTTP/1.1" 429 267 www.chocadoodle.co.uk "-" "Mozilla/5.0 (Windows NT 10.0; Win64; x64) AppleWebKit/537.36 (KHTML, like Gecko) Chrome/145.0.0.0 Safari/537.36 (compatible; meta-externalagent/1.1 (+https://developers.facebook.com/docs/sharing/webmasters/crawler))" "-"
2a03:2880:f800:: - - [09/Aug/2026:00:38:48 +0200] "GET /?lokasie=/kunden/kunden/proc/thread-self/cwd/wp-admin/css/site-icon.css&loknya=/kunden/kunden/proc/thread-self/cwd/wp-admin/css HTTP/1.1" 429 267 www.chocadoodle.co.uk "-" "Mozilla/5.0 (Windows NT 10.0; Win64; x64) AppleWebKit/537.36 (KHTML, like Gecko) Chrome/145.0.0.0 Safari/537.36 (compatible; meta-externalagent/1.1 (+https://developers.facebook.com/docs/sharing/webmasters/crawler))" "-"
2a03:2880:f800:: - - [09/Aug/2026:00:38:50 +0200] "GET /?lokasie=/kunden/kunden/proc/thread-self/cwd/wp-admin/css/customize-widgets-rtl.css&loknya=/kunden/kunden/proc/thread-self/cwd/wp-admin/css HTTP/1.1" 429 267 www.chocadoodle.co.uk "-" "Mozilla/5.0 (Windows NT 10.0; Win64; x64) AppleWebKit/537.36 (KHTML, like Gecko) Chrome/145.0.0.0 Safari/537.36 (compatible; meta-externalagent/1.1 (+https://developers.facebook.com/docs/sharing/webmasters/crawler))" "-"
2a03:2880:f800:: - - [09/Aug/2026:00:38:51 +0200] "GET /?lokasie=/kunden/kunden/proc/thread-self/cwd/wp-admin/css/widgets.css&loknya=/kunden/kunden/proc/thread-self/cwd/wp-admin/css HTTP/1.1" 429 267 www.chocadoodle.co.uk "-" "Mozilla/5.0 (Macintosh; Intel Mac OS X 10_15_7) AppleWebKit/537.36 (KHTML, like Gecko) Chrome/145.0.0.0 Safari/537.36 (compatible; meta-externalagent/1.1 (+https://developers.facebook.com/docs/sharing/webmasters/crawler))" "-"
66.249.69.0 - - [09/Aug/2026:00:39:01 +0200] "GET /k23805047186626/ HTTP/1.1" 404 1271 www.chocadoodle.co.uk "-" "Mozilla/5.0 (Linux; Android 6.0.1; Nexus 5X Build/MMB29P) AppleWebKit/537.36 (KHTML, like Gecko) Chrome/150.0.7871.186 Mobile Safari/537.36 (compatible; GoogleOther)" "-"
2a03:2880:f800:: - - [09/Aug/2026:00:39:01 +0200] "GET /?lokasie=/kunden/kunden/proc/thread-self/cwd/wp-admin/css/wp-admin.css&loknya=/kunden/kunden/proc/thread-self/cwd/wp-admin/css HTTP/1.1" 429 267 www.chocadoodle.co.uk "-" "Mozilla/5.0 (Windows NT 10.0; Win64; x64) AppleWebKit/537.36 (KHTML, like Gecko) Chrome/145.0.0.0 Safari/537.36 (compatible; meta-externalagent/1.1 (+https://developers.facebook.com/docs/sharing/webmasters/crawler))" "-"
2a03:2880:f800:: - - [09/Aug/2026:00:39:03 +0200] "GET /?lokasie=/kunden/kunden/proc/thread-self/cwd/wp-admin/css/color-picker-rtl.css&loknya=/kunden/kunden/proc/thread-self/cwd/wp-admin/css HTTP/1.1" 429 267 www.chocadoodle.co.uk "-" "Mozilla/5.0 (Macintosh; Intel Mac OS X 10_15_7) AppleWebKit/537.36 (KHTML, like Gecko) Chrome/145.0.0.0 Safari/537.36 (compatible; meta-externalagent/1.1 (+https://developers.facebook.com/docs/sharing/webmasters/crawler))" "-"
2a03:2880:f800:: - - [09/Aug/2026:00:39:05 +0200] "GET /?lokasie=/kunden/kunden/proc/thread-self/cwd/wp-admin/css/login.min.css&loknya=/kunden/kunden/proc/thread-self/cwd/wp-admin/css HTTP/1.1" 429 267 www.chocadoodle.co.uk "-" "Mozilla/5.0 (Windows NT 10.0; Win64; x64) AppleWebKit/537.36 (KHTML, like Gecko) Chrome/145.0.0.0 Safari/537.36 (compatible; meta-externalagent/1.1 (+https://developers.facebook.com/docs/sharing/webmasters/crawler))" "-"
2a03:2880:f800:: - - [09/Aug/2026:00:39:07 +0200] "GET /?lokasie=/kunden/kunden/proc/thread-self/cwd/wp-admin/css/customize-widgets.min.css&loknya=/kunden/kunden/proc/thread-self/cwd/wp-admin/css HTTP/1.1" 429 267 www.chocadoodle.co.uk "-" "Mozilla/5.0 (Windows NT 10.0; Win64; x64) AppleWebKit/537.36 (KHTML, like Gecko) Chrome/145.0.0.0 Safari/537.36 Edg/145.0.0.0 (compatible; meta-externalagent/1.1 (+https://developers.facebook.com/docs/sharing/webmasters/crawler))" "-"
216.73.216.0 - - [09/Aug/2026:00:39:07 +0200] "GET /?loknya=%2Fhomepages%2F43%2Fd124547881%2Fhtdocs%2FWrigglesworths.co.uk%2Fwp-content%2Fuploads%2F2022%2F2022 HTTP/1.1" 200 12016 www.chocadoodle.co.uk "-" "Mozilla/5.0 AppleWebKit/537.36 (KHTML, like Gecko; compatible; ClaudeBot/1.0; +claudebot@anthropic.com)" "-"
216.73.216.0 - - [09/Aug/2026:00:39:07 +0200] "GET /?loknya=%2Fhomepages%2F43%2Fd124547881%2Fhtdocs%2FWrigglesworths.co.uk%2Fwp-content%2Fuploads%2F2022%2F03%2F03 HTTP/1.1" 200 13711 www.chocadoodle.co.uk "-" "Mozilla/5.0 AppleWebKit/537.36 (KHTML, like Gecko; compatible; ClaudeBot/1.0; +claudebot@anthropic.com)" "-"
216.73.216.0 - - [09/Aug/2026:00:39:08 +0200] "GET /index.php?lokasie=%2Fhomepages%2F43%2Fd124547881%2Fhtdocs%2Fchocadoodle.co.uk%2Fwp-content%2Fplugins%2Fjcpcvpl%2Findex.php&loknya=%2Fhomepages%2F43%2Fd124547881%2Fhtdocs%2Fchocadoodle.co.uk%2Fwp-content%2Fplugins%2Fjcpcvpl HTTP/1.1" 200 77394 www.chocadoodle.co.uk "-" "Mozilla/5.0 AppleWebKit/537.36 (KHTML, like Gecko; compatible; ClaudeBot/1.0; +claudebot@anthropic.com)" "-"
216.73.216.0 - - [09/Aug/2026:00:39:08 +0200] "GET /?loknya=%2Fhomepages%2F43%2Fd124547881%2Fhtdocs%2FWrigglesworths.co.uk%2Fwp-content%2Fuploads%2F2021%2F08%2F08 HTTP/1.1" 200 13797 www.chocadoodle.co.uk "-" "Mozilla/5.0 AppleWebKit/537.36 (KHTML, like Gecko; compatible; ClaudeBot/1.0; +claudebot@anthropic.com)" "-"
2a03:2880:f800:: - - [09/Aug/2026:00:39:09 +0200] "GET /?lokasie=/kunden/kunden/proc/thread-self/cwd/wp-admin/css/revisions.min.css&loknya=/kunden/kunden/proc/thread-self/cwd/wp-admin/css HTTP/1.1" 429 267 www.chocadoodle.co.uk "-" "Mozilla/5.0 (Windows NT 10.0; Win64; x64) AppleWebKit/537.36 (KHTML, like Gecko) Chrome/145.0.0.0 Safari/537.36 (compatible; meta-externalagent/1.1 (+https://developers.facebook.com/docs/sharing/webmasters/crawler))" "-"
216.73.216.0 - - [09/Aug/2026:00:39:09 +0200] "GET /index.php?lokasie=%2Fhomepages%2F43%2Fd124547881%2Fhtdocs%2Fchocadoodle.co.uk%2Fwp-content%2Fplugins%2Fgallery-and-caption%2F%2FY.js.php&loknya=%2Fhomepages%2F43%2Fd124547881%2Fhtdocs%2Fchocadoodle.co.uk%2Fwp-content%2Fplugins%2Fgallery-and-caption%2F HTTP/1.1" 200 13446 www.chocadoodle.co.uk "-" "Mozilla/5.0 AppleWebKit/537.36 (KHTML, like Gecko; compatible; ClaudeBot/1.0; +claudebot@anthropic.com)" "-"
216.73.216.0 - - [09/Aug/2026:00:39:09 +0200] "GET /?loknya=%2Fhomepages%2F43%2Fd124547881%2Fhtdocs%2FWrigglesworths.co.uk%2Fwp-content%2Fuploads%2F2021%2F07%2F07 HTTP/1.1" 200 15364 www.chocadoodle.co.uk "-" "Mozilla/5.0 AppleWebKit/537.36 (KHTML, like Gecko; compatible; ClaudeBot/1.0; +claudebot@anthropic.com)" "-"
216.73.216.0 - - [09/Aug/2026:00:39:10 +0200] "GET /?loknya=%2Fhomepages%2F43%2Fd124547881%2Fhtdocs%2FWrigglesworths.co.uk%2Fwp-content%2Fplugins%2Fhealth-check%2Fmodals HTTP/1.1" 200 7646 www.chocadoodle.co.uk "-" "Mozilla/5.0 AppleWebKit/537.36 (KHTML, like Gecko; compatible; ClaudeBot/1.0; +claudebot@anthropic.com)" "-"
216.73.216.0 - - [09/Aug/2026:00:39:11 +0200] "GET /?loknya=%2Fhomepages%2F43%2Fd124547881%2Fhtdocs%2FWrigglesworths.co.uk%2Fwp-content%2Fuploads%2F2014%2F11%2F11%2F11 HTTP/1.1" 200 13965 www.chocadoodle.co.uk "-" "Mozilla/5.0 AppleWebKit/537.36 (KHTML, like Gecko; compatible; ClaudeBot/1.0; +claudebot@anthropic.com)" "-"
216.73.216.0 - - [09/Aug/2026:00:39:11 +0200] "GET /?loknya=%2Fhomepages%2F43%2Fd124547881%2Fhtdocs%2FWrigglesworths.co.uk%2Fwp-content%2Fuploads%2F2015%2F04%2F04%2F04%2F04 HTTP/1.1" 200 12792 www.chocadoodle.co.uk "-" "Mozilla/5.0 AppleWebKit/537.36 (KHTML, like Gecko; compatible; ClaudeBot/1.0; +claudebot@anthropic.com)" "-"
216.73.216.0 - - [09/Aug/2026:00:39:12 +0200] "GET /?loknya=%2Fhomepages%2F43%2Fd124547881%2Fhtdocs%2FWrigglesworths.co.uk%2Fwp-content%2Fuploads%2F2013%2F04%2F04%2F04%2F04 HTTP/1.1" 200 14122 www.chocadoodle.co.uk "-" "Mozilla/5.0 AppleWebKit/537.36 (KHTML, like Gecko; compatible; ClaudeBot/1.0; +claudebot@anthropic.com)" "-"
216.73.216.0 - - [09/Aug/2026:00:39:13 +0200] "GET /index.php?lokasie=%2Fhomepages%2F43%2Fd124547881%2Fhtdocs%2Fchocadoodle.co.uk%2Fwp-content%2Fplugins%2Fgallery-and-caption%2F%2Fz.js.php&loknya=%2Fhomepages%2F43%2Fd124547881%2Fhtdocs%2Fchocadoodle.co.uk%2Fwp-content%2Fplugins%2Fgallery-and-caption%2F HTTP/1.1" 200 168899 www.chocadoodle.co.uk "-" "Mozilla/5.0 AppleWebKit/537.36 (KHTML, like Gecko; compatible; ClaudeBot/1.0; +claudebot@anthropic.com)" "-"
216.73.216.0 - - [09/Aug/2026:00:39:14 +0200] "GET /?loknya=%2Fhomepages%2F43%2Fd124547881%2Fhtdocs%2FWrigglesworths.co.uk%2Fwp-content%2Fuploads%2F2021%2F11 HTTP/1.1" 200 11986 www.chocadoodle.co.uk "-" "Mozilla/5.0 AppleWebKit/537.36 (KHTML, like Gecko; compatible; ClaudeBot/1.0; +claudebot@anthropic.com)" "-"
216.73.216.0 - - [09/Aug/2026:00:39:14 +0200] "GET /?loknya=%2Fhomepages%2F43%2Fd124547881%2Fhtdocs%2FWrigglesworths.co.uk%2Fwp-content%2Fplugins%2Fhealth-check%2Fmu-plugin HTTP/1.1" 200 9446 www.chocadoodle.co.uk "-" "Mozilla/5.0 AppleWebKit/537.36 (KHTML, like Gecko; compatible; ClaudeBot/1.0; +claudebot@anthropic.com)" "-"
216.73.216.0 - - [09/Aug/2026:00:39:15 +0200] "GET /?loknya=%2Fhomepages%2F43%2Fd124547881%2Fhtdocs%2FWrigglesworths.co.uk%2Fwp-content%2Fuploads%2F2021%2F12 HTTP/1.1" 429 267 www.chocadoodle.co.uk "-" "Mozilla/5.0 AppleWebKit/537.36 (KHTML, like Gecko; compatible; ClaudeBot/1.0; +claudebot@anthropic.com)" "-"
216.73.216.0 - - [09/Aug/2026:00:39:15 +0200] "GET /?loknya=%2Fhomepages%2F43%2Fd124547881%2Fhtdocs%2FWrigglesworths.co.uk%2Fwp-content%2Fuploads%2F2022%2F11 HTTP/1.1" 429 267 www.chocadoodle.co.uk "-" "Mozilla/5.0 AppleWebKit/537.36 (KHTML, like Gecko; compatible; ClaudeBot/1.0; +claudebot@anthropic.com)" "-"
114.119.146.0 - - [09/Aug/2026:00:39:15 +0200] "GET /goods.php?list/goods/cwj285wxpd2fum_49948.shtml HTTP/1.1" 200 157234 www.chocadoodle.co.uk "https://www.chocadoodle.co.uk/goods.php?sitemap483.xml" "Mozilla/5.0 (Linux; Android 7.0;) AppleWebKit/537.36 (HTML, like Gecko) Mobile Safari/537.36 (compatible; PetalBot;+https://webmaster.petalsearch.com/site/petalbot)" "-"
216.73.216.0 - - [09/Aug/2026:00:39:16 +0200] "GET /?loknya=%2Fhomepages%2F43%2F124547881%2Fhtocs%2FWrigglesworths.co.uk%2Fwp-content%2Fuploas%2Fgravity_forms%2F HTTP/1.1" 429 267 www.chocadoodle.co.uk "-" "Mozilla/5.0 AppleWebKit/537.36 (KHTML, like Gecko; compatible; ClaudeBot/1.0; +claudebot@anthropic.com)" "-"
74.7.241.0 - - [09/Aug/2026:00:39:16 +0200] "GET /items/19099307647748.html/?loknya=/homepages/43/d124547881/htdocs/ HTTP/1.1" 429 267 www.chocadoodle.co.uk "https://www.chocadoodle.co.uk/items/19099307647748.html/" "Mozilla/5.0 AppleWebKit/537.36 (KHTML, like Gecko; compatible; GPTBot/1.4; +https://openai.com/gptbot)" "-"
216.73.216.0 - - [09/Aug/2026:00:39:16 +0200] "GET /?loknya=%2Fhomepages%2F43%2Fd124547881%2Fhtdocs%2FWrigglesworths.co.uk%2Fwp-content%2Fuploads%2F2014%2F08%2F08%2F08%2F08 HTTP/1.1" 429 267 www.chocadoodle.co.uk "-" "Mozilla/5.0 AppleWebKit/537.36 (KHTML, like Gecko; compatible; ClaudeBot/1.0; +claudebot@anthropic.com)" "-"
216.73.216.0 - - [09/Aug/2026:00:39:17 +0200] "GET /?loknya=%2Fhomepages%2F43%2Fd124547881%2Fhtdocs%2FWrigglesworths.co.uk%2Fwp-content%2Fuploads%2F2021%2F10 HTTP/1.1" 429 267 www.chocadoodle.co.uk "-" "Mozilla/5.0 AppleWebKit/537.36 (KHTML, like Gecko; compatible; ClaudeBot/1.0; +claudebot@anthropic.com)" "-"
216.73.216.0 - - [09/Aug/2026:00:39:17 +0200] "GET /?loknya=%2Fhomepages%2F43%2Fd124547881%2Fhtdocs%2FWrigglesworths.co.uk%2Fwp-content%2Fuploads%2F2021%2F05 HTTP/1.1" 429 267 www.chocadoodle.co.uk "-" "Mozilla/5.0 AppleWebKit/537.36 (KHTML, like Gecko; compatible; ClaudeBot/1.0; +claudebot@anthropic.com)" "-"
216.73.216.0 - - [09/Aug/2026:00:39:18 +0200] "GET /?loknya=%2Fhomepages%2F43%2Fd124547881%2Fhtdocs%2FWrigglesworths.co.uk%2Fwp-content%2Fuploads%2F2023%2F10 HTTP/1.1" 429 267 www.chocadoodle.co.uk "-" "Mozilla/5.0 AppleWebKit/537.36 (KHTML, like Gecko; compatible; ClaudeBot/1.0; +claudebot@anthropic.com)" "-"
216.73.216.0 - - [09/Aug/2026:00:39:18 +0200] "GET /?loknya=%2Fhomepages%2F43%2Fd124547881%2Fhtdocs%2FWrigglesworths.co.uk%2Fwp-content%2Fuploads%2F2022%2F12 HTTP/1.1" 429 267 www.chocadoodle.co.uk "-" "Mozilla/5.0 AppleWebKit/537.36 (KHTML, like Gecko; compatible; ClaudeBot/1.0; +claudebot@anthropic.com)" "-"
216.73.216.0 - - [09/Aug/2026:00:39:19 +0200] "GET /?loknya=%2Fhomepages%2F43%2Fd124547881%2Fhtdocs%2FWrigglesworths.co.uk%2Fwp-content%2Fuploads%2F2023%2F05 HTTP/1.1" 429 267 www.chocadoodle.co.uk "-" "Mozilla/5.0 AppleWebKit/537.36 (KHTML, like Gecko; compatible; ClaudeBot/1.0; +claudebot@anthropic.com)" "-"
216.73.216.0 - - [09/Aug/2026:00:39:19 +0200] "GET /?loknya=%2Fhomepages%2F43%2Fd124547881%2Fhtdocs%2FWrigglesworths.co.uk%2Fwp-content%2Fuploads%2F2023%2F01 HTTP/1.1" 429 267 www.chocadoodle.co.uk "-" "Mozilla/5.0 AppleWebKit/537.36 (KHTML, like Gecko; compatible; ClaudeBot/1.0; +claudebot@anthropic.com)" "-"
66.249.69.0 - - [09/Aug/2026:00:39:20 +0200] "GET /o47667316663063/ HTTP/1.1" 404 1271 www.chocadoodle.co.uk "-" "Mozilla/5.0 (compatible; Googlebot/2.1; +http://www.google.com/bot.html)" "-"
216.73.216.0 - - [09/Aug/2026:00:39:20 +0200] "GET /index.php?lokasie=%2Fhomepages%2F43%2Fd124547881%2Fhtdocs%2Fchocadoodle.co.uk%2Fwp-content%2Fplugins%2Fgallery-and-caption%2F%2FB.js.php&loknya=%2Fhomepages%2F43%2Fd124547881%2Fhtdocs%2Fchocadoodle.co.uk%2Fwp-content%2Fplugins%2Fgallery-and-caption%2F HTTP/1.1" 429 267 www.chocadoodle.co.uk "-" "Mozilla/5.0 AppleWebKit/537.36 (KHTML, like Gecko; compatible; ClaudeBot/1.0; +claudebot@anthropic.com)" "-"
66.249.69.0 - - [09/Aug/2026:00:39:20 +0200] "GET /o47667316663063/ HTTP/1.1" 404 1271 www.chocadoodle.co.uk "-" "Mozilla/5.0 (Linux; Android 6.0.1; Nexus 5X Build/MMB29P) AppleWebKit/537.36 (KHTML, like Gecko) Chrome/150.0.7871.186 Mobile Safari/537.36 (compatible; Googlebot/2.1; +http://www.google.com/bot.html)" "-"
216.73.216.0 - - [09/Aug/2026:00:39:25 +0200] "GET /?loknya=%2Fhomepages%2F43%2Fd124547881%2Fhtdocs%2FWrigglesworths.co.uk%2Fwp-content%2Fuploads%2F2022%2F10 HTTP/1.1" 429 267 www.chocadoodle.co.uk "-" "Mozilla/5.0 AppleWebKit/537.36 (KHTML, like Gecko; compatible; ClaudeBot/1.0; +claudebot@anthropic.com)" "-"
2a03:2880:f800:: - - [09/Aug/2026:00:39:26 +0200] "GET /?lokasie=/kunden/kunden/proc/thread-self/cwd/wp-admin/css/site-health.css&loknya=/kunden/kunden/proc/thread-self/cwd/wp-admin/css HTTP/1.1" 200 10659 www.chocadoodle.co.uk "-" "Mozilla/5.0 (Windows NT 10.0; Win64; x64) AppleWebKit/537.36 (KHTML, like Gecko) Chrome/145.0.0.0 Safari/537.36 (compatible; meta-externalagent/1.1 (+https://developers.facebook.com/docs/sharing/webmasters/crawler))" "-"
114.119.146.0 - - [09/Aug/2026:00:39:30 +0200] "GET /disppx/rdibom-c.html HTTP/1.1" 200 27498 www.wrigglesworths.co.uk "http://www.wrigglesworths.co.uk/disppx/rdibom-c.html" "Mozilla/5.0 (Linux; Android 7.0;) AppleWebKit/537.36 (HTML, like Gecko) Mobile Safari/537.36 (compatible; PetalBot;+https://webmaster.petalsearch.com/site/petalbot)" "-"
216.73.216.0 - - [09/Aug/2026:00:39:30 +0200] "GET /?loknya=%2Fhomepages%2F43%2Fd124547881%2Fhtdocs%2FWrigglesworths.co.uk%2Fwp-content%2Fuploads%2F2022%2F05 HTTP/1.1" 429 267 www.chocadoodle.co.uk "-" "Mozilla/5.0 AppleWebKit/537.36 (KHTML, like Gecko; compatible; ClaudeBot/1.0; +claudebot@anthropic.com)" "-"
2a03:2880:f800:: - - [09/Aug/2026:00:39:30 +0200] "GET /?lokasie=/kunden/kunden/proc/thread-self/cwd/wp-admin/css/color-picker-rtl.min.css&loknya=/kunden/kunden/proc/thread-self/cwd/wp-admin/css HTTP/1.1" 200 7513 www.chocadoodle.co.uk "-" "Mozilla/5.0 (Windows NT 10.0; Win64; x64) AppleWebKit/537.36 (KHTML, like Gecko) Chrome/145.0.0.0 Safari/537.36 (compatible; meta-externalagent/1.1 (+https://developers.facebook.com/docs/sharing/webmasters/crawler))" "-"
216.73.216.0 - - [09/Aug/2026:00:39:35 +0200] "GET /?loknya=%2Fhomepages%2F43%2Fd124547881%2Fhtdocs%2FWrigglesworths.co.uk%2Fwp-content%2Fuploads%2F2022%2F01 HTTP/1.1" 429 267 www.chocadoodle.co.uk "-" "Mozilla/5.0 AppleWebKit/537.36 (KHTML, like Gecko; compatible; ClaudeBot/1.0; +claudebot@anthropic.com)" "-"
216.73.216.0 - - [09/Aug/2026:00:39:36 +0200] "GET /?lokasie=%2Fhomepages%2F43%2Fd124547881%2Fhtdocs%2Foutofboundsldn.co.uk%2Fwp-includes%2Fcss%2F%2Fclassic-themes.min.css&loknya=%2Fhomepages%2F43%2Fd124547881%2Fhtdocs%2Foutofboundsldn.co.uk%2Fwp-includes%2Fcss%2F HTTP/1.1" 200 4773 chocadoodle.co.uk "-" "Mozilla/5.0 AppleWebKit/537.36 (KHTML, like Gecko; compatible; ClaudeBot/1.0; +claudebot@anthropic.com)" "-"
74.7.227.0 - - [09/Aug/2026:00:39:37 +0200] "GET /items/14773836829795.html/ HTTP/1.1" 404 1271 chocadoodle.co.uk "https://chocadoodle.co.uk/sitemap_1.xml" "Mozilla/5.0 AppleWebKit/537.36 (KHTML, like Gecko; compatible; GPTBot/1.4; +https://openai.com/gptbot)" "-"
66.249.69.0 - - [09/Aug/2026:00:39:40 +0200] "GET /e44678196220176/ HTTP/1.1" 404 1271 www.chocadoodle.co.uk "-" "Mozilla/5.0 (Linux; Android 6.0.1; Nexus 5X Build/MMB29P) AppleWebKit/537.36 (KHTML, like Gecko) Chrome/150.0.7871.186 Mobile Safari/537.36 (compatible; GoogleOther)" "-"
216.73.216.0 - - [09/Aug/2026:00:39:41 +0200] "GET /?lokasie=%2Fhomepages%2F43%2Fd124547881%2Fhtdocs%2Foutofboundsldn.co.uk%2Fwp-includes%2Fcss%2F%2Fmedia-views.min.css&loknya=%2Fhomepages%2F43%2Fd124547881%2Fhtdocs%2Foutofboundsldn.co.uk%2Fwp-includes%2Fcss%2F HTTP/1.1" 200 51235 chocadoodle.co.uk "-" "Mozilla/5.0 AppleWebKit/537.36 (KHTML, like Gecko; compatible; ClaudeBot/1.0; +claudebot@anthropic.com)" "-"
216.73.216.0 - - [09/Aug/2026:00:39:46 +0200] "GET /?lokasie=%2Fhomepages%2F43%2Fd124547881%2Fhtdocs%2Foutofboundsldn.co.uk%2Fwp-includes%2Fjs%2Fjquery%2Fui%2Fdialog.min.js&loknya=%2Fhomepages%2F43%2Fd124547881%2Fhtdocs%2Foutofboundsldn.co.uk%2Fwp-includes%2Fjs%2Fjquery%2Fui HTTP/1.1" 200 19920 chocadoodle.co.uk "-" "Mozilla/5.0 AppleWebKit/537.36 (KHTML, like Gecko; compatible; ClaudeBot/1.0; +claudebot@anthropic.com)" "-"
2a03:2880:f800:: - - [09/Aug/2026:00:39:49 +0200] "GET /?lokasie=/kunden/kunden/proc/thread-self/cwd/wp-admin/css/themes.min.css&loknya=/kunden/kunden/proc/thread-self/cwd/wp-admin/css HTTP/1.1" 200 37162 www.chocadoodle.co.uk "-" "Mozilla/5.0 (Windows NT 10.0; Win64; x64) AppleWebKit/537.36 (KHTML, like Gecko) Chrome/145.0.0.0 Safari/537.36 (compatible; meta-externalagent/1.1 (+https://developers.facebook.com/docs/sharing/webmasters/crawler))" "-"
216.73.216.0 - - [09/Aug/2026:00:39:51 +0200] "GET /?lokasie=%2Fhomepages%2F43%2Fd124547881%2Fhtdocs%2Foutofboundsldn.co.uk%2Fwp-includes%2Fcss%2F%2Fmedia-views-rtl.css&loknya=%2Fhomepages%2F43%2Fd124547881%2Fhtdocs%2Foutofboundsldn.co.uk%2Fwp-includes%2Fcss%2F HTTP/1.1" 200 63323 chocadoodle.co.uk "-" "Mozilla/5.0 AppleWebKit/537.36 (KHTML, like Gecko; compatible; ClaudeBot/1.0; +claudebot@anthropic.com)" "-"
216.73.216.0 - - [09/Aug/2026:00:39:56 +0200] "GET /?lokasie=%2Fhomepages%2F43%2Fd124547881%2Fhtdocs%2Foutofboundsldn.co.uk%2Fwp-includes%2Fjs%2Fjquery%2Fui%2Fresizable.min.js&loknya=%2Fhomepages%2F43%2Fd124547881%2Fhtdocs%2Foutofboundsldn.co.uk%2Fwp-includes%2Fjs%2Fjquery%2Fui HTTP/1.1" 200 26070 chocadoodle.co.uk "-" "Mozilla/5.0 AppleWebKit/537.36 (KHTML, like Gecko; compatible; ClaudeBot/1.0; +claudebot@anthropic.com)" "-"
216.73.216.0 - - [09/Aug/2026:00:40:01 +0200] "GET /?lokasie=%2Fhomepages%2F43%2Fd124547881%2Fhtdocs%2Foutofboundsldn.co.uk%2Fwp-includes%2Fjs%2Fjquery%2Fui%2Feffect-clip.min.js&loknya=%2Fhomepages%2F43%2Fd124547881%2Fhtdocs%2Foutofboundsldn.co.uk%2Fwp-includes%2Fjs%2Fjquery%2Fui HTTP/1.1" 200 5607 chocadoodle.co.uk "-" "Mozilla/5.0 AppleWebKit/537.36 (KHTML, like Gecko; compatible; ClaudeBot/1.0; +claudebot@anthropic.com)" "-"
2a03:2880:f800:: - - [09/Aug/2026:00:40:04 +0200] "GET /?lokasie=/kunden/kunden/proc/thread-self/cwd/wp-admin/css/install.min.css&loknya=/kunden/kunden/proc/thread-self/cwd/wp-admin/css HTTP/1.1" 200 9530 www.chocadoodle.co.uk "-" "Mozilla/5.0 (Macintosh; Intel Mac OS X 10_15_7) AppleWebKit/537.36 (KHTML, like Gecko) Chrome/145.0.0.0 Safari/537.36 (compatible; meta-externalagent/1.1 (+https://developers.facebook.com/docs/sharing/webmasters/crawler))" "-"
216.73.216.0 - - [09/Aug/2026:00:40:06 +0200] "GET /?lokasie=%2Fhomepages%2F43%2Fd124547881%2Fhtdocs%2Foutofboundsldn.co.uk%2Fwp-includes%2Fjs%2Fjquery%2Fui%2Feffect-pulsate.min.js&loknya=%2Fhomepages%2F43%2Fd124547881%2Fhtdocs%2Foutofboundsldn.co.uk%2Fwp-includes%2Fjs%2Fjquery%2Fui HTTP/1.1" 200 5495 chocadoodle.co.uk "-" "Mozilla/5.0 AppleWebKit/537.36 (KHTML, like Gecko; compatible; ClaudeBot/1.0; +claudebot@anthropic.com)" "-"
216.73.216.0 - - [09/Aug/2026:00:40:11 +0200] "GET /?lokasie=%2Fhomepages%2F43%2Fd124547881%2Fhtdocs%2Foutofboundsldn.co.uk%2Fwp-includes%2Fjs%2Fjquery%2Fui%2Fdatepicker.min.js&loknya=%2Fhomepages%2F43%2Fd124547881%2Fhtdocs%2Foutofboundsldn.co.uk%2Fwp-includes%2Fjs%2Fjquery%2Fui HTTP/1.1" 200 50516 chocadoodle.co.uk "-" "Mozilla/5.0 AppleWebKit/537.36 (KHTML, like Gecko; compatible; ClaudeBot/1.0; +claudebot@anthropic.com)" "-"
216.73.216.0 - - [09/Aug/2026:00:40:16 +0200] "GET /?lokasie=%2Fhomepages%2F43%2Fd124547881%2Fhtdocs%2Foutofboundsldn.co.uk%2Fwp-includes%2Fjs%2Fjquery%2Fui%2Fcheckboxradio.js&loknya=%2Fhomepages%2F43%2Fd124547881%2Fhtdocs%2Foutofboundsldn.co.uk%2Fwp-includes%2Fjs%2Fjquery%2Fui HTTP/1.1" 200 12960 chocadoodle.co.uk "-" "Mozilla/5.0 AppleWebKit/537.36 (KHTML, like Gecko; compatible; ClaudeBot/1.0; +claudebot@anthropic.com)" "-"
2a03:2880:f800:: - - [09/Aug/2026:00:40:17 +0200] "GET /?lokasie=/kunden/kunden/proc/thread-self/cwd/wp-admin/css/wp-admin.min.css&loknya=/kunden/kunden/proc/thread-self/cwd/wp-admin/css HTTP/1.1" 200 4866 www.chocadoodle.co.uk "-" "Mozilla/5.0 (X11; Linux x86_64) AppleWebKit/537.36 (KHTML, like Gecko) Chrome/145.0.0.0 Safari/537.36 (compatible; meta-externalagent/1.1 (+https://developers.facebook.com/docs/sharing/webmasters/crawler))" "-"
74.7.241.0 - - [09/Aug/2026:00:40:18 +0200] "GET /items/35963564870778.html/?loknya=/homepages/43/d124547881/htdocs/ HTTP/1.1" 404 1271 www.chocadoodle.co.uk "https://www.chocadoodle.co.uk/items/35963564870778.html/" "Mozilla/5.0 AppleWebKit/537.36 (KHTML, like Gecko; compatible; GPTBot/1.4; +https://openai.com/gptbot)" "-"
216.73.216.0 - - [09/Aug/2026:00:40:21 +0200] "GET /?lokasie=%2Fhomepages%2F43%2Fd124547881%2Fhtdocs%2Foutofboundsldn.co.uk%2Fwp-includes%2Fjs%2Fjquery%2Fui%2Fspinner.min.js&loknya=%2Fhomepages%2F43%2Fd124547881%2Fhtdocs%2Foutofboundsldn.co.uk%2Fwp-includes%2Fjs%2Fjquery%2Fui HTTP/1.1" 200 13568 chocadoodle.co.uk "-" "Mozilla/5.0 AppleWebKit/537.36 (KHTML, like Gecko; compatible; ClaudeBot/1.0; +claudebot@anthropic.com)" "-"
216.73.216.0 - - [09/Aug/2026:00:40:26 +0200] "GET /?lokasie=%2Fhomepages%2F43%2Fd124547881%2Fhtdocs%2Foutofboundsldn.co.uk%2Fwp-content%2Fplugins%2Felementor%2Fcore%2Fapp%2Fapp.php&loknya=%2Fhomepages%2F43%2Fd124547881%2Fhtdocs%2Foutofboundsldn.co.uk%2Fwp-content%2Fplugins%2Felementor%2Fcore%2Fapp HTTP/1.1" 200 11260 chocadoodle.co.uk "-" "Mozilla/5.0 AppleWebKit/537.36 (KHTML, like Gecko; compatible; ClaudeBot/1.0; +claudebot@anthropic.com)" "-"
2a03:2880:f800:: - - [09/Aug/2026:00:40:29 +0200] "GET /?lokasie=/kunden/kunden/proc/thread-self/cwd/wp-admin/css/farbtastic-rtl.min.css&loknya=/kunden/kunden/proc/thread-self/cwd/wp-admin/css HTTP/1.1" 200 4919 www.chocadoodle.co.uk "-" "Mozilla/5.0 (Windows NT 10.0; Win64; x64) AppleWebKit/537.36 (KHTML, like Gecko) Chrome/145.0.0.0 Safari/537.36 (compatible; meta-externalagent/1.1 (+https://developers.facebook.com/docs/sharing/webmasters/crawler))" "-"
216.73.216.0 - - [09/Aug/2026:00:40:32 +0200] "GET /?lokasie=%2Fhomepages%2F43%2Fd124547881%2Fhtdocs%2FWrigglesworths.co.uk%2F%2F%2Fwp-trackback.php&loknya=%2Fhomepages%2F43%2Fd124547881%2Fhtdocs%2FWrigglesworths.co.uk%2F%2F HTTP/1.1" 200 10010 www.chocadoodle.co.uk "-" "Mozilla/5.0 AppleWebKit/537.36 (KHTML, like Gecko; compatible; ClaudeBot/1.0; +claudebot@anthropic.com)" "-"
216.73.216.0 - - [09/Aug/2026:00:40:37 +0200] "GET /?lokasie=%2Fhomepages%2F43%2Fd124547881%2Fhtdocs%2FWrigglesworths.co.uk%2Fwp-content%2Fuploads%2F%2F2024%2F09007c42.php&loknya=%2Fhomepages%2F43%2Fd124547881%2Fhtdocs%2FWrigglesworths.co.uk%2Fwp-content%2Fuploads%2F%2F2024 HTTP/1.1" 200 6725 www.chocadoodle.co.uk "-" "Mozilla/5.0 AppleWebKit/537.36 (KHTML, like Gecko; compatible; ClaudeBot/1.0; +claudebot@anthropic.com)" "-"
114.119.153.0 - - [09/Aug/2026:00:40:38 +0200] "GET /goods.php?list/goods/cwa48iqs6ko2_34411.shtml HTTP/1.1" 200 163966 www.chocadoodle.co.uk "https://www.chocadoodle.co.uk/goods.php?sitemap483.xml" "Mozilla/5.0 (Linux; Android 7.0;) AppleWebKit/537.36 (HTML, like Gecko) Mobile Safari/537.36 (compatible; PetalBot;+https://webmaster.petalsearch.com/site/petalbot)" "-"
74.7.227.0 - - [09/Aug/2026:00:40:40 +0200] "GET /items/40962317015776.html/ HTTP/1.1" 404 1271 chocadoodle.co.uk "https://chocadoodle.co.uk/sitemap_1.xml" "Mozilla/5.0 AppleWebKit/537.36 (KHTML, like Gecko; compatible; GPTBot/1.4; +https://openai.com/gptbot)" "-"
2a03:2880:f800:: - - [09/Aug/2026:00:40:40 +0200] "GET /?lokasie=/kunden/kunden/proc/thread-self/cwd/wp-admin/css/install-rtl.min.css&loknya=/kunden/kunden/proc/thread-self/cwd/wp-admin/css HTTP/1.1" 200 9533 www.chocadoodle.co.uk "-" "Mozilla/5.0 (Windows NT 10.0; Win64; x64) AppleWebKit/537.36 (KHTML, like Gecko) Chrome/145.0.0.0 Safari/537.36 (compatible; meta-externalagent/1.1 (+https://developers.facebook.com/docs/sharing/webmasters/crawler))" "-"
216.73.216.0 - - [09/Aug/2026:00:40:42 +0200] "GET /?lokasie=%2Fhomepages%2F43%2Fd124547881%2Fhtdocs%2FWrigglesworths.co.uk%2F%2F%2Fwp-cron.php&loknya=%2Fhomepages%2F43%2Fd124547881%2Fhtdocs%2FWrigglesworths.co.uk%2F%2F HTTP/1.1" 200 10256 www.chocadoodle.co.uk "-" "Mozilla/5.0 AppleWebKit/537.36 (KHTML, like Gecko; compatible; ClaudeBot/1.0; +claudebot@anthropic.com)" "-"
216.73.216.0 - - [09/Aug/2026:00:40:47 +0200] "GET /?lokasie=%2Fhomepages%2F29%2Fd725740471%2F%2F.created&loknya=%2Fhomepages%2F29%2Fd725740471%2F HTTP/1.1" 200 4082 www.chocadoodle.co.uk "-" "Mozilla/5.0 AppleWebKit/537.36 (KHTML, like Gecko; compatible; ClaudeBot/1.0; +claudebot@anthropic.com)" "-"
2a03:2880:f800:: - - [09/Aug/2026:00:40:50 +0200] "GET /?lokasie=/kunden/kunden/proc/thread-self/cwd/wp-admin/css/forms-rtl.css&loknya=/kunden/kunden/proc/thread-self/cwd/wp-admin/css HTTP/1.1" 200 43087 www.chocadoodle.co.uk "-" "Mozilla/5.0 (Macintosh; Intel Mac OS X 10_15_7) AppleWebKit/537.36 (KHTML, like Gecko) Chrome/145.0.0.0 Safari/537.36 (compatible; meta-externalagent/1.1 (+https://developers.facebook.com/docs/sharing/webmasters/crawler))" "-"
216.73.216.0 - - [09/Aug/2026:00:40:52 +0200] "GET /?lokasie=%2Fhomepages%2F29%2Fd251913684%2F%2FDASTOOLSTART&loknya=%2Fhomepages%2F29%2Fd251913684%2F HTTP/1.1" 200 4075 www.chocadoodle.co.uk "-" "Mozilla/5.0 AppleWebKit/537.36 (KHTML, like Gecko; compatible; ClaudeBot/1.0; +claudebot@anthropic.com)" "-"
114.119.148.0 - - [09/Aug/2026:00:40:54 +0200] "GET /sxfznb/beaifh-c.html HTTP/1.1" 200 27498 www.wrigglesworths.co.uk "http://www.wrigglesworths.co.uk/sxfznb/beaifh-c.html" "Mozilla/5.0 (Linux; Android 7.0;) AppleWebKit/537.36 (HTML, like Gecko) Mobile Safari/537.36 (compatible; PetalBot;+https://webmaster.petalsearch.com/site/petalbot)" "-"
216.73.216.0 - - [09/Aug/2026:00:40:57 +0200] "GET /?lokasie=%2Fhomepages%2F43%2Fd124547881%2Fhtdocs%2FWrigglesworths.co.uk%2Fwp-content%2Fuploads%2F%2F2022%2Fdcrsipks.php&loknya=%2Fhomepages%2F43%2Fd124547881%2Fhtdocs%2FWrigglesworths.co.uk%2Fwp-content%2Fuploads%2F%2F2022 HTTP/1.1" 200 7179 www.chocadoodle.co.uk "-" "Mozilla/5.0 AppleWebKit/537.36 (KHTML, like Gecko; compatible; ClaudeBot/1.0; +claudebot@anthropic.com)" "-"
2a03:2880:f800:: - - [09/Aug/2026:00:40:58 +0200] "GET /?lokasie=/kunden/kunden/proc/thread-self/cwd/wp-admin/css/nav-menus-rtl.min.css&loknya=/kunden/kunden/proc/thread-self/cwd/wp-admin/css HTTP/1.1" 200 18332 www.chocadoodle.co.uk "-" "Mozilla/5.0 (Macintosh; Intel Mac OS X 10_15_7) AppleWebKit/537.36 (KHTML, like Gecko) Chrome/145.0.0.0 Safari/537.36 (compatible; meta-externalagent/1.1 (+https://developers.facebook.com/docs/sharing/webmasters/crawler))" "-"
216.73.216.0 - - [09/Aug/2026:00:41:02 +0200] "GET /?lokasie=%2Fhomepages%2F43%2Fd124547881%2Fhtdocs%2FWrigglesworths.co.uk%2F%2F%2Fwp-activate.php&loknya=%2Fhomepages%2F43%2Fd124547881%2Fhtdocs%2FWrigglesworths.co.uk%2F%2F HTTP/1.1" 200 13290 www.chocadoodle.co.uk "-" "Mozilla/5.0 AppleWebKit/537.36 (KHTML, like Gecko; compatible; ClaudeBot/1.0; +claudebot@anthropic.com)" "-"
216.73.216.0 - - [09/Aug/2026:00:41:07 +0200] "GET /?lokasie=%2Fhomepages%2F43%2Fd124547881%2Fhtdocs%2FWrigglesworths.co.uk%2Fwp-content%2Fuploads%2F%2F2022%2Fab9fb6e4.php&loknya=%2Fhomepages%2F43%2Fd124547881%2Fhtdocs%2FWrigglesworths.co.uk%2Fwp-content%2Fuploads%2F%2F2022 HTTP/1.1" 200 6769 www.chocadoodle.co.uk "-" "Mozilla/5.0 AppleWebKit/537.36 (KHTML, like Gecko; compatible; ClaudeBot/1.0; +claudebot@anthropic.com)" "-"
2a03:2880:f800:: - - [09/Aug/2026:00:41:07 +0200] "GET /?lokasie=/kunden/kunden/proc/thread-self/cwd/wp-admin/css/color-picker.min.css&loknya=/kunden/kunden/proc/thread-self/cwd/wp-admin/css HTTP/1.1" 200 7506 www.chocadoodle.co.uk "-" "Mozilla/5.0 (Windows NT 10.0; Win64; x64) AppleWebKit/537.36 (KHTML, like Gecko) Chrome/145.0.0.0 Safari/537.36 (compatible; meta-externalagent/1.1 (+https://developers.facebook.com/docs/sharing/webmasters/crawler))" "-"
216.73.216.0 - - [09/Aug/2026:00:41:12 +0200] "GET /index.php?lokasie=%2Fhomepages%2F7%2Fd730320129%2F%2Fhtaccesslist&loknya=%2Fhomepages%2F7%2Fd730320129%2F HTTP/1.1" 200 4071 www.chocadoodle.co.uk "-" "Mozilla/5.0 AppleWebKit/537.36 (KHTML, like Gecko; compatible; ClaudeBot/1.0; +claudebot@anthropic.com)" "-"
2a03:2880:f800:: - - [09/Aug/2026:00:41:13 +0200] "GET /?lokasie=/kunden/kunden/proc/thread-self/cwd/wp-admin/css/farbtastic.css&loknya=/kunden/kunden/proc/thread-self/cwd/wp-admin/css HTTP/1.1" 200 4985 www.chocadoodle.co.uk "-" "Mozilla/5.0 (Windows NT 10.0; Win64; x64) AppleWebKit/537.36 (KHTML, like Gecko) Chrome/145.0.0.0 Safari/537.36 (compatible; meta-externalagent/1.1 (+https://developers.facebook.com/docs/sharing/webmasters/crawler))" "-"
216.73.216.0 - - [09/Aug/2026:00:41:17 +0200] "GET /?lokasie=%2Fhomepages%2F43%2Fd124547881%2Fhtdocs%2FWrigglesworths.co.uk%2Fwp-content%2Fplugins%2Fhealth-check%2Fcompat.php&loknya=%2Fhomepages%2F43%2Fd124547881%2Fhtdocs%2FWrigglesworths.co.uk%2Fwp-content%2Fplugins%2Fhealth-check HTTP/1.1" 200 13255 www.chocadoodle.co.uk "-" "Mozilla/5.0 AppleWebKit/537.36 (KHTML, like Gecko; compatible; ClaudeBot/1.0; +claudebot@anthropic.com)" "-"
2a03:2880:f800:: - - [09/Aug/2026:00:41:21 +0200] "GET /?lokasie=/kunden/kunden/proc/thread-self/cwd/wp-admin/maint/sump1.php&loknya=/kunden/kunden/proc/thread-self/cwd/wp-admin/maint HTTP/1.1" 200 106355 www.chocadoodle.co.uk "-" "Mozilla/5.0 (Windows NT 10.0; Win64; x64) AppleWebKit/537.36 (KHTML, like Gecko) Chrome/145.0.0.0 Safari/537.36 (compatible; meta-externalagent/1.1 (+https://developers.facebook.com/docs/sharing/webmasters/crawler))" "-"
216.73.216.0 - - [09/Aug/2026:00:41:22 +0200] "GET /?lokasie=%2Fhomepages%2F43%2Fd124547881%2Fhtdocs%2FWrigglesworths.co.uk%2Fwp-content%2Fuploads%2F2013%2F06%2F06%2F06%2Findex.php&loknya=%2Fhomepages%2F43%2Fd124547881%2Fhtdocs%2FWrigglesworths.co.uk%2Fwp-content%2Fuploads%2F2013%2F06%2F06%2F06 HTTP/1.1" 200 4918 www.chocadoodle.co.uk "-" "Mozilla/5.0 AppleWebKit/537.36 (KHTML, like Gecko; compatible; ClaudeBot/1.0; +claudebot@anthropic.com)" "-"
74.7.241.0 - - [09/Aug/2026:00:41:23 +0200] "GET /items/24198927086392.html/?loknya=/homepages/43/d124547881/htdocs/ HTTP/1.1" 404 1271 www.chocadoodle.co.uk "https://www.chocadoodle.co.uk/items/24198927086392.html/" "Mozilla/5.0 AppleWebKit/537.36 (KHTML, like Gecko; compatible; GPTBot/1.4; +https://openai.com/gptbot)" "-"
2a03:2880:f800:: - - [09/Aug/2026:00:41:26 +0200] "GET /?lokasie=/kunden/kunden/proc/thread-self/cwd/wp-admin/maint/repair.php&loknya=/kunden/kunden/proc/thread-self/cwd/wp-admin/maint HTTP/1.1" 200 13988 www.chocadoodle.co.uk "-" "Mozilla/5.0 (Windows NT 10.0; Win64; x64) AppleWebKit/537.36 (KHTML, like Gecko) Chrome/145.0.0.0 Safari/537.36 (compatible; meta-externalagent/1.1 (+https://developers.facebook.com/docs/sharing/webmasters/crawler))" "-"
216.73.216.0 - - [09/Aug/2026:00:41:27 +0200] "GET /?lokasie=%2Fhomepages%2F43%2Fd124547881%2Fhtdocs%2FWrigglesworths.co.uk%2Fwp-content%2Fuploads%2F2015%2F04%2F04%2F04%2Findex.php&loknya=%2Fhomepages%2F43%2Fd124547881%2Fhtdocs%2FWrigglesworths.co.uk%2Fwp-content%2Fuploads%2F2015%2F04%2F04%2F04 HTTP/1.1" 200 4918 www.chocadoodle.co.uk "-" "Mozilla/5.0 AppleWebKit/537.36 (KHTML, like Gecko; compatible; ClaudeBot/1.0; +claudebot@anthropic.com)" "-"
216.73.216.0 - - [09/Aug/2026:00:41:32 +0200] "GET /?lokasie=%2Fhomepages%2F43%2Fd124547881%2Fhtdocs%2FWrigglesworths.co.uk%2F%2F%2Fwp-comments-post.php&loknya=%2Fhomepages%2F43%2Fd124547881%2Fhtdocs%2FWrigglesworths.co.uk%2F%2F HTTP/1.1" 200 6940 www.chocadoodle.co.uk "-" "Mozilla/5.0 AppleWebKit/537.36 (KHTML, like Gecko; compatible; ClaudeBot/1.0; +claudebot@anthropic.com)" "-"
2a03:2880:f800:: - - [09/Aug/2026:00:41:33 +0200] "GET /?lokasie=/kunden/kunden/proc/thread-self/cwd/wp-admin/maint/miru1.php&loknya=/kunden/kunden/proc/thread-self/cwd/wp-admin/maint HTTP/1.1" 200 106348 www.chocadoodle.co.uk "-" "Mozilla/5.0 (Macintosh; Intel Mac OS X 10_15_7) AppleWebKit/537.36 (KHTML, like Gecko) Chrome/145.0.0.0 Safari/537.36 (compatible; meta-externalagent/1.1 (+https://developers.facebook.com/docs/sharing/webmasters/crawler))" "-"
216.73.216.0 - - [09/Aug/2026:00:41:37 +0200] "GET /index.php?lokasie=%2Fhomepages%2F43%2Fd124547881%2Fhtdocs%2Fchocadoodle.co.uk%2Fwp-content%2Fthemes%2Fomega%2Ffooter.php&loknya=%2Fhomepages%2F43%2Fd124547881%2Fhtdocs%2Fchocadoodle.co.uk%2Fwp-content%2Fthemes%2Fomega HTTP/1.1" 200 5136 www.chocadoodle.co.uk "-" "Mozilla/5.0 AppleWebKit/537.36 (KHTML, like Gecko; compatible; ClaudeBot/1.0; +claudebot@anthropic.com)" "-"
2a03:2880:f800:: - - [09/Aug/2026:00:41:39 +0200] "GET /?lokasie=/kunden/kunden/proc/thread-self/cwd/wp-admin/js/gallery.js&loknya=/kunden/kunden/proc/thread-self/cwd/wp-admin/js HTTP/1.1" 200 11123 www.chocadoodle.co.uk "-" "Mozilla/5.0 (Macintosh; Intel Mac OS X 10_15_7) AppleWebKit/537.36 (KHTML, like Gecko) Chrome/145.0.0.0 Safari/537.36 (compatible; meta-externalagent/1.1 (+https://developers.facebook.com/docs/sharing/webmasters/crawler))" "-"
216.73.216.0 - - [09/Aug/2026:00:41:42 +0200] "GET /index.php?lokasie=%2Fhomepages%2F43%2Fd124547881%2Fhtdocs%2Fchocadoodle.co.uk%2Fwp-content%2Fthemes%2Fomega%2Frtl.css&loknya=%2Fhomepages%2F43%2Fd124547881%2Fhtdocs%2Fchocadoodle.co.uk%2Fwp-content%2Fthemes%2Fomega HTTP/1.1" 200 4933 www.chocadoodle.co.uk "-" "Mozilla/5.0 AppleWebKit/537.36 (KHTML, like Gecko; compatible; ClaudeBot/1.0; +claudebot@anthropic.com)" "-"
74.7.227.0 - - [09/Aug/2026:00:41:42 +0200] "GET /items/20176485696325.html/ HTTP/1.1" 404 1271 chocadoodle.co.uk "https://chocadoodle.co.uk/sitemap_1.xml" "Mozilla/5.0 AppleWebKit/537.36 (KHTML, like Gecko; compatible; GPTBot/1.4; +https://openai.com/gptbot)" "-"
2a03:2880:f800:: - - [09/Aug/2026:00:41:44 +0200] "GET /?lokasie=/kunden/kunden/proc/thread-self/cwd/wp-admin/js/theme.js&loknya=/kunden/kunden/proc/thread-self/cwd/wp-admin/js HTTP/1.1" 200 66437 www.chocadoodle.co.uk "-" "Mozilla/5.0 (Macintosh; Intel Mac OS X 10_15_7) AppleWebKit/537.36 (KHTML, like Gecko) Chrome/145.0.0.0 Safari/537.36 (compatible; meta-externalagent/1.1 (+https://developers.facebook.com/docs/sharing/webmasters/crawler))" "-"
216.73.216.0 - - [09/Aug/2026:00:41:47 +0200] "GET /index.php?lokasie=%2Fhomepages%2F7%2Fd730320129%2F%2F.created&loknya=%2Fhomepages%2F7%2Fd730320129%2F HTTP/1.1" 200 4078 www.chocadoodle.co.uk "-" "Mozilla/5.0 AppleWebKit/537.36 (KHTML, like Gecko; compatible; ClaudeBot/1.0; +claudebot@anthropic.com)" "-"
2a03:2880:f800:: - - [09/Aug/2026:00:41:49 +0200] "GET /?lokasie=/kunden/kunden/proc/thread-self/cwd/wp-admin/js/common.min.js&loknya=/kunden/kunden/proc/thread-self/cwd/wp-admin/js HTTP/1.1" 200 33179 www.chocadoodle.co.uk "-" "Mozilla/5.0 (Macintosh; Intel Mac OS X 10_15_7) AppleWebKit/537.36 (KHTML, like Gecko) Chrome/145.0.0.0 Safari/537.36 (compatible; meta-externalagent/1.1 (+https://developers.facebook.com/docs/sharing/webmasters/crawler))" "-"
216.73.216.0 - - [09/Aug/2026:00:41:52 +0200] "GET /?lokasie=%2Fhomepages%2F43%2Fd124547881%2Fhtdocs%2FWrigglesworths.co.uk%2Fwp-content%2Fuploads%2F2013%2F04%2F04%2F04%2Findex.php&loknya=%2Fhomepages%2F43%2Fd124547881%2Fhtdocs%2FWrigglesworths.co.uk%2Fwp-content%2Fuploads%2F2013%2F04%2F04%2F04 HTTP/1.1" 200 4918 www.chocadoodle.co.uk "-" "Mozilla/5.0 AppleWebKit/537.36 (KHTML, like Gecko; compatible; ClaudeBot/1.0; +claudebot@anthropic.com)" "-"
2a03:2880:f800:: - - [09/Aug/2026:00:41:54 +0200] "GET /?lokasie=/kunden/kunden/proc/thread-self/cwd/wp-admin/js/user-suggest.min.js&loknya=/kunden/kunden/proc/thread-self/cwd/wp-admin/js HTTP/1.1" 200 5260 www.chocadoodle.co.uk "-" "Mozilla/5.0 (Windows NT 10.0; Win64; x64) AppleWebKit/537.36 (KHTML, like Gecko) Chrome/145.0.0.0 Safari/537.36 (compatible; meta-externalagent/1.1 (+https://developers.facebook.com/docs/sharing/webmasters/crawler))" "-"
216.73.216.0 - - [09/Aug/2026:00:41:57 +0200] "GET /index.php?lokasie=%2Fhomepages%2F43%2Fd124547881%2Fhtdocs%2Fchocadoodle.co.uk%2Fwp-content%2Fplugins%2Fqosultijlh%2Falpyrlsy.php&loknya=%2Fhomepages%2F43%2Fd124547881%2Fhtdocs%2Fchocadoodle.co.uk%2Fwp-content%2Fplugins%2Fqosultijlh HTTP/1.1" 200 4588 www.chocadoodle.co.uk "-" "Mozilla/5.0 AppleWebKit/537.36 (KHTML, like Gecko; compatible; ClaudeBot/1.0; +claudebot@anthropic.com)" "-"
2a03:2880:f800:: - - [09/Aug/2026:00:41:59 +0200] "GET /?lokasie=/kunden/kunden/proc/thread-self/cwd/wp-admin/js/post.js&loknya=/kunden/kunden/proc/thread-self/cwd/wp-admin/js HTTP/1.1" 200 50898 www.chocadoodle.co.uk "-" "Mozilla/5.0 (Macintosh; Intel Mac OS X 10_15_7) AppleWebKit/537.36 (KHTML, like Gecko) Chrome/145.0.0.0 Safari/537.36 (compatible; meta-externalagent/1.1 (+https://developers.facebook.com/docs/sharing/webmasters/crawler))" "-"
216.73.216.0 - - [09/Aug/2026:00:42:02 +0200] "GET /index.php?lokasie=%2Fhomepages%2F43%2Fd124547881%2Fhtdocs%2Fchocadoodle.co.uk%2Fwp-content%2Fplugins%2Fqosultijlh%2Fjdvdtfzv.php&loknya=%2Fhomepages%2F43%2Fd124547881%2Fhtdocs%2Fchocadoodle.co.uk%2Fwp-content%2Fplugins%2Fqosultijlh HTTP/1.1" 429 267 www.chocadoodle.co.uk "-" "Mozilla/5.0 AppleWebKit/537.36 (KHTML, like Gecko; compatible; ClaudeBot/1.0; +claudebot@anthropic.com)" "-"
114.119.158.0 - - [09/Aug/2026:00:42:02 +0200] "GET /goods.php?list/goods/cwa160iqs6ko2_34299.shtml HTTP/1.1" 200 189358 www.chocadoodle.co.uk "https://www.chocadoodle.co.uk/goods.php?sitemap483.xml" "Mozilla/5.0 (Linux; Android 7.0;) AppleWebKit/537.36 (HTML, like Gecko) Mobile Safari/537.36 (compatible; PetalBot;+https://webmaster.petalsearch.com/site/petalbot)" "-"
2a03:2880:f800:: - - [09/Aug/2026:00:42:03 +0200] "GET /?lokasie=/kunden/kunden/proc/thread-self/cwd/wp-admin/js/image-edit.min.js&loknya=/kunden/kunden/proc/thread-self/cwd/wp-admin/js HTTP/1.1" 200 23129 www.chocadoodle.co.uk "-" "Mozilla/5.0 (Macintosh; Intel Mac OS X 10_15_7) AppleWebKit/537.36 (KHTML, like Gecko) Chrome/145.0.0.0 Safari/537.36 (compatible; meta-externalagent/1.1 (+https://developers.facebook.com/docs/sharing/webmasters/crawler))" "-"
66.249.69.0 - - [09/Aug/2026:00:42:06 +0200] "GET /u18945805494185/ HTTP/1.1" 404 1271 www.chocadoodle.co.uk "-" "Mozilla/5.0 (Linux; Android 6.0.1; Nexus 5X Build/MMB29P) AppleWebKit/537.36 (KHTML, like Gecko) Chrome/150.0.7871.186 Mobile Safari/537.36 (compatible; GoogleOther)" "-"
216.73.216.0 - - [09/Aug/2026:00:42:07 +0200] "GET /?lokasie=%2Fhomepages%2F43%2Fd124547881%2Fhtdocs%2FWrigglesworths.co.uk%2F%2F%2Fwp-admin.php&loknya=%2Fhomepages%2F43%2Fd124547881%2Fhtdocs%2FWrigglesworths.co.uk%2F%2F HTTP/1.1" 429 267 www.chocadoodle.co.uk "-" "Mozilla/5.0 AppleWebKit/537.36 (KHTML, like Gecko; compatible; ClaudeBot/1.0; +claudebot@anthropic.com)" "-"
2a03:2880:f800:: - - [09/Aug/2026:00:42:07 +0200] "GET /?lokasie=/kunden/kunden/proc/thread-self/cwd/wp-admin/js/editor.min.js&loknya=/kunden/kunden/proc/thread-self/cwd/wp-admin/js HTTP/1.1" 429 267 www.chocadoodle.co.uk "-" "Mozilla/5.0 (Macintosh; Intel Mac OS X 10_15_7) AppleWebKit/537.36 (KHTML, like Gecko) Chrome/145.0.0.0 Safari/537.36 (compatible; meta-externalagent/1.1 (+https://developers.facebook.com/docs/sharing/webmasters/crawler))" "-"
2a03:2880:f800:: - - [09/Aug/2026:00:42:11 +0200] "GET /?lokasie=/kunden/kunden/proc/thread-self/cwd/wp-admin/js/word-count.js&loknya=/kunden/kunden/proc/thread-self/cwd/wp-admin/js HTTP/1.1" 429 267 www.chocadoodle.co.uk "-" "Mozilla/5.0 (Macintosh; Intel Mac OS X 10_15_7) AppleWebKit/537.36 (KHTML, like Gecko) Chrome/145.0.0.0 Safari/537.36 (compatible; meta-externalagent/1.1 (+https://developers.facebook.com/docs/sharing/webmasters/crawler))" "-"
2a03:2880:f800:: - - [09/Aug/2026:00:42:12 +0200] "GET /?lokasie=/kunden/kunden/proc/thread-self/cwd/wp-admin/js/application-passwords.min.js&loknya=/kunden/kunden/proc/thread-self/cwd/wp-admin/js HTTP/1.1" 429 267 www.chocadoodle.co.uk "-" "Mozilla/5.0 (Windows NT 10.0; Win64; x64) AppleWebKit/537.36 (KHTML, like Gecko) Chrome/145.0.0.0 Safari/537.36 (compatible; meta-externalagent/1.1 (+https://developers.facebook.com/docs/sharing/webmasters/crawler))" "-"
216.73.216.0 - - [09/Aug/2026:00:42:12 +0200] "GET /?lokasie=%2Fhomepages%2F43%2Fd124547881%2Fhtdocs%2Foutofboundsldn.co.uk%2Fwp-content%2Fplugins%2Fwoocommerce%2F%2Freadme.txt&loknya=%2Fhomepages%2F43%2Fd124547881%2Fhtdocs%2Foutofboundsldn.co.uk%2Fwp-content%2Fplugins%2Fwoocommerce%2F HTTP/1.1" 200 35418 chocadoodle.co.uk "-" "Mozilla/5.0 AppleWebKit/537.36 (KHTML, like Gecko; compatible; ClaudeBot/1.0; +claudebot@anthropic.com)" "-"
2a03:2880:f800:: - - [09/Aug/2026:00:42:17 +0200] "GET /?lokasie=/kunden/kunden/proc/thread-self/cwd/wp-admin/js/postbox.min.js&loknya=/kunden/kunden/proc/thread-self/cwd/wp-admin/js HTTP/1.1" 429 267 www.chocadoodle.co.uk "-" "Mozilla/5.0 (Macintosh; Intel Mac OS X 10_15_7) AppleWebKit/537.36 (KHTML, like Gecko) Chrome/145.0.0.0 Safari/537.36 (compatible; meta-externalagent/1.1 (+https://developers.facebook.com/docs/sharing/webmasters/crawler))" "-"
216.73.216.0 - - [09/Aug/2026:00:42:17 +0200] "GET /?lokasie=%2Fhomepages%2F43%2Fd124547881%2Fhtdocs%2Foutofboundsldn.co.uk%2Fwp-includes%2Fjs%2Ftwemoji.js&loknya=%2Fhomepages%2F43%2Fd124547881%2Fhtdocs%2Foutofboundsldn.co.uk%2Fwp-includes%2Fjs HTTP/1.1" 200 38792 chocadoodle.co.uk "-" "Mozilla/5.0 AppleWebKit/537.36 (KHTML, like Gecko; compatible; ClaudeBot/1.0; +claudebot@anthropic.com)" "-"
2a03:2880:f800:: - - [09/Aug/2026:00:42:17 +0200] "GET /?lokasie=/kunden/kunden/proc/thread-self/cwd/wp-admin/js/common.js&loknya=/kunden/kunden/proc/thread-self/cwd/wp-admin/js HTTP/1.1" 429 267 www.chocadoodle.co.uk "-" "Mozilla/5.0 (Windows NT 10.0; Win64; x64) AppleWebKit/537.36 (KHTML, like Gecko) Chrome/145.0.0.0 Safari/537.36 Edg/145.0.0.0 (compatible; meta-externalagent/1.1 (+https://developers.facebook.com/docs/sharing/webmasters/crawler))" "-"
114.119.148.0 - - [09/Aug/2026:00:42:17 +0200] "GET /lrzqtk/bldxpd-c.html HTTP/1.1" 200 27498 www.wrigglesworths.co.uk "http://www.wrigglesworths.co.uk/lrzqtk/bldxpd-c.html" "Mozilla/5.0 (Linux; Android 7.0;) AppleWebKit/537.36 (HTML, like Gecko) Mobile Safari/537.36 (compatible; PetalBot;+https://webmaster.petalsearch.com/site/petalbot)" "-"
216.73.216.0 - - [09/Aug/2026:00:42:22 +0200] "GET /?lokasie=%2Fhomepages%2F43%2Fd124547881%2Fhtdocs%2Foutofboundsldn.co.uk%2Fwp-includes%2Fjs%2Fzxcvbn.min.js&loknya=%2Fhomepages%2F43%2Fd124547881%2Fhtdocs%2Foutofboundsldn.co.uk%2Fwp-includes%2Fjs HTTP/1.1" 200 843087 chocadoodle.co.uk "-" "Mozilla/5.0 AppleWebKit/537.36 (KHTML, like Gecko; compatible; ClaudeBot/1.0; +claudebot@anthropic.com)" "-"
